I20260608 13:03:53.073336 11470 raft_consensus.cc:2955] T 01c46a36d2744dddbec12a796e862a64 P f5793e46f50f422c98c77296f10f7003 [term 1 LEADER]: Committing config change with OpId 1.2: config changed from index -1 to 2, NON_VOTER aad2b73641ba4f308be868c2aa750cb2 (127.9.61.132) added. New config: { opid_index: 2 OBSOLETE_local: false peers { permanent_uuid: "f5793e46f50f422c98c77296f10f7003" member_type: VOTER last_known_addr { host: "127.9.61.129" port: 37555 } } peers { permanent_uuid: "8174037b7bb64ac0bb255260afd1afd4" member_type: VOTER last_known_addr { host: "127.9.61.130" port: 42167 } } peers { permanent_uuid: "2417c0e6d32c4a0e8021a60852c5a977" member_type: VOTER last_known_addr { host: "127.9.61.131" port: 39487 } attrs { replace: true } } peers { permanent_uuid: "aad2b73641ba4f308be868c2aa750cb2" member_type: NON_VOTER last_known_addr { host: "127.9.61.132" port: 38981 } attrs { promote: true } } }
I20260608 13:03:53.075728 11395 raft_consensus.cc:2955] T 01c46a36d2744dddbec12a796e862a64 P 2417c0e6d32c4a0e8021a60852c5a977 [term 1 FOLLOWER]: Committing config change with OpId 1.2: config changed from index -1 to 2, NON_VOTER aad2b73641ba4f308be868c2aa750cb2 (127.9.61.132) added. New config: { opid_index: 2 OBSOLETE_local: false peers { permanent_uuid: "f5793e46f50f422c98c77296f10f7003" member_type: VOTER last_known_addr { host: "127.9.61.129" port: 37555 } } peers { permanent_uuid: "8174037b7bb64ac0bb255260afd1afd4" member_type: VOTER last_known_addr { host: "127.9.61.130" port: 42167 } } peers { permanent_uuid: "2417c0e6d32c4a0e8021a60852c5a977" member_type: VOTER last_known_addr { host: "127.9.61.131" port: 39487 } attrs { replace: true } } peers { permanent_uuid: "aad2b73641ba4f308be868c2aa750cb2" member_type: NON_VOTER last_known_addr { host: "127.9.61.132" port: 38981 } attrs { promote: true } } }
W20260608 13:03:53.082719 11210 consensus_peers.cc:597] T 01c46a36d2744dddbec12a796e862a64 P f5793e46f50f422c98c77296f10f7003 -> Peer aad2b73641ba4f308be868c2aa750cb2 (127.9.61.132:38981): Couldn't send request to peer aad2b73641ba4f308be868c2aa750cb2. Error code: TABLET_NOT_FOUND (6). Status: Not found: Tablet not found: 01c46a36d2744dddbec12a796e862a64. This is attempt 1: this message will repeat every 5th retry.
I20260608 13:03:53.083300 11321 raft_consensus.cc:2955] T 01c46a36d2744dddbec12a796e862a64 P 8174037b7bb64ac0bb255260afd1afd4 [term 1 FOLLOWER]: Committing config change with OpId 1.2: config changed from index -1 to 2, NON_VOTER aad2b73641ba4f308be868c2aa750cb2 (127.9.61.132) added. New config: { opid_index: 2 OBSOLETE_local: false peers { permanent_uuid: "f5793e46f50f422c98c77296f10f7003" member_type: VOTER last_known_addr { host: "127.9.61.129" port: 37555 } } peers { permanent_uuid: "8174037b7bb64ac0bb255260afd1afd4" member_type: VOTER last_known_addr { host: "127.9.61.130" port: 42167 } } peers { permanent_uuid: "2417c0e6d32c4a0e8021a60852c5a977" member_type: VOTER last_known_addr { host: "127.9.61.131" port: 39487 } attrs { replace: true } } peers { permanent_uuid: "aad2b73641ba4f308be868c2aa750cb2" member_type: NON_VOTER last_known_addr { host: "127.9.61.132" port: 38981 } attrs { promote: true } } }
I20260608 13:03:53.104102 11142 catalog_manager.cc:5696] T 01c46a36d2744dddbec12a796e862a64 P 2417c0e6d32c4a0e8021a60852c5a977 reported cstate change: config changed from index -1 to 2, NON_VOTER aad2b73641ba4f308be868c2aa750cb2 (127.9.61.132) added. New cstate: current_term: 1 leader_uuid: "f5793e46f50f422c98c77296f10f7003" committed_config { opid_index: 2 OBSOLETE_local: false peers { permanent_uuid: "f5793e46f50f422c98c77296f10f7003" member_type: VOTER last_known_addr { host: "127.9.61.129" port: 37555 } } peers { permanent_uuid: "8174037b7bb64ac0bb255260afd1afd4" member_type: VOTER last_known_addr { host: "127.9.61.130" port: 42167 } } peers { permanent_uuid: "2417c0e6d32c4a0e8021a60852c5a977" member_type: VOTER last_known_addr { host: "127.9.61.131" port: 39487 } attrs { replace: true } } peers { permanent_uuid: "aad2b73641ba4f308be868c2aa750cb2" member_type: NON_VOTER last_known_addr { host: "127.9.61.132" port: 38981 } attrs { promote: true } } }
I20260608 13:03:53.544626 11565 ts_tablet_manager.cc:933] T 01c46a36d2744dddbec12a796e862a64 P aad2b73641ba4f308be868c2aa750cb2: Initiating tablet copy from peer f5793e46f50f422c98c77296f10f7003 (127.9.61.129:37555)
I20260608 13:03:53.546365 11565 tablet_copy_client.cc:323] T 01c46a36d2744dddbec12a796e862a64 P aad2b73641ba4f308be868c2aa750cb2: tablet copy: Beginning tablet copy session from remote peer at address 127.9.61.129:37555
I20260608 13:03:53.558506 11256 tablet_copy_service.cc:140] P f5793e46f50f422c98c77296f10f7003: Received BeginTabletCopySession request for tablet 01c46a36d2744dddbec12a796e862a64 from peer aad2b73641ba4f308be868c2aa750cb2 ({username='slave'} at 127.0.0.1:42718)
I20260608 13:03:53.559078 11256 tablet_copy_service.cc:161] P f5793e46f50f422c98c77296f10f7003: Beginning new tablet copy session on tablet 01c46a36d2744dddbec12a796e862a64 from peer aad2b73641ba4f308be868c2aa750cb2 at {username='slave'} at 127.0.0.1:42718: session id = aad2b73641ba4f308be868c2aa750cb2-01c46a36d2744dddbec12a796e862a64
I20260608 13:03:53.564822 11256 tablet_copy_source_session.cc:215] T 01c46a36d2744dddbec12a796e862a64 P f5793e46f50f422c98c77296f10f7003: Tablet Copy: opened 0 blocks and 1 log segments
I20260608 13:03:53.567734 11565 data_dirs.cc:400] Could only allocate 1 dirs of requested 3 for tablet 01c46a36d2744dddbec12a796e862a64. 1 dirs total, 0 dirs full, 0 dirs failed
I20260608 13:03:53.579264 11565 tablet_copy_client.cc:806] T 01c46a36d2744dddbec12a796e862a64 P aad2b73641ba4f308be868c2aa750cb2: tablet copy: Starting download of 0 data blocks...
I20260608 13:03:53.579876 11565 tablet_copy_client.cc:670] T 01c46a36d2744dddbec12a796e862a64 P aad2b73641ba4f308be868c2aa750cb2: tablet copy: Starting download of 1 WAL segments...
I20260608 13:03:53.583462 11565 tablet_copy_client.cc:538] T 01c46a36d2744dddbec12a796e862a64 P aad2b73641ba4f308be868c2aa750cb2: tablet copy: Tablet Copy complete. Replacing tablet superblock.
I20260608 13:03:53.589167 11565 tablet_bootstrap.cc:492] T 01c46a36d2744dddbec12a796e862a64 P aad2b73641ba4f308be868c2aa750cb2: Bootstrap starting.
I20260608 13:03:53.604851 11565 tablet_bootstrap.cc:492] T 01c46a36d2744dddbec12a796e862a64 P aad2b73641ba4f308be868c2aa750cb2: Bootstrap replayed 1/1 log segments. Stats: ops{read=2 overwritten=0 applied=2 ignored=0} inserts{seen=0 ignored=0} mutations{seen=0 ignored=0} orphaned_commits=0. Pending: 0 replicates
I20260608 13:03:53.605609 11565 tablet_bootstrap.cc:492] T 01c46a36d2744dddbec12a796e862a64 P aad2b73641ba4f308be868c2aa750cb2: Bootstrap complete.
I20260608 13:03:53.606119 11565 ts_tablet_manager.cc:1403] T 01c46a36d2744dddbec12a796e862a64 P aad2b73641ba4f308be868c2aa750cb2: Time spent bootstrapping tablet: real 0.017s	user 0.008s	sys 0.007s
I20260608 13:03:53.608414 11565 raft_consensus.cc:359] T 01c46a36d2744dddbec12a796e862a64 P aad2b73641ba4f308be868c2aa750cb2 [term 1 LEARNER]: Replica starting. Triggering 0 pending ops. Active config: opid_index: 2 OBSOLETE_local: false peers { permanent_uuid: "f5793e46f50f422c98c77296f10f7003" member_type: VOTER last_known_addr { host: "127.9.61.129" port: 37555 } } peers { permanent_uuid: "8174037b7bb64ac0bb255260afd1afd4" member_type: VOTER last_known_addr { host: "127.9.61.130" port: 42167 } } peers { permanent_uuid: "2417c0e6d32c4a0e8021a60852c5a977" member_type: VOTER last_known_addr { host: "127.9.61.131" port: 39487 } attrs { replace: true } } peers { permanent_uuid: "aad2b73641ba4f308be868c2aa750cb2" member_type: NON_VOTER last_known_addr { host: "127.9.61.132" port: 38981 } attrs { promote: true } }
I20260608 13:03:53.608996 11565 raft_consensus.cc:740] T 01c46a36d2744dddbec12a796e862a64 P aad2b73641ba4f308be868c2aa750cb2 [term 1 LEARNER]: Becoming Follower/Learner. State: Replica: aad2b73641ba4f308be868c2aa750cb2, State: Initialized, Role: LEARNER
I20260608 13:03:53.609508 11565 consensus_queue.cc:260] T 01c46a36d2744dddbec12a796e862a64 P aad2b73641ba4f308be868c2aa750cb2 [NON_LEADER]: Queue going to NON_LEADER mode. State: All replicated index: 0, Majority replicated index: 0, Committed index: 2, Last appended: 1.2, Last appended by leader: 2, Current term: 0, Majority size: -1, State: 0, Mode: NON_LEADER, active raft config: opid_index: 2 OBSOLETE_local: false peers { permanent_uuid: "f5793e46f50f422c98c77296f10f7003" member_type: VOTER last_known_addr { host: "127.9.61.129" port: 37555 } } peers { permanent_uuid: "8174037b7bb64ac0bb255260afd1afd4" member_type: VOTER last_known_addr { host: "127.9.61.130" port: 42167 } } peers { permanent_uuid: "2417c0e6d32c4a0e8021a60852c5a977" member_type: VOTER last_known_addr { host: "127.9.61.131" port: 39487 } attrs { replace: true } } peers { permanent_uuid: "aad2b73641ba4f308be868c2aa750cb2" member_type: NON_VOTER last_known_addr { host: "127.9.61.132" port: 38981 } attrs { promote: true } }
I20260608 13:03:53.611507 11545 heartbeater.cc:499] Master 127.9.61.190:33065 was elected leader, sending a full tablet report...
I20260608 13:03:53.611827 11565 ts_tablet_manager.cc:1434] T 01c46a36d2744dddbec12a796e862a64 P aad2b73641ba4f308be868c2aa750cb2: Time spent starting tablet: real 0.005s	user 0.006s	sys 0.002s
I20260608 13:03:53.613703 11256 tablet_copy_service.cc:342] P f5793e46f50f422c98c77296f10f7003: Request end of tablet copy session aad2b73641ba4f308be868c2aa750cb2-01c46a36d2744dddbec12a796e862a64 received from {username='slave'} at 127.0.0.1:42718
I20260608 13:03:53.614158 11256 tablet_copy_service.cc:434] P f5793e46f50f422c98c77296f10f7003: ending tablet copy session aad2b73641ba4f308be868c2aa750cb2-01c46a36d2744dddbec12a796e862a64 on tablet 01c46a36d2744dddbec12a796e862a64 with peer aad2b73641ba4f308be868c2aa750cb2
I20260608 13:03:53.995975 11197 auto_leader_rebalancer.cc:140] leader rebalance for table test-workload
I20260608 13:03:53.998150 11197 auto_leader_rebalancer.cc:388] table: test-workload, leader rebalance finish, leader transfer count: 0
I20260608 13:03:53.998525 11197 auto_leader_rebalancer.cc:451] All tables' leader rebalancing finished this round
I20260608 13:03:54.136852 11520 raft_consensus.cc:1217] T 01c46a36d2744dddbec12a796e862a64 P aad2b73641ba4f308be868c2aa750cb2 [term 1 LEARNER]: Deduplicated request from leader. Original: 1.1->[1.2-1.2]   Dedup: 1.2->[]
I20260608 13:03:54.669485 11572 raft_consensus.cc:1064] T 01c46a36d2744dddbec12a796e862a64 P f5793e46f50f422c98c77296f10f7003: attempting to promote NON_VOTER aad2b73641ba4f308be868c2aa750cb2 to VOTER
I20260608 13:03:54.671546 11572 consensus_queue.cc:237] T 01c46a36d2744dddbec12a796e862a64 P f5793e46f50f422c98c77296f10f7003 [LEADER]: Queue going to LEADER mode. State: All replicated index: 0, Majority replicated index: 2, Committed index: 2, Last appended: 1.2, Last appended by leader: 0, Current term: 1, Majority size: 3, State: 0, Mode: LEADER, active raft config: opid_index: 3 OBSOLETE_local: false peers { permanent_uuid: "f5793e46f50f422c98c77296f10f7003" member_type: VOTER last_known_addr { host: "127.9.61.129" port: 37555 } } peers { permanent_uuid: "8174037b7bb64ac0bb255260afd1afd4" member_type: VOTER last_known_addr { host: "127.9.61.130" port: 42167 } } peers { permanent_uuid: "2417c0e6d32c4a0e8021a60852c5a977" member_type: VOTER last_known_addr { host: "127.9.61.131" port: 39487 } attrs { replace: true } } peers { permanent_uuid: "aad2b73641ba4f308be868c2aa750cb2" member_type: VOTER last_known_addr { host: "127.9.61.132" port: 38981 } attrs { promote: false } }
I20260608 13:03:54.677901 11520 raft_consensus.cc:1275] T 01c46a36d2744dddbec12a796e862a64 P aad2b73641ba4f308be868c2aa750cb2 [term 1 LEARNER]: Refusing update from remote peer f5793e46f50f422c98c77296f10f7003: Log matching property violated. Preceding OpId in replica: term: 1 index: 2. Preceding OpId from leader: term: 1 index: 3. (index mismatch)
I20260608 13:03:54.680382 11576 consensus_queue.cc:1048] T 01c46a36d2744dddbec12a796e862a64 P f5793e46f50f422c98c77296f10f7003 [LEADER]: Connected to new peer: Peer: permanent_uuid: "aad2b73641ba4f308be868c2aa750cb2" member_type: VOTER last_known_addr { host: "127.9.61.132" port: 38981 } attrs { promote: false }, Status: LMP_MISMATCH, Last received: 0.0, Next index: 3, Last known committed idx: 2, Time since last communication: 0.001s
I20260608 13:03:54.680910 11395 raft_consensus.cc:1275] T 01c46a36d2744dddbec12a796e862a64 P 2417c0e6d32c4a0e8021a60852c5a977 [term 1 FOLLOWER]: Refusing update from remote peer f5793e46f50f422c98c77296f10f7003: Log matching property violated. Preceding OpId in replica: term: 1 index: 2. Preceding OpId from leader: term: 1 index: 3. (index mismatch)
I20260608 13:03:54.682538 11321 raft_consensus.cc:1275] T 01c46a36d2744dddbec12a796e862a64 P 8174037b7bb64ac0bb255260afd1afd4 [term 1 FOLLOWER]: Refusing update from remote peer f5793e46f50f422c98c77296f10f7003: Log matching property violated. Preceding OpId in replica: term: 1 index: 2. Preceding OpId from leader: term: 1 index: 3. (index mismatch)
I20260608 13:03:54.684283 11577 consensus_queue.cc:1048] T 01c46a36d2744dddbec12a796e862a64 P f5793e46f50f422c98c77296f10f7003 [LEADER]: Connected to new peer: Peer: permanent_uuid: "2417c0e6d32c4a0e8021a60852c5a977" member_type: VOTER last_known_addr { host: "127.9.61.131" port: 39487 } attrs { replace: true }, Status: LMP_MISMATCH, Last received: 0.0, Next index: 3, Last known committed idx: 2, Time since last communication: 0.001s
I20260608 13:03:54.685354 11574 consensus_queue.cc:1048] T 01c46a36d2744dddbec12a796e862a64 P f5793e46f50f422c98c77296f10f7003 [LEADER]: Connected to new peer: Peer: permanent_uuid: "8174037b7bb64ac0bb255260afd1afd4" member_type: VOTER last_known_addr { host: "127.9.61.130" port: 42167 }, Status: LMP_MISMATCH, Last received: 0.0, Next index: 3, Last known committed idx: 2, Time since last communication: 0.000s
I20260608 13:03:54.696440 11577 raft_consensus.cc:2955] T 01c46a36d2744dddbec12a796e862a64 P f5793e46f50f422c98c77296f10f7003 [term 1 LEADER]: Committing config change with OpId 1.3: config changed from index 2 to 3, aad2b73641ba4f308be868c2aa750cb2 (127.9.61.132) changed from NON_VOTER to VOTER. New config: { opid_index: 3 OBSOLETE_local: false peers { permanent_uuid: "f5793e46f50f422c98c77296f10f7003" member_type: VOTER last_known_addr { host: "127.9.61.129" port: 37555 } } peers { permanent_uuid: "8174037b7bb64ac0bb255260afd1afd4" member_type: VOTER last_known_addr { host: "127.9.61.130" port: 42167 } } peers { permanent_uuid: "2417c0e6d32c4a0e8021a60852c5a977" member_type: VOTER last_known_addr { host: "127.9.61.131" port: 39487 } attrs { replace: true } } peers { permanent_uuid: "aad2b73641ba4f308be868c2aa750cb2" member_type: VOTER last_known_addr { host: "127.9.61.132" port: 38981 } attrs { promote: false } } }
I20260608 13:03:54.698550 11321 raft_consensus.cc:2955] T 01c46a36d2744dddbec12a796e862a64 P 8174037b7bb64ac0bb255260afd1afd4 [term 1 FOLLOWER]: Committing config change with OpId 1.3: config changed from index 2 to 3, aad2b73641ba4f308be868c2aa750cb2 (127.9.61.132) changed from NON_VOTER to VOTER. New config: { opid_index: 3 OBSOLETE_local: false peers { permanent_uuid: "f5793e46f50f422c98c77296f10f7003" member_type: VOTER last_known_addr { host: "127.9.61.129" port: 37555 } } peers { permanent_uuid: "8174037b7bb64ac0bb255260afd1afd4" member_type: VOTER last_known_addr { host: "127.9.61.130" port: 42167 } } peers { permanent_uuid: "2417c0e6d32c4a0e8021a60852c5a977" member_type: VOTER last_known_addr { host: "127.9.61.131" port: 39487 } attrs { replace: true } } peers { permanent_uuid: "aad2b73641ba4f308be868c2aa750cb2" member_type: VOTER last_known_addr { host: "127.9.61.132" port: 38981 } attrs { promote: false } } }
I20260608 13:03:54.699218 11395 raft_consensus.cc:2955] T 01c46a36d2744dddbec12a796e862a64 P 2417c0e6d32c4a0e8021a60852c5a977 [term 1 FOLLOWER]: Committing config change with OpId 1.3: config changed from index 2 to 3, aad2b73641ba4f308be868c2aa750cb2 (127.9.61.132) changed from NON_VOTER to VOTER. New config: { opid_index: 3 OBSOLETE_local: false peers { permanent_uuid: "f5793e46f50f422c98c77296f10f7003" member_type: VOTER last_known_addr { host: "127.9.61.129" port: 37555 } } peers { permanent_uuid: "8174037b7bb64ac0bb255260afd1afd4" member_type: VOTER last_known_addr { host: "127.9.61.130" port: 42167 } } peers { permanent_uuid: "2417c0e6d32c4a0e8021a60852c5a977" member_type: VOTER last_known_addr { host: "127.9.61.131" port: 39487 } attrs { replace: true } } peers { permanent_uuid: "aad2b73641ba4f308be868c2aa750cb2" member_type: VOTER last_known_addr { host: "127.9.61.132" port: 38981 } attrs { promote: false } } }
I20260608 13:03:54.709329 11520 raft_consensus.cc:2955] T 01c46a36d2744dddbec12a796e862a64 P aad2b73641ba4f308be868c2aa750cb2 [term 1 FOLLOWER]: Committing config change with OpId 1.3: config changed from index 2 to 3, aad2b73641ba4f308be868c2aa750cb2 (127.9.61.132) changed from NON_VOTER to VOTER. New config: { opid_index: 3 OBSOLETE_local: false peers { permanent_uuid: "f5793e46f50f422c98c77296f10f7003" member_type: VOTER last_known_addr { host: "127.9.61.129" port: 37555 } } peers { permanent_uuid: "8174037b7bb64ac0bb255260afd1afd4" member_type: VOTER last_known_addr { host: "127.9.61.130" port: 42167 } } peers { permanent_uuid: "2417c0e6d32c4a0e8021a60852c5a977" member_type: VOTER last_known_addr { host: "127.9.61.131" port: 39487 } attrs { replace: true } } peers { permanent_uuid: "aad2b73641ba4f308be868c2aa750cb2" member_type: VOTER last_known_addr { host: "127.9.61.132" port: 38981 } attrs { promote: false } } }
I20260608 13:03:54.712613 11143 catalog_manager.cc:5696] T 01c46a36d2744dddbec12a796e862a64 P 8174037b7bb64ac0bb255260afd1afd4 reported cstate change: config changed from index 2 to 3, aad2b73641ba4f308be868c2aa750cb2 (127.9.61.132) changed from NON_VOTER to VOTER. New cstate: current_term: 1 leader_uuid: "f5793e46f50f422c98c77296f10f7003" committed_config { opid_index: 3 OBSOLETE_local: false peers { permanent_uuid: "f5793e46f50f422c98c77296f10f7003" member_type: VOTER last_known_addr { host: "127.9.61.129" port: 37555 } } peers { permanent_uuid: "8174037b7bb64ac0bb255260afd1afd4" member_type: VOTER last_known_addr { host: "127.9.61.130" port: 42167 } } peers { permanent_uuid: "2417c0e6d32c4a0e8021a60852c5a977" member_type: VOTER last_known_addr { host: "127.9.61.131" port: 39487 } attrs { replace: true } } peers { permanent_uuid: "aad2b73641ba4f308be868c2aa750cb2" member_type: VOTER last_known_addr { host: "127.9.61.132" port: 38981 } attrs { promote: false } } }
I20260608 13:03:54.746932 11246 consensus_queue.cc:237] T 01c46a36d2744dddbec12a796e862a64 P f5793e46f50f422c98c77296f10f7003 [LEADER]: Queue going to LEADER mode. State: All replicated index: 0, Majority replicated index: 3, Committed index: 3, Last appended: 1.3, Last appended by leader: 0, Current term: 1, Majority size: 2, State: 0, Mode: LEADER, active raft config: opid_index: 4 OBSOLETE_local: false peers { permanent_uuid: "f5793e46f50f422c98c77296f10f7003" member_type: VOTER last_known_addr { host: "127.9.61.129" port: 37555 } } peers { permanent_uuid: "8174037b7bb64ac0bb255260afd1afd4" member_type: VOTER last_known_addr { host: "127.9.61.130" port: 42167 } } peers { permanent_uuid: "aad2b73641ba4f308be868c2aa750cb2" member_type: VOTER last_known_addr { host: "127.9.61.132" port: 38981 } attrs { promote: false } }
I20260608 13:03:54.754258 11321 raft_consensus.cc:1275] T 01c46a36d2744dddbec12a796e862a64 P 8174037b7bb64ac0bb255260afd1afd4 [term 1 FOLLOWER]: Refusing update from remote peer f5793e46f50f422c98c77296f10f7003: Log matching property violated. Preceding OpId in replica: term: 1 index: 3. Preceding OpId from leader: term: 1 index: 4. (index mismatch)
I20260608 13:03:54.754396 11520 raft_consensus.cc:1275] T 01c46a36d2744dddbec12a796e862a64 P aad2b73641ba4f308be868c2aa750cb2 [term 1 FOLLOWER]: Refusing update from remote peer f5793e46f50f422c98c77296f10f7003: Log matching property violated. Preceding OpId in replica: term: 1 index: 3. Preceding OpId from leader: term: 1 index: 4. (index mismatch)
I20260608 13:03:54.755913 11577 consensus_queue.cc:1048] T 01c46a36d2744dddbec12a796e862a64 P f5793e46f50f422c98c77296f10f7003 [LEADER]: Connected to new peer: Peer: permanent_uuid: "aad2b73641ba4f308be868c2aa750cb2" member_type: VOTER last_known_addr { host: "127.9.61.132" port: 38981 } attrs { promote: false }, Status: LMP_MISMATCH, Last received: 0.0, Next index: 4, Last known committed idx: 3, Time since last communication: 0.000s
I20260608 13:03:54.756798 11572 consensus_queue.cc:1048] T 01c46a36d2744dddbec12a796e862a64 P f5793e46f50f422c98c77296f10f7003 [LEADER]: Connected to new peer: Peer: permanent_uuid: "8174037b7bb64ac0bb255260afd1afd4" member_type: VOTER last_known_addr { host: "127.9.61.130" port: 42167 }, Status: LMP_MISMATCH, Last received: 0.0, Next index: 4, Last known committed idx: 3, Time since last communication: 0.000s
I20260608 13:03:54.763792 11574 raft_consensus.cc:2955] T 01c46a36d2744dddbec12a796e862a64 P f5793e46f50f422c98c77296f10f7003 [term 1 LEADER]: Committing config change with OpId 1.4: config changed from index 3 to 4, VOTER 2417c0e6d32c4a0e8021a60852c5a977 (127.9.61.131) evicted. New config: { opid_index: 4 OBSOLETE_local: false peers { permanent_uuid: "f5793e46f50f422c98c77296f10f7003" member_type: VOTER last_known_addr { host: "127.9.61.129" port: 37555 } } peers { permanent_uuid: "8174037b7bb64ac0bb255260afd1afd4" member_type: VOTER last_known_addr { host: "127.9.61.130" port: 42167 } } peers { permanent_uuid: "aad2b73641ba4f308be868c2aa750cb2" member_type: VOTER last_known_addr { host: "127.9.61.132" port: 38981 } attrs { promote: false } } }
I20260608 13:03:54.766052 11321 raft_consensus.cc:2955] T 01c46a36d2744dddbec12a796e862a64 P 8174037b7bb64ac0bb255260afd1afd4 [term 1 FOLLOWER]: Committing config change with OpId 1.4: config changed from index 3 to 4, VOTER 2417c0e6d32c4a0e8021a60852c5a977 (127.9.61.131) evicted. New config: { opid_index: 4 OBSOLETE_local: false peers { permanent_uuid: "f5793e46f50f422c98c77296f10f7003" member_type: VOTER last_known_addr { host: "127.9.61.129" port: 37555 } } peers { permanent_uuid: "8174037b7bb64ac0bb255260afd1afd4" member_type: VOTER last_known_addr { host: "127.9.61.130" port: 42167 } } peers { permanent_uuid: "aad2b73641ba4f308be868c2aa750cb2" member_type: VOTER last_known_addr { host: "127.9.61.132" port: 38981 } attrs { promote: false } } }
I20260608 13:03:54.766278 11520 raft_consensus.cc:2955] T 01c46a36d2744dddbec12a796e862a64 P aad2b73641ba4f308be868c2aa750cb2 [term 1 FOLLOWER]: Committing config change with OpId 1.4: config changed from index 3 to 4, VOTER 2417c0e6d32c4a0e8021a60852c5a977 (127.9.61.131) evicted. New config: { opid_index: 4 OBSOLETE_local: false peers { permanent_uuid: "f5793e46f50f422c98c77296f10f7003" member_type: VOTER last_known_addr { host: "127.9.61.129" port: 37555 } } peers { permanent_uuid: "8174037b7bb64ac0bb255260afd1afd4" member_type: VOTER last_known_addr { host: "127.9.61.130" port: 42167 } } peers { permanent_uuid: "aad2b73641ba4f308be868c2aa750cb2" member_type: VOTER last_known_addr { host: "127.9.61.132" port: 38981 } attrs { promote: false } } }
I20260608 13:03:54.778374 11131 catalog_manager.cc:5209] ChangeConfig:REMOVE_PEER RPC for tablet 01c46a36d2744dddbec12a796e862a64 with cas_config_opid_index 3: ChangeConfig:REMOVE_PEER succeeded (attempt 1)
I20260608 13:03:54.780097 11144 catalog_manager.cc:5696] T 01c46a36d2744dddbec12a796e862a64 P aad2b73641ba4f308be868c2aa750cb2 reported cstate change: config changed from index 3 to 4, VOTER 2417c0e6d32c4a0e8021a60852c5a977 (127.9.61.131) evicted. New cstate: current_term: 1 leader_uuid: "f5793e46f50f422c98c77296f10f7003" committed_config { opid_index: 4 OBSOLETE_local: false peers { permanent_uuid: "f5793e46f50f422c98c77296f10f7003" member_type: VOTER last_known_addr { host: "127.9.61.129" port: 37555 } } peers { permanent_uuid: "8174037b7bb64ac0bb255260afd1afd4" member_type: VOTER last_known_addr { host: "127.9.61.130" port: 42167 } } peers { permanent_uuid: "aad2b73641ba4f308be868c2aa750cb2" member_type: VOTER last_known_addr { host: "127.9.61.132" port: 38981 } attrs { promote: false } } }
I20260608 13:03:54.791491 11385 tablet_service.cc:1558] Processing DeleteTablet for tablet 01c46a36d2744dddbec12a796e862a64 with delete_type TABLET_DATA_TOMBSTONED (TS 2417c0e6d32c4a0e8021a60852c5a977 not found in new config with opid_index 4) from {username='slave'} at 127.0.0.1:60244
I20260608 13:03:54.798538 11587 tablet_replica.cc:333] T 01c46a36d2744dddbec12a796e862a64 P 2417c0e6d32c4a0e8021a60852c5a977: stopping tablet replica
I20260608 13:03:54.799191 11587 raft_consensus.cc:2243] T 01c46a36d2744dddbec12a796e862a64 P 2417c0e6d32c4a0e8021a60852c5a977 [term 1 FOLLOWER]: Raft consensus shutting down.
I20260608 13:03:54.799823 11587 raft_consensus.cc:2272] T 01c46a36d2744dddbec12a796e862a64 P 2417c0e6d32c4a0e8021a60852c5a977 [term 1 FOLLOWER]: Raft consensus is shut down!
I20260608 13:03:54.802232 11587 ts_tablet_manager.cc:1916] T 01c46a36d2744dddbec12a796e862a64 P 2417c0e6d32c4a0e8021a60852c5a977: Deleting tablet data with delete state TABLET_DATA_TOMBSTONED
I20260608 13:03:54.812502 11587 ts_tablet_manager.cc:1929] T 01c46a36d2744dddbec12a796e862a64 P 2417c0e6d32c4a0e8021a60852c5a977: tablet deleted with delete type TABLET_DATA_TOMBSTONED: last-logged OpId 1.3
I20260608 13:03:54.812848 11587 log.cc:1199] T 01c46a36d2744dddbec12a796e862a64 P 2417c0e6d32c4a0e8021a60852c5a977: Deleting WAL directory at /tmp/dist-test-taskEEtRyi/test-tmp/auto_rebalancer-test.0.AutoRebalancerTest.MovesScheduledIfAddTserver.1780923795756881-9462-0/minicluster-data/ts-2-root/wals/01c46a36d2744dddbec12a796e862a64
I20260608 13:03:54.814381 11128 catalog_manager.cc:5027] TS 2417c0e6d32c4a0e8021a60852c5a977 (127.9.61.131:39487): tablet 01c46a36d2744dddbec12a796e862a64 (table test-workload [id=83d76b609eb5454fb8d11b7c0dad1c95]) successfully deleted
I20260608 13:03:55.999537 11197 auto_leader_rebalancer.cc:140] leader rebalance for table test-workload
I20260608 13:03:56.001616 11197 auto_leader_rebalancer.cc:388] table: test-workload, leader rebalance finish, leader transfer count: 0
I20260608 13:03:56.001960 11197 auto_leader_rebalancer.cc:451] All tables' leader rebalancing finished this round
I20260608 13:03:58.003093 11197 auto_leader_rebalancer.cc:140] leader rebalance for table test-workload
I20260608 13:03:58.005363 11197 auto_leader_rebalancer.cc:388] table: test-workload, leader rebalance finish, leader transfer count: 0
I20260608 13:03:58.005739 11197 auto_leader_rebalancer.cc:451] All tables' leader rebalancing finished this round
I20260608 13:04:00.006820 11197 auto_leader_rebalancer.cc:140] leader rebalance for table test-workload
I20260608 13:04:00.008970 11197 auto_leader_rebalancer.cc:388] table: test-workload, leader rebalance finish, leader transfer count: 0
I20260608 13:04:00.009434 11197 auto_leader_rebalancer.cc:451] All tables' leader rebalancing finished this round
I20260608 13:04:02.010380 11197 auto_leader_rebalancer.cc:140] leader rebalance for table test-workload
I20260608 13:04:02.012462 11197 auto_leader_rebalancer.cc:388] table: test-workload, leader rebalance finish, leader transfer count: 0
I20260608 13:04:02.012796 11197 auto_leader_rebalancer.cc:451] All tables' leader rebalancing finished this round
I20260608 13:04:04.013706 11197 auto_leader_rebalancer.cc:140] leader rebalance for table test-workload
I20260608 13:04:04.015795 11197 auto_leader_rebalancer.cc:388] table: test-workload, leader rebalance finish, leader transfer count: 0
I20260608 13:04:04.016163 11197 auto_leader_rebalancer.cc:451] All tables' leader rebalancing finished this round
I20260608 13:04:06.017177 11197 auto_leader_rebalancer.cc:140] leader rebalance for table test-workload
I20260608 13:04:06.020140 11197 auto_leader_rebalancer.cc:388] table: test-workload, leader rebalance finish, leader transfer count: 0
I20260608 13:04:06.020646 11197 auto_leader_rebalancer.cc:451] All tables' leader rebalancing finished this round
I20260608 13:04:06.357046  9462 tablet_server.cc:179] TabletServer@127.9.61.129:0 shutting down...
I20260608 13:04:06.383229  9462 ts_tablet_manager.cc:1507] Shutting down tablet manager...
I20260608 13:04:06.384125  9462 tablet_replica.cc:333] T 01c46a36d2744dddbec12a796e862a64 P f5793e46f50f422c98c77296f10f7003: stopping tablet replica
I20260608 13:04:06.384892  9462 raft_consensus.cc:2243] T 01c46a36d2744dddbec12a796e862a64 P f5793e46f50f422c98c77296f10f7003 [term 1 LEADER]: Raft consensus shutting down.
I20260608 13:04:06.386343  9462 raft_consensus.cc:2272] T 01c46a36d2744dddbec12a796e862a64 P f5793e46f50f422c98c77296f10f7003 [term 1 FOLLOWER]: Raft consensus is shut down!
I20260608 13:04:06.388964  9462 tablet_replica.cc:333] T 86dc0e7c029e446fbcb703ea048fbd43 P f5793e46f50f422c98c77296f10f7003: stopping tablet replica
I20260608 13:04:06.389474  9462 raft_consensus.cc:2243] T 86dc0e7c029e446fbcb703ea048fbd43 P f5793e46f50f422c98c77296f10f7003 [term 1 FOLLOWER]: Raft consensus shutting down.
I20260608 13:04:06.390012  9462 raft_consensus.cc:2272] T 86dc0e7c029e446fbcb703ea048fbd43 P f5793e46f50f422c98c77296f10f7003 [term 1 FOLLOWER]: Raft consensus is shut down!
I20260608 13:04:06.416138  9462 tablet_server.cc:196] TabletServer@127.9.61.129:0 shutdown complete.
I20260608 13:04:06.431684  9462 tablet_server.cc:179] TabletServer@127.9.61.130:0 shutting down...
I20260608 13:04:06.451601  9462 ts_tablet_manager.cc:1507] Shutting down tablet manager...
I20260608 13:04:06.452451  9462 tablet_replica.cc:333] T 86dc0e7c029e446fbcb703ea048fbd43 P 8174037b7bb64ac0bb255260afd1afd4: stopping tablet replica
I20260608 13:04:06.453089  9462 raft_consensus.cc:2243] T 86dc0e7c029e446fbcb703ea048fbd43 P 8174037b7bb64ac0bb255260afd1afd4 [term 1 LEADER]: Raft consensus shutting down.
I20260608 13:04:06.454087  9462 raft_consensus.cc:2272] T 86dc0e7c029e446fbcb703ea048fbd43 P 8174037b7bb64ac0bb255260afd1afd4 [term 1 FOLLOWER]: Raft consensus is shut down!
I20260608 13:04:06.456250  9462 tablet_replica.cc:333] T 01c46a36d2744dddbec12a796e862a64 P 8174037b7bb64ac0bb255260afd1afd4: stopping tablet replica
I20260608 13:04:06.456712  9462 raft_consensus.cc:2243] T 01c46a36d2744dddbec12a796e862a64 P 8174037b7bb64ac0bb255260afd1afd4 [term 1 FOLLOWER]: Raft consensus shutting down.
I20260608 13:04:06.457679  9462 raft_consensus.cc:2272] T 01c46a36d2744dddbec12a796e862a64 P 8174037b7bb64ac0bb255260afd1afd4 [term 1 FOLLOWER]: Raft consensus is shut down!
I20260608 13:04:06.478797  9462 tablet_server.cc:196] TabletServer@127.9.61.130:0 shutdown complete.
I20260608 13:04:06.491319  9462 tablet_server.cc:179] TabletServer@127.9.61.131:0 shutting down...
I20260608 13:04:06.510874  9462 ts_tablet_manager.cc:1507] Shutting down tablet manager...
I20260608 13:04:06.511734  9462 tablet_replica.cc:333] T 86dc0e7c029e446fbcb703ea048fbd43 P 2417c0e6d32c4a0e8021a60852c5a977: stopping tablet replica
I20260608 13:04:06.512298  9462 raft_consensus.cc:2243] T 86dc0e7c029e446fbcb703ea048fbd43 P 2417c0e6d32c4a0e8021a60852c5a977 [term 1 FOLLOWER]: Raft consensus shutting down.
I20260608 13:04:06.512754  9462 raft_consensus.cc:2272] T 86dc0e7c029e446fbcb703ea048fbd43 P 2417c0e6d32c4a0e8021a60852c5a977 [term 1 FOLLOWER]: Raft consensus is shut down!
I20260608 13:04:06.533844  9462 tablet_server.cc:196] TabletServer@127.9.61.131:0 shutdown complete.
I20260608 13:04:06.545531  9462 tablet_server.cc:179] TabletServer@127.9.61.132:0 shutting down...
I20260608 13:04:06.565636  9462 ts_tablet_manager.cc:1507] Shutting down tablet manager...
I20260608 13:04:06.566346  9462 tablet_replica.cc:333] T 01c46a36d2744dddbec12a796e862a64 P aad2b73641ba4f308be868c2aa750cb2: stopping tablet replica
I20260608 13:04:06.566851  9462 raft_consensus.cc:2243] T 01c46a36d2744dddbec12a796e862a64 P aad2b73641ba4f308be868c2aa750cb2 [term 1 FOLLOWER]: Raft consensus shutting down.
I20260608 13:04:06.567655  9462 raft_consensus.cc:2272] T 01c46a36d2744dddbec12a796e862a64 P aad2b73641ba4f308be868c2aa750cb2 [term 1 FOLLOWER]: Raft consensus is shut down!
W20260608 13:04:07.079499 11541 debug-util.cc:398] Leaking SignalData structure 0x7b080013a700 after lost signal to thread 9465
W20260608 13:04:07.080587 11541 debug-util.cc:398] Leaking SignalData structure 0x7b080008e460 after lost signal to thread 11178
W20260608 13:04:07.585073  9462 thread.cc:527] Waited for 1000ms trying to join with diag-logger (tid 11541)
I20260608 13:04:08.021896 11197 auto_leader_rebalancer.cc:140] leader rebalance for table test-workload
I20260608 13:04:08.024189 11197 auto_leader_rebalancer.cc:388] table: test-workload, leader rebalance finish, leader transfer count: 0
I20260608 13:04:08.024538 11197 auto_leader_rebalancer.cc:451] All tables' leader rebalancing finished this round
W20260608 13:04:08.585554  9462 thread.cc:527] Waited for 2000ms trying to join with diag-logger (tid 11541)
I20260608 13:04:09.585495  9462 tablet_server.cc:196] TabletServer@127.9.61.132:0 shutdown complete.
I20260608 13:04:09.596057  9462 master.cc:562] Master@127.9.61.190:33065 shutting down...
I20260608 13:04:09.614332  9462 raft_consensus.cc:2243] T 00000000000000000000000000000000 P 0d8e8b953702408dbe770c429f31281d [term 1 LEADER]: Raft consensus shutting down.
I20260608 13:04:09.614989  9462 raft_consensus.cc:2272] T 00000000000000000000000000000000 P 0d8e8b953702408dbe770c429f31281d [term 1 FOLLOWER]: Raft consensus is shut down!
I20260608 13:04:09.615305  9462 tablet_replica.cc:333] T 00000000000000000000000000000000 P 0d8e8b953702408dbe770c429f31281d: stopping tablet replica
I20260608 13:04:09.634351  9462 master.cc:584] Master@127.9.61.190:33065 shutdown complete.
[       OK ] AutoRebalancerTest.MovesScheduledIfAddTserver (29832 ms)
[ RUN      ] AutoRebalancerTest.NoReplicaMovesIfNoTservers
I20260608 13:04:09.669675  9462 internal_mini_cluster.cc:156] Creating distributed mini masters. Addrs: 127.9.61.190:36477
I20260608 13:04:09.670857  9462 file_cache.cc:492] Constructed file cache file cache with capacity 419430
W20260608 13:04:09.676748 11595 instance_detector.cc:116] could not retrieve AWS instance metadata: Network error: curl error: HTTP response code said error: The requested URL returned error: 404
W20260608 13:04:09.676887 11596 instance_detector.cc:116] could not retrieve Azure instance metadata: Network error: curl error: HTTP response code said error: The requested URL returned error: 404
W20260608 13:04:09.677716 11598 instance_detector.cc:116] could not retrieve OpenStack instance metadata: Network error: curl error: HTTP response code said error: The requested URL returned error: 404
I20260608 13:04:09.677814  9462 server_base.cc:1061] running on GCE node
I20260608 13:04:09.678887  9462 hybrid_clock.cc:584] initializing the hybrid clock with 'system_unsync' time source
W20260608 13:04:09.679073  9462 system_unsync_time.cc:38] NTP support is disabled. Clock error bounds will not be accurate. This configuration is not suitable for distributed clusters.
I20260608 13:04:09.679219  9462 hybrid_clock.cc:648] HybridClock initialized: now 1780923849679202 us; error 0 us; skew 500 ppm
I20260608 13:04:09.679804  9462 server_base.cc:861] Flag tcmalloc_max_total_thread_cache_bytes is not working since tcmalloc is not enabled.
I20260608 13:04:09.682283  9462 webserver.cc:533] Webserver started at http://127.9.61.190:42195/ using document root <none> and password file <none>
I20260608 13:04:09.682786  9462 fs_manager.cc:362] Metadata directory not provided
I20260608 13:04:09.682971  9462 fs_manager.cc:368] Using write-ahead log directory (fs_wal_dir) as metadata directory
I20260608 13:04:09.683234  9462 server_base.cc:909] This appears to be a new deployment of Kudu; creating new FS layout
I20260608 13:04:09.684398  9462 fs_manager.cc:1068] Generated new instance metadata in path /tmp/dist-test-taskEEtRyi/test-tmp/auto_rebalancer-test.0.AutoRebalancerTest.NoReplicaMovesIfNoTservers.1780923795756881-9462-0/minicluster-data/master-0-root/instance:
uuid: "403f1e6a309349d88c9a28d69bd01888"
format_stamp: "Formatted at 2026-06-08 13:04:09 on dist-test-slave-9dhw"
I20260608 13:04:09.688788  9462 fs_manager.cc:696] Time spent creating directory manager: real 0.004s	user 0.004s	sys 0.001s
I20260608 13:04:09.692382 11603 log_block_manager.cc:4031] Time spent loading block containers with low live blocks: real 0.000s	user 0.000s	sys 0.000s
I20260608 13:04:09.693179  9462 fs_manager.cc:730] Time spent opening block manager: real 0.002s	user 0.002s	sys 0.002s
I20260608 13:04:09.693483  9462 fs_manager.cc:647] Opened local filesystem: /tmp/dist-test-taskEEtRyi/test-tmp/auto_rebalancer-test.0.AutoRebalancerTest.NoReplicaMovesIfNoTservers.1780923795756881-9462-0/minicluster-data/master-0-root
uuid: "403f1e6a309349d88c9a28d69bd01888"
format_stamp: "Formatted at 2026-06-08 13:04:09 on dist-test-slave-9dhw"
I20260608 13:04:09.693817  9462 fs_report.cc:389] FS layout report
--------------------
wal directory: /tmp/dist-test-taskEEtRyi/test-tmp/auto_rebalancer-test.0.AutoRebalancerTest.NoReplicaMovesIfNoTservers.1780923795756881-9462-0/minicluster-data/master-0-root
metadata directory: /tmp/dist-test-taskEEtRyi/test-tmp/auto_rebalancer-test.0.AutoRebalancerTest.NoReplicaMovesIfNoTservers.1780923795756881-9462-0/minicluster-data/master-0-root
1 data directories: /tmp/dist-test-taskEEtRyi/test-tmp/auto_rebalancer-test.0.AutoRebalancerTest.NoReplicaMovesIfNoTservers.1780923795756881-9462-0/minicluster-data/master-0-root/data
Total live blocks: 0
Total live bytes: 0
Total live bytes (after alignment): 0
Total number of LBM containers: 0 (0 full)
Did not check for missing blocks
Did not check for orphaned blocks
Total full LBM containers with extra space: 0 (0 repaired)
Total full LBM container extra space in bytes: 0 (0 repaired)
Total incomplete LBM containers: 0 (0 repaired)
Total LBM partial records: 0 (0 repaired)
Total corrupted LBM metadata records in RocksDB: 0 (0 repaired)
I20260608 13:04:09.729863  9462 rpc_server.cc:225] running with OpenSSL 1.1.1  11 Sep 2018
I20260608 13:04:09.731119  9462 kserver.cc:163] Server-wide thread pool size limit: 3276
I20260608 13:04:09.769527  9462 rpc_server.cc:307] RPC server started. Bound to: 127.9.61.190:36477
I20260608 13:04:09.769641 11654 acceptor_pool.cc:272] collecting diagnostics on the listening RPC socket 127.9.61.190:36477 every 8 connection(s)
I20260608 13:04:09.773583 11655 data_dirs.cc:400] Could only allocate 1 dirs of requested 3 for tablet 00000000000000000000000000000000. 1 dirs total, 0 dirs full, 0 dirs failed
I20260608 13:04:09.783692 11655 tablet_bootstrap.cc:492] T 00000000000000000000000000000000 P 403f1e6a309349d88c9a28d69bd01888: Bootstrap starting.
I20260608 13:04:09.788591 11655 tablet_bootstrap.cc:654] T 00000000000000000000000000000000 P 403f1e6a309349d88c9a28d69bd01888: Neither blocks nor log segments found. Creating new log.
I20260608 13:04:09.792838 11655 tablet_bootstrap.cc:492] T 00000000000000000000000000000000 P 403f1e6a309349d88c9a28d69bd01888: No bootstrap required, opened a new log
I20260608 13:04:09.795229 11655 raft_consensus.cc:359] T 00000000000000000000000000000000 P 403f1e6a309349d88c9a28d69bd01888 [term 0 FOLLOWER]: Replica starting. Triggering 0 pending ops. Active config: opid_index: -1 OBSOLETE_local: true peers { permanent_uuid: "403f1e6a309349d88c9a28d69bd01888" member_type: VOTER }
I20260608 13:04:09.795748 11655 raft_consensus.cc:385] T 00000000000000000000000000000000 P 403f1e6a309349d88c9a28d69bd01888 [term 0 FOLLOWER]: Consensus starting up: Expiring failure detector timer to make a prompt election more likely
I20260608 13:04:09.796070 11655 raft_consensus.cc:740] T 00000000000000000000000000000000 P 403f1e6a309349d88c9a28d69bd01888 [term 0 FOLLOWER]: Becoming Follower/Learner. State: Replica: 403f1e6a309349d88c9a28d69bd01888, State: Initialized, Role: FOLLOWER
I20260608 13:04:09.796640 11655 consensus_queue.cc:260] T 00000000000000000000000000000000 P 403f1e6a309349d88c9a28d69bd01888 [NON_LEADER]: Queue going to NON_LEADER mode. State: All replicated index: 0, Majority replicated index: 0, Committed index: 0, Last appended: 0.0, Last appended by leader: 0, Current term: 0, Majority size: -1, State: 0, Mode: NON_LEADER, active raft config: opid_index: -1 OBSOLETE_local: true peers { permanent_uuid: "403f1e6a309349d88c9a28d69bd01888" member_type: VOTER }
I20260608 13:04:09.797076 11655 raft_consensus.cc:399] T 00000000000000000000000000000000 P 403f1e6a309349d88c9a28d69bd01888 [term 0 FOLLOWER]: Only one voter in the Raft config. Triggering election immediately
I20260608 13:04:09.797297 11655 raft_consensus.cc:493] T 00000000000000000000000000000000 P 403f1e6a309349d88c9a28d69bd01888 [term 0 FOLLOWER]: Starting leader election (initial election of a single-replica configuration)
I20260608 13:04:09.797539 11655 raft_consensus.cc:3060] T 00000000000000000000000000000000 P 403f1e6a309349d88c9a28d69bd01888 [term 0 FOLLOWER]: Advancing to term 1
I20260608 13:04:09.801796 11655 raft_consensus.cc:515] T 00000000000000000000000000000000 P 403f1e6a309349d88c9a28d69bd01888 [term 1 FOLLOWER]: Starting leader election with config: opid_index: -1 OBSOLETE_local: true peers { permanent_uuid: "403f1e6a309349d88c9a28d69bd01888" member_type: VOTER }
I20260608 13:04:09.802287 11655 leader_election.cc:304] T 00000000000000000000000000000000 P 403f1e6a309349d88c9a28d69bd01888 [CANDIDATE]: Term 1 election: Election decided. Result: candidate won. Election summary: received 1 responses out of 1 voters: 1 yes votes; 0 no votes. yes voters: 403f1e6a309349d88c9a28d69bd01888; no voters: 
I20260608 13:04:09.803416 11655 leader_election.cc:290] T 00000000000000000000000000000000 P 403f1e6a309349d88c9a28d69bd01888 [CANDIDATE]: Term 1 election: Requested vote from peers 
I20260608 13:04:09.803907 11658 raft_consensus.cc:2804] T 00000000000000000000000000000000 P 403f1e6a309349d88c9a28d69bd01888 [term 1 FOLLOWER]: Leader election won for term 1
I20260608 13:04:09.805202 11658 raft_consensus.cc:697] T 00000000000000000000000000000000 P 403f1e6a309349d88c9a28d69bd01888 [term 1 LEADER]: Becoming Leader. State: Replica: 403f1e6a309349d88c9a28d69bd01888, State: Running, Role: LEADER
I20260608 13:04:09.805953 11658 consensus_queue.cc:237] T 00000000000000000000000000000000 P 403f1e6a309349d88c9a28d69bd01888 [LEADER]: Queue going to LEADER mode. State: All replicated index: 0, Majority replicated index: 0, Committed index: 0, Last appended: 0.0, Last appended by leader: 0, Current term: 1, Majority size: 1, State: 0, Mode: LEADER, active raft config: opid_index: -1 OBSOLETE_local: true peers { permanent_uuid: "403f1e6a309349d88c9a28d69bd01888" member_type: VOTER }
I20260608 13:04:09.806314 11655 sys_catalog.cc:565] T 00000000000000000000000000000000 P 403f1e6a309349d88c9a28d69bd01888 [sys.catalog]: configured and running, proceeding with master startup.
I20260608 13:04:09.811259 11659 sys_catalog.cc:455] T 00000000000000000000000000000000 P 403f1e6a309349d88c9a28d69bd01888 [sys.catalog]: SysCatalogTable state changed. Reason: RaftConsensus started. Latest consensus state: current_term: 1 leader_uuid: "403f1e6a309349d88c9a28d69bd01888" committed_config { opid_index: -1 OBSOLETE_local: true peers { permanent_uuid: "403f1e6a309349d88c9a28d69bd01888" member_type: VOTER } }
I20260608 13:04:09.811497 11660 sys_catalog.cc:455] T 00000000000000000000000000000000 P 403f1e6a309349d88c9a28d69bd01888 [sys.catalog]: SysCatalogTable state changed. Reason: New leader 403f1e6a309349d88c9a28d69bd01888. Latest consensus state: current_term: 1 leader_uuid: "403f1e6a309349d88c9a28d69bd01888" committed_config { opid_index: -1 OBSOLETE_local: true peers { permanent_uuid: "403f1e6a309349d88c9a28d69bd01888" member_type: VOTER } }
I20260608 13:04:09.812005 11659 sys_catalog.cc:458] T 00000000000000000000000000000000 P 403f1e6a309349d88c9a28d69bd01888 [sys.catalog]: This master's current role is: LEADER
I20260608 13:04:09.812202 11660 sys_catalog.cc:458] T 00000000000000000000000000000000 P 403f1e6a309349d88c9a28d69bd01888 [sys.catalog]: This master's current role is: LEADER
I20260608 13:04:09.817768 11666 catalog_manager.cc:1510] Loading table and tablet metadata into memory...
I20260608 13:04:09.823463 11666 catalog_manager.cc:1519] Initializing Kudu cluster ID...
I20260608 13:04:09.824618  9462 internal_mini_cluster.cc:184] Waiting to initialize catalog manager on master 0
I20260608 13:04:09.832934 11666 catalog_manager.cc:1382] Generated new cluster ID: 806e483fc6044e49ab19f17656ad5d4f
I20260608 13:04:09.833245 11666 catalog_manager.cc:1530] Initializing Kudu internal certificate authority...
I20260608 13:04:09.880568 11666 catalog_manager.cc:1405] Generated new certificate authority record
I20260608 13:04:09.881855 11666 catalog_manager.cc:1539] Loading token signing keys...
I20260608 13:04:09.896528 11666 catalog_manager.cc:6069] T 00000000000000000000000000000000 P 403f1e6a309349d88c9a28d69bd01888: Generated new TSK 0
I20260608 13:04:09.897162 11666 catalog_manager.cc:1549] Initializing in-progress tserver states...
I20260608 13:04:09.954411  9462 internal_mini_cluster.cc:371] 0 TS(s) registered with all masters after 0.000238581s
I20260608 13:04:22.049481  9462 master.cc:562] Master@127.9.61.190:36477 shutting down...
I20260608 13:04:22.074873  9462 raft_consensus.cc:2243] T 00000000000000000000000000000000 P 403f1e6a309349d88c9a28d69bd01888 [term 1 LEADER]: Raft consensus shutting down.
I20260608 13:04:22.076040  9462 raft_consensus.cc:2272] T 00000000000000000000000000000000 P 403f1e6a309349d88c9a28d69bd01888 [term 1 FOLLOWER]: Raft consensus is shut down!
I20260608 13:04:22.076550  9462 tablet_replica.cc:333] T 00000000000000000000000000000000 P 403f1e6a309349d88c9a28d69bd01888: stopping tablet replica
I20260608 13:04:22.097679  9462 master.cc:584] Master@127.9.61.190:36477 shutdown complete.
[       OK ] AutoRebalancerTest.NoReplicaMovesIfNoTservers (12462 ms)
[ RUN      ] AutoRebalancerTest.NoReplicaMovesIfNoTablets
I20260608 13:04:22.133164  9462 internal_mini_cluster.cc:156] Creating distributed mini masters. Addrs: 127.9.61.190:36501
I20260608 13:04:22.134519  9462 file_cache.cc:492] Constructed file cache file cache with capacity 419430
W20260608 13:04:22.141192 11678 instance_detector.cc:116] could not retrieve AWS instance metadata: Network error: curl error: HTTP response code said error: The requested URL returned error: 404
W20260608 13:04:22.141534 11679 instance_detector.cc:116] could not retrieve Azure instance metadata: Network error: curl error: HTTP response code said error: The requested URL returned error: 404
W20260608 13:04:22.143163 11681 instance_detector.cc:116] could not retrieve OpenStack instance metadata: Network error: curl error: HTTP response code said error: The requested URL returned error: 404
I20260608 13:04:22.144573  9462 server_base.cc:1061] running on GCE node
I20260608 13:04:22.145483  9462 hybrid_clock.cc:584] initializing the hybrid clock with 'system_unsync' time source
W20260608 13:04:22.145682  9462 system_unsync_time.cc:38] NTP support is disabled. Clock error bounds will not be accurate. This configuration is not suitable for distributed clusters.
I20260608 13:04:22.145843  9462 hybrid_clock.cc:648] HybridClock initialized: now 1780923862145824 us; error 0 us; skew 500 ppm
I20260608 13:04:22.146468  9462 server_base.cc:861] Flag tcmalloc_max_total_thread_cache_bytes is not working since tcmalloc is not enabled.
I20260608 13:04:22.149385  9462 webserver.cc:533] Webserver started at http://127.9.61.190:43489/ using document root <none> and password file <none>
I20260608 13:04:22.149942  9462 fs_manager.cc:362] Metadata directory not provided
I20260608 13:04:22.150136  9462 fs_manager.cc:368] Using write-ahead log directory (fs_wal_dir) as metadata directory
I20260608 13:04:22.150427  9462 server_base.cc:909] This appears to be a new deployment of Kudu; creating new FS layout
I20260608 13:04:22.151862  9462 fs_manager.cc:1068] Generated new instance metadata in path /tmp/dist-test-taskEEtRyi/test-tmp/auto_rebalancer-test.0.AutoRebalancerTest.NoReplicaMovesIfNoTablets.1780923795756881-9462-0/minicluster-data/master-0-root/instance:
uuid: "27b3281a660742d4b3e62f3a1659a8ae"
format_stamp: "Formatted at 2026-06-08 13:04:22 on dist-test-slave-9dhw"
I20260608 13:04:22.157302  9462 fs_manager.cc:696] Time spent creating directory manager: real 0.005s	user 0.005s	sys 0.000s
I20260608 13:04:22.161422 11686 log_block_manager.cc:4031] Time spent loading block containers with low live blocks: real 0.000s	user 0.000s	sys 0.000s
I20260608 13:04:22.162340  9462 fs_manager.cc:730] Time spent opening block manager: real 0.003s	user 0.004s	sys 0.000s
I20260608 13:04:22.162676  9462 fs_manager.cc:647] Opened local filesystem: /tmp/dist-test-taskEEtRyi/test-tmp/auto_rebalancer-test.0.AutoRebalancerTest.NoReplicaMovesIfNoTablets.1780923795756881-9462-0/minicluster-data/master-0-root
uuid: "27b3281a660742d4b3e62f3a1659a8ae"
format_stamp: "Formatted at 2026-06-08 13:04:22 on dist-test-slave-9dhw"
I20260608 13:04:22.162973  9462 fs_report.cc:389] FS layout report
--------------------
wal directory: /tmp/dist-test-taskEEtRyi/test-tmp/auto_rebalancer-test.0.AutoRebalancerTest.NoReplicaMovesIfNoTablets.1780923795756881-9462-0/minicluster-data/master-0-root
metadata directory: /tmp/dist-test-taskEEtRyi/test-tmp/auto_rebalancer-test.0.AutoRebalancerTest.NoReplicaMovesIfNoTablets.1780923795756881-9462-0/minicluster-data/master-0-root
1 data directories: /tmp/dist-test-taskEEtRyi/test-tmp/auto_rebalancer-test.0.AutoRebalancerTest.NoReplicaMovesIfNoTablets.1780923795756881-9462-0/minicluster-data/master-0-root/data
Total live blocks: 0
Total live bytes: 0
Total live bytes (after alignment): 0
Total number of LBM containers: 0 (0 full)
