I20260608 13:04:42.981985 12204 ts_tablet_manager.cc:1434] T bd985ed0daee473fa5f79e4ff7d13450 P f553460ae1e546c6b76a78fcd9b1fc81: Time spent starting tablet: real 0.009s	user 0.004s	sys 0.004s
I20260608 13:04:42.982244 12203 raft_consensus.cc:359] T 67cc66262eec4928905170ef1b3c6b9f P 1272723e83da436ba03365d75116949b [term 0 FOLLOWER]: Replica starting. Triggering 0 pending ops. Active config: opid_index: -1 OBSOLETE_local: false peers { permanent_uuid: "1272723e83da436ba03365d75116949b" member_type: VOTER last_known_addr { host: "127.8.193.129" port: 43735 } } peers { permanent_uuid: "35f2bdb61a4b498a934631d720d4417f" member_type: VOTER last_known_addr { host: "127.8.193.130" port: 36243 } } peers { permanent_uuid: "f553460ae1e546c6b76a78fcd9b1fc81" member_type: VOTER last_known_addr { host: "127.8.193.131" port: 40511 } }
I20260608 13:04:42.983078 12204 tablet_bootstrap.cc:492] T c7abe8c641054a548a12767225d0c2db P f553460ae1e546c6b76a78fcd9b1fc81: Bootstrap starting.
I20260608 13:04:42.983287 12203 raft_consensus.cc:385] T 67cc66262eec4928905170ef1b3c6b9f P 1272723e83da436ba03365d75116949b [term 0 FOLLOWER]: Consensus starting up: Expiring failure detector timer to make a prompt election more likely
I20260608 13:04:42.983752 12203 raft_consensus.cc:740] T 67cc66262eec4928905170ef1b3c6b9f P 1272723e83da436ba03365d75116949b [term 0 FOLLOWER]: Becoming Follower/Learner. State: Replica: 1272723e83da436ba03365d75116949b, State: Initialized, Role: FOLLOWER
I20260608 13:04:42.986750 12203 consensus_queue.cc:260] T 67cc66262eec4928905170ef1b3c6b9f P 1272723e83da436ba03365d75116949b [NON_LEADER]: Queue going to NON_LEADER mode. State: All replicated index: 0, Majority replicated index: 0, Committed index: 0, Last appended: 0.0, Last appended by leader: 0, Current term: 0, Majority size: -1, State: 0, Mode: NON_LEADER, active raft config: opid_index: -1 OBSOLETE_local: false peers { permanent_uuid: "1272723e83da436ba03365d75116949b" member_type: VOTER last_known_addr { host: "127.8.193.129" port: 43735 } } peers { permanent_uuid: "35f2bdb61a4b498a934631d720d4417f" member_type: VOTER last_known_addr { host: "127.8.193.130" port: 36243 } } peers { permanent_uuid: "f553460ae1e546c6b76a78fcd9b1fc81" member_type: VOTER last_known_addr { host: "127.8.193.131" port: 40511 } }
I20260608 13:04:42.987313 12202 ts_tablet_manager.cc:1434] T f52b65dcf3884668b13079c0d2504f3f P 35f2bdb61a4b498a934631d720d4417f: Time spent starting tablet: real 0.027s	user 0.004s	sys 0.004s
I20260608 13:04:42.991030 12202 tablet_bootstrap.cc:492] T c7abe8c641054a548a12767225d0c2db P 35f2bdb61a4b498a934631d720d4417f: Bootstrap starting.
I20260608 13:04:42.992221 12203 ts_tablet_manager.cc:1434] T 67cc66262eec4928905170ef1b3c6b9f P 1272723e83da436ba03365d75116949b: Time spent starting tablet: real 0.013s	user 0.006s	sys 0.001s
I20260608 13:04:42.993242 12203 tablet_bootstrap.cc:492] T c7abe8c641054a548a12767225d0c2db P 1272723e83da436ba03365d75116949b: Bootstrap starting.
I20260608 13:04:42.990754 12204 tablet_bootstrap.cc:654] T c7abe8c641054a548a12767225d0c2db P f553460ae1e546c6b76a78fcd9b1fc81: Neither blocks nor log segments found. Creating new log.
I20260608 13:04:42.999055 12202 tablet_bootstrap.cc:654] T c7abe8c641054a548a12767225d0c2db P 35f2bdb61a4b498a934631d720d4417f: Neither blocks nor log segments found. Creating new log.
I20260608 13:04:43.005159 12209 raft_consensus.cc:493] T 92419384cab3404089eb58361eda29f7 P 1272723e83da436ba03365d75116949b [term 0 FOLLOWER]: Starting pre-election (no leader contacted us within the election timeout)
I20260608 13:04:43.005731 12209 raft_consensus.cc:515] T 92419384cab3404089eb58361eda29f7 P 1272723e83da436ba03365d75116949b [term 0 FOLLOWER]: Starting pre-election with config: opid_index: -1 OBSOLETE_local: false peers { permanent_uuid: "35f2bdb61a4b498a934631d720d4417f" member_type: VOTER last_known_addr { host: "127.8.193.130" port: 36243 } } peers { permanent_uuid: "1272723e83da436ba03365d75116949b" member_type: VOTER last_known_addr { host: "127.8.193.129" port: 43735 } } peers { permanent_uuid: "f553460ae1e546c6b76a78fcd9b1fc81" member_type: VOTER last_known_addr { host: "127.8.193.131" port: 40511 } }
I20260608 13:04:43.010376 12209 leader_election.cc:290] T 92419384cab3404089eb58361eda29f7 P 1272723e83da436ba03365d75116949b [CANDIDATE]: Term 1 pre-election: Requested pre-vote from peers 35f2bdb61a4b498a934631d720d4417f (127.8.193.130:36243), f553460ae1e546c6b76a78fcd9b1fc81 (127.8.193.131:40511)
I20260608 13:04:43.024839 12209 raft_consensus.cc:493] T 67cc66262eec4928905170ef1b3c6b9f P 1272723e83da436ba03365d75116949b [term 0 FOLLOWER]: Starting pre-election (no leader contacted us within the election timeout)
I20260608 13:04:43.025389 12209 raft_consensus.cc:515] T 67cc66262eec4928905170ef1b3c6b9f P 1272723e83da436ba03365d75116949b [term 0 FOLLOWER]: Starting pre-election with config: opid_index: -1 OBSOLETE_local: false peers { permanent_uuid: "1272723e83da436ba03365d75116949b" member_type: VOTER last_known_addr { host: "127.8.193.129" port: 43735 } } peers { permanent_uuid: "35f2bdb61a4b498a934631d720d4417f" member_type: VOTER last_known_addr { host: "127.8.193.130" port: 36243 } } peers { permanent_uuid: "f553460ae1e546c6b76a78fcd9b1fc81" member_type: VOTER last_known_addr { host: "127.8.193.131" port: 40511 } }
I20260608 13:04:43.032829 12209 leader_election.cc:290] T 67cc66262eec4928905170ef1b3c6b9f P 1272723e83da436ba03365d75116949b [CANDIDATE]: Term 1 pre-election: Requested pre-vote from peers 35f2bdb61a4b498a934631d720d4417f (127.8.193.130:36243), f553460ae1e546c6b76a78fcd9b1fc81 (127.8.193.131:40511)
I20260608 13:04:43.050931 12203 tablet_bootstrap.cc:654] T c7abe8c641054a548a12767225d0c2db P 1272723e83da436ba03365d75116949b: Neither blocks nor log segments found. Creating new log.
I20260608 13:04:43.059131 12210 raft_consensus.cc:493] T bd985ed0daee473fa5f79e4ff7d13450 P f553460ae1e546c6b76a78fcd9b1fc81 [term 0 FOLLOWER]: Starting pre-election (no leader contacted us within the election timeout)
I20260608 13:04:43.059818 12224 raft_consensus.cc:493] T bd985ed0daee473fa5f79e4ff7d13450 P 1272723e83da436ba03365d75116949b [term 0 FOLLOWER]: Starting pre-election (no leader contacted us within the election timeout)
I20260608 13:04:43.059890 12210 raft_consensus.cc:515] T bd985ed0daee473fa5f79e4ff7d13450 P f553460ae1e546c6b76a78fcd9b1fc81 [term 0 FOLLOWER]: Starting pre-election with config: opid_index: -1 OBSOLETE_local: false peers { permanent_uuid: "1272723e83da436ba03365d75116949b" member_type: VOTER last_known_addr { host: "127.8.193.129" port: 43735 } } peers { permanent_uuid: "35f2bdb61a4b498a934631d720d4417f" member_type: VOTER last_known_addr { host: "127.8.193.130" port: 36243 } } peers { permanent_uuid: "f553460ae1e546c6b76a78fcd9b1fc81" member_type: VOTER last_known_addr { host: "127.8.193.131" port: 40511 } }
I20260608 13:04:43.055316 12008 tablet_service.cc:1917] Received RequestConsensusVote() RPC: tablet_id: "bc3cc1ec06684b04a10281fbaa08cf1b" candidate_uuid: "f553460ae1e546c6b76a78fcd9b1fc81" candidate_term: 1 candidate_status { last_received { term: 0 index: 0 } } ignore_live_leader: false dest_uuid: "1272723e83da436ba03365d75116949b" is_pre_election: true
I20260608 13:04:43.060762 12224 raft_consensus.cc:515] T bd985ed0daee473fa5f79e4ff7d13450 P 1272723e83da436ba03365d75116949b [term 0 FOLLOWER]: Starting pre-election with config: opid_index: -1 OBSOLETE_local: false peers { permanent_uuid: "1272723e83da436ba03365d75116949b" member_type: VOTER last_known_addr { host: "127.8.193.129" port: 43735 } } peers { permanent_uuid: "35f2bdb61a4b498a934631d720d4417f" member_type: VOTER last_known_addr { host: "127.8.193.130" port: 36243 } } peers { permanent_uuid: "f553460ae1e546c6b76a78fcd9b1fc81" member_type: VOTER last_known_addr { host: "127.8.193.131" port: 40511 } }
W20260608 13:04:43.063160 12123 leader_election.cc:343] T bc3cc1ec06684b04a10281fbaa08cf1b P f553460ae1e546c6b76a78fcd9b1fc81 [CANDIDATE]: Term 1 pre-election: Tablet error from VoteRequest() call to peer 1272723e83da436ba03365d75116949b (127.8.193.129:43735): Illegal state: must be running to vote when last-logged opid is not known
I20260608 13:04:43.065209 12224 leader_election.cc:290] T bd985ed0daee473fa5f79e4ff7d13450 P 1272723e83da436ba03365d75116949b [CANDIDATE]: Term 1 pre-election: Requested pre-vote from peers 35f2bdb61a4b498a934631d720d4417f (127.8.193.130:36243), f553460ae1e546c6b76a78fcd9b1fc81 (127.8.193.131:40511)
I20260608 13:04:43.065618 12008 tablet_service.cc:1917] Received RequestConsensusVote() RPC: tablet_id: "bd985ed0daee473fa5f79e4ff7d13450" candidate_uuid: "f553460ae1e546c6b76a78fcd9b1fc81" candidate_term: 1 candidate_status { last_received { term: 0 index: 0 } } ignore_live_leader: false dest_uuid: "1272723e83da436ba03365d75116949b" is_pre_election: true
I20260608 13:04:43.066206 12210 leader_election.cc:290] T bd985ed0daee473fa5f79e4ff7d13450 P f553460ae1e546c6b76a78fcd9b1fc81 [CANDIDATE]: Term 1 pre-election: Requested pre-vote from peers 1272723e83da436ba03365d75116949b (127.8.193.129:43735), 35f2bdb61a4b498a934631d720d4417f (127.8.193.130:36243)
I20260608 13:04:43.069290 12204 tablet_bootstrap.cc:492] T c7abe8c641054a548a12767225d0c2db P f553460ae1e546c6b76a78fcd9b1fc81: No bootstrap required, opened a new log
I20260608 13:04:43.069849 12204 ts_tablet_manager.cc:1403] T c7abe8c641054a548a12767225d0c2db P f553460ae1e546c6b76a78fcd9b1fc81: Time spent bootstrapping tablet: real 0.087s	user 0.043s	sys 0.018s
I20260608 13:04:43.069919 12202 tablet_bootstrap.cc:492] T c7abe8c641054a548a12767225d0c2db P 35f2bdb61a4b498a934631d720d4417f: No bootstrap required, opened a new log
I20260608 13:04:43.066295 12008 raft_consensus.cc:2468] T bd985ed0daee473fa5f79e4ff7d13450 P 1272723e83da436ba03365d75116949b [term 0 FOLLOWER]: Leader pre-election vote request: Granting yes vote for candidate f553460ae1e546c6b76a78fcd9b1fc81 in term 0.
I20260608 13:04:43.070519 12202 ts_tablet_manager.cc:1403] T c7abe8c641054a548a12767225d0c2db P 35f2bdb61a4b498a934631d720d4417f: Time spent bootstrapping tablet: real 0.080s	user 0.026s	sys 0.031s
I20260608 13:04:43.071688 12123 leader_election.cc:304] T bd985ed0daee473fa5f79e4ff7d13450 P f553460ae1e546c6b76a78fcd9b1fc81 [CANDIDATE]: Term 1 pre-election: Election decided. Result: candidate won. Election summary: received 2 responses out of 3 voters: 2 yes votes; 0 no votes. yes voters: 1272723e83da436ba03365d75116949b, f553460ae1e546c6b76a78fcd9b1fc81; no voters: 
I20260608 13:04:43.073371 12204 raft_consensus.cc:359] T c7abe8c641054a548a12767225d0c2db P f553460ae1e546c6b76a78fcd9b1fc81 [term 0 FOLLOWER]: Replica starting. Triggering 0 pending ops. Active config: opid_index: -1 OBSOLETE_local: false peers { permanent_uuid: "35f2bdb61a4b498a934631d720d4417f" member_type: VOTER last_known_addr { host: "127.8.193.130" port: 36243 } } peers { permanent_uuid: "1272723e83da436ba03365d75116949b" member_type: VOTER last_known_addr { host: "127.8.193.129" port: 43735 } } peers { permanent_uuid: "f553460ae1e546c6b76a78fcd9b1fc81" member_type: VOTER last_known_addr { host: "127.8.193.131" port: 40511 } }
I20260608 13:04:43.074237 12204 raft_consensus.cc:385] T c7abe8c641054a548a12767225d0c2db P f553460ae1e546c6b76a78fcd9b1fc81 [term 0 FOLLOWER]: Consensus starting up: Expiring failure detector timer to make a prompt election more likely
I20260608 13:04:43.074602 12204 raft_consensus.cc:740] T c7abe8c641054a548a12767225d0c2db P f553460ae1e546c6b76a78fcd9b1fc81 [term 0 FOLLOWER]: Becoming Follower/Learner. State: Replica: f553460ae1e546c6b76a78fcd9b1fc81, State: Initialized, Role: FOLLOWER
I20260608 13:04:43.074535 12083 tablet_service.cc:1917] Received RequestConsensusVote() RPC: tablet_id: "bc3cc1ec06684b04a10281fbaa08cf1b" candidate_uuid: "f553460ae1e546c6b76a78fcd9b1fc81" candidate_term: 1 candidate_status { last_received { term: 0 index: 0 } } ignore_live_leader: false dest_uuid: "35f2bdb61a4b498a934631d720d4417f" is_pre_election: true
I20260608 13:04:43.075163 12082 tablet_service.cc:1917] Received RequestConsensusVote() RPC: tablet_id: "bd985ed0daee473fa5f79e4ff7d13450" candidate_uuid: "f553460ae1e546c6b76a78fcd9b1fc81" candidate_term: 1 candidate_status { last_received { term: 0 index: 0 } } ignore_live_leader: false dest_uuid: "35f2bdb61a4b498a934631d720d4417f" is_pre_election: true
W20260608 13:04:43.076675 12121 leader_election.cc:343] T bc3cc1ec06684b04a10281fbaa08cf1b P f553460ae1e546c6b76a78fcd9b1fc81 [CANDIDATE]: Term 1 pre-election: Tablet error from VoteRequest() call to peer 35f2bdb61a4b498a934631d720d4417f (127.8.193.130:36243): Illegal state: must be running to vote when last-logged opid is not known
I20260608 13:04:43.077188 12121 leader_election.cc:304] T bc3cc1ec06684b04a10281fbaa08cf1b P f553460ae1e546c6b76a78fcd9b1fc81 [CANDIDATE]: Term 1 pre-election: Election decided. Result: candidate lost. Election summary: received 3 responses out of 3 voters: 1 yes votes; 2 no votes. yes voters: f553460ae1e546c6b76a78fcd9b1fc81; no voters: 1272723e83da436ba03365d75116949b, 35f2bdb61a4b498a934631d720d4417f
I20260608 13:04:43.076752 12210 raft_consensus.cc:2804] T bd985ed0daee473fa5f79e4ff7d13450 P f553460ae1e546c6b76a78fcd9b1fc81 [term 0 FOLLOWER]: Leader pre-election won for term 1
I20260608 13:04:43.078215 12210 raft_consensus.cc:493] T bd985ed0daee473fa5f79e4ff7d13450 P f553460ae1e546c6b76a78fcd9b1fc81 [term 0 FOLLOWER]: Starting leader election (no leader contacted us within the election timeout)
I20260608 13:04:43.078651 12210 raft_consensus.cc:3060] T bd985ed0daee473fa5f79e4ff7d13450 P f553460ae1e546c6b76a78fcd9b1fc81 [term 0 FOLLOWER]: Advancing to term 1
I20260608 13:04:43.079339 12226 raft_consensus.cc:2749] T bc3cc1ec06684b04a10281fbaa08cf1b P f553460ae1e546c6b76a78fcd9b1fc81 [term 0 FOLLOWER]: Leader pre-election lost for term 1. Reason: could not achieve majority
W20260608 13:04:43.079463 12121 leader_election.cc:343] T bd985ed0daee473fa5f79e4ff7d13450 P f553460ae1e546c6b76a78fcd9b1fc81 [CANDIDATE]: Term 1 pre-election: Tablet error from VoteRequest() call to peer 35f2bdb61a4b498a934631d720d4417f (127.8.193.130:36243): Illegal state: must be running to vote when last-logged opid is not known
I20260608 13:04:43.080864 12204 consensus_queue.cc:260] T c7abe8c641054a548a12767225d0c2db P f553460ae1e546c6b76a78fcd9b1fc81 [NON_LEADER]: Queue going to NON_LEADER mode. State: All replicated index: 0, Majority replicated index: 0, Committed index: 0, Last appended: 0.0, Last appended by leader: 0, Current term: 0, Majority size: -1, State: 0, Mode: NON_LEADER, active raft config: opid_index: -1 OBSOLETE_local: false peers { permanent_uuid: "35f2bdb61a4b498a934631d720d4417f" member_type: VOTER last_known_addr { host: "127.8.193.130" port: 36243 } } peers { permanent_uuid: "1272723e83da436ba03365d75116949b" member_type: VOTER last_known_addr { host: "127.8.193.129" port: 43735 } } peers { permanent_uuid: "f553460ae1e546c6b76a78fcd9b1fc81" member_type: VOTER last_known_addr { host: "127.8.193.131" port: 40511 } }
I20260608 13:04:43.081629 12157 tablet_service.cc:1917] Received RequestConsensusVote() RPC: tablet_id: "92419384cab3404089eb58361eda29f7" candidate_uuid: "1272723e83da436ba03365d75116949b" candidate_term: 1 candidate_status { last_received { term: 0 index: 0 } } ignore_live_leader: false dest_uuid: "f553460ae1e546c6b76a78fcd9b1fc81" is_pre_election: true
I20260608 13:04:43.073601 12202 raft_consensus.cc:359] T c7abe8c641054a548a12767225d0c2db P 35f2bdb61a4b498a934631d720d4417f [term 0 FOLLOWER]: Replica starting. Triggering 0 pending ops. Active config: opid_index: -1 OBSOLETE_local: false peers { permanent_uuid: "35f2bdb61a4b498a934631d720d4417f" member_type: VOTER last_known_addr { host: "127.8.193.130" port: 36243 } } peers { permanent_uuid: "1272723e83da436ba03365d75116949b" member_type: VOTER last_known_addr { host: "127.8.193.129" port: 43735 } } peers { permanent_uuid: "f553460ae1e546c6b76a78fcd9b1fc81" member_type: VOTER last_known_addr { host: "127.8.193.131" port: 40511 } }
I20260608 13:04:43.082340 12157 raft_consensus.cc:2468] T 92419384cab3404089eb58361eda29f7 P f553460ae1e546c6b76a78fcd9b1fc81 [term 0 FOLLOWER]: Leader pre-election vote request: Granting yes vote for candidate 1272723e83da436ba03365d75116949b in term 0.
I20260608 13:04:43.082710 12202 raft_consensus.cc:385] T c7abe8c641054a548a12767225d0c2db P 35f2bdb61a4b498a934631d720d4417f [term 0 FOLLOWER]: Consensus starting up: Expiring failure detector timer to make a prompt election more likely
I20260608 13:04:43.083352 12204 ts_tablet_manager.cc:1434] T c7abe8c641054a548a12767225d0c2db P f553460ae1e546c6b76a78fcd9b1fc81: Time spent starting tablet: real 0.013s	user 0.005s	sys 0.001s
I20260608 13:04:43.083706 12156 tablet_service.cc:1917] Received RequestConsensusVote() RPC: tablet_id: "67cc66262eec4928905170ef1b3c6b9f" candidate_uuid: "1272723e83da436ba03365d75116949b" candidate_term: 1 candidate_status { last_received { term: 0 index: 0 } } ignore_live_leader: false dest_uuid: "f553460ae1e546c6b76a78fcd9b1fc81" is_pre_election: true
W20260608 13:04:43.084997 11954 auto_rebalancer.cc:259] Could not retrieve cluster info: Service unavailable: Tablet not running
I20260608 13:04:43.083029 12202 raft_consensus.cc:740] T c7abe8c641054a548a12767225d0c2db P 35f2bdb61a4b498a934631d720d4417f [term 0 FOLLOWER]: Becoming Follower/Learner. State: Replica: 35f2bdb61a4b498a934631d720d4417f, State: Initialized, Role: FOLLOWER
I20260608 13:04:43.085242 12155 tablet_service.cc:1917] Received RequestConsensusVote() RPC: tablet_id: "bd985ed0daee473fa5f79e4ff7d13450" candidate_uuid: "1272723e83da436ba03365d75116949b" candidate_term: 1 candidate_status { last_received { term: 0 index: 0 } } ignore_live_leader: false dest_uuid: "f553460ae1e546c6b76a78fcd9b1fc81" is_pre_election: true
I20260608 13:04:43.086076 12083 tablet_service.cc:1917] Received RequestConsensusVote() RPC: tablet_id: "67cc66262eec4928905170ef1b3c6b9f" candidate_uuid: "1272723e83da436ba03365d75116949b" candidate_term: 1 candidate_status { last_received { term: 0 index: 0 } } ignore_live_leader: false dest_uuid: "35f2bdb61a4b498a934631d720d4417f" is_pre_election: true
I20260608 13:04:43.086522 12082 tablet_service.cc:1917] Received RequestConsensusVote() RPC: tablet_id: "92419384cab3404089eb58361eda29f7" candidate_uuid: "1272723e83da436ba03365d75116949b" candidate_term: 1 candidate_status { last_received { term: 0 index: 0 } } ignore_live_leader: false dest_uuid: "35f2bdb61a4b498a934631d720d4417f" is_pre_election: true
I20260608 13:04:43.086206 12202 consensus_queue.cc:260] T c7abe8c641054a548a12767225d0c2db P 35f2bdb61a4b498a934631d720d4417f [NON_LEADER]: Queue going to NON_LEADER mode. State: All replicated index: 0, Majority replicated index: 0, Committed index: 0, Last appended: 0.0, Last appended by leader: 0, Current term: 0, Majority size: -1, State: 0, Mode: NON_LEADER, active raft config: opid_index: -1 OBSOLETE_local: false peers { permanent_uuid: "35f2bdb61a4b498a934631d720d4417f" member_type: VOTER last_known_addr { host: "127.8.193.130" port: 36243 } } peers { permanent_uuid: "1272723e83da436ba03365d75116949b" member_type: VOTER last_known_addr { host: "127.8.193.129" port: 43735 } } peers { permanent_uuid: "f553460ae1e546c6b76a78fcd9b1fc81" member_type: VOTER last_known_addr { host: "127.8.193.131" port: 40511 } }
I20260608 13:04:43.086721 12083 raft_consensus.cc:2468] T 67cc66262eec4928905170ef1b3c6b9f P 35f2bdb61a4b498a934631d720d4417f [term 0 FOLLOWER]: Leader pre-election vote request: Granting yes vote for candidate 1272723e83da436ba03365d75116949b in term 0.
I20260608 13:04:43.088008 12081 tablet_service.cc:1917] Received RequestConsensusVote() RPC: tablet_id: "bd985ed0daee473fa5f79e4ff7d13450" candidate_uuid: "1272723e83da436ba03365d75116949b" candidate_term: 1 candidate_status { last_received { term: 0 index: 0 } } ignore_live_leader: false dest_uuid: "35f2bdb61a4b498a934631d720d4417f" is_pre_election: true
W20260608 13:04:43.088503 11972 leader_election.cc:343] T 92419384cab3404089eb58361eda29f7 P 1272723e83da436ba03365d75116949b [CANDIDATE]: Term 1 pre-election: Tablet error from VoteRequest() call to peer 35f2bdb61a4b498a934631d720d4417f (127.8.193.130:36243): Illegal state: must be running to vote when last-logged opid is not known
I20260608 13:04:43.088573 11959 auto_leader_rebalancer.cc:140] leader rebalance for table range_aware_rebalance_new_range
I20260608 13:04:43.089483 11972 leader_election.cc:304] T 67cc66262eec4928905170ef1b3c6b9f P 1272723e83da436ba03365d75116949b [CANDIDATE]: Term 1 pre-election: Election decided. Result: candidate won. Election summary: received 2 responses out of 3 voters: 2 yes votes; 0 no votes. yes voters: 1272723e83da436ba03365d75116949b, 35f2bdb61a4b498a934631d720d4417f; no voters: 
W20260608 13:04:43.089900 11959 auto_leader_rebalancer.cc:460] the master instance isn't leader: Service unavailable: Tablet not running
I20260608 13:04:43.090516 12204 tablet_bootstrap.cc:492] T 5d2af62e645c476294136bad7a2bb6f9 P f553460ae1e546c6b76a78fcd9b1fc81: Bootstrap starting.
W20260608 13:04:43.090493 11972 leader_election.cc:343] T bd985ed0daee473fa5f79e4ff7d13450 P 1272723e83da436ba03365d75116949b [CANDIDATE]: Term 1 pre-election: Tablet error from VoteRequest() call to peer 35f2bdb61a4b498a934631d720d4417f (127.8.193.130:36243): Illegal state: must be running to vote when last-logged opid is not known
I20260608 13:04:43.092604 11973 leader_election.cc:304] T 92419384cab3404089eb58361eda29f7 P 1272723e83da436ba03365d75116949b [CANDIDATE]: Term 1 pre-election: Election decided. Result: candidate won. Election summary: received 3 responses out of 3 voters: 2 yes votes; 1 no votes. yes voters: 1272723e83da436ba03365d75116949b, f553460ae1e546c6b76a78fcd9b1fc81; no voters: 35f2bdb61a4b498a934631d720d4417f
W20260608 13:04:43.093899 11973 leader_election.cc:343] T 67cc66262eec4928905170ef1b3c6b9f P 1272723e83da436ba03365d75116949b [CANDIDATE]: Term 1 pre-election: Tablet error from VoteRequest() call to peer f553460ae1e546c6b76a78fcd9b1fc81 (127.8.193.131:40511): Illegal state: must be running to vote when last-logged opid is not known
I20260608 13:04:43.095573 12209 raft_consensus.cc:2804] T 67cc66262eec4928905170ef1b3c6b9f P 1272723e83da436ba03365d75116949b [term 0 FOLLOWER]: Leader pre-election won for term 1
I20260608 13:04:43.096020 12209 raft_consensus.cc:493] T 67cc66262eec4928905170ef1b3c6b9f P 1272723e83da436ba03365d75116949b [term 0 FOLLOWER]: Starting leader election (no leader contacted us within the election timeout)
I20260608 13:04:43.096215 12224 raft_consensus.cc:2804] T 92419384cab3404089eb58361eda29f7 P 1272723e83da436ba03365d75116949b [term 0 FOLLOWER]: Leader pre-election won for term 1
I20260608 13:04:43.096463 12209 raft_consensus.cc:3060] T 67cc66262eec4928905170ef1b3c6b9f P 1272723e83da436ba03365d75116949b [term 0 FOLLOWER]: Advancing to term 1
I20260608 13:04:43.096728 12224 raft_consensus.cc:493] T 92419384cab3404089eb58361eda29f7 P 1272723e83da436ba03365d75116949b [term 0 FOLLOWER]: Starting leader election (no leader contacted us within the election timeout)
I20260608 13:04:43.097208 12224 raft_consensus.cc:3060] T 92419384cab3404089eb58361eda29f7 P 1272723e83da436ba03365d75116949b [term 0 FOLLOWER]: Advancing to term 1
I20260608 13:04:43.098207 12204 tablet_bootstrap.cc:654] T 5d2af62e645c476294136bad7a2bb6f9 P f553460ae1e546c6b76a78fcd9b1fc81: Neither blocks nor log segments found. Creating new log.
I20260608 13:04:43.104332 12209 raft_consensus.cc:515] T 67cc66262eec4928905170ef1b3c6b9f P 1272723e83da436ba03365d75116949b [term 1 FOLLOWER]: Starting leader election with config: opid_index: -1 OBSOLETE_local: false peers { permanent_uuid: "1272723e83da436ba03365d75116949b" member_type: VOTER last_known_addr { host: "127.8.193.129" port: 43735 } } peers { permanent_uuid: "35f2bdb61a4b498a934631d720d4417f" member_type: VOTER last_known_addr { host: "127.8.193.130" port: 36243 } } peers { permanent_uuid: "f553460ae1e546c6b76a78fcd9b1fc81" member_type: VOTER last_known_addr { host: "127.8.193.131" port: 40511 } }
I20260608 13:04:43.107111 12224 raft_consensus.cc:515] T 92419384cab3404089eb58361eda29f7 P 1272723e83da436ba03365d75116949b [term 1 FOLLOWER]: Starting leader election with config: opid_index: -1 OBSOLETE_local: false peers { permanent_uuid: "35f2bdb61a4b498a934631d720d4417f" member_type: VOTER last_known_addr { host: "127.8.193.130" port: 36243 } } peers { permanent_uuid: "1272723e83da436ba03365d75116949b" member_type: VOTER last_known_addr { host: "127.8.193.129" port: 43735 } } peers { permanent_uuid: "f553460ae1e546c6b76a78fcd9b1fc81" member_type: VOTER last_known_addr { host: "127.8.193.131" port: 40511 } }
I20260608 13:04:43.108057 12081 tablet_service.cc:1917] Received RequestConsensusVote() RPC: tablet_id: "67cc66262eec4928905170ef1b3c6b9f" candidate_uuid: "1272723e83da436ba03365d75116949b" candidate_term: 1 candidate_status { last_received { term: 0 index: 0 } } ignore_live_leader: false dest_uuid: "35f2bdb61a4b498a934631d720d4417f"
I20260608 13:04:43.110411 12156 tablet_service.cc:1917] Received RequestConsensusVote() RPC: tablet_id: "67cc66262eec4928905170ef1b3c6b9f" candidate_uuid: "1272723e83da436ba03365d75116949b" candidate_term: 1 candidate_status { last_received { term: 0 index: 0 } } ignore_live_leader: false dest_uuid: "f553460ae1e546c6b76a78fcd9b1fc81"
I20260608 13:04:43.114717 12083 tablet_service.cc:1917] Received RequestConsensusVote() RPC: tablet_id: "92419384cab3404089eb58361eda29f7" candidate_uuid: "1272723e83da436ba03365d75116949b" candidate_term: 1 candidate_status { last_received { term: 0 index: 0 } } ignore_live_leader: false dest_uuid: "35f2bdb61a4b498a934631d720d4417f"
I20260608 13:04:43.115223 12157 tablet_service.cc:1917] Received RequestConsensusVote() RPC: tablet_id: "92419384cab3404089eb58361eda29f7" candidate_uuid: "1272723e83da436ba03365d75116949b" candidate_term: 1 candidate_status { last_received { term: 0 index: 0 } } ignore_live_leader: false dest_uuid: "f553460ae1e546c6b76a78fcd9b1fc81"
I20260608 13:04:43.109419 12202 ts_tablet_manager.cc:1434] T c7abe8c641054a548a12767225d0c2db P 35f2bdb61a4b498a934631d720d4417f: Time spent starting tablet: real 0.039s	user 0.007s	sys 0.000s
I20260608 13:04:43.115867 12157 raft_consensus.cc:3060] T 92419384cab3404089eb58361eda29f7 P f553460ae1e546c6b76a78fcd9b1fc81 [term 0 FOLLOWER]: Advancing to term 1
W20260608 13:04:43.116289 11972 leader_election.cc:343] T 92419384cab3404089eb58361eda29f7 P 1272723e83da436ba03365d75116949b [CANDIDATE]: Term 1 election: Tablet error from VoteRequest() call to peer 35f2bdb61a4b498a934631d720d4417f (127.8.193.130:36243): Illegal state: must be running to vote when last-logged opid is not known
I20260608 13:04:43.117044 12202 tablet_bootstrap.cc:492] T 92419384cab3404089eb58361eda29f7 P 35f2bdb61a4b498a934631d720d4417f: Bootstrap starting.
I20260608 13:04:43.096027 12210 raft_consensus.cc:515] T bd985ed0daee473fa5f79e4ff7d13450 P f553460ae1e546c6b76a78fcd9b1fc81 [term 1 FOLLOWER]: Starting leader election with config: opid_index: -1 OBSOLETE_local: false peers { permanent_uuid: "1272723e83da436ba03365d75116949b" member_type: VOTER last_known_addr { host: "127.8.193.129" port: 43735 } } peers { permanent_uuid: "35f2bdb61a4b498a934631d720d4417f" member_type: VOTER last_known_addr { host: "127.8.193.130" port: 36243 } } peers { permanent_uuid: "f553460ae1e546c6b76a78fcd9b1fc81" member_type: VOTER last_known_addr { host: "127.8.193.131" port: 40511 } }
I20260608 13:04:43.118180 12155 raft_consensus.cc:2393] T bd985ed0daee473fa5f79e4ff7d13450 P f553460ae1e546c6b76a78fcd9b1fc81 [term 1 FOLLOWER]: Leader pre-election vote request: Denying vote to candidate 1272723e83da436ba03365d75116949b in current term 1: Already voted for candidate f553460ae1e546c6b76a78fcd9b1fc81 in this term.
I20260608 13:04:43.118650 12204 tablet_bootstrap.cc:492] T 5d2af62e645c476294136bad7a2bb6f9 P f553460ae1e546c6b76a78fcd9b1fc81: No bootstrap required, opened a new log
I20260608 13:04:43.119175 12204 ts_tablet_manager.cc:1403] T 5d2af62e645c476294136bad7a2bb6f9 P f553460ae1e546c6b76a78fcd9b1fc81: Time spent bootstrapping tablet: real 0.029s	user 0.012s	sys 0.001s
I20260608 13:04:43.120050 12008 tablet_service.cc:1917] Received RequestConsensusVote() RPC: tablet_id: "bd985ed0daee473fa5f79e4ff7d13450" candidate_uuid: "f553460ae1e546c6b76a78fcd9b1fc81" candidate_term: 1 candidate_status { last_received { term: 0 index: 0 } } ignore_live_leader: false dest_uuid: "1272723e83da436ba03365d75116949b"
W20260608 13:04:43.120383 11973 leader_election.cc:343] T 67cc66262eec4928905170ef1b3c6b9f P 1272723e83da436ba03365d75116949b [CANDIDATE]: Term 1 election: Tablet error from VoteRequest() call to peer f553460ae1e546c6b76a78fcd9b1fc81 (127.8.193.131:40511): Illegal state: must be running to vote when last-logged opid is not known
I20260608 13:04:43.120667 12008 raft_consensus.cc:3060] T bd985ed0daee473fa5f79e4ff7d13450 P 1272723e83da436ba03365d75116949b [term 0 FOLLOWER]: Advancing to term 1
I20260608 13:04:43.109154 12209 leader_election.cc:290] T 67cc66262eec4928905170ef1b3c6b9f P 1272723e83da436ba03365d75116949b [CANDIDATE]: Term 1 election: Requested vote from peers 35f2bdb61a4b498a934631d720d4417f (127.8.193.130:36243), f553460ae1e546c6b76a78fcd9b1fc81 (127.8.193.131:40511)
I20260608 13:04:43.121327 11973 leader_election.cc:304] T bd985ed0daee473fa5f79e4ff7d13450 P 1272723e83da436ba03365d75116949b [CANDIDATE]: Term 1 pre-election: Election decided. Result: candidate lost. Election summary: received 3 responses out of 3 voters: 1 yes votes; 2 no votes. yes voters: 1272723e83da436ba03365d75116949b; no voters: 35f2bdb61a4b498a934631d720d4417f, f553460ae1e546c6b76a78fcd9b1fc81
I20260608 13:04:43.127696 12204 raft_consensus.cc:359] T 5d2af62e645c476294136bad7a2bb6f9 P f553460ae1e546c6b76a78fcd9b1fc81 [term 0 FOLLOWER]: Replica starting. Triggering 0 pending ops. Active config: opid_index: -1 OBSOLETE_local: false peers { permanent_uuid: "35f2bdb61a4b498a934631d720d4417f" member_type: VOTER last_known_addr { host: "127.8.193.130" port: 36243 } } peers { permanent_uuid: "1272723e83da436ba03365d75116949b" member_type: VOTER last_known_addr { host: "127.8.193.129" port: 43735 } } peers { permanent_uuid: "f553460ae1e546c6b76a78fcd9b1fc81" member_type: VOTER last_known_addr { host: "127.8.193.131" port: 40511 } }
I20260608 13:04:43.128499 12008 raft_consensus.cc:2468] T bd985ed0daee473fa5f79e4ff7d13450 P 1272723e83da436ba03365d75116949b [term 1 FOLLOWER]: Leader election vote request: Granting yes vote for candidate f553460ae1e546c6b76a78fcd9b1fc81 in term 1.
I20260608 13:04:43.128548 12204 raft_consensus.cc:385] T 5d2af62e645c476294136bad7a2bb6f9 P f553460ae1e546c6b76a78fcd9b1fc81 [term 0 FOLLOWER]: Consensus starting up: Expiring failure detector timer to make a prompt election more likely
I20260608 13:04:43.110796 12081 raft_consensus.cc:3060] T 67cc66262eec4928905170ef1b3c6b9f P 35f2bdb61a4b498a934631d720d4417f [term 0 FOLLOWER]: Advancing to term 1
I20260608 13:04:43.129347 12204 raft_consensus.cc:740] T 5d2af62e645c476294136bad7a2bb6f9 P f553460ae1e546c6b76a78fcd9b1fc81 [term 0 FOLLOWER]: Becoming Follower/Learner. State: Replica: f553460ae1e546c6b76a78fcd9b1fc81, State: Initialized, Role: FOLLOWER
I20260608 13:04:43.113991 12224 leader_election.cc:290] T 92419384cab3404089eb58361eda29f7 P 1272723e83da436ba03365d75116949b [CANDIDATE]: Term 1 election: Requested vote from peers 35f2bdb61a4b498a934631d720d4417f (127.8.193.130:36243), f553460ae1e546c6b76a78fcd9b1fc81 (127.8.193.131:40511)
I20260608 13:04:43.130438 12204 consensus_queue.cc:260] T 5d2af62e645c476294136bad7a2bb6f9 P f553460ae1e546c6b76a78fcd9b1fc81 [NON_LEADER]: Queue going to NON_LEADER mode. State: All replicated index: 0, Majority replicated index: 0, Committed index: 0, Last appended: 0.0, Last appended by leader: 0, Current term: 0, Majority size: -1, State: 0, Mode: NON_LEADER, active raft config: opid_index: -1 OBSOLETE_local: false peers { permanent_uuid: "35f2bdb61a4b498a934631d720d4417f" member_type: VOTER last_known_addr { host: "127.8.193.130" port: 36243 } } peers { permanent_uuid: "1272723e83da436ba03365d75116949b" member_type: VOTER last_known_addr { host: "127.8.193.129" port: 43735 } } peers { permanent_uuid: "f553460ae1e546c6b76a78fcd9b1fc81" member_type: VOTER last_known_addr { host: "127.8.193.131" port: 40511 } }
I20260608 13:04:43.133069 12204 ts_tablet_manager.cc:1434] T 5d2af62e645c476294136bad7a2bb6f9 P f553460ae1e546c6b76a78fcd9b1fc81: Time spent starting tablet: real 0.014s	user 0.005s	sys 0.002s
I20260608 13:04:43.133054 12083 tablet_service.cc:1917] Received RequestConsensusVote() RPC: tablet_id: "bd985ed0daee473fa5f79e4ff7d13450" candidate_uuid: "f553460ae1e546c6b76a78fcd9b1fc81" candidate_term: 1 candidate_status { last_received { term: 0 index: 0 } } ignore_live_leader: false dest_uuid: "35f2bdb61a4b498a934631d720d4417f"
I20260608 13:04:43.134442 12123 leader_election.cc:304] T bd985ed0daee473fa5f79e4ff7d13450 P f553460ae1e546c6b76a78fcd9b1fc81 [CANDIDATE]: Term 1 election: Election decided. Result: candidate won. Election summary: received 2 responses out of 3 voters: 2 yes votes; 0 no votes. yes voters: 1272723e83da436ba03365d75116949b, f553460ae1e546c6b76a78fcd9b1fc81; no voters: 
I20260608 13:04:43.135538 12210 leader_election.cc:290] T bd985ed0daee473fa5f79e4ff7d13450 P f553460ae1e546c6b76a78fcd9b1fc81 [CANDIDATE]: Term 1 election: Requested vote from peers 1272723e83da436ba03365d75116949b (127.8.193.129:43735), 35f2bdb61a4b498a934631d720d4417f (127.8.193.130:36243)
W20260608 13:04:43.135650 12121 leader_election.cc:343] T bd985ed0daee473fa5f79e4ff7d13450 P f553460ae1e546c6b76a78fcd9b1fc81 [CANDIDATE]: Term 1 election: Tablet error from VoteRequest() call to peer 35f2bdb61a4b498a934631d720d4417f (127.8.193.130:36243): Illegal state: must be running to vote when last-logged opid is not known
I20260608 13:04:43.136250 12204 tablet_bootstrap.cc:492] T 67cc66262eec4928905170ef1b3c6b9f P f553460ae1e546c6b76a78fcd9b1fc81: Bootstrap starting.
I20260608 13:04:43.137674 12157 raft_consensus.cc:2468] T 92419384cab3404089eb58361eda29f7 P f553460ae1e546c6b76a78fcd9b1fc81 [term 1 FOLLOWER]: Leader election vote request: Granting yes vote for candidate 1272723e83da436ba03365d75116949b in term 1.
I20260608 13:04:43.138164 12210 raft_consensus.cc:2804] T bd985ed0daee473fa5f79e4ff7d13450 P f553460ae1e546c6b76a78fcd9b1fc81 [term 1 FOLLOWER]: Leader election won for term 1
I20260608 13:04:43.138716 12210 raft_consensus.cc:697] T bd985ed0daee473fa5f79e4ff7d13450 P f553460ae1e546c6b76a78fcd9b1fc81 [term 1 LEADER]: Becoming Leader. State: Replica: f553460ae1e546c6b76a78fcd9b1fc81, State: Running, Role: LEADER
I20260608 13:04:43.139604 12210 consensus_queue.cc:237] T bd985ed0daee473fa5f79e4ff7d13450 P f553460ae1e546c6b76a78fcd9b1fc81 [LEADER]: Queue going to LEADER mode. State: All replicated index: 0, Majority replicated index: 0, Committed index: 0, Last appended: 0.0, Last appended by leader: 0, Current term: 1, Majority size: 2, State: 0, Mode: LEADER, active raft config: opid_index: -1 OBSOLETE_local: false peers { permanent_uuid: "1272723e83da436ba03365d75116949b" member_type: VOTER last_known_addr { host: "127.8.193.129" port: 43735 } } peers { permanent_uuid: "35f2bdb61a4b498a934631d720d4417f" member_type: VOTER last_known_addr { host: "127.8.193.130" port: 36243 } } peers { permanent_uuid: "f553460ae1e546c6b76a78fcd9b1fc81" member_type: VOTER last_known_addr { host: "127.8.193.131" port: 40511 } }
I20260608 13:04:43.140374 11973 leader_election.cc:304] T 92419384cab3404089eb58361eda29f7 P 1272723e83da436ba03365d75116949b [CANDIDATE]: Term 1 election: Election decided. Result: candidate won. Election summary: received 3 responses out of 3 voters: 2 yes votes; 1 no votes. yes voters: 1272723e83da436ba03365d75116949b, f553460ae1e546c6b76a78fcd9b1fc81; no voters: 35f2bdb61a4b498a934631d720d4417f
I20260608 13:04:43.141249 12224 raft_consensus.cc:2804] T 92419384cab3404089eb58361eda29f7 P 1272723e83da436ba03365d75116949b [term 1 FOLLOWER]: Leader election won for term 1
I20260608 13:04:43.142462 12224 raft_consensus.cc:697] T 92419384cab3404089eb58361eda29f7 P 1272723e83da436ba03365d75116949b [term 1 LEADER]: Becoming Leader. State: Replica: 1272723e83da436ba03365d75116949b, State: Running, Role: LEADER
I20260608 13:04:43.144702 12224 consensus_queue.cc:237] T 92419384cab3404089eb58361eda29f7 P 1272723e83da436ba03365d75116949b [LEADER]: Queue going to LEADER mode. State: All replicated index: 0, Majority replicated index: 0, Committed index: 0, Last appended: 0.0, Last appended by leader: 0, Current term: 1, Majority size: 2, State: 0, Mode: LEADER, active raft config: opid_index: -1 OBSOLETE_local: false peers { permanent_uuid: "35f2bdb61a4b498a934631d720d4417f" member_type: VOTER last_known_addr { host: "127.8.193.130" port: 36243 } } peers { permanent_uuid: "1272723e83da436ba03365d75116949b" member_type: VOTER last_known_addr { host: "127.8.193.129" port: 43735 } } peers { permanent_uuid: "f553460ae1e546c6b76a78fcd9b1fc81" member_type: VOTER last_known_addr { host: "127.8.193.131" port: 40511 } }
I20260608 13:04:43.146761 12209 raft_consensus.cc:2749] T bd985ed0daee473fa5f79e4ff7d13450 P 1272723e83da436ba03365d75116949b [term 1 FOLLOWER]: Leader pre-election lost for term 1. Reason: could not achieve majority
I20260608 13:04:43.149549 12204 tablet_bootstrap.cc:654] T 67cc66262eec4928905170ef1b3c6b9f P f553460ae1e546c6b76a78fcd9b1fc81: Neither blocks nor log segments found. Creating new log.
I20260608 13:04:43.147053 12203 tablet_bootstrap.cc:492] T c7abe8c641054a548a12767225d0c2db P 1272723e83da436ba03365d75116949b: No bootstrap required, opened a new log
I20260608 13:04:43.152491 12203 ts_tablet_manager.cc:1403] T c7abe8c641054a548a12767225d0c2db P 1272723e83da436ba03365d75116949b: Time spent bootstrapping tablet: real 0.159s	user 0.022s	sys 0.010s
I20260608 13:04:43.142448 12081 raft_consensus.cc:2468] T 67cc66262eec4928905170ef1b3c6b9f P 35f2bdb61a4b498a934631d720d4417f [term 1 FOLLOWER]: Leader election vote request: Granting yes vote for candidate 1272723e83da436ba03365d75116949b in term 1.
I20260608 13:04:43.156111 11972 leader_election.cc:304] T 67cc66262eec4928905170ef1b3c6b9f P 1272723e83da436ba03365d75116949b [CANDIDATE]: Term 1 election: Election decided. Result: candidate won. Election summary: received 3 responses out of 3 voters: 2 yes votes; 1 no votes. yes voters: 1272723e83da436ba03365d75116949b, 35f2bdb61a4b498a934631d720d4417f; no voters: f553460ae1e546c6b76a78fcd9b1fc81
I20260608 13:04:43.157233 11902 catalog_manager.cc:5696] T bd985ed0daee473fa5f79e4ff7d13450 P f553460ae1e546c6b76a78fcd9b1fc81 reported cstate change: term changed from 0 to 1, leader changed from <none> to f553460ae1e546c6b76a78fcd9b1fc81 (127.8.193.131). New cstate: current_term: 1 leader_uuid: "f553460ae1e546c6b76a78fcd9b1fc81" committed_config { opid_index: -1 OBSOLETE_local: false peers { permanent_uuid: "1272723e83da436ba03365d75116949b" member_type: VOTER last_known_addr { host: "127.8.193.129" port: 43735 } health_report { overall_health: UNKNOWN } } peers { permanent_uuid: "35f2bdb61a4b498a934631d720d4417f" member_type: VOTER last_known_addr { host: "127.8.193.130" port: 36243 } health_report { overall_health: UNKNOWN } } peers { permanent_uuid: "f553460ae1e546c6b76a78fcd9b1fc81" member_type: VOTER last_known_addr { host: "127.8.193.131" port: 40511 } health_report { overall_health: HEALTHY } } }
I20260608 13:04:43.158763 12209 raft_consensus.cc:2804] T 67cc66262eec4928905170ef1b3c6b9f P 1272723e83da436ba03365d75116949b [term 1 FOLLOWER]: Leader election won for term 1
I20260608 13:04:43.158375 12203 raft_consensus.cc:359] T c7abe8c641054a548a12767225d0c2db P 1272723e83da436ba03365d75116949b [term 0 FOLLOWER]: Replica starting. Triggering 0 pending ops. Active config: opid_index: -1 OBSOLETE_local: false peers { permanent_uuid: "35f2bdb61a4b498a934631d720d4417f" member_type: VOTER last_known_addr { host: "127.8.193.130" port: 36243 } } peers { permanent_uuid: "1272723e83da436ba03365d75116949b" member_type: VOTER last_known_addr { host: "127.8.193.129" port: 43735 } } peers { permanent_uuid: "f553460ae1e546c6b76a78fcd9b1fc81" member_type: VOTER last_known_addr { host: "127.8.193.131" port: 40511 } }
I20260608 13:04:43.159265 12203 raft_consensus.cc:385] T c7abe8c641054a548a12767225d0c2db P 1272723e83da436ba03365d75116949b [term 0 FOLLOWER]: Consensus starting up: Expiring failure detector timer to make a prompt election more likely
I20260608 13:04:43.159317 12209 raft_consensus.cc:697] T 67cc66262eec4928905170ef1b3c6b9f P 1272723e83da436ba03365d75116949b [term 1 LEADER]: Becoming Leader. State: Replica: 1272723e83da436ba03365d75116949b, State: Running, Role: LEADER
I20260608 13:04:43.159698 12203 raft_consensus.cc:740] T c7abe8c641054a548a12767225d0c2db P 1272723e83da436ba03365d75116949b [term 0 FOLLOWER]: Becoming Follower/Learner. State: Replica: 1272723e83da436ba03365d75116949b, State: Initialized, Role: FOLLOWER
I20260608 13:04:43.160297 12209 consensus_queue.cc:237] T 67cc66262eec4928905170ef1b3c6b9f P 1272723e83da436ba03365d75116949b [LEADER]: Queue going to LEADER mode. State: All replicated index: 0, Majority replicated index: 0, Committed index: 0, Last appended: 0.0, Last appended by leader: 0, Current term: 1, Majority size: 2, State: 0, Mode: LEADER, active raft config: opid_index: -1 OBSOLETE_local: false peers { permanent_uuid: "1272723e83da436ba03365d75116949b" member_type: VOTER last_known_addr { host: "127.8.193.129" port: 43735 } } peers { permanent_uuid: "35f2bdb61a4b498a934631d720d4417f" member_type: VOTER last_known_addr { host: "127.8.193.130" port: 36243 } } peers { permanent_uuid: "f553460ae1e546c6b76a78fcd9b1fc81" member_type: VOTER last_known_addr { host: "127.8.193.131" port: 40511 } }
I20260608 13:04:43.160621 12203 consensus_queue.cc:260] T c7abe8c641054a548a12767225d0c2db P 1272723e83da436ba03365d75116949b [NON_LEADER]: Queue going to NON_LEADER mode. State: All replicated index: 0, Majority replicated index: 0, Committed index: 0, Last appended: 0.0, Last appended by leader: 0, Current term: 0, Majority size: -1, State: 0, Mode: NON_LEADER, active raft config: opid_index: -1 OBSOLETE_local: false peers { permanent_uuid: "35f2bdb61a4b498a934631d720d4417f" member_type: VOTER last_known_addr { host: "127.8.193.130" port: 36243 } } peers { permanent_uuid: "1272723e83da436ba03365d75116949b" member_type: VOTER last_known_addr { host: "127.8.193.129" port: 43735 } } peers { permanent_uuid: "f553460ae1e546c6b76a78fcd9b1fc81" member_type: VOTER last_known_addr { host: "127.8.193.131" port: 40511 } }
I20260608 13:04:43.160816 11903 catalog_manager.cc:5696] T 92419384cab3404089eb58361eda29f7 P 1272723e83da436ba03365d75116949b reported cstate change: term changed from 0 to 1, leader changed from <none> to 1272723e83da436ba03365d75116949b (127.8.193.129). New cstate: current_term: 1 leader_uuid: "1272723e83da436ba03365d75116949b" committed_config { opid_index: -1 OBSOLETE_local: false peers { permanent_uuid: "35f2bdb61a4b498a934631d720d4417f" member_type: VOTER last_known_addr { host: "127.8.193.130" port: 36243 } health_report { overall_health: UNKNOWN } } peers { permanent_uuid: "1272723e83da436ba03365d75116949b" member_type: VOTER last_known_addr { host: "127.8.193.129" port: 43735 } health_report { overall_health: HEALTHY } } peers { permanent_uuid: "f553460ae1e546c6b76a78fcd9b1fc81" member_type: VOTER last_known_addr { host: "127.8.193.131" port: 40511 } health_report { overall_health: UNKNOWN } } }
I20260608 13:04:43.162285 12202 tablet_bootstrap.cc:654] T 92419384cab3404089eb58361eda29f7 P 35f2bdb61a4b498a934631d720d4417f: Neither blocks nor log segments found. Creating new log.
I20260608 13:04:43.163101 12203 ts_tablet_manager.cc:1434] T c7abe8c641054a548a12767225d0c2db P 1272723e83da436ba03365d75116949b: Time spent starting tablet: real 0.010s	user 0.008s	sys 0.000s
I20260608 13:04:43.164194 12203 tablet_bootstrap.cc:492] T f52b65dcf3884668b13079c0d2504f3f P 1272723e83da436ba03365d75116949b: Bootstrap starting.
I20260608 13:04:43.172786 12203 tablet_bootstrap.cc:654] T f52b65dcf3884668b13079c0d2504f3f P 1272723e83da436ba03365d75116949b: Neither blocks nor log segments found. Creating new log.
I20260608 13:04:43.179677 12204 tablet_bootstrap.cc:492] T 67cc66262eec4928905170ef1b3c6b9f P f553460ae1e546c6b76a78fcd9b1fc81: No bootstrap required, opened a new log
I20260608 13:04:43.180418 12204 ts_tablet_manager.cc:1403] T 67cc66262eec4928905170ef1b3c6b9f P f553460ae1e546c6b76a78fcd9b1fc81: Time spent bootstrapping tablet: real 0.044s	user 0.012s	sys 0.007s
I20260608 13:04:43.183988 12202 tablet_bootstrap.cc:492] T 92419384cab3404089eb58361eda29f7 P 35f2bdb61a4b498a934631d720d4417f: No bootstrap required, opened a new log
I20260608 13:04:43.184594 12202 ts_tablet_manager.cc:1403] T 92419384cab3404089eb58361eda29f7 P 35f2bdb61a4b498a934631d720d4417f: Time spent bootstrapping tablet: real 0.068s	user 0.007s	sys 0.021s
I20260608 13:04:43.187711 12202 raft_consensus.cc:359] T 92419384cab3404089eb58361eda29f7 P 35f2bdb61a4b498a934631d720d4417f [term 0 FOLLOWER]: Replica starting. Triggering 0 pending ops. Active config: opid_index: -1 OBSOLETE_local: false peers { permanent_uuid: "35f2bdb61a4b498a934631d720d4417f" member_type: VOTER last_known_addr { host: "127.8.193.130" port: 36243 } } peers { permanent_uuid: "1272723e83da436ba03365d75116949b" member_type: VOTER last_known_addr { host: "127.8.193.129" port: 43735 } } peers { permanent_uuid: "f553460ae1e546c6b76a78fcd9b1fc81" member_type: VOTER last_known_addr { host: "127.8.193.131" port: 40511 } }
I20260608 13:04:43.188905 12209 raft_consensus.cc:493] T c7abe8c641054a548a12767225d0c2db P 1272723e83da436ba03365d75116949b [term 0 FOLLOWER]: Starting pre-election (no leader contacted us within the election timeout)
I20260608 13:04:43.186800 12204 raft_consensus.cc:359] T 67cc66262eec4928905170ef1b3c6b9f P f553460ae1e546c6b76a78fcd9b1fc81 [term 0 FOLLOWER]: Replica starting. Triggering 0 pending ops. Active config: opid_index: -1 OBSOLETE_local: false peers { permanent_uuid: "1272723e83da436ba03365d75116949b" member_type: VOTER last_known_addr { host: "127.8.193.129" port: 43735 } } peers { permanent_uuid: "35f2bdb61a4b498a934631d720d4417f" member_type: VOTER last_known_addr { host: "127.8.193.130" port: 36243 } } peers { permanent_uuid: "f553460ae1e546c6b76a78fcd9b1fc81" member_type: VOTER last_known_addr { host: "127.8.193.131" port: 40511 } }
I20260608 13:04:43.189494 12204 raft_consensus.cc:385] T 67cc66262eec4928905170ef1b3c6b9f P f553460ae1e546c6b76a78fcd9b1fc81 [term 0 FOLLOWER]: Consensus starting up: Expiring failure detector timer to make a prompt election more likely
I20260608 13:04:43.189407 12209 raft_consensus.cc:515] T c7abe8c641054a548a12767225d0c2db P 1272723e83da436ba03365d75116949b [term 0 FOLLOWER]: Starting pre-election with config: opid_index: -1 OBSOLETE_local: false peers { permanent_uuid: "35f2bdb61a4b498a934631d720d4417f" member_type: VOTER last_known_addr { host: "127.8.193.130" port: 36243 } } peers { permanent_uuid: "1272723e83da436ba03365d75116949b" member_type: VOTER last_known_addr { host: "127.8.193.129" port: 43735 } } peers { permanent_uuid: "f553460ae1e546c6b76a78fcd9b1fc81" member_type: VOTER last_known_addr { host: "127.8.193.131" port: 40511 } }
I20260608 13:04:43.192680 12209 leader_election.cc:290] T c7abe8c641054a548a12767225d0c2db P 1272723e83da436ba03365d75116949b [CANDIDATE]: Term 1 pre-election: Requested pre-vote from peers 35f2bdb61a4b498a934631d720d4417f (127.8.193.130:36243), f553460ae1e546c6b76a78fcd9b1fc81 (127.8.193.131:40511)
I20260608 13:04:43.192957 12081 tablet_service.cc:1917] Received RequestConsensusVote() RPC: tablet_id: "c7abe8c641054a548a12767225d0c2db" candidate_uuid: "1272723e83da436ba03365d75116949b" candidate_term: 1 candidate_status { last_received { term: 0 index: 0 } } ignore_live_leader: false dest_uuid: "35f2bdb61a4b498a934631d720d4417f" is_pre_election: true
I20260608 13:04:43.188524 12202 raft_consensus.cc:385] T 92419384cab3404089eb58361eda29f7 P 35f2bdb61a4b498a934631d720d4417f [term 0 FOLLOWER]: Consensus starting up: Expiring failure detector timer to make a prompt election more likely
I20260608 13:04:43.193270 12157 tablet_service.cc:1917] Received RequestConsensusVote() RPC: tablet_id: "c7abe8c641054a548a12767225d0c2db" candidate_uuid: "1272723e83da436ba03365d75116949b" candidate_term: 1 candidate_status { last_received { term: 0 index: 0 } } ignore_live_leader: false dest_uuid: "f553460ae1e546c6b76a78fcd9b1fc81" is_pre_election: true
I20260608 13:04:43.193661 12081 raft_consensus.cc:2468] T c7abe8c641054a548a12767225d0c2db P 35f2bdb61a4b498a934631d720d4417f [term 0 FOLLOWER]: Leader pre-election vote request: Granting yes vote for candidate 1272723e83da436ba03365d75116949b in term 0.
I20260608 13:04:43.193732 12202 raft_consensus.cc:740] T 92419384cab3404089eb58361eda29f7 P 35f2bdb61a4b498a934631d720d4417f [term 0 FOLLOWER]: Becoming Follower/Learner. State: Replica: 35f2bdb61a4b498a934631d720d4417f, State: Initialized, Role: FOLLOWER
I20260608 13:04:43.193962 12157 raft_consensus.cc:2468] T c7abe8c641054a548a12767225d0c2db P f553460ae1e546c6b76a78fcd9b1fc81 [term 0 FOLLOWER]: Leader pre-election vote request: Granting yes vote for candidate 1272723e83da436ba03365d75116949b in term 0.
I20260608 13:04:43.189960 12204 raft_consensus.cc:740] T 67cc66262eec4928905170ef1b3c6b9f P f553460ae1e546c6b76a78fcd9b1fc81 [term 0 FOLLOWER]: Becoming Follower/Learner. State: Replica: f553460ae1e546c6b76a78fcd9b1fc81, State: Initialized, Role: FOLLOWER
