I20260608 13:05:06.142172 12810 catalog_manager.cc:5696] T 614f20873b0f44b38198edb549255a80 P 8f341ff11a704c0fa91d3600abb85f99 reported cstate change: term changed from 0 to 1, leader changed from <none> to 8f341ff11a704c0fa91d3600abb85f99 (127.8.38.193). New cstate: current_term: 1 leader_uuid: "8f341ff11a704c0fa91d3600abb85f99" committed_config { opid_index: -1 OBSOLETE_local: false peers { permanent_uuid: "8f341ff11a704c0fa91d3600abb85f99" member_type: VOTER last_known_addr { host: "127.8.38.193" port: 46369 } health_report { overall_health: HEALTHY } } peers { permanent_uuid: "2cc599f5e7c94809afef496bf1f345d9" member_type: VOTER last_known_addr { host: "127.8.38.194" port: 40441 } health_report { overall_health: UNKNOWN } } peers { permanent_uuid: "84cdab7c408d44ad822d48978e4cbc35" member_type: VOTER last_known_addr { host: "127.8.38.195" port: 45141 } health_report { overall_health: UNKNOWN } } }
I20260608 13:05:06.144181 13142 raft_consensus.cc:515] T 3ddb1c270dab4853a71cc20aff81ebab P 84cdab7c408d44ad822d48978e4cbc35 [term 1 FOLLOWER]: Starting leader election with config: opid_index: -1 OBSOLETE_local: false peers { permanent_uuid: "8f341ff11a704c0fa91d3600abb85f99" member_type: VOTER last_known_addr { host: "127.8.38.193" port: 46369 } } peers { permanent_uuid: "2cc599f5e7c94809afef496bf1f345d9" member_type: VOTER last_known_addr { host: "127.8.38.194" port: 40441 } } peers { permanent_uuid: "84cdab7c408d44ad822d48978e4cbc35" member_type: VOTER last_known_addr { host: "127.8.38.195" port: 45141 } }
I20260608 13:05:06.146327 13142 leader_election.cc:290] T 3ddb1c270dab4853a71cc20aff81ebab P 84cdab7c408d44ad822d48978e4cbc35 [CANDIDATE]: Term 1 election: Requested vote from peers 8f341ff11a704c0fa91d3600abb85f99 (127.8.38.193:46369), 2cc599f5e7c94809afef496bf1f345d9 (127.8.38.194:40441)
I20260608 13:05:06.147498 12909 tablet_service.cc:1917] Received RequestConsensusVote() RPC: tablet_id: "3ddb1c270dab4853a71cc20aff81ebab" candidate_uuid: "84cdab7c408d44ad822d48978e4cbc35" candidate_term: 1 candidate_status { last_received { term: 0 index: 0 } } ignore_live_leader: false dest_uuid: "8f341ff11a704c0fa91d3600abb85f99"
I20260608 13:05:06.148061 12909 raft_consensus.cc:3060] T 3ddb1c270dab4853a71cc20aff81ebab P 8f341ff11a704c0fa91d3600abb85f99 [term 0 FOLLOWER]: Advancing to term 1
I20260608 13:05:06.154656 12909 raft_consensus.cc:2468] T 3ddb1c270dab4853a71cc20aff81ebab P 8f341ff11a704c0fa91d3600abb85f99 [term 1 FOLLOWER]: Leader election vote request: Granting yes vote for candidate 84cdab7c408d44ad822d48978e4cbc35 in term 1.
I20260608 13:05:06.156253 12986 tablet_service.cc:1917] Received RequestConsensusVote() RPC: tablet_id: "3ddb1c270dab4853a71cc20aff81ebab" candidate_uuid: "84cdab7c408d44ad822d48978e4cbc35" candidate_term: 1 candidate_status { last_received { term: 0 index: 0 } } ignore_live_leader: false dest_uuid: "2cc599f5e7c94809afef496bf1f345d9"
I20260608 13:05:06.156853 12986 raft_consensus.cc:3060] T 3ddb1c270dab4853a71cc20aff81ebab P 2cc599f5e7c94809afef496bf1f345d9 [term 0 FOLLOWER]: Advancing to term 1
I20260608 13:05:06.162026 13025 leader_election.cc:304] T 3ddb1c270dab4853a71cc20aff81ebab P 84cdab7c408d44ad822d48978e4cbc35 [CANDIDATE]: Term 1 election: Election decided. Result: candidate won. Election summary: received 2 responses out of 3 voters: 2 yes votes; 0 no votes. yes voters: 84cdab7c408d44ad822d48978e4cbc35, 8f341ff11a704c0fa91d3600abb85f99; no voters: 
I20260608 13:05:06.162914 13142 raft_consensus.cc:2804] T 3ddb1c270dab4853a71cc20aff81ebab P 84cdab7c408d44ad822d48978e4cbc35 [term 1 FOLLOWER]: Leader election won for term 1
I20260608 13:05:06.163385 13142 raft_consensus.cc:697] T 3ddb1c270dab4853a71cc20aff81ebab P 84cdab7c408d44ad822d48978e4cbc35 [term 1 LEADER]: Becoming Leader. State: Replica: 84cdab7c408d44ad822d48978e4cbc35, State: Running, Role: LEADER
I20260608 13:05:06.164187 13142 consensus_queue.cc:237] T 3ddb1c270dab4853a71cc20aff81ebab P 84cdab7c408d44ad822d48978e4cbc35 [LEADER]: Queue going to LEADER mode. State: All replicated index: 0, Majority replicated index: 0, Committed index: 0, Last appended: 0.0, Last appended by leader: 0, Current term: 1, Majority size: 2, State: 0, Mode: LEADER, active raft config: opid_index: -1 OBSOLETE_local: false peers { permanent_uuid: "8f341ff11a704c0fa91d3600abb85f99" member_type: VOTER last_known_addr { host: "127.8.38.193" port: 46369 } } peers { permanent_uuid: "2cc599f5e7c94809afef496bf1f345d9" member_type: VOTER last_known_addr { host: "127.8.38.194" port: 40441 } } peers { permanent_uuid: "84cdab7c408d44ad822d48978e4cbc35" member_type: VOTER last_known_addr { host: "127.8.38.195" port: 45141 } }
I20260608 13:05:06.168021 13146 consensus_queue.cc:1048] T 7970c99cd86a4439b322f00aefef9c75 P 84cdab7c408d44ad822d48978e4cbc35 [LEADER]: Connected to new peer: Peer: permanent_uuid: "8f341ff11a704c0fa91d3600abb85f99" member_type: VOTER last_known_addr { host: "127.8.38.193" port: 46369 }, Status: LMP_MISMATCH, Last received: 0.0, Next index: 1, Last known committed idx: 0, Time since last communication: 0.000s
I20260608 13:05:06.168411 13108 tablet_bootstrap.cc:492] T ecf2fa9a16aa40269b5e35fc35907c90 P 84cdab7c408d44ad822d48978e4cbc35: No bootstrap required, opened a new log
I20260608 13:05:06.168813 12986 raft_consensus.cc:2468] T 3ddb1c270dab4853a71cc20aff81ebab P 2cc599f5e7c94809afef496bf1f345d9 [term 1 FOLLOWER]: Leader election vote request: Granting yes vote for candidate 84cdab7c408d44ad822d48978e4cbc35 in term 1.
I20260608 13:05:06.168984 13108 ts_tablet_manager.cc:1403] T ecf2fa9a16aa40269b5e35fc35907c90 P 84cdab7c408d44ad822d48978e4cbc35: Time spent bootstrapping tablet: real 0.038s	user 0.027s	sys 0.002s
I20260608 13:05:06.172540 13107 tablet_bootstrap.cc:492] T 6629749130fc4ca8bc97c5f8a1293bff P 8f341ff11a704c0fa91d3600abb85f99: No bootstrap required, opened a new log
I20260608 13:05:06.172122 13108 raft_consensus.cc:359] T ecf2fa9a16aa40269b5e35fc35907c90 P 84cdab7c408d44ad822d48978e4cbc35 [term 0 FOLLOWER]: Replica starting. Triggering 0 pending ops. Active config: opid_index: -1 OBSOLETE_local: false peers { permanent_uuid: "8f341ff11a704c0fa91d3600abb85f99" member_type: VOTER last_known_addr { host: "127.8.38.193" port: 46369 } } peers { permanent_uuid: "2cc599f5e7c94809afef496bf1f345d9" member_type: VOTER last_known_addr { host: "127.8.38.194" port: 40441 } } peers { permanent_uuid: "84cdab7c408d44ad822d48978e4cbc35" member_type: VOTER last_known_addr { host: "127.8.38.195" port: 45141 } }
I20260608 13:05:06.173044 13107 ts_tablet_manager.cc:1403] T 6629749130fc4ca8bc97c5f8a1293bff P 8f341ff11a704c0fa91d3600abb85f99: Time spent bootstrapping tablet: real 0.039s	user 0.013s	sys 0.000s
I20260608 13:05:06.173099 13108 raft_consensus.cc:385] T ecf2fa9a16aa40269b5e35fc35907c90 P 84cdab7c408d44ad822d48978e4cbc35 [term 0 FOLLOWER]: Consensus starting up: Expiring failure detector timer to make a prompt election more likely
I20260608 13:05:06.173655 13108 raft_consensus.cc:740] T ecf2fa9a16aa40269b5e35fc35907c90 P 84cdab7c408d44ad822d48978e4cbc35 [term 0 FOLLOWER]: Becoming Follower/Learner. State: Replica: 84cdab7c408d44ad822d48978e4cbc35, State: Initialized, Role: FOLLOWER
I20260608 13:05:06.174422 13108 consensus_queue.cc:260] T ecf2fa9a16aa40269b5e35fc35907c90 P 84cdab7c408d44ad822d48978e4cbc35 [NON_LEADER]: Queue going to NON_LEADER mode. State: All replicated index: 0, Majority replicated index: 0, Committed index: 0, Last appended: 0.0, Last appended by leader: 0, Current term: 0, Majority size: -1, State: 0, Mode: NON_LEADER, active raft config: opid_index: -1 OBSOLETE_local: false peers { permanent_uuid: "8f341ff11a704c0fa91d3600abb85f99" member_type: VOTER last_known_addr { host: "127.8.38.193" port: 46369 } } peers { permanent_uuid: "2cc599f5e7c94809afef496bf1f345d9" member_type: VOTER last_known_addr { host: "127.8.38.194" port: 40441 } } peers { permanent_uuid: "84cdab7c408d44ad822d48978e4cbc35" member_type: VOTER last_known_addr { host: "127.8.38.195" port: 45141 } }
I20260608 13:05:06.175993 13107 raft_consensus.cc:359] T 6629749130fc4ca8bc97c5f8a1293bff P 8f341ff11a704c0fa91d3600abb85f99 [term 0 FOLLOWER]: Replica starting. Triggering 0 pending ops. Active config: opid_index: -1 OBSOLETE_local: false peers { permanent_uuid: "8f341ff11a704c0fa91d3600abb85f99" member_type: VOTER last_known_addr { host: "127.8.38.193" port: 46369 } } peers { permanent_uuid: "2cc599f5e7c94809afef496bf1f345d9" member_type: VOTER last_known_addr { host: "127.8.38.194" port: 40441 } } peers { permanent_uuid: "84cdab7c408d44ad822d48978e4cbc35" member_type: VOTER last_known_addr { host: "127.8.38.195" port: 45141 } }
I20260608 13:05:06.176679 13108 ts_tablet_manager.cc:1434] T ecf2fa9a16aa40269b5e35fc35907c90 P 84cdab7c408d44ad822d48978e4cbc35: Time spent starting tablet: real 0.007s	user 0.007s	sys 0.000s
I20260608 13:05:06.178098 13108 tablet_bootstrap.cc:492] T 6629749130fc4ca8bc97c5f8a1293bff P 84cdab7c408d44ad822d48978e4cbc35: Bootstrap starting.
I20260608 13:05:06.176710 13107 raft_consensus.cc:385] T 6629749130fc4ca8bc97c5f8a1293bff P 8f341ff11a704c0fa91d3600abb85f99 [term 0 FOLLOWER]: Consensus starting up: Expiring failure detector timer to make a prompt election more likely
I20260608 13:05:06.180904 13107 raft_consensus.cc:740] T 6629749130fc4ca8bc97c5f8a1293bff P 8f341ff11a704c0fa91d3600abb85f99 [term 0 FOLLOWER]: Becoming Follower/Learner. State: Replica: 8f341ff11a704c0fa91d3600abb85f99, State: Initialized, Role: FOLLOWER
I20260608 13:05:06.181663 13107 consensus_queue.cc:260] T 6629749130fc4ca8bc97c5f8a1293bff P 8f341ff11a704c0fa91d3600abb85f99 [NON_LEADER]: Queue going to NON_LEADER mode. State: All replicated index: 0, Majority replicated index: 0, Committed index: 0, Last appended: 0.0, Last appended by leader: 0, Current term: 0, Majority size: -1, State: 0, Mode: NON_LEADER, active raft config: opid_index: -1 OBSOLETE_local: false peers { permanent_uuid: "8f341ff11a704c0fa91d3600abb85f99" member_type: VOTER last_known_addr { host: "127.8.38.193" port: 46369 } } peers { permanent_uuid: "2cc599f5e7c94809afef496bf1f345d9" member_type: VOTER last_known_addr { host: "127.8.38.194" port: 40441 } } peers { permanent_uuid: "84cdab7c408d44ad822d48978e4cbc35" member_type: VOTER last_known_addr { host: "127.8.38.195" port: 45141 } }
I20260608 13:05:06.183693 13107 ts_tablet_manager.cc:1434] T 6629749130fc4ca8bc97c5f8a1293bff P 8f341ff11a704c0fa91d3600abb85f99: Time spent starting tablet: real 0.010s	user 0.005s	sys 0.000s
I20260608 13:05:06.185114 12809 catalog_manager.cc:5696] T 3ddb1c270dab4853a71cc20aff81ebab P 84cdab7c408d44ad822d48978e4cbc35 reported cstate change: term changed from 0 to 1, leader changed from <none> to 84cdab7c408d44ad822d48978e4cbc35 (127.8.38.195). New cstate: current_term: 1 leader_uuid: "84cdab7c408d44ad822d48978e4cbc35" committed_config { opid_index: -1 OBSOLETE_local: false peers { permanent_uuid: "8f341ff11a704c0fa91d3600abb85f99" member_type: VOTER last_known_addr { host: "127.8.38.193" port: 46369 } health_report { overall_health: UNKNOWN } } peers { permanent_uuid: "2cc599f5e7c94809afef496bf1f345d9" member_type: VOTER last_known_addr { host: "127.8.38.194" port: 40441 } health_report { overall_health: UNKNOWN } } peers { permanent_uuid: "84cdab7c408d44ad822d48978e4cbc35" member_type: VOTER last_known_addr { host: "127.8.38.195" port: 45141 } health_report { overall_health: HEALTHY } } }
I20260608 13:05:06.188820 13107 tablet_bootstrap.cc:492] T 3eb3414c4c5c42d395dd1b757cb0d836 P 8f341ff11a704c0fa91d3600abb85f99: Bootstrap starting.
I20260608 13:05:06.187815 13108 tablet_bootstrap.cc:654] T 6629749130fc4ca8bc97c5f8a1293bff P 84cdab7c408d44ad822d48978e4cbc35: Neither blocks nor log segments found. Creating new log.
I20260608 13:05:06.203835 13107 tablet_bootstrap.cc:654] T 3eb3414c4c5c42d395dd1b757cb0d836 P 8f341ff11a704c0fa91d3600abb85f99: Neither blocks nor log segments found. Creating new log.
I20260608 13:05:06.211210 13146 consensus_queue.cc:1048] T 7970c99cd86a4439b322f00aefef9c75 P 84cdab7c408d44ad822d48978e4cbc35 [LEADER]: Connected to new peer: Peer: permanent_uuid: "2cc599f5e7c94809afef496bf1f345d9" member_type: VOTER last_known_addr { host: "127.8.38.194" port: 40441 }, Status: LMP_MISMATCH, Last received: 0.0, Next index: 1, Last known committed idx: 0, Time since last communication: 0.001s
I20260608 13:05:06.211273 13142 consensus_queue.cc:1048] T 01d894cb466b47ada56c19c35a791393 P 84cdab7c408d44ad822d48978e4cbc35 [LEADER]: Connected to new peer: Peer: permanent_uuid: "2cc599f5e7c94809afef496bf1f345d9" member_type: VOTER last_known_addr { host: "127.8.38.194" port: 40441 }, Status: LMP_MISMATCH, Last received: 0.0, Next index: 1, Last known committed idx: 0, Time since last communication: 0.001s
I20260608 13:05:06.214111 13108 tablet_bootstrap.cc:492] T 6629749130fc4ca8bc97c5f8a1293bff P 84cdab7c408d44ad822d48978e4cbc35: No bootstrap required, opened a new log
I20260608 13:05:06.214665 13108 ts_tablet_manager.cc:1403] T 6629749130fc4ca8bc97c5f8a1293bff P 84cdab7c408d44ad822d48978e4cbc35: Time spent bootstrapping tablet: real 0.037s	user 0.016s	sys 0.007s
I20260608 13:05:06.216490 13150 raft_consensus.cc:493] T 6629749130fc4ca8bc97c5f8a1293bff P 8f341ff11a704c0fa91d3600abb85f99 [term 0 FOLLOWER]: Starting pre-election (no leader contacted us within the election timeout)
I20260608 13:05:06.217029 13150 raft_consensus.cc:515] T 6629749130fc4ca8bc97c5f8a1293bff P 8f341ff11a704c0fa91d3600abb85f99 [term 0 FOLLOWER]: Starting pre-election with config: opid_index: -1 OBSOLETE_local: false peers { permanent_uuid: "8f341ff11a704c0fa91d3600abb85f99" member_type: VOTER last_known_addr { host: "127.8.38.193" port: 46369 } } peers { permanent_uuid: "2cc599f5e7c94809afef496bf1f345d9" member_type: VOTER last_known_addr { host: "127.8.38.194" port: 40441 } } peers { permanent_uuid: "84cdab7c408d44ad822d48978e4cbc35" member_type: VOTER last_known_addr { host: "127.8.38.195" port: 45141 } }
I20260608 13:05:06.217523 13108 raft_consensus.cc:359] T 6629749130fc4ca8bc97c5f8a1293bff P 84cdab7c408d44ad822d48978e4cbc35 [term 0 FOLLOWER]: Replica starting. Triggering 0 pending ops. Active config: opid_index: -1 OBSOLETE_local: false peers { permanent_uuid: "8f341ff11a704c0fa91d3600abb85f99" member_type: VOTER last_known_addr { host: "127.8.38.193" port: 46369 } } peers { permanent_uuid: "2cc599f5e7c94809afef496bf1f345d9" member_type: VOTER last_known_addr { host: "127.8.38.194" port: 40441 } } peers { permanent_uuid: "84cdab7c408d44ad822d48978e4cbc35" member_type: VOTER last_known_addr { host: "127.8.38.195" port: 45141 } }
I20260608 13:05:06.218195 13108 raft_consensus.cc:385] T 6629749130fc4ca8bc97c5f8a1293bff P 84cdab7c408d44ad822d48978e4cbc35 [term 0 FOLLOWER]: Consensus starting up: Expiring failure detector timer to make a prompt election more likely
I20260608 13:05:06.218461 13108 raft_consensus.cc:740] T 6629749130fc4ca8bc97c5f8a1293bff P 84cdab7c408d44ad822d48978e4cbc35 [term 0 FOLLOWER]: Becoming Follower/Learner. State: Replica: 84cdab7c408d44ad822d48978e4cbc35, State: Initialized, Role: FOLLOWER
I20260608 13:05:06.219319 13107 tablet_bootstrap.cc:492] T 3eb3414c4c5c42d395dd1b757cb0d836 P 8f341ff11a704c0fa91d3600abb85f99: No bootstrap required, opened a new log
I20260608 13:05:06.219264 13108 consensus_queue.cc:260] T 6629749130fc4ca8bc97c5f8a1293bff P 84cdab7c408d44ad822d48978e4cbc35 [NON_LEADER]: Queue going to NON_LEADER mode. State: All replicated index: 0, Majority replicated index: 0, Committed index: 0, Last appended: 0.0, Last appended by leader: 0, Current term: 0, Majority size: -1, State: 0, Mode: NON_LEADER, active raft config: opid_index: -1 OBSOLETE_local: false peers { permanent_uuid: "8f341ff11a704c0fa91d3600abb85f99" member_type: VOTER last_known_addr { host: "127.8.38.193" port: 46369 } } peers { permanent_uuid: "2cc599f5e7c94809afef496bf1f345d9" member_type: VOTER last_known_addr { host: "127.8.38.194" port: 40441 } } peers { permanent_uuid: "84cdab7c408d44ad822d48978e4cbc35" member_type: VOTER last_known_addr { host: "127.8.38.195" port: 45141 } }
I20260608 13:05:06.219902 13107 ts_tablet_manager.cc:1403] T 3eb3414c4c5c42d395dd1b757cb0d836 P 8f341ff11a704c0fa91d3600abb85f99: Time spent bootstrapping tablet: real 0.031s	user 0.011s	sys 0.003s
I20260608 13:05:06.221664 13108 ts_tablet_manager.cc:1434] T 6629749130fc4ca8bc97c5f8a1293bff P 84cdab7c408d44ad822d48978e4cbc35: Time spent starting tablet: real 0.007s	user 0.007s	sys 0.000s
I20260608 13:05:06.222685 13108 tablet_bootstrap.cc:492] T 3eb3414c4c5c42d395dd1b757cb0d836 P 84cdab7c408d44ad822d48978e4cbc35: Bootstrap starting.
I20260608 13:05:06.223281 13107 raft_consensus.cc:359] T 3eb3414c4c5c42d395dd1b757cb0d836 P 8f341ff11a704c0fa91d3600abb85f99 [term 0 FOLLOWER]: Replica starting. Triggering 0 pending ops. Active config: opid_index: -1 OBSOLETE_local: false peers { permanent_uuid: "8f341ff11a704c0fa91d3600abb85f99" member_type: VOTER last_known_addr { host: "127.8.38.193" port: 46369 } } peers { permanent_uuid: "2cc599f5e7c94809afef496bf1f345d9" member_type: VOTER last_known_addr { host: "127.8.38.194" port: 40441 } } peers { permanent_uuid: "84cdab7c408d44ad822d48978e4cbc35" member_type: VOTER last_known_addr { host: "127.8.38.195" port: 45141 } }
I20260608 13:05:06.223994 13107 raft_consensus.cc:385] T 3eb3414c4c5c42d395dd1b757cb0d836 P 8f341ff11a704c0fa91d3600abb85f99 [term 0 FOLLOWER]: Consensus starting up: Expiring failure detector timer to make a prompt election more likely
I20260608 13:05:06.224318 13107 raft_consensus.cc:740] T 3eb3414c4c5c42d395dd1b757cb0d836 P 8f341ff11a704c0fa91d3600abb85f99 [term 0 FOLLOWER]: Becoming Follower/Learner. State: Replica: 8f341ff11a704c0fa91d3600abb85f99, State: Initialized, Role: FOLLOWER
I20260608 13:05:06.225165 13107 consensus_queue.cc:260] T 3eb3414c4c5c42d395dd1b757cb0d836 P 8f341ff11a704c0fa91d3600abb85f99 [NON_LEADER]: Queue going to NON_LEADER mode. State: All replicated index: 0, Majority replicated index: 0, Committed index: 0, Last appended: 0.0, Last appended by leader: 0, Current term: 0, Majority size: -1, State: 0, Mode: NON_LEADER, active raft config: opid_index: -1 OBSOLETE_local: false peers { permanent_uuid: "8f341ff11a704c0fa91d3600abb85f99" member_type: VOTER last_known_addr { host: "127.8.38.193" port: 46369 } } peers { permanent_uuid: "2cc599f5e7c94809afef496bf1f345d9" member_type: VOTER last_known_addr { host: "127.8.38.194" port: 40441 } } peers { permanent_uuid: "84cdab7c408d44ad822d48978e4cbc35" member_type: VOTER last_known_addr { host: "127.8.38.195" port: 45141 } }
I20260608 13:05:06.227365 13107 ts_tablet_manager.cc:1434] T 3eb3414c4c5c42d395dd1b757cb0d836 P 8f341ff11a704c0fa91d3600abb85f99: Time spent starting tablet: real 0.007s	user 0.005s	sys 0.000s
I20260608 13:05:06.230247 13150 leader_election.cc:290] T 6629749130fc4ca8bc97c5f8a1293bff P 8f341ff11a704c0fa91d3600abb85f99 [CANDIDATE]: Term 1 pre-election: Requested pre-vote from peers 2cc599f5e7c94809afef496bf1f345d9 (127.8.38.194:40441), 84cdab7c408d44ad822d48978e4cbc35 (127.8.38.195:45141)
I20260608 13:05:06.231673 12984 tablet_service.cc:1917] Received RequestConsensusVote() RPC: tablet_id: "6629749130fc4ca8bc97c5f8a1293bff" candidate_uuid: "8f341ff11a704c0fa91d3600abb85f99" candidate_term: 1 candidate_status { last_received { term: 0 index: 0 } } ignore_live_leader: false dest_uuid: "2cc599f5e7c94809afef496bf1f345d9" is_pre_election: true
I20260608 13:05:06.232844 12984 raft_consensus.cc:2468] T 6629749130fc4ca8bc97c5f8a1293bff P 2cc599f5e7c94809afef496bf1f345d9 [term 0 FOLLOWER]: Leader pre-election vote request: Granting yes vote for candidate 8f341ff11a704c0fa91d3600abb85f99 in term 0.
I20260608 13:05:06.234197 12877 leader_election.cc:304] T 6629749130fc4ca8bc97c5f8a1293bff P 8f341ff11a704c0fa91d3600abb85f99 [CANDIDATE]: Term 1 pre-election: Election decided. Result: candidate won. Election summary: received 2 responses out of 3 voters: 2 yes votes; 0 no votes. yes voters: 2cc599f5e7c94809afef496bf1f345d9, 8f341ff11a704c0fa91d3600abb85f99; no voters: 
I20260608 13:05:06.235963 12909 raft_consensus.cc:3060] T 7f5c0452741e479683f827039a491b7f P 8f341ff11a704c0fa91d3600abb85f99 [term 0 FOLLOWER]: Advancing to term 1
I20260608 13:05:06.236765 13060 tablet_service.cc:1917] Received RequestConsensusVote() RPC: tablet_id: "6629749130fc4ca8bc97c5f8a1293bff" candidate_uuid: "8f341ff11a704c0fa91d3600abb85f99" candidate_term: 1 candidate_status { last_received { term: 0 index: 0 } } ignore_live_leader: false dest_uuid: "84cdab7c408d44ad822d48978e4cbc35" is_pre_election: true
I20260608 13:05:06.237416 13060 raft_consensus.cc:2468] T 6629749130fc4ca8bc97c5f8a1293bff P 84cdab7c408d44ad822d48978e4cbc35 [term 0 FOLLOWER]: Leader pre-election vote request: Granting yes vote for candidate 8f341ff11a704c0fa91d3600abb85f99 in term 0.
I20260608 13:05:06.240701 13150 raft_consensus.cc:2804] T 6629749130fc4ca8bc97c5f8a1293bff P 8f341ff11a704c0fa91d3600abb85f99 [term 0 FOLLOWER]: Leader pre-election won for term 1
I20260608 13:05:06.241096 13150 raft_consensus.cc:493] T 6629749130fc4ca8bc97c5f8a1293bff P 8f341ff11a704c0fa91d3600abb85f99 [term 0 FOLLOWER]: Starting leader election (no leader contacted us within the election timeout)
I20260608 13:05:06.242334 13150 raft_consensus.cc:3060] T 6629749130fc4ca8bc97c5f8a1293bff P 8f341ff11a704c0fa91d3600abb85f99 [term 0 FOLLOWER]: Advancing to term 1
I20260608 13:05:06.251179 13150 raft_consensus.cc:515] T 6629749130fc4ca8bc97c5f8a1293bff P 8f341ff11a704c0fa91d3600abb85f99 [term 1 FOLLOWER]: Starting leader election with config: opid_index: -1 OBSOLETE_local: false peers { permanent_uuid: "8f341ff11a704c0fa91d3600abb85f99" member_type: VOTER last_known_addr { host: "127.8.38.193" port: 46369 } } peers { permanent_uuid: "2cc599f5e7c94809afef496bf1f345d9" member_type: VOTER last_known_addr { host: "127.8.38.194" port: 40441 } } peers { permanent_uuid: "84cdab7c408d44ad822d48978e4cbc35" member_type: VOTER last_known_addr { host: "127.8.38.195" port: 45141 } }
I20260608 13:05:06.257650 13149 consensus_queue.cc:1048] T 7f5c0452741e479683f827039a491b7f P 2cc599f5e7c94809afef496bf1f345d9 [LEADER]: Connected to new peer: Peer: permanent_uuid: "8f341ff11a704c0fa91d3600abb85f99" member_type: VOTER last_known_addr { host: "127.8.38.193" port: 46369 }, Status: LMP_MISMATCH, Last received: 0.0, Next index: 1, Last known committed idx: 0, Time since last communication: 0.000s
I20260608 13:05:06.260005 13151 raft_consensus.cc:493] T 7f5c0452741e479683f827039a491b7f P 8f341ff11a704c0fa91d3600abb85f99 [term 1 FOLLOWER]: Starting pre-election (no leader contacted us within the election timeout)
I20260608 13:05:06.260535 13151 raft_consensus.cc:515] T 7f5c0452741e479683f827039a491b7f P 8f341ff11a704c0fa91d3600abb85f99 [term 1 FOLLOWER]: Starting pre-election with config: opid_index: -1 OBSOLETE_local: false peers { permanent_uuid: "8f341ff11a704c0fa91d3600abb85f99" member_type: VOTER last_known_addr { host: "127.8.38.193" port: 46369 } } peers { permanent_uuid: "2cc599f5e7c94809afef496bf1f345d9" member_type: VOTER last_known_addr { host: "127.8.38.194" port: 40441 } } peers { permanent_uuid: "84cdab7c408d44ad822d48978e4cbc35" member_type: VOTER last_known_addr { host: "127.8.38.195" port: 45141 } }
I20260608 13:05:06.262688 13151 leader_election.cc:290] T 7f5c0452741e479683f827039a491b7f P 8f341ff11a704c0fa91d3600abb85f99 [CANDIDATE]: Term 2 pre-election: Requested pre-vote from peers 2cc599f5e7c94809afef496bf1f345d9 (127.8.38.194:40441), 84cdab7c408d44ad822d48978e4cbc35 (127.8.38.195:45141)
I20260608 13:05:06.266183 12984 tablet_service.cc:1917] Received RequestConsensusVote() RPC: tablet_id: "7f5c0452741e479683f827039a491b7f" candidate_uuid: "8f341ff11a704c0fa91d3600abb85f99" candidate_term: 2 candidate_status { last_received { term: 0 index: 0 } } ignore_live_leader: false dest_uuid: "2cc599f5e7c94809afef496bf1f345d9" is_pre_election: true
I20260608 13:05:06.267607 13108 tablet_bootstrap.cc:654] T 3eb3414c4c5c42d395dd1b757cb0d836 P 84cdab7c408d44ad822d48978e4cbc35: Neither blocks nor log segments found. Creating new log.
I20260608 13:05:06.267936 13149 raft_consensus.cc:493] T 913847d928b94b86bf5b58e6fae8aa1f P 2cc599f5e7c94809afef496bf1f345d9 [term 0 FOLLOWER]: Starting pre-election (no leader contacted us within the election timeout)
I20260608 13:05:06.268433 13149 raft_consensus.cc:515] T 913847d928b94b86bf5b58e6fae8aa1f P 2cc599f5e7c94809afef496bf1f345d9 [term 0 FOLLOWER]: Starting pre-election with config: opid_index: -1 OBSOLETE_local: false peers { permanent_uuid: "8f341ff11a704c0fa91d3600abb85f99" member_type: VOTER last_known_addr { host: "127.8.38.193" port: 46369 } } peers { permanent_uuid: "2cc599f5e7c94809afef496bf1f345d9" member_type: VOTER last_known_addr { host: "127.8.38.194" port: 40441 } } peers { permanent_uuid: "84cdab7c408d44ad822d48978e4cbc35" member_type: VOTER last_known_addr { host: "127.8.38.195" port: 45141 } }
I20260608 13:05:06.270140 13060 tablet_service.cc:1917] Received RequestConsensusVote() RPC: tablet_id: "7f5c0452741e479683f827039a491b7f" candidate_uuid: "8f341ff11a704c0fa91d3600abb85f99" candidate_term: 2 candidate_status { last_received { term: 0 index: 0 } } ignore_live_leader: false dest_uuid: "84cdab7c408d44ad822d48978e4cbc35" is_pre_election: true
I20260608 13:05:06.270587 13149 leader_election.cc:290] T 913847d928b94b86bf5b58e6fae8aa1f P 2cc599f5e7c94809afef496bf1f345d9 [CANDIDATE]: Term 1 pre-election: Requested pre-vote from peers 8f341ff11a704c0fa91d3600abb85f99 (127.8.38.193:46369), 84cdab7c408d44ad822d48978e4cbc35 (127.8.38.195:45141)
I20260608 13:05:06.270761 13060 raft_consensus.cc:2468] T 7f5c0452741e479683f827039a491b7f P 84cdab7c408d44ad822d48978e4cbc35 [term 1 FOLLOWER]: Leader pre-election vote request: Granting yes vote for candidate 8f341ff11a704c0fa91d3600abb85f99 in term 1.
I20260608 13:05:06.271745 13059 tablet_service.cc:1917] Received RequestConsensusVote() RPC: tablet_id: "913847d928b94b86bf5b58e6fae8aa1f" candidate_uuid: "2cc599f5e7c94809afef496bf1f345d9" candidate_term: 1 candidate_status { last_received { term: 0 index: 0 } } ignore_live_leader: false dest_uuid: "84cdab7c408d44ad822d48978e4cbc35" is_pre_election: true
I20260608 13:05:06.271970 12909 tablet_service.cc:1917] Received RequestConsensusVote() RPC: tablet_id: "913847d928b94b86bf5b58e6fae8aa1f" candidate_uuid: "2cc599f5e7c94809afef496bf1f345d9" candidate_term: 1 candidate_status { last_received { term: 0 index: 0 } } ignore_live_leader: false dest_uuid: "8f341ff11a704c0fa91d3600abb85f99" is_pre_election: true
I20260608 13:05:06.272440 13059 raft_consensus.cc:2468] T 913847d928b94b86bf5b58e6fae8aa1f P 84cdab7c408d44ad822d48978e4cbc35 [term 0 FOLLOWER]: Leader pre-election vote request: Granting yes vote for candidate 2cc599f5e7c94809afef496bf1f345d9 in term 0.
I20260608 13:05:06.272764 12909 raft_consensus.cc:2468] T 913847d928b94b86bf5b58e6fae8aa1f P 8f341ff11a704c0fa91d3600abb85f99 [term 0 FOLLOWER]: Leader pre-election vote request: Granting yes vote for candidate 2cc599f5e7c94809afef496bf1f345d9 in term 0.
I20260608 13:05:06.273777 12953 leader_election.cc:304] T 913847d928b94b86bf5b58e6fae8aa1f P 2cc599f5e7c94809afef496bf1f345d9 [CANDIDATE]: Term 1 pre-election: Election decided. Result: candidate won. Election summary: received 2 responses out of 3 voters: 2 yes votes; 0 no votes. yes voters: 2cc599f5e7c94809afef496bf1f345d9, 84cdab7c408d44ad822d48978e4cbc35; no voters: 
I20260608 13:05:06.275080 13149 raft_consensus.cc:2804] T 913847d928b94b86bf5b58e6fae8aa1f P 2cc599f5e7c94809afef496bf1f345d9 [term 0 FOLLOWER]: Leader pre-election won for term 1
I20260608 13:05:06.275461 13149 raft_consensus.cc:493] T 913847d928b94b86bf5b58e6fae8aa1f P 2cc599f5e7c94809afef496bf1f345d9 [term 0 FOLLOWER]: Starting leader election (no leader contacted us within the election timeout)
I20260608 13:05:06.275828 13149 raft_consensus.cc:3060] T 913847d928b94b86bf5b58e6fae8aa1f P 2cc599f5e7c94809afef496bf1f345d9 [term 0 FOLLOWER]: Advancing to term 1
I20260608 13:05:06.281754 13150 leader_election.cc:290] T 6629749130fc4ca8bc97c5f8a1293bff P 8f341ff11a704c0fa91d3600abb85f99 [CANDIDATE]: Term 1 election: Requested vote from peers 2cc599f5e7c94809afef496bf1f345d9 (127.8.38.194:40441), 84cdab7c408d44ad822d48978e4cbc35 (127.8.38.195:45141)
I20260608 13:05:06.282585 12986 tablet_service.cc:1917] Received RequestConsensusVote() RPC: tablet_id: "6629749130fc4ca8bc97c5f8a1293bff" candidate_uuid: "8f341ff11a704c0fa91d3600abb85f99" candidate_term: 1 candidate_status { last_received { term: 0 index: 0 } } ignore_live_leader: false dest_uuid: "2cc599f5e7c94809afef496bf1f345d9"
I20260608 13:05:06.283200 12986 raft_consensus.cc:3060] T 6629749130fc4ca8bc97c5f8a1293bff P 2cc599f5e7c94809afef496bf1f345d9 [term 0 FOLLOWER]: Advancing to term 1
I20260608 13:05:06.284592 13149 raft_consensus.cc:515] T 913847d928b94b86bf5b58e6fae8aa1f P 2cc599f5e7c94809afef496bf1f345d9 [term 1 FOLLOWER]: Starting leader election with config: opid_index: -1 OBSOLETE_local: false peers { permanent_uuid: "8f341ff11a704c0fa91d3600abb85f99" member_type: VOTER last_known_addr { host: "127.8.38.193" port: 46369 } } peers { permanent_uuid: "2cc599f5e7c94809afef496bf1f345d9" member_type: VOTER last_known_addr { host: "127.8.38.194" port: 40441 } } peers { permanent_uuid: "84cdab7c408d44ad822d48978e4cbc35" member_type: VOTER last_known_addr { host: "127.8.38.195" port: 45141 } }
I20260608 13:05:06.272039 12878 leader_election.cc:304] T 7f5c0452741e479683f827039a491b7f P 8f341ff11a704c0fa91d3600abb85f99 [CANDIDATE]: Term 2 pre-election: Election decided. Result: candidate won. Election summary: received 3 responses out of 3 voters: 2 yes votes; 1 no votes. yes voters: 84cdab7c408d44ad822d48978e4cbc35, 8f341ff11a704c0fa91d3600abb85f99; no voters: 2cc599f5e7c94809afef496bf1f345d9
I20260608 13:05:06.287324 12909 tablet_service.cc:1917] Received RequestConsensusVote() RPC: tablet_id: "913847d928b94b86bf5b58e6fae8aa1f" candidate_uuid: "2cc599f5e7c94809afef496bf1f345d9" candidate_term: 1 candidate_status { last_received { term: 0 index: 0 } } ignore_live_leader: false dest_uuid: "8f341ff11a704c0fa91d3600abb85f99"
I20260608 13:05:06.287928 12909 raft_consensus.cc:3060] T 913847d928b94b86bf5b58e6fae8aa1f P 8f341ff11a704c0fa91d3600abb85f99 [term 0 FOLLOWER]: Advancing to term 1
I20260608 13:05:06.293200 13114 consensus_queue.cc:1048] T 01d894cb466b47ada56c19c35a791393 P 84cdab7c408d44ad822d48978e4cbc35 [LEADER]: Connected to new peer: Peer: permanent_uuid: "8f341ff11a704c0fa91d3600abb85f99" member_type: VOTER last_known_addr { host: "127.8.38.193" port: 46369 }, Status: LMP_MISMATCH, Last received: 0.0, Next index: 1, Last known committed idx: 0, Time since last communication: 0.000s
I20260608 13:05:06.294458 13149 leader_election.cc:290] T 913847d928b94b86bf5b58e6fae8aa1f P 2cc599f5e7c94809afef496bf1f345d9 [CANDIDATE]: Term 1 election: Requested vote from peers 8f341ff11a704c0fa91d3600abb85f99 (127.8.38.193:46369), 84cdab7c408d44ad822d48978e4cbc35 (127.8.38.195:45141)
I20260608 13:05:06.297079 13059 tablet_service.cc:1917] Received RequestConsensusVote() RPC: tablet_id: "913847d928b94b86bf5b58e6fae8aa1f" candidate_uuid: "2cc599f5e7c94809afef496bf1f345d9" candidate_term: 1 candidate_status { last_received { term: 0 index: 0 } } ignore_live_leader: false dest_uuid: "84cdab7c408d44ad822d48978e4cbc35"
I20260608 13:05:06.297694 13059 raft_consensus.cc:3060] T 913847d928b94b86bf5b58e6fae8aa1f P 84cdab7c408d44ad822d48978e4cbc35 [term 0 FOLLOWER]: Advancing to term 1
I20260608 13:05:06.302011 12909 raft_consensus.cc:2468] T 913847d928b94b86bf5b58e6fae8aa1f P 8f341ff11a704c0fa91d3600abb85f99 [term 1 FOLLOWER]: Leader election vote request: Granting yes vote for candidate 2cc599f5e7c94809afef496bf1f345d9 in term 1.
I20260608 13:05:06.308517 13060 tablet_service.cc:1917] Received RequestConsensusVote() RPC: tablet_id: "6629749130fc4ca8bc97c5f8a1293bff" candidate_uuid: "8f341ff11a704c0fa91d3600abb85f99" candidate_term: 1 candidate_status { last_received { term: 0 index: 0 } } ignore_live_leader: false dest_uuid: "84cdab7c408d44ad822d48978e4cbc35"
I20260608 13:05:06.309583 13060 raft_consensus.cc:3060] T 6629749130fc4ca8bc97c5f8a1293bff P 84cdab7c408d44ad822d48978e4cbc35 [term 0 FOLLOWER]: Advancing to term 1
I20260608 13:05:06.309033 13150 raft_consensus.cc:2804] T 7f5c0452741e479683f827039a491b7f P 8f341ff11a704c0fa91d3600abb85f99 [term 1 FOLLOWER]: Leader pre-election won for term 2
I20260608 13:05:06.314051 12986 raft_consensus.cc:2468] T 6629749130fc4ca8bc97c5f8a1293bff P 2cc599f5e7c94809afef496bf1f345d9 [term 1 FOLLOWER]: Leader election vote request: Granting yes vote for candidate 8f341ff11a704c0fa91d3600abb85f99 in term 1.
I20260608 13:05:06.316392 12877 leader_election.cc:304] T 6629749130fc4ca8bc97c5f8a1293bff P 8f341ff11a704c0fa91d3600abb85f99 [CANDIDATE]: Term 1 election: Election decided. Result: candidate won. Election summary: received 2 responses out of 3 voters: 2 yes votes; 0 no votes. yes voters: 2cc599f5e7c94809afef496bf1f345d9, 8f341ff11a704c0fa91d3600abb85f99; no voters: 
I20260608 13:05:06.317255 13115 raft_consensus.cc:2804] T 6629749130fc4ca8bc97c5f8a1293bff P 8f341ff11a704c0fa91d3600abb85f99 [term 1 FOLLOWER]: Leader election won for term 1
I20260608 13:05:06.318398 13115 raft_consensus.cc:697] T 6629749130fc4ca8bc97c5f8a1293bff P 8f341ff11a704c0fa91d3600abb85f99 [term 1 LEADER]: Becoming Leader. State: Replica: 8f341ff11a704c0fa91d3600abb85f99, State: Running, Role: LEADER
I20260608 13:05:06.319356 12951 leader_election.cc:304] T 913847d928b94b86bf5b58e6fae8aa1f P 2cc599f5e7c94809afef496bf1f345d9 [CANDIDATE]: Term 1 election: Election decided. Result: candidate won. Election summary: received 2 responses out of 3 voters: 2 yes votes; 0 no votes. yes voters: 2cc599f5e7c94809afef496bf1f345d9, 8f341ff11a704c0fa91d3600abb85f99; no voters: 
I20260608 13:05:06.319522 13115 consensus_queue.cc:237] T 6629749130fc4ca8bc97c5f8a1293bff P 8f341ff11a704c0fa91d3600abb85f99 [LEADER]: Queue going to LEADER mode. State: All replicated index: 0, Majority replicated index: 0, Committed index: 0, Last appended: 0.0, Last appended by leader: 0, Current term: 1, Majority size: 2, State: 0, Mode: LEADER, active raft config: opid_index: -1 OBSOLETE_local: false peers { permanent_uuid: "8f341ff11a704c0fa91d3600abb85f99" member_type: VOTER last_known_addr { host: "127.8.38.193" port: 46369 } } peers { permanent_uuid: "2cc599f5e7c94809afef496bf1f345d9" member_type: VOTER last_known_addr { host: "127.8.38.194" port: 40441 } } peers { permanent_uuid: "84cdab7c408d44ad822d48978e4cbc35" member_type: VOTER last_known_addr { host: "127.8.38.195" port: 45141 } }
I20260608 13:05:06.320802 13149 raft_consensus.cc:2804] T 913847d928b94b86bf5b58e6fae8aa1f P 2cc599f5e7c94809afef496bf1f345d9 [term 1 FOLLOWER]: Leader election won for term 1
I20260608 13:05:06.321270 13149 raft_consensus.cc:697] T 913847d928b94b86bf5b58e6fae8aa1f P 2cc599f5e7c94809afef496bf1f345d9 [term 1 LEADER]: Becoming Leader. State: Replica: 2cc599f5e7c94809afef496bf1f345d9, State: Running, Role: LEADER
I20260608 13:05:06.322000 13149 consensus_queue.cc:237] T 913847d928b94b86bf5b58e6fae8aa1f P 2cc599f5e7c94809afef496bf1f345d9 [LEADER]: Queue going to LEADER mode. State: All replicated index: 0, Majority replicated index: 0, Committed index: 0, Last appended: 0.0, Last appended by leader: 0, Current term: 1, Majority size: 2, State: 0, Mode: LEADER, active raft config: opid_index: -1 OBSOLETE_local: false peers { permanent_uuid: "8f341ff11a704c0fa91d3600abb85f99" member_type: VOTER last_known_addr { host: "127.8.38.193" port: 46369 } } peers { permanent_uuid: "2cc599f5e7c94809afef496bf1f345d9" member_type: VOTER last_known_addr { host: "127.8.38.194" port: 40441 } } peers { permanent_uuid: "84cdab7c408d44ad822d48978e4cbc35" member_type: VOTER last_known_addr { host: "127.8.38.195" port: 45141 } }
I20260608 13:05:06.333983 13150 raft_consensus.cc:493] T 7f5c0452741e479683f827039a491b7f P 8f341ff11a704c0fa91d3600abb85f99 [term 1 FOLLOWER]: Starting leader election (detected failure of leader 2cc599f5e7c94809afef496bf1f345d9)
I20260608 13:05:06.333797 13114 consensus_queue.cc:1048] T 0c3334059f724493ad8b5083e408923c P 84cdab7c408d44ad822d48978e4cbc35 [LEADER]: Connected to new peer: Peer: permanent_uuid: "8f341ff11a704c0fa91d3600abb85f99" member_type: VOTER last_known_addr { host: "127.8.38.193" port: 46369 }, Status: LMP_MISMATCH, Last received: 0.0, Next index: 1, Last known committed idx: 0, Time since last communication: 0.000s
I20260608 13:05:06.334470 13150 raft_consensus.cc:3060] T 7f5c0452741e479683f827039a491b7f P 8f341ff11a704c0fa91d3600abb85f99 [term 1 FOLLOWER]: Advancing to term 2
W20260608 13:05:06.339438 12857 auto_rebalancer.cc:259] Could not retrieve cluster info: Service unavailable: Tablet not running
I20260608 13:05:06.339737 13059 raft_consensus.cc:2468] T 913847d928b94b86bf5b58e6fae8aa1f P 84cdab7c408d44ad822d48978e4cbc35 [term 1 FOLLOWER]: Leader election vote request: Granting yes vote for candidate 2cc599f5e7c94809afef496bf1f345d9 in term 1.
I20260608 13:05:06.348955 13060 raft_consensus.cc:2468] T 6629749130fc4ca8bc97c5f8a1293bff P 84cdab7c408d44ad822d48978e4cbc35 [term 1 FOLLOWER]: Leader election vote request: Granting yes vote for candidate 8f341ff11a704c0fa91d3600abb85f99 in term 1.
I20260608 13:05:06.350777 13114 consensus_queue.cc:1048] T 0c3334059f724493ad8b5083e408923c P 84cdab7c408d44ad822d48978e4cbc35 [LEADER]: Connected to new peer: Peer: permanent_uuid: "2cc599f5e7c94809afef496bf1f345d9" member_type: VOTER last_known_addr { host: "127.8.38.194" port: 40441 }, Status: LMP_MISMATCH, Last received: 0.0, Next index: 1, Last known committed idx: 0, Time since last communication: 0.000s
I20260608 13:05:06.366366 13150 raft_consensus.cc:515] T 7f5c0452741e479683f827039a491b7f P 8f341ff11a704c0fa91d3600abb85f99 [term 2 FOLLOWER]: Starting leader election with config: opid_index: -1 OBSOLETE_local: false peers { permanent_uuid: "8f341ff11a704c0fa91d3600abb85f99" member_type: VOTER last_known_addr { host: "127.8.38.193" port: 46369 } } peers { permanent_uuid: "2cc599f5e7c94809afef496bf1f345d9" member_type: VOTER last_known_addr { host: "127.8.38.194" port: 40441 } } peers { permanent_uuid: "84cdab7c408d44ad822d48978e4cbc35" member_type: VOTER last_known_addr { host: "127.8.38.195" port: 45141 } }
I20260608 13:05:06.369642 13150 leader_election.cc:290] T 7f5c0452741e479683f827039a491b7f P 8f341ff11a704c0fa91d3600abb85f99 [CANDIDATE]: Term 2 election: Requested vote from peers 2cc599f5e7c94809afef496bf1f345d9 (127.8.38.194:40441), 84cdab7c408d44ad822d48978e4cbc35 (127.8.38.195:45141)
I20260608 13:05:06.369972 13059 tablet_service.cc:1917] Received RequestConsensusVote() RPC: tablet_id: "7f5c0452741e479683f827039a491b7f" candidate_uuid: "8f341ff11a704c0fa91d3600abb85f99" candidate_term: 2 candidate_status { last_received { term: 1 index: 1 } } ignore_live_leader: false dest_uuid: "84cdab7c408d44ad822d48978e4cbc35"
I20260608 13:05:06.371564 12912 raft_consensus.cc:1240] T 7f5c0452741e479683f827039a491b7f P 8f341ff11a704c0fa91d3600abb85f99 [term 2 FOLLOWER]: Rejecting Update request from peer 2cc599f5e7c94809afef496bf1f345d9 for earlier term 1. Current term is 2. Ops: []
I20260608 13:05:06.372838 13128 consensus_queue.cc:1048] T 7f5c0452741e479683f827039a491b7f P 2cc599f5e7c94809afef496bf1f345d9 [LEADER]: Connected to new peer: Peer: permanent_uuid: "84cdab7c408d44ad822d48978e4cbc35" member_type: VOTER last_known_addr { host: "127.8.38.195" port: 45141 }, Status: LMP_MISMATCH, Last received: 0.0, Next index: 1, Last known committed idx: 0, Time since last communication: 0.000s
I20260608 13:05:06.374372 13128 consensus_queue.cc:1059] T 7f5c0452741e479683f827039a491b7f P 2cc599f5e7c94809afef496bf1f345d9 [LEADER]: Peer responded invalid term: Peer: permanent_uuid: "8f341ff11a704c0fa91d3600abb85f99" member_type: VOTER last_known_addr { host: "127.8.38.193" port: 46369 }, Status: INVALID_TERM, Last received: 1.1, Next index: 2, Last known committed idx: 0, Time since last communication: 0.000s
I20260608 13:05:06.375090 13128 raft_consensus.cc:3055] T 7f5c0452741e479683f827039a491b7f P 2cc599f5e7c94809afef496bf1f345d9 [term 1 LEADER]: Stepping down as leader of term 1
I20260608 13:05:06.375381 13128 raft_consensus.cc:740] T 7f5c0452741e479683f827039a491b7f P 2cc599f5e7c94809afef496bf1f345d9 [term 1 LEADER]: Becoming Follower/Learner. State: Replica: 2cc599f5e7c94809afef496bf1f345d9, State: Running, Role: LEADER
I20260608 13:05:06.376206 13128 consensus_queue.cc:260] T 7f5c0452741e479683f827039a491b7f P 2cc599f5e7c94809afef496bf1f345d9 [NON_LEADER]: Queue going to NON_LEADER mode. State: All replicated index: 0, Majority replicated index: 1, Committed index: 1, Last appended: 1.1, Last appended by leader: 1, Current term: 1, Majority size: -1, State: 0, Mode: NON_LEADER, active raft config: opid_index: -1 OBSOLETE_local: false peers { permanent_uuid: "8f341ff11a704c0fa91d3600abb85f99" member_type: VOTER last_known_addr { host: "127.8.38.193" port: 46369 } } peers { permanent_uuid: "2cc599f5e7c94809afef496bf1f345d9" member_type: VOTER last_known_addr { host: "127.8.38.194" port: 40441 } } peers { permanent_uuid: "84cdab7c408d44ad822d48978e4cbc35" member_type: VOTER last_known_addr { host: "127.8.38.195" port: 45141 } }
I20260608 13:05:06.377696 13128 raft_consensus.cc:3060] T 7f5c0452741e479683f827039a491b7f P 2cc599f5e7c94809afef496bf1f345d9 [term 1 FOLLOWER]: Advancing to term 2
I20260608 13:05:06.379792 12984 tablet_service.cc:1917] Received RequestConsensusVote() RPC: tablet_id: "7f5c0452741e479683f827039a491b7f" candidate_uuid: "8f341ff11a704c0fa91d3600abb85f99" candidate_term: 2 candidate_status { last_received { term: 1 index: 1 } } ignore_live_leader: false dest_uuid: "2cc599f5e7c94809afef496bf1f345d9"
I20260608 13:05:06.386256 13114 raft_consensus.cc:493] T ecf2fa9a16aa40269b5e35fc35907c90 P 84cdab7c408d44ad822d48978e4cbc35 [term 0 FOLLOWER]: Starting pre-election (no leader contacted us within the election timeout)
I20260608 13:05:06.386731 13114 raft_consensus.cc:515] T ecf2fa9a16aa40269b5e35fc35907c90 P 84cdab7c408d44ad822d48978e4cbc35 [term 0 FOLLOWER]: Starting pre-election with config: opid_index: -1 OBSOLETE_local: false peers { permanent_uuid: "8f341ff11a704c0fa91d3600abb85f99" member_type: VOTER last_known_addr { host: "127.8.38.193" port: 46369 } } peers { permanent_uuid: "2cc599f5e7c94809afef496bf1f345d9" member_type: VOTER last_known_addr { host: "127.8.38.194" port: 40441 } } peers { permanent_uuid: "84cdab7c408d44ad822d48978e4cbc35" member_type: VOTER last_known_addr { host: "127.8.38.195" port: 45141 } }
I20260608 13:05:06.388913 13114 leader_election.cc:290] T ecf2fa9a16aa40269b5e35fc35907c90 P 84cdab7c408d44ad822d48978e4cbc35 [CANDIDATE]: Term 1 pre-election: Requested pre-vote from peers 8f341ff11a704c0fa91d3600abb85f99 (127.8.38.193:46369), 2cc599f5e7c94809afef496bf1f345d9 (127.8.38.194:40441)
I20260608 13:05:06.390033 12986 tablet_service.cc:1917] Received RequestConsensusVote() RPC: tablet_id: "ecf2fa9a16aa40269b5e35fc35907c90" candidate_uuid: "84cdab7c408d44ad822d48978e4cbc35" candidate_term: 1 candidate_status { last_received { term: 0 index: 0 } } ignore_live_leader: false dest_uuid: "2cc599f5e7c94809afef496bf1f345d9" is_pre_election: true
I20260608 13:05:06.394132 12809 catalog_manager.cc:5696] T 6629749130fc4ca8bc97c5f8a1293bff P 8f341ff11a704c0fa91d3600abb85f99 reported cstate change: term changed from 0 to 1, leader changed from <none> to 8f341ff11a704c0fa91d3600abb85f99 (127.8.38.193). New cstate: current_term: 1 leader_uuid: "8f341ff11a704c0fa91d3600abb85f99" committed_config { opid_index: -1 OBSOLETE_local: false peers { permanent_uuid: "8f341ff11a704c0fa91d3600abb85f99" member_type: VOTER last_known_addr { host: "127.8.38.193" port: 46369 } health_report { overall_health: HEALTHY } } peers { permanent_uuid: "2cc599f5e7c94809afef496bf1f345d9" member_type: VOTER last_known_addr { host: "127.8.38.194" port: 40441 } health_report { overall_health: UNKNOWN } } peers { permanent_uuid: "84cdab7c408d44ad822d48978e4cbc35" member_type: VOTER last_known_addr { host: "127.8.38.195" port: 45141 } health_report { overall_health: UNKNOWN } } }
I20260608 13:05:06.398120 12911 tablet_service.cc:1917] Received RequestConsensusVote() RPC: tablet_id: "ecf2fa9a16aa40269b5e35fc35907c90" candidate_uuid: "84cdab7c408d44ad822d48978e4cbc35" candidate_term: 1 candidate_status { last_received { term: 0 index: 0 } } ignore_live_leader: false dest_uuid: "8f341ff11a704c0fa91d3600abb85f99" is_pre_election: true
I20260608 13:05:06.399106 12911 raft_consensus.cc:2393] T ecf2fa9a16aa40269b5e35fc35907c90 P 8f341ff11a704c0fa91d3600abb85f99 [term 1 FOLLOWER]: Leader pre-election vote request: Denying vote to candidate 84cdab7c408d44ad822d48978e4cbc35 in current term 1: Already voted for candidate 2cc599f5e7c94809afef496bf1f345d9 in this term.
I20260608 13:05:06.400804 13025 leader_election.cc:304] T ecf2fa9a16aa40269b5e35fc35907c90 P 84cdab7c408d44ad822d48978e4cbc35 [CANDIDATE]: Term 1 pre-election: Election decided. Result: candidate lost. Election summary: received 3 responses out of 3 voters: 1 yes votes; 2 no votes. yes voters: 84cdab7c408d44ad822d48978e4cbc35; no voters: 2cc599f5e7c94809afef496bf1f345d9, 8f341ff11a704c0fa91d3600abb85f99
I20260608 13:05:06.401942 13114 raft_consensus.cc:3060] T ecf2fa9a16aa40269b5e35fc35907c90 P 84cdab7c408d44ad822d48978e4cbc35 [term 0 FOLLOWER]: Advancing to term 1
I20260608 13:05:06.402120 13110 consensus_queue.cc:1048] T ecf2fa9a16aa40269b5e35fc35907c90 P 2cc599f5e7c94809afef496bf1f345d9 [LEADER]: Connected to new peer: Peer: permanent_uuid: "8f341ff11a704c0fa91d3600abb85f99" member_type: VOTER last_known_addr { host: "127.8.38.193" port: 46369 }, Status: LMP_MISMATCH, Last received: 0.0, Next index: 1, Last known committed idx: 0, Time since last communication: 0.000s
I20260608 13:05:06.410605 13114 raft_consensus.cc:2749] T ecf2fa9a16aa40269b5e35fc35907c90 P 84cdab7c408d44ad822d48978e4cbc35 [term 1 FOLLOWER]: Leader pre-election lost for term 1. Reason: could not achieve majority
I20260608 13:05:06.414692 12984 raft_consensus.cc:2468] T 7f5c0452741e479683f827039a491b7f P 2cc599f5e7c94809afef496bf1f345d9 [term 2 FOLLOWER]: Leader election vote request: Granting yes vote for candidate 8f341ff11a704c0fa91d3600abb85f99 in term 2.
I20260608 13:05:06.416680 12877 leader_election.cc:304] T 7f5c0452741e479683f827039a491b7f P 8f341ff11a704c0fa91d3600abb85f99 [CANDIDATE]: Term 2 election: Election decided. Result: candidate won. Election summary: received 3 responses out of 3 voters: 2 yes votes; 1 no votes. yes voters: 2cc599f5e7c94809afef496bf1f345d9, 8f341ff11a704c0fa91d3600abb85f99; no voters: 84cdab7c408d44ad822d48978e4cbc35
I20260608 13:05:06.417976 13150 raft_consensus.cc:2804] T 7f5c0452741e479683f827039a491b7f P 8f341ff11a704c0fa91d3600abb85f99 [term 2 FOLLOWER]: Leader election won for term 2
I20260608 13:05:06.418717 13150 raft_consensus.cc:697] T 7f5c0452741e479683f827039a491b7f P 8f341ff11a704c0fa91d3600abb85f99 [term 2 LEADER]: Becoming Leader. State: Replica: 8f341ff11a704c0fa91d3600abb85f99, State: Running, Role: LEADER
I20260608 13:05:06.419610 13150 consensus_queue.cc:237] T 7f5c0452741e479683f827039a491b7f P 8f341ff11a704c0fa91d3600abb85f99 [LEADER]: Queue going to LEADER mode. State: All replicated index: 0, Majority replicated index: 0, Committed index: 0, Last appended: 1.1, Last appended by leader: 1, Current term: 2, Majority size: 2, State: 0, Mode: LEADER, active raft config: opid_index: -1 OBSOLETE_local: false peers { permanent_uuid: "8f341ff11a704c0fa91d3600abb85f99" member_type: VOTER last_known_addr { host: "127.8.38.193" port: 46369 } } peers { permanent_uuid: "2cc599f5e7c94809afef496bf1f345d9" member_type: VOTER last_known_addr { host: "127.8.38.194" port: 40441 } } peers { permanent_uuid: "84cdab7c408d44ad822d48978e4cbc35" member_type: VOTER last_known_addr { host: "127.8.38.195" port: 45141 } }
I20260608 13:05:06.424567 13146 raft_consensus.cc:493] T 614f20873b0f44b38198edb549255a80 P 84cdab7c408d44ad822d48978e4cbc35 [term 0 FOLLOWER]: Starting pre-election (no leader contacted us within the election timeout)
I20260608 13:05:06.426116 13146 raft_consensus.cc:515] T 614f20873b0f44b38198edb549255a80 P 84cdab7c408d44ad822d48978e4cbc35 [term 0 FOLLOWER]: Starting pre-election with config: opid_index: -1 OBSOLETE_local: false peers { permanent_uuid: "8f341ff11a704c0fa91d3600abb85f99" member_type: VOTER last_known_addr { host: "127.8.38.193" port: 46369 } } peers { permanent_uuid: "2cc599f5e7c94809afef496bf1f345d9" member_type: VOTER last_known_addr { host: "127.8.38.194" port: 40441 } } peers { permanent_uuid: "84cdab7c408d44ad822d48978e4cbc35" member_type: VOTER last_known_addr { host: "127.8.38.195" port: 45141 } }
I20260608 13:05:06.428164 13110 raft_consensus.cc:493] T 3eb3414c4c5c42d395dd1b757cb0d836 P 2cc599f5e7c94809afef496bf1f345d9 [term 0 FOLLOWER]: Starting pre-election (no leader contacted us within the election timeout)
I20260608 13:05:06.428655 13110 raft_consensus.cc:515] T 3eb3414c4c5c42d395dd1b757cb0d836 P 2cc599f5e7c94809afef496bf1f345d9 [term 0 FOLLOWER]: Starting pre-election with config: opid_index: -1 OBSOLETE_local: false peers { permanent_uuid: "8f341ff11a704c0fa91d3600abb85f99" member_type: VOTER last_known_addr { host: "127.8.38.193" port: 46369 } } peers { permanent_uuid: "2cc599f5e7c94809afef496bf1f345d9" member_type: VOTER last_known_addr { host: "127.8.38.194" port: 40441 } } peers { permanent_uuid: "84cdab7c408d44ad822d48978e4cbc35" member_type: VOTER last_known_addr { host: "127.8.38.195" port: 45141 } }
