I20260608 13:03:24.603927 11750 consensus_queue.cc:260] T 16c4b83a2d0f48f6b70553d36bf99a75 P 8c31bf028e7b4dec847d7c0d9316d160 [NON_LEADER]: Queue going to NON_LEADER mode. State: All replicated index: 0, Majority replicated index: 0, Committed index: 0, Last appended: 0.0, Last appended by leader: 0, Current term: 0, Majority size: -1, State: 0, Mode: NON_LEADER, active raft config: opid_index: -1 OBSOLETE_local: false peers { permanent_uuid: "8c31bf028e7b4dec847d7c0d9316d160" member_type: VOTER last_known_addr { host: "127.9.150.130" port: 36719 } } peers { permanent_uuid: "ef8daec3c3a840f3b02d0d26565c6feb" member_type: VOTER last_known_addr { host: "127.9.150.131" port: 41317 } } peers { permanent_uuid: "8f6411e1472443c3a5123e4f67997f0c" member_type: VOTER last_known_addr { host: "127.9.150.129" port: 46017 } }
I20260608 13:03:24.604468 11751 tablet_bootstrap.cc:492] T 53e8322df74343ea873e2b4a521e4ccb P ef8daec3c3a840f3b02d0d26565c6feb: No bootstrap required, opened a new log
I20260608 13:03:24.604846 11754 tablet_bootstrap.cc:492] T 16c4b83a2d0f48f6b70553d36bf99a75 P 8f6411e1472443c3a5123e4f67997f0c: Bootstrap starting.
I20260608 13:03:24.605070 11751 ts_tablet_manager.cc:1403] T 53e8322df74343ea873e2b4a521e4ccb P ef8daec3c3a840f3b02d0d26565c6feb: Time spent bootstrapping tablet: real 0.024s	user 0.016s	sys 0.000s
I20260608 13:03:24.607668 11750 ts_tablet_manager.cc:1434] T 16c4b83a2d0f48f6b70553d36bf99a75 P 8c31bf028e7b4dec847d7c0d9316d160: Time spent starting tablet: real 0.008s	user 0.006s	sys 0.001s
I20260608 13:03:24.608688 11751 raft_consensus.cc:359] T 53e8322df74343ea873e2b4a521e4ccb P ef8daec3c3a840f3b02d0d26565c6feb [term 0 FOLLOWER]: Replica starting. Triggering 0 pending ops. Active config: opid_index: -1 OBSOLETE_local: false peers { permanent_uuid: "8f6411e1472443c3a5123e4f67997f0c" member_type: VOTER last_known_addr { host: "127.9.150.129" port: 46017 } } peers { permanent_uuid: "8c31bf028e7b4dec847d7c0d9316d160" member_type: VOTER last_known_addr { host: "127.9.150.130" port: 36719 } } peers { permanent_uuid: "ef8daec3c3a840f3b02d0d26565c6feb" member_type: VOTER last_known_addr { host: "127.9.150.131" port: 41317 } }
I20260608 13:03:24.609489 11751 raft_consensus.cc:385] T 53e8322df74343ea873e2b4a521e4ccb P ef8daec3c3a840f3b02d0d26565c6feb [term 0 FOLLOWER]: Consensus starting up: Expiring failure detector timer to make a prompt election more likely
I20260608 13:03:24.609918 11750 tablet_bootstrap.cc:492] T 53e8322df74343ea873e2b4a521e4ccb P 8c31bf028e7b4dec847d7c0d9316d160: Bootstrap starting.
I20260608 13:03:24.609830 11751 raft_consensus.cc:740] T 53e8322df74343ea873e2b4a521e4ccb P ef8daec3c3a840f3b02d0d26565c6feb [term 0 FOLLOWER]: Becoming Follower/Learner. State: Replica: ef8daec3c3a840f3b02d0d26565c6feb, State: Initialized, Role: FOLLOWER
I20260608 13:03:24.611016 11751 consensus_queue.cc:260] T 53e8322df74343ea873e2b4a521e4ccb P ef8daec3c3a840f3b02d0d26565c6feb [NON_LEADER]: Queue going to NON_LEADER mode. State: All replicated index: 0, Majority replicated index: 0, Committed index: 0, Last appended: 0.0, Last appended by leader: 0, Current term: 0, Majority size: -1, State: 0, Mode: NON_LEADER, active raft config: opid_index: -1 OBSOLETE_local: false peers { permanent_uuid: "8f6411e1472443c3a5123e4f67997f0c" member_type: VOTER last_known_addr { host: "127.9.150.129" port: 46017 } } peers { permanent_uuid: "8c31bf028e7b4dec847d7c0d9316d160" member_type: VOTER last_known_addr { host: "127.9.150.130" port: 36719 } } peers { permanent_uuid: "ef8daec3c3a840f3b02d0d26565c6feb" member_type: VOTER last_known_addr { host: "127.9.150.131" port: 41317 } }
I20260608 13:03:24.613026 11754 tablet_bootstrap.cc:654] T 16c4b83a2d0f48f6b70553d36bf99a75 P 8f6411e1472443c3a5123e4f67997f0c: Neither blocks nor log segments found. Creating new log.
I20260608 13:03:24.618139 11750 tablet_bootstrap.cc:654] T 53e8322df74343ea873e2b4a521e4ccb P 8c31bf028e7b4dec847d7c0d9316d160: Neither blocks nor log segments found. Creating new log.
I20260608 13:03:24.623365 11751 ts_tablet_manager.cc:1434] T 53e8322df74343ea873e2b4a521e4ccb P ef8daec3c3a840f3b02d0d26565c6feb: Time spent starting tablet: real 0.018s	user 0.002s	sys 0.014s
I20260608 13:03:24.624521 11751 tablet_bootstrap.cc:492] T 16c4b83a2d0f48f6b70553d36bf99a75 P ef8daec3c3a840f3b02d0d26565c6feb: Bootstrap starting.
I20260608 13:03:24.631247 11751 tablet_bootstrap.cc:654] T 16c4b83a2d0f48f6b70553d36bf99a75 P ef8daec3c3a840f3b02d0d26565c6feb: Neither blocks nor log segments found. Creating new log.
I20260608 13:03:24.635895 11750 tablet_bootstrap.cc:492] T 53e8322df74343ea873e2b4a521e4ccb P 8c31bf028e7b4dec847d7c0d9316d160: No bootstrap required, opened a new log
I20260608 13:03:24.636641 11750 ts_tablet_manager.cc:1403] T 53e8322df74343ea873e2b4a521e4ccb P 8c31bf028e7b4dec847d7c0d9316d160: Time spent bootstrapping tablet: real 0.027s	user 0.001s	sys 0.016s
I20260608 13:03:24.635869 11754 tablet_bootstrap.cc:492] T 16c4b83a2d0f48f6b70553d36bf99a75 P 8f6411e1472443c3a5123e4f67997f0c: No bootstrap required, opened a new log
I20260608 13:03:24.640137 11754 ts_tablet_manager.cc:1403] T 16c4b83a2d0f48f6b70553d36bf99a75 P 8f6411e1472443c3a5123e4f67997f0c: Time spent bootstrapping tablet: real 0.036s	user 0.008s	sys 0.023s
I20260608 13:03:24.640033 11750 raft_consensus.cc:359] T 53e8322df74343ea873e2b4a521e4ccb P 8c31bf028e7b4dec847d7c0d9316d160 [term 0 FOLLOWER]: Replica starting. Triggering 0 pending ops. Active config: opid_index: -1 OBSOLETE_local: false peers { permanent_uuid: "8f6411e1472443c3a5123e4f67997f0c" member_type: VOTER last_known_addr { host: "127.9.150.129" port: 46017 } } peers { permanent_uuid: "8c31bf028e7b4dec847d7c0d9316d160" member_type: VOTER last_known_addr { host: "127.9.150.130" port: 36719 } } peers { permanent_uuid: "ef8daec3c3a840f3b02d0d26565c6feb" member_type: VOTER last_known_addr { host: "127.9.150.131" port: 41317 } }
I20260608 13:03:24.641047 11750 raft_consensus.cc:385] T 53e8322df74343ea873e2b4a521e4ccb P 8c31bf028e7b4dec847d7c0d9316d160 [term 0 FOLLOWER]: Consensus starting up: Expiring failure detector timer to make a prompt election more likely
I20260608 13:03:24.641384 11750 raft_consensus.cc:740] T 53e8322df74343ea873e2b4a521e4ccb P 8c31bf028e7b4dec847d7c0d9316d160 [term 0 FOLLOWER]: Becoming Follower/Learner. State: Replica: 8c31bf028e7b4dec847d7c0d9316d160, State: Initialized, Role: FOLLOWER
I20260608 13:03:24.642499 11751 tablet_bootstrap.cc:492] T 16c4b83a2d0f48f6b70553d36bf99a75 P ef8daec3c3a840f3b02d0d26565c6feb: No bootstrap required, opened a new log
I20260608 13:03:24.642304 11750 consensus_queue.cc:260] T 53e8322df74343ea873e2b4a521e4ccb P 8c31bf028e7b4dec847d7c0d9316d160 [NON_LEADER]: Queue going to NON_LEADER mode. State: All replicated index: 0, Majority replicated index: 0, Committed index: 0, Last appended: 0.0, Last appended by leader: 0, Current term: 0, Majority size: -1, State: 0, Mode: NON_LEADER, active raft config: opid_index: -1 OBSOLETE_local: false peers { permanent_uuid: "8f6411e1472443c3a5123e4f67997f0c" member_type: VOTER last_known_addr { host: "127.9.150.129" port: 46017 } } peers { permanent_uuid: "8c31bf028e7b4dec847d7c0d9316d160" member_type: VOTER last_known_addr { host: "127.9.150.130" port: 36719 } } peers { permanent_uuid: "ef8daec3c3a840f3b02d0d26565c6feb" member_type: VOTER last_known_addr { host: "127.9.150.131" port: 41317 } }
I20260608 13:03:24.642954 11751 ts_tablet_manager.cc:1403] T 16c4b83a2d0f48f6b70553d36bf99a75 P ef8daec3c3a840f3b02d0d26565c6feb: Time spent bootstrapping tablet: real 0.019s	user 0.009s	sys 0.008s
I20260608 13:03:24.643860 11754 raft_consensus.cc:359] T 16c4b83a2d0f48f6b70553d36bf99a75 P 8f6411e1472443c3a5123e4f67997f0c [term 0 FOLLOWER]: Replica starting. Triggering 0 pending ops. Active config: opid_index: -1 OBSOLETE_local: false peers { permanent_uuid: "8c31bf028e7b4dec847d7c0d9316d160" member_type: VOTER last_known_addr { host: "127.9.150.130" port: 36719 } } peers { permanent_uuid: "ef8daec3c3a840f3b02d0d26565c6feb" member_type: VOTER last_known_addr { host: "127.9.150.131" port: 41317 } } peers { permanent_uuid: "8f6411e1472443c3a5123e4f67997f0c" member_type: VOTER last_known_addr { host: "127.9.150.129" port: 46017 } }
I20260608 13:03:24.644743 11754 raft_consensus.cc:385] T 16c4b83a2d0f48f6b70553d36bf99a75 P 8f6411e1472443c3a5123e4f67997f0c [term 0 FOLLOWER]: Consensus starting up: Expiring failure detector timer to make a prompt election more likely
I20260608 13:03:24.644928 11750 ts_tablet_manager.cc:1434] T 53e8322df74343ea873e2b4a521e4ccb P 8c31bf028e7b4dec847d7c0d9316d160: Time spent starting tablet: real 0.008s	user 0.003s	sys 0.002s
I20260608 13:03:24.645129 11754 raft_consensus.cc:740] T 16c4b83a2d0f48f6b70553d36bf99a75 P 8f6411e1472443c3a5123e4f67997f0c [term 0 FOLLOWER]: Becoming Follower/Learner. State: Replica: 8f6411e1472443c3a5123e4f67997f0c, State: Initialized, Role: FOLLOWER
I20260608 13:03:24.646193 11751 raft_consensus.cc:359] T 16c4b83a2d0f48f6b70553d36bf99a75 P ef8daec3c3a840f3b02d0d26565c6feb [term 0 FOLLOWER]: Replica starting. Triggering 0 pending ops. Active config: opid_index: -1 OBSOLETE_local: false peers { permanent_uuid: "8c31bf028e7b4dec847d7c0d9316d160" member_type: VOTER last_known_addr { host: "127.9.150.130" port: 36719 } } peers { permanent_uuid: "ef8daec3c3a840f3b02d0d26565c6feb" member_type: VOTER last_known_addr { host: "127.9.150.131" port: 41317 } } peers { permanent_uuid: "8f6411e1472443c3a5123e4f67997f0c" member_type: VOTER last_known_addr { host: "127.9.150.129" port: 46017 } }
I20260608 13:03:24.646303 11754 consensus_queue.cc:260] T 16c4b83a2d0f48f6b70553d36bf99a75 P 8f6411e1472443c3a5123e4f67997f0c [NON_LEADER]: Queue going to NON_LEADER mode. State: All replicated index: 0, Majority replicated index: 0, Committed index: 0, Last appended: 0.0, Last appended by leader: 0, Current term: 0, Majority size: -1, State: 0, Mode: NON_LEADER, active raft config: opid_index: -1 OBSOLETE_local: false peers { permanent_uuid: "8c31bf028e7b4dec847d7c0d9316d160" member_type: VOTER last_known_addr { host: "127.9.150.130" port: 36719 } } peers { permanent_uuid: "ef8daec3c3a840f3b02d0d26565c6feb" member_type: VOTER last_known_addr { host: "127.9.150.131" port: 41317 } } peers { permanent_uuid: "8f6411e1472443c3a5123e4f67997f0c" member_type: VOTER last_known_addr { host: "127.9.150.129" port: 46017 } }
I20260608 13:03:24.647289 11751 raft_consensus.cc:385] T 16c4b83a2d0f48f6b70553d36bf99a75 P ef8daec3c3a840f3b02d0d26565c6feb [term 0 FOLLOWER]: Consensus starting up: Expiring failure detector timer to make a prompt election more likely
I20260608 13:03:24.647621 11751 raft_consensus.cc:740] T 16c4b83a2d0f48f6b70553d36bf99a75 P ef8daec3c3a840f3b02d0d26565c6feb [term 0 FOLLOWER]: Becoming Follower/Learner. State: Replica: ef8daec3c3a840f3b02d0d26565c6feb, State: Initialized, Role: FOLLOWER
I20260608 13:03:24.648388 11751 consensus_queue.cc:260] T 16c4b83a2d0f48f6b70553d36bf99a75 P ef8daec3c3a840f3b02d0d26565c6feb [NON_LEADER]: Queue going to NON_LEADER mode. State: All replicated index: 0, Majority replicated index: 0, Committed index: 0, Last appended: 0.0, Last appended by leader: 0, Current term: 0, Majority size: -1, State: 0, Mode: NON_LEADER, active raft config: opid_index: -1 OBSOLETE_local: false peers { permanent_uuid: "8c31bf028e7b4dec847d7c0d9316d160" member_type: VOTER last_known_addr { host: "127.9.150.130" port: 36719 } } peers { permanent_uuid: "ef8daec3c3a840f3b02d0d26565c6feb" member_type: VOTER last_known_addr { host: "127.9.150.131" port: 41317 } } peers { permanent_uuid: "8f6411e1472443c3a5123e4f67997f0c" member_type: VOTER last_known_addr { host: "127.9.150.129" port: 46017 } }
I20260608 13:03:24.650327 11754 ts_tablet_manager.cc:1434] T 16c4b83a2d0f48f6b70553d36bf99a75 P 8f6411e1472443c3a5123e4f67997f0c: Time spent starting tablet: real 0.010s	user 0.007s	sys 0.002s
I20260608 13:03:24.650682 11751 ts_tablet_manager.cc:1434] T 16c4b83a2d0f48f6b70553d36bf99a75 P ef8daec3c3a840f3b02d0d26565c6feb: Time spent starting tablet: real 0.007s	user 0.007s	sys 0.000s
I20260608 13:03:24.651934 11754 tablet_bootstrap.cc:492] T 53e8322df74343ea873e2b4a521e4ccb P 8f6411e1472443c3a5123e4f67997f0c: Bootstrap starting.
I20260608 13:03:24.660660 11754 tablet_bootstrap.cc:654] T 53e8322df74343ea873e2b4a521e4ccb P 8f6411e1472443c3a5123e4f67997f0c: Neither blocks nor log segments found. Creating new log.
I20260608 13:03:24.668179 11754 tablet_bootstrap.cc:492] T 53e8322df74343ea873e2b4a521e4ccb P 8f6411e1472443c3a5123e4f67997f0c: No bootstrap required, opened a new log
I20260608 13:03:24.668663 11754 ts_tablet_manager.cc:1403] T 53e8322df74343ea873e2b4a521e4ccb P 8f6411e1472443c3a5123e4f67997f0c: Time spent bootstrapping tablet: real 0.017s	user 0.010s	sys 0.002s
I20260608 13:03:24.671248 11754 raft_consensus.cc:359] T 53e8322df74343ea873e2b4a521e4ccb P 8f6411e1472443c3a5123e4f67997f0c [term 0 FOLLOWER]: Replica starting. Triggering 0 pending ops. Active config: opid_index: -1 OBSOLETE_local: false peers { permanent_uuid: "8f6411e1472443c3a5123e4f67997f0c" member_type: VOTER last_known_addr { host: "127.9.150.129" port: 46017 } } peers { permanent_uuid: "8c31bf028e7b4dec847d7c0d9316d160" member_type: VOTER last_known_addr { host: "127.9.150.130" port: 36719 } } peers { permanent_uuid: "ef8daec3c3a840f3b02d0d26565c6feb" member_type: VOTER last_known_addr { host: "127.9.150.131" port: 41317 } }
I20260608 13:03:24.671847 11754 raft_consensus.cc:385] T 53e8322df74343ea873e2b4a521e4ccb P 8f6411e1472443c3a5123e4f67997f0c [term 0 FOLLOWER]: Consensus starting up: Expiring failure detector timer to make a prompt election more likely
I20260608 13:03:24.672075 11754 raft_consensus.cc:740] T 53e8322df74343ea873e2b4a521e4ccb P 8f6411e1472443c3a5123e4f67997f0c [term 0 FOLLOWER]: Becoming Follower/Learner. State: Replica: 8f6411e1472443c3a5123e4f67997f0c, State: Initialized, Role: FOLLOWER
I20260608 13:03:24.672778 11754 consensus_queue.cc:260] T 53e8322df74343ea873e2b4a521e4ccb P 8f6411e1472443c3a5123e4f67997f0c [NON_LEADER]: Queue going to NON_LEADER mode. State: All replicated index: 0, Majority replicated index: 0, Committed index: 0, Last appended: 0.0, Last appended by leader: 0, Current term: 0, Majority size: -1, State: 0, Mode: NON_LEADER, active raft config: opid_index: -1 OBSOLETE_local: false peers { permanent_uuid: "8f6411e1472443c3a5123e4f67997f0c" member_type: VOTER last_known_addr { host: "127.9.150.129" port: 46017 } } peers { permanent_uuid: "8c31bf028e7b4dec847d7c0d9316d160" member_type: VOTER last_known_addr { host: "127.9.150.130" port: 36719 } } peers { permanent_uuid: "ef8daec3c3a840f3b02d0d26565c6feb" member_type: VOTER last_known_addr { host: "127.9.150.131" port: 41317 } }
I20260608 13:03:24.674868 11754 ts_tablet_manager.cc:1434] T 53e8322df74343ea873e2b4a521e4ccb P 8f6411e1472443c3a5123e4f67997f0c: Time spent starting tablet: real 0.006s	user 0.004s	sys 0.004s
I20260608 13:03:24.710469 11756 raft_consensus.cc:493] T 53e8322df74343ea873e2b4a521e4ccb P ef8daec3c3a840f3b02d0d26565c6feb [term 0 FOLLOWER]: Starting pre-election (no leader contacted us within the election timeout)
I20260608 13:03:24.710978 11756 raft_consensus.cc:515] T 53e8322df74343ea873e2b4a521e4ccb P ef8daec3c3a840f3b02d0d26565c6feb [term 0 FOLLOWER]: Starting pre-election with config: opid_index: -1 OBSOLETE_local: false peers { permanent_uuid: "8f6411e1472443c3a5123e4f67997f0c" member_type: VOTER last_known_addr { host: "127.9.150.129" port: 46017 } } peers { permanent_uuid: "8c31bf028e7b4dec847d7c0d9316d160" member_type: VOTER last_known_addr { host: "127.9.150.130" port: 36719 } } peers { permanent_uuid: "ef8daec3c3a840f3b02d0d26565c6feb" member_type: VOTER last_known_addr { host: "127.9.150.131" port: 41317 } }
I20260608 13:03:24.713433 11756 leader_election.cc:290] T 53e8322df74343ea873e2b4a521e4ccb P ef8daec3c3a840f3b02d0d26565c6feb [CANDIDATE]: Term 1 pre-election: Requested pre-vote from peers 8f6411e1472443c3a5123e4f67997f0c (127.9.150.129:46017), 8c31bf028e7b4dec847d7c0d9316d160 (127.9.150.130:36719)
I20260608 13:03:24.726003 11632 tablet_service.cc:1917] Received RequestConsensusVote() RPC: tablet_id: "53e8322df74343ea873e2b4a521e4ccb" candidate_uuid: "ef8daec3c3a840f3b02d0d26565c6feb" candidate_term: 1 candidate_status { last_received { term: 0 index: 0 } } ignore_live_leader: false dest_uuid: "8c31bf028e7b4dec847d7c0d9316d160" is_pre_election: true
I20260608 13:03:24.726733 11632 raft_consensus.cc:2468] T 53e8322df74343ea873e2b4a521e4ccb P 8c31bf028e7b4dec847d7c0d9316d160 [term 0 FOLLOWER]: Leader pre-election vote request: Granting yes vote for candidate ef8daec3c3a840f3b02d0d26565c6feb in term 0.
I20260608 13:03:24.726859 11557 tablet_service.cc:1917] Received RequestConsensusVote() RPC: tablet_id: "53e8322df74343ea873e2b4a521e4ccb" candidate_uuid: "ef8daec3c3a840f3b02d0d26565c6feb" candidate_term: 1 candidate_status { last_received { term: 0 index: 0 } } ignore_live_leader: false dest_uuid: "8f6411e1472443c3a5123e4f67997f0c" is_pre_election: true
I20260608 13:03:24.727519 11557 raft_consensus.cc:2468] T 53e8322df74343ea873e2b4a521e4ccb P 8f6411e1472443c3a5123e4f67997f0c [term 0 FOLLOWER]: Leader pre-election vote request: Granting yes vote for candidate ef8daec3c3a840f3b02d0d26565c6feb in term 0.
I20260608 13:03:24.728154 11671 leader_election.cc:304] T 53e8322df74343ea873e2b4a521e4ccb P ef8daec3c3a840f3b02d0d26565c6feb [CANDIDATE]: Term 1 pre-election: Election decided. Result: candidate won. Election summary: received 2 responses out of 3 voters: 2 yes votes; 0 no votes. yes voters: 8c31bf028e7b4dec847d7c0d9316d160, ef8daec3c3a840f3b02d0d26565c6feb; no voters: 
I20260608 13:03:24.728953 11756 raft_consensus.cc:2804] T 53e8322df74343ea873e2b4a521e4ccb P ef8daec3c3a840f3b02d0d26565c6feb [term 0 FOLLOWER]: Leader pre-election won for term 1
I20260608 13:03:24.729252 11756 raft_consensus.cc:493] T 53e8322df74343ea873e2b4a521e4ccb P ef8daec3c3a840f3b02d0d26565c6feb [term 0 FOLLOWER]: Starting leader election (no leader contacted us within the election timeout)
I20260608 13:03:24.729511 11756 raft_consensus.cc:3060] T 53e8322df74343ea873e2b4a521e4ccb P ef8daec3c3a840f3b02d0d26565c6feb [term 0 FOLLOWER]: Advancing to term 1
I20260608 13:03:24.734380 11756 raft_consensus.cc:515] T 53e8322df74343ea873e2b4a521e4ccb P ef8daec3c3a840f3b02d0d26565c6feb [term 1 FOLLOWER]: Starting leader election with config: opid_index: -1 OBSOLETE_local: false peers { permanent_uuid: "8f6411e1472443c3a5123e4f67997f0c" member_type: VOTER last_known_addr { host: "127.9.150.129" port: 46017 } } peers { permanent_uuid: "8c31bf028e7b4dec847d7c0d9316d160" member_type: VOTER last_known_addr { host: "127.9.150.130" port: 36719 } } peers { permanent_uuid: "ef8daec3c3a840f3b02d0d26565c6feb" member_type: VOTER last_known_addr { host: "127.9.150.131" port: 41317 } }
I20260608 13:03:24.736665 11756 leader_election.cc:290] T 53e8322df74343ea873e2b4a521e4ccb P ef8daec3c3a840f3b02d0d26565c6feb [CANDIDATE]: Term 1 election: Requested vote from peers 8f6411e1472443c3a5123e4f67997f0c (127.9.150.129:46017), 8c31bf028e7b4dec847d7c0d9316d160 (127.9.150.130:36719)
I20260608 13:03:24.736968 11557 tablet_service.cc:1917] Received RequestConsensusVote() RPC: tablet_id: "53e8322df74343ea873e2b4a521e4ccb" candidate_uuid: "ef8daec3c3a840f3b02d0d26565c6feb" candidate_term: 1 candidate_status { last_received { term: 0 index: 0 } } ignore_live_leader: false dest_uuid: "8f6411e1472443c3a5123e4f67997f0c"
I20260608 13:03:24.737215 11632 tablet_service.cc:1917] Received RequestConsensusVote() RPC: tablet_id: "53e8322df74343ea873e2b4a521e4ccb" candidate_uuid: "ef8daec3c3a840f3b02d0d26565c6feb" candidate_term: 1 candidate_status { last_received { term: 0 index: 0 } } ignore_live_leader: false dest_uuid: "8c31bf028e7b4dec847d7c0d9316d160"
I20260608 13:03:24.737542 11557 raft_consensus.cc:3060] T 53e8322df74343ea873e2b4a521e4ccb P 8f6411e1472443c3a5123e4f67997f0c [term 0 FOLLOWER]: Advancing to term 1
I20260608 13:03:24.737742 11632 raft_consensus.cc:3060] T 53e8322df74343ea873e2b4a521e4ccb P 8c31bf028e7b4dec847d7c0d9316d160 [term 0 FOLLOWER]: Advancing to term 1
I20260608 13:03:24.743198 11632 raft_consensus.cc:2468] T 53e8322df74343ea873e2b4a521e4ccb P 8c31bf028e7b4dec847d7c0d9316d160 [term 1 FOLLOWER]: Leader election vote request: Granting yes vote for candidate ef8daec3c3a840f3b02d0d26565c6feb in term 1.
I20260608 13:03:24.743454 11557 raft_consensus.cc:2468] T 53e8322df74343ea873e2b4a521e4ccb P 8f6411e1472443c3a5123e4f67997f0c [term 1 FOLLOWER]: Leader election vote request: Granting yes vote for candidate ef8daec3c3a840f3b02d0d26565c6feb in term 1.
I20260608 13:03:24.744266 11671 leader_election.cc:304] T 53e8322df74343ea873e2b4a521e4ccb P ef8daec3c3a840f3b02d0d26565c6feb [CANDIDATE]: Term 1 election: Election decided. Result: candidate won. Election summary: received 2 responses out of 3 voters: 2 yes votes; 0 no votes. yes voters: 8c31bf028e7b4dec847d7c0d9316d160, ef8daec3c3a840f3b02d0d26565c6feb; no voters: 
I20260608 13:03:24.745090 11756 raft_consensus.cc:2804] T 53e8322df74343ea873e2b4a521e4ccb P ef8daec3c3a840f3b02d0d26565c6feb [term 1 FOLLOWER]: Leader election won for term 1
I20260608 13:03:24.746392 11756 raft_consensus.cc:697] T 53e8322df74343ea873e2b4a521e4ccb P ef8daec3c3a840f3b02d0d26565c6feb [term 1 LEADER]: Becoming Leader. State: Replica: ef8daec3c3a840f3b02d0d26565c6feb, State: Running, Role: LEADER
I20260608 13:03:24.747181 11756 consensus_queue.cc:237] T 53e8322df74343ea873e2b4a521e4ccb P ef8daec3c3a840f3b02d0d26565c6feb [LEADER]: Queue going to LEADER mode. State: All replicated index: 0, Majority replicated index: 0, Committed index: 0, Last appended: 0.0, Last appended by leader: 0, Current term: 1, Majority size: 2, State: 0, Mode: LEADER, active raft config: opid_index: -1 OBSOLETE_local: false peers { permanent_uuid: "8f6411e1472443c3a5123e4f67997f0c" member_type: VOTER last_known_addr { host: "127.9.150.129" port: 46017 } } peers { permanent_uuid: "8c31bf028e7b4dec847d7c0d9316d160" member_type: VOTER last_known_addr { host: "127.9.150.130" port: 36719 } } peers { permanent_uuid: "ef8daec3c3a840f3b02d0d26565c6feb" member_type: VOTER last_known_addr { host: "127.9.150.131" port: 41317 } }
I20260608 13:03:24.756332 11454 catalog_manager.cc:5696] T 53e8322df74343ea873e2b4a521e4ccb P ef8daec3c3a840f3b02d0d26565c6feb reported cstate change: term changed from 0 to 1, leader changed from <none> to ef8daec3c3a840f3b02d0d26565c6feb (127.9.150.131). New cstate: current_term: 1 leader_uuid: "ef8daec3c3a840f3b02d0d26565c6feb" committed_config { opid_index: -1 OBSOLETE_local: false peers { permanent_uuid: "8f6411e1472443c3a5123e4f67997f0c" member_type: VOTER last_known_addr { host: "127.9.150.129" port: 46017 } health_report { overall_health: UNKNOWN } } peers { permanent_uuid: "8c31bf028e7b4dec847d7c0d9316d160" member_type: VOTER last_known_addr { host: "127.9.150.130" port: 36719 } health_report { overall_health: UNKNOWN } } peers { permanent_uuid: "ef8daec3c3a840f3b02d0d26565c6feb" member_type: VOTER last_known_addr { host: "127.9.150.131" port: 41317 } health_report { overall_health: HEALTHY } } }
I20260608 13:03:24.828949 11756 raft_consensus.cc:493] T 16c4b83a2d0f48f6b70553d36bf99a75 P ef8daec3c3a840f3b02d0d26565c6feb [term 0 FOLLOWER]: Starting pre-election (no leader contacted us within the election timeout)
I20260608 13:03:24.829421 11756 raft_consensus.cc:515] T 16c4b83a2d0f48f6b70553d36bf99a75 P ef8daec3c3a840f3b02d0d26565c6feb [term 0 FOLLOWER]: Starting pre-election with config: opid_index: -1 OBSOLETE_local: false peers { permanent_uuid: "8c31bf028e7b4dec847d7c0d9316d160" member_type: VOTER last_known_addr { host: "127.9.150.130" port: 36719 } } peers { permanent_uuid: "ef8daec3c3a840f3b02d0d26565c6feb" member_type: VOTER last_known_addr { host: "127.9.150.131" port: 41317 } } peers { permanent_uuid: "8f6411e1472443c3a5123e4f67997f0c" member_type: VOTER last_known_addr { host: "127.9.150.129" port: 46017 } }
I20260608 13:03:24.831631 11756 leader_election.cc:290] T 16c4b83a2d0f48f6b70553d36bf99a75 P ef8daec3c3a840f3b02d0d26565c6feb [CANDIDATE]: Term 1 pre-election: Requested pre-vote from peers 8c31bf028e7b4dec847d7c0d9316d160 (127.9.150.130:36719), 8f6411e1472443c3a5123e4f67997f0c (127.9.150.129:46017)
I20260608 13:03:24.832216 11632 tablet_service.cc:1917] Received RequestConsensusVote() RPC: tablet_id: "16c4b83a2d0f48f6b70553d36bf99a75" candidate_uuid: "ef8daec3c3a840f3b02d0d26565c6feb" candidate_term: 1 candidate_status { last_received { term: 0 index: 0 } } ignore_live_leader: false dest_uuid: "8c31bf028e7b4dec847d7c0d9316d160" is_pre_election: true
I20260608 13:03:24.832316 11557 tablet_service.cc:1917] Received RequestConsensusVote() RPC: tablet_id: "16c4b83a2d0f48f6b70553d36bf99a75" candidate_uuid: "ef8daec3c3a840f3b02d0d26565c6feb" candidate_term: 1 candidate_status { last_received { term: 0 index: 0 } } ignore_live_leader: false dest_uuid: "8f6411e1472443c3a5123e4f67997f0c" is_pre_election: true
I20260608 13:03:24.832732 11632 raft_consensus.cc:2468] T 16c4b83a2d0f48f6b70553d36bf99a75 P 8c31bf028e7b4dec847d7c0d9316d160 [term 0 FOLLOWER]: Leader pre-election vote request: Granting yes vote for candidate ef8daec3c3a840f3b02d0d26565c6feb in term 0.
I20260608 13:03:24.833000 11557 raft_consensus.cc:2468] T 16c4b83a2d0f48f6b70553d36bf99a75 P 8f6411e1472443c3a5123e4f67997f0c [term 0 FOLLOWER]: Leader pre-election vote request: Granting yes vote for candidate ef8daec3c3a840f3b02d0d26565c6feb in term 0.
I20260608 13:03:24.833752 11671 leader_election.cc:304] T 16c4b83a2d0f48f6b70553d36bf99a75 P ef8daec3c3a840f3b02d0d26565c6feb [CANDIDATE]: Term 1 pre-election: Election decided. Result: candidate won. Election summary: received 2 responses out of 3 voters: 2 yes votes; 0 no votes. yes voters: 8c31bf028e7b4dec847d7c0d9316d160, ef8daec3c3a840f3b02d0d26565c6feb; no voters: 
I20260608 13:03:24.834618 11756 raft_consensus.cc:2804] T 16c4b83a2d0f48f6b70553d36bf99a75 P ef8daec3c3a840f3b02d0d26565c6feb [term 0 FOLLOWER]: Leader pre-election won for term 1
I20260608 13:03:24.834973 11756 raft_consensus.cc:493] T 16c4b83a2d0f48f6b70553d36bf99a75 P ef8daec3c3a840f3b02d0d26565c6feb [term 0 FOLLOWER]: Starting leader election (no leader contacted us within the election timeout)
I20260608 13:03:24.835243 11756 raft_consensus.cc:3060] T 16c4b83a2d0f48f6b70553d36bf99a75 P ef8daec3c3a840f3b02d0d26565c6feb [term 0 FOLLOWER]: Advancing to term 1
I20260608 13:03:24.840329 11756 raft_consensus.cc:515] T 16c4b83a2d0f48f6b70553d36bf99a75 P ef8daec3c3a840f3b02d0d26565c6feb [term 1 FOLLOWER]: Starting leader election with config: opid_index: -1 OBSOLETE_local: false peers { permanent_uuid: "8c31bf028e7b4dec847d7c0d9316d160" member_type: VOTER last_known_addr { host: "127.9.150.130" port: 36719 } } peers { permanent_uuid: "ef8daec3c3a840f3b02d0d26565c6feb" member_type: VOTER last_known_addr { host: "127.9.150.131" port: 41317 } } peers { permanent_uuid: "8f6411e1472443c3a5123e4f67997f0c" member_type: VOTER last_known_addr { host: "127.9.150.129" port: 46017 } }
I20260608 13:03:24.842190 11756 leader_election.cc:290] T 16c4b83a2d0f48f6b70553d36bf99a75 P ef8daec3c3a840f3b02d0d26565c6feb [CANDIDATE]: Term 1 election: Requested vote from peers 8c31bf028e7b4dec847d7c0d9316d160 (127.9.150.130:36719), 8f6411e1472443c3a5123e4f67997f0c (127.9.150.129:46017)
I20260608 13:03:24.843083 11632 tablet_service.cc:1917] Received RequestConsensusVote() RPC: tablet_id: "16c4b83a2d0f48f6b70553d36bf99a75" candidate_uuid: "ef8daec3c3a840f3b02d0d26565c6feb" candidate_term: 1 candidate_status { last_received { term: 0 index: 0 } } ignore_live_leader: false dest_uuid: "8c31bf028e7b4dec847d7c0d9316d160"
I20260608 13:03:24.843233 11557 tablet_service.cc:1917] Received RequestConsensusVote() RPC: tablet_id: "16c4b83a2d0f48f6b70553d36bf99a75" candidate_uuid: "ef8daec3c3a840f3b02d0d26565c6feb" candidate_term: 1 candidate_status { last_received { term: 0 index: 0 } } ignore_live_leader: false dest_uuid: "8f6411e1472443c3a5123e4f67997f0c"
I20260608 13:03:24.843593 11632 raft_consensus.cc:3060] T 16c4b83a2d0f48f6b70553d36bf99a75 P 8c31bf028e7b4dec847d7c0d9316d160 [term 0 FOLLOWER]: Advancing to term 1
I20260608 13:03:24.843751 11557 raft_consensus.cc:3060] T 16c4b83a2d0f48f6b70553d36bf99a75 P 8f6411e1472443c3a5123e4f67997f0c [term 0 FOLLOWER]: Advancing to term 1
I20260608 13:03:24.848542 11632 raft_consensus.cc:2468] T 16c4b83a2d0f48f6b70553d36bf99a75 P 8c31bf028e7b4dec847d7c0d9316d160 [term 1 FOLLOWER]: Leader election vote request: Granting yes vote for candidate ef8daec3c3a840f3b02d0d26565c6feb in term 1.
I20260608 13:03:24.849153 11557 raft_consensus.cc:2468] T 16c4b83a2d0f48f6b70553d36bf99a75 P 8f6411e1472443c3a5123e4f67997f0c [term 1 FOLLOWER]: Leader election vote request: Granting yes vote for candidate ef8daec3c3a840f3b02d0d26565c6feb in term 1.
I20260608 13:03:24.850009 11671 leader_election.cc:304] T 16c4b83a2d0f48f6b70553d36bf99a75 P ef8daec3c3a840f3b02d0d26565c6feb [CANDIDATE]: Term 1 election: Election decided. Result: candidate won. Election summary: received 2 responses out of 3 voters: 2 yes votes; 0 no votes. yes voters: 8c31bf028e7b4dec847d7c0d9316d160, ef8daec3c3a840f3b02d0d26565c6feb; no voters: 
I20260608 13:03:24.851023 11756 raft_consensus.cc:2804] T 16c4b83a2d0f48f6b70553d36bf99a75 P ef8daec3c3a840f3b02d0d26565c6feb [term 1 FOLLOWER]: Leader election won for term 1
I20260608 13:03:24.851572 11756 raft_consensus.cc:697] T 16c4b83a2d0f48f6b70553d36bf99a75 P ef8daec3c3a840f3b02d0d26565c6feb [term 1 LEADER]: Becoming Leader. State: Replica: ef8daec3c3a840f3b02d0d26565c6feb, State: Running, Role: LEADER
I20260608 13:03:24.852442 11756 consensus_queue.cc:237] T 16c4b83a2d0f48f6b70553d36bf99a75 P ef8daec3c3a840f3b02d0d26565c6feb [LEADER]: Queue going to LEADER mode. State: All replicated index: 0, Majority replicated index: 0, Committed index: 0, Last appended: 0.0, Last appended by leader: 0, Current term: 1, Majority size: 2, State: 0, Mode: LEADER, active raft config: opid_index: -1 OBSOLETE_local: false peers { permanent_uuid: "8c31bf028e7b4dec847d7c0d9316d160" member_type: VOTER last_known_addr { host: "127.9.150.130" port: 36719 } } peers { permanent_uuid: "ef8daec3c3a840f3b02d0d26565c6feb" member_type: VOTER last_known_addr { host: "127.9.150.131" port: 41317 } } peers { permanent_uuid: "8f6411e1472443c3a5123e4f67997f0c" member_type: VOTER last_known_addr { host: "127.9.150.129" port: 46017 } }
I20260608 13:03:24.860381 11454 catalog_manager.cc:5696] T 16c4b83a2d0f48f6b70553d36bf99a75 P ef8daec3c3a840f3b02d0d26565c6feb reported cstate change: term changed from 0 to 1, leader changed from <none> to ef8daec3c3a840f3b02d0d26565c6feb (127.9.150.131). New cstate: current_term: 1 leader_uuid: "ef8daec3c3a840f3b02d0d26565c6feb" committed_config { opid_index: -1 OBSOLETE_local: false peers { permanent_uuid: "8c31bf028e7b4dec847d7c0d9316d160" member_type: VOTER last_known_addr { host: "127.9.150.130" port: 36719 } health_report { overall_health: UNKNOWN } } peers { permanent_uuid: "ef8daec3c3a840f3b02d0d26565c6feb" member_type: VOTER last_known_addr { host: "127.9.150.131" port: 41317 } health_report { overall_health: HEALTHY } } peers { permanent_uuid: "8f6411e1472443c3a5123e4f67997f0c" member_type: VOTER last_known_addr { host: "127.9.150.129" port: 46017 } health_report { overall_health: UNKNOWN } } }
I20260608 13:03:25.055208 11508 auto_leader_rebalancer.cc:140] leader rebalance for table test-workload
I20260608 13:03:25.068939 11706 tablet_service.cc:2072] Received LeaderStepDown RPC: tablet_id: "53e8322df74343ea873e2b4a521e4ccb"
dest_uuid: "ef8daec3c3a840f3b02d0d26565c6feb"
mode: GRACEFUL
new_leader_uuid: "8f6411e1472443c3a5123e4f67997f0c"
 from {username='slave'} at 127.0.0.1:54566
I20260608 13:03:25.069554 11706 raft_consensus.cc:606] T 53e8322df74343ea873e2b4a521e4ccb P ef8daec3c3a840f3b02d0d26565c6feb [term 1 LEADER]: Received request to transfer leadership to TS 8f6411e1472443c3a5123e4f67997f0c
I20260608 13:03:25.070739 11508 auto_leader_rebalancer.cc:388] table: test-workload, leader rebalance finish, leader transfer count: 1
I20260608 13:03:25.071099 11508 auto_leader_rebalancer.cc:451] All tables' leader rebalancing finished this round
I20260608 13:03:25.222957 11756 consensus_queue.cc:1048] T 53e8322df74343ea873e2b4a521e4ccb P ef8daec3c3a840f3b02d0d26565c6feb [LEADER]: Connected to new peer: Peer: permanent_uuid: "8c31bf028e7b4dec847d7c0d9316d160" member_type: VOTER last_known_addr { host: "127.9.150.130" port: 36719 }, Status: LMP_MISMATCH, Last received: 0.0, Next index: 1, Last known committed idx: 0, Time since last communication: 0.000s
I20260608 13:03:25.237074 11772 consensus_queue.cc:1048] T 53e8322df74343ea873e2b4a521e4ccb P ef8daec3c3a840f3b02d0d26565c6feb [LEADER]: Connected to new peer: Peer: permanent_uuid: "8f6411e1472443c3a5123e4f67997f0c" member_type: VOTER last_known_addr { host: "127.9.150.129" port: 46017 }, Status: LMP_MISMATCH, Last received: 0.0, Next index: 1, Last known committed idx: 0, Time since last communication: 0.000s
I20260608 13:03:25.246310 11764 raft_consensus.cc:993] T 53e8322df74343ea873e2b4a521e4ccb P ef8daec3c3a840f3b02d0d26565c6feb: : Instructing follower 8f6411e1472443c3a5123e4f67997f0c to start an election
I20260608 13:03:25.246722 11772 raft_consensus.cc:1081] T 53e8322df74343ea873e2b4a521e4ccb P ef8daec3c3a840f3b02d0d26565c6feb [term 1 LEADER]: Signalling peer 8f6411e1472443c3a5123e4f67997f0c to start an election
I20260608 13:03:25.248560 11557 tablet_service.cc:2044] Received Run Leader Election RPC: tablet_id: "53e8322df74343ea873e2b4a521e4ccb"
dest_uuid: "8f6411e1472443c3a5123e4f67997f0c"
 from {username='slave'} at 127.0.0.1:36796
I20260608 13:03:25.249141 11557 raft_consensus.cc:493] T 53e8322df74343ea873e2b4a521e4ccb P 8f6411e1472443c3a5123e4f67997f0c [term 1 FOLLOWER]: Starting forced leader election (received explicit request)
I20260608 13:03:25.249466 11557 raft_consensus.cc:3060] T 53e8322df74343ea873e2b4a521e4ccb P 8f6411e1472443c3a5123e4f67997f0c [term 1 FOLLOWER]: Advancing to term 2
I20260608 13:03:25.254129 11557 raft_consensus.cc:515] T 53e8322df74343ea873e2b4a521e4ccb P 8f6411e1472443c3a5123e4f67997f0c [term 2 FOLLOWER]: Starting forced leader election with config: opid_index: -1 OBSOLETE_local: false peers { permanent_uuid: "8f6411e1472443c3a5123e4f67997f0c" member_type: VOTER last_known_addr { host: "127.9.150.129" port: 46017 } } peers { permanent_uuid: "8c31bf028e7b4dec847d7c0d9316d160" member_type: VOTER last_known_addr { host: "127.9.150.130" port: 36719 } } peers { permanent_uuid: "ef8daec3c3a840f3b02d0d26565c6feb" member_type: VOTER last_known_addr { host: "127.9.150.131" port: 41317 } }
I20260608 13:03:25.256285 11557 leader_election.cc:290] T 53e8322df74343ea873e2b4a521e4ccb P 8f6411e1472443c3a5123e4f67997f0c [CANDIDATE]: Term 2 election: Requested vote from peers 8c31bf028e7b4dec847d7c0d9316d160 (127.9.150.130:36719), ef8daec3c3a840f3b02d0d26565c6feb (127.9.150.131:41317)
I20260608 13:03:25.268405 11706 tablet_service.cc:1917] Received RequestConsensusVote() RPC: tablet_id: "53e8322df74343ea873e2b4a521e4ccb" candidate_uuid: "8f6411e1472443c3a5123e4f67997f0c" candidate_term: 2 candidate_status { last_received { term: 1 index: 1 } } ignore_live_leader: true dest_uuid: "ef8daec3c3a840f3b02d0d26565c6feb"
I20260608 13:03:25.268959 11706 raft_consensus.cc:3055] T 53e8322df74343ea873e2b4a521e4ccb P ef8daec3c3a840f3b02d0d26565c6feb [term 1 LEADER]: Stepping down as leader of term 1
I20260608 13:03:25.269344 11706 raft_consensus.cc:740] T 53e8322df74343ea873e2b4a521e4ccb P ef8daec3c3a840f3b02d0d26565c6feb [term 1 LEADER]: Becoming Follower/Learner. State: Replica: ef8daec3c3a840f3b02d0d26565c6feb, State: Running, Role: LEADER
I20260608 13:03:25.270154 11632 tablet_service.cc:1917] Received RequestConsensusVote() RPC: tablet_id: "53e8322df74343ea873e2b4a521e4ccb" candidate_uuid: "8f6411e1472443c3a5123e4f67997f0c" candidate_term: 2 candidate_status { last_received { term: 1 index: 1 } } ignore_live_leader: true dest_uuid: "8c31bf028e7b4dec847d7c0d9316d160"
I20260608 13:03:25.270279 11706 consensus_queue.cc:260] T 53e8322df74343ea873e2b4a521e4ccb P ef8daec3c3a840f3b02d0d26565c6feb [NON_LEADER]: Queue going to NON_LEADER mode. State: All replicated index: 0, Majority replicated index: 1, Committed index: 1, Last appended: 1.1, Last appended by leader: 1, Current term: 1, Majority size: -1, State: 0, Mode: NON_LEADER, active raft config: opid_index: -1 OBSOLETE_local: false peers { permanent_uuid: "8f6411e1472443c3a5123e4f67997f0c" member_type: VOTER last_known_addr { host: "127.9.150.129" port: 46017 } } peers { permanent_uuid: "8c31bf028e7b4dec847d7c0d9316d160" member_type: VOTER last_known_addr { host: "127.9.150.130" port: 36719 } } peers { permanent_uuid: "ef8daec3c3a840f3b02d0d26565c6feb" member_type: VOTER last_known_addr { host: "127.9.150.131" port: 41317 } }
I20260608 13:03:25.270628 11632 raft_consensus.cc:3060] T 53e8322df74343ea873e2b4a521e4ccb P 8c31bf028e7b4dec847d7c0d9316d160 [term 1 FOLLOWER]: Advancing to term 2
I20260608 13:03:25.271333 11706 raft_consensus.cc:3060] T 53e8322df74343ea873e2b4a521e4ccb P ef8daec3c3a840f3b02d0d26565c6feb [term 1 FOLLOWER]: Advancing to term 2
I20260608 13:03:25.275279 11632 raft_consensus.cc:2468] T 53e8322df74343ea873e2b4a521e4ccb P 8c31bf028e7b4dec847d7c0d9316d160 [term 2 FOLLOWER]: Leader election vote request: Granting yes vote for candidate 8f6411e1472443c3a5123e4f67997f0c in term 2.
I20260608 13:03:25.276005 11706 raft_consensus.cc:2468] T 53e8322df74343ea873e2b4a521e4ccb P ef8daec3c3a840f3b02d0d26565c6feb [term 2 FOLLOWER]: Leader election vote request: Granting yes vote for candidate 8f6411e1472443c3a5123e4f67997f0c in term 2.
I20260608 13:03:25.276357 11522 leader_election.cc:304] T 53e8322df74343ea873e2b4a521e4ccb P 8f6411e1472443c3a5123e4f67997f0c [CANDIDATE]: Term 2 election: Election decided. Result: candidate won. Election summary: received 2 responses out of 3 voters: 2 yes votes; 0 no votes. yes voters: 8c31bf028e7b4dec847d7c0d9316d160, 8f6411e1472443c3a5123e4f67997f0c; no voters: 
I20260608 13:03:25.277241 11774 raft_consensus.cc:2804] T 53e8322df74343ea873e2b4a521e4ccb P 8f6411e1472443c3a5123e4f67997f0c [term 2 FOLLOWER]: Leader election won for term 2
I20260608 13:03:25.278363 11774 raft_consensus.cc:697] T 53e8322df74343ea873e2b4a521e4ccb P 8f6411e1472443c3a5123e4f67997f0c [term 2 LEADER]: Becoming Leader. State: Replica: 8f6411e1472443c3a5123e4f67997f0c, State: Running, Role: LEADER
I20260608 13:03:25.279191 11774 consensus_queue.cc:237] T 53e8322df74343ea873e2b4a521e4ccb P 8f6411e1472443c3a5123e4f67997f0c [LEADER]: Queue going to LEADER mode. State: All replicated index: 0, Majority replicated index: 1, Committed index: 1, Last appended: 1.1, Last appended by leader: 1, Current term: 2, Majority size: 2, State: 0, Mode: LEADER, active raft config: opid_index: -1 OBSOLETE_local: false peers { permanent_uuid: "8f6411e1472443c3a5123e4f67997f0c" member_type: VOTER last_known_addr { host: "127.9.150.129" port: 46017 } } peers { permanent_uuid: "8c31bf028e7b4dec847d7c0d9316d160" member_type: VOTER last_known_addr { host: "127.9.150.130" port: 36719 } } peers { permanent_uuid: "ef8daec3c3a840f3b02d0d26565c6feb" member_type: VOTER last_known_addr { host: "127.9.150.131" port: 41317 } }
I20260608 13:03:25.285209 11453 catalog_manager.cc:5696] T 53e8322df74343ea873e2b4a521e4ccb P 8f6411e1472443c3a5123e4f67997f0c reported cstate change: term changed from 1 to 2, leader changed from ef8daec3c3a840f3b02d0d26565c6feb (127.9.150.131) to 8f6411e1472443c3a5123e4f67997f0c (127.9.150.129). New cstate: current_term: 2 leader_uuid: "8f6411e1472443c3a5123e4f67997f0c" committed_config { opid_index: -1 OBSOLETE_local: false peers { permanent_uuid: "8f6411e1472443c3a5123e4f67997f0c" member_type: VOTER last_known_addr { host: "127.9.150.129" port: 46017 } health_report { overall_health: HEALTHY } } peers { permanent_uuid: "8c31bf028e7b4dec847d7c0d9316d160" member_type: VOTER last_known_addr { host: "127.9.150.130" port: 36719 } health_report { overall_health: UNKNOWN } } peers { permanent_uuid: "ef8daec3c3a840f3b02d0d26565c6feb" member_type: VOTER last_known_addr { host: "127.9.150.131" port: 41317 } health_report { overall_health: UNKNOWN } } }
I20260608 13:03:25.365559 11772 consensus_queue.cc:1048] T 16c4b83a2d0f48f6b70553d36bf99a75 P ef8daec3c3a840f3b02d0d26565c6feb [LEADER]: Connected to new peer: Peer: permanent_uuid: "8c31bf028e7b4dec847d7c0d9316d160" member_type: VOTER last_known_addr { host: "127.9.150.130" port: 36719 }, Status: LMP_MISMATCH, Last received: 0.0, Next index: 1, Last known committed idx: 0, Time since last communication: 0.000s
I20260608 13:03:25.376091 11756 consensus_queue.cc:1048] T 16c4b83a2d0f48f6b70553d36bf99a75 P ef8daec3c3a840f3b02d0d26565c6feb [LEADER]: Connected to new peer: Peer: permanent_uuid: "8f6411e1472443c3a5123e4f67997f0c" member_type: VOTER last_known_addr { host: "127.9.150.129" port: 46017 }, Status: LMP_MISMATCH, Last received: 0.0, Next index: 1, Last known committed idx: 0, Time since last communication: 0.000s
I20260608 13:03:25.733606 11706 raft_consensus.cc:1275] T 53e8322df74343ea873e2b4a521e4ccb P ef8daec3c3a840f3b02d0d26565c6feb [term 2 FOLLOWER]: Refusing update from remote peer 8f6411e1472443c3a5123e4f67997f0c: Log matching property violated. Preceding OpId in replica: term: 1 index: 1. Preceding OpId from leader: term: 2 index: 2. (index mismatch)
I20260608 13:03:25.734961 11774 consensus_queue.cc:1048] T 53e8322df74343ea873e2b4a521e4ccb P 8f6411e1472443c3a5123e4f67997f0c [LEADER]: Connected to new peer: Peer: permanent_uuid: "ef8daec3c3a840f3b02d0d26565c6feb" member_type: VOTER last_known_addr { host: "127.9.150.131" port: 41317 }, Status: LMP_MISMATCH, Last received: 0.0, Next index: 2, Last known committed idx: 1, Time since last communication: 0.000s
I20260608 13:03:25.743521 11632 raft_consensus.cc:1275] T 53e8322df74343ea873e2b4a521e4ccb P 8c31bf028e7b4dec847d7c0d9316d160 [term 2 FOLLOWER]: Refusing update from remote peer 8f6411e1472443c3a5123e4f67997f0c: Log matching property violated. Preceding OpId in replica: term: 1 index: 1. Preceding OpId from leader: term: 2 index: 2. (index mismatch)
I20260608 13:03:25.745121 11774 consensus_queue.cc:1048] T 53e8322df74343ea873e2b4a521e4ccb P 8f6411e1472443c3a5123e4f67997f0c [LEADER]: Connected to new peer: Peer: permanent_uuid: "8c31bf028e7b4dec847d7c0d9316d160" member_type: VOTER last_known_addr { host: "127.9.150.130" port: 36719 }, Status: LMP_MISMATCH, Last received: 0.0, Next index: 2, Last known committed idx: 1, Time since last communication: 0.000s
I20260608 13:03:27.071962 11508 auto_leader_rebalancer.cc:140] leader rebalance for table test-workload
I20260608 13:03:27.074209 11508 auto_leader_rebalancer.cc:388] table: test-workload, leader rebalance finish, leader transfer count: 0
I20260608 13:03:27.074563 11508 auto_leader_rebalancer.cc:451] All tables' leader rebalancing finished this round
I20260608 13:03:29.075380 11508 auto_leader_rebalancer.cc:140] leader rebalance for table test-workload
I20260608 13:03:29.077605 11508 auto_leader_rebalancer.cc:388] table: test-workload, leader rebalance finish, leader transfer count: 0
I20260608 13:03:29.077936 11508 auto_leader_rebalancer.cc:451] All tables' leader rebalancing finished this round
I20260608 13:03:31.078907 11508 auto_leader_rebalancer.cc:140] leader rebalance for table test-workload
I20260608 13:03:31.081141 11508 auto_leader_rebalancer.cc:388] table: test-workload, leader rebalance finish, leader transfer count: 0
I20260608 13:03:31.081476 11508 auto_leader_rebalancer.cc:451] All tables' leader rebalancing finished this round
I20260608 13:03:33.082644 11508 auto_leader_rebalancer.cc:140] leader rebalance for table test-workload
I20260608 13:03:33.084995 11508 auto_leader_rebalancer.cc:388] table: test-workload, leader rebalance finish, leader transfer count: 0
I20260608 13:03:33.085310 11508 auto_leader_rebalancer.cc:451] All tables' leader rebalancing finished this round
I20260608 13:03:35.086282 11508 auto_leader_rebalancer.cc:140] leader rebalance for table test-workload
I20260608 13:03:35.088277 11508 auto_leader_rebalancer.cc:388] table: test-workload, leader rebalance finish, leader transfer count: 0
I20260608 13:03:35.088589 11508 auto_leader_rebalancer.cc:451] All tables' leader rebalancing finished this round
I20260608 13:03:35.947598  9818 file_cache.cc:492] Constructed file cache file cache with capacity 419430
W20260608 13:03:35.955518 11788 instance_detector.cc:116] could not retrieve AWS instance metadata: Network error: curl error: HTTP response code said error: The requested URL returned error: 404
W20260608 13:03:35.955667 11789 instance_detector.cc:116] could not retrieve Azure instance metadata: Network error: curl error: HTTP response code said error: The requested URL returned error: 404
I20260608 13:03:35.959244  9818 server_base.cc:1061] running on GCE node
W20260608 13:03:35.959331 11791 instance_detector.cc:116] could not retrieve OpenStack instance metadata: Network error: curl error: HTTP response code said error: The requested URL returned error: 404
I20260608 13:03:35.960580  9818 hybrid_clock.cc:584] initializing the hybrid clock with 'system_unsync' time source
W20260608 13:03:35.960788  9818 system_unsync_time.cc:38] NTP support is disabled. Clock error bounds will not be accurate. This configuration is not suitable for distributed clusters.
I20260608 13:03:35.960935  9818 hybrid_clock.cc:648] HybridClock initialized: now 1780923815960924 us; error 0 us; skew 500 ppm
I20260608 13:03:35.961469  9818 server_base.cc:861] Flag tcmalloc_max_total_thread_cache_bytes is not working since tcmalloc is not enabled.
I20260608 13:03:35.964546  9818 webserver.cc:533] Webserver started at http://127.9.150.132:34549/ using document root <none> and password file <none>
I20260608 13:03:35.965083  9818 fs_manager.cc:362] Metadata directory not provided
I20260608 13:03:35.965257  9818 fs_manager.cc:368] Using write-ahead log directory (fs_wal_dir) as metadata directory
I20260608 13:03:35.965528  9818 server_base.cc:909] This appears to be a new deployment of Kudu; creating new FS layout
I20260608 13:03:35.966924  9818 fs_manager.cc:1068] Generated new instance metadata in path /tmp/dist-test-taskUNqmU6/test-tmp/auto_rebalancer-test.0.AutoRebalancerTest.MovesScheduledIfAddTserver.1780923781881524-9818-0/minicluster-data/ts-3-root/instance:
uuid: "e8109080b1d0496cb552b0f14bc907e8"
format_stamp: "Formatted at 2026-06-08 13:03:35 on dist-test-slave-5t9v"
I20260608 13:03:35.972044  9818 fs_manager.cc:696] Time spent creating directory manager: real 0.005s	user 0.005s	sys 0.000s
I20260608 13:03:35.976025 11796 log_block_manager.cc:4031] Time spent loading block containers with low live blocks: real 0.000s	user 0.000s	sys 0.000s
I20260608 13:03:35.976933  9818 fs_manager.cc:730] Time spent opening block manager: real 0.003s	user 0.001s	sys 0.000s
I20260608 13:03:35.977226  9818 fs_manager.cc:647] Opened local filesystem: /tmp/dist-test-taskUNqmU6/test-tmp/auto_rebalancer-test.0.AutoRebalancerTest.MovesScheduledIfAddTserver.1780923781881524-9818-0/minicluster-data/ts-3-root
uuid: "e8109080b1d0496cb552b0f14bc907e8"
format_stamp: "Formatted at 2026-06-08 13:03:35 on dist-test-slave-5t9v"
I20260608 13:03:35.977471  9818 fs_report.cc:389] FS layout report
--------------------
wal directory: /tmp/dist-test-taskUNqmU6/test-tmp/auto_rebalancer-test.0.AutoRebalancerTest.MovesScheduledIfAddTserver.1780923781881524-9818-0/minicluster-data/ts-3-root
metadata directory: /tmp/dist-test-taskUNqmU6/test-tmp/auto_rebalancer-test.0.AutoRebalancerTest.MovesScheduledIfAddTserver.1780923781881524-9818-0/minicluster-data/ts-3-root
1 data directories: /tmp/dist-test-taskUNqmU6/test-tmp/auto_rebalancer-test.0.AutoRebalancerTest.MovesScheduledIfAddTserver.1780923781881524-9818-0/minicluster-data/ts-3-root/data
Total live blocks: 0
Total live bytes: 0
Total live bytes (after alignment): 0
Total number of LBM containers: 0 (0 full)
Did not check for missing blocks
Did not check for orphaned blocks
Total full LBM containers with extra space: 0 (0 repaired)
Total full LBM container extra space in bytes: 0 (0 repaired)
Total incomplete LBM containers: 0 (0 repaired)
Total LBM partial records: 0 (0 repaired)
Total corrupted LBM metadata records in RocksDB: 0 (0 repaired)
I20260608 13:03:35.987335  9818 rpc_server.cc:225] running with OpenSSL 1.1.1  11 Sep 2018
I20260608 13:03:35.988605  9818 kserver.cc:163] Server-wide thread pool size limit: 3276
I20260608 13:03:35.990116  9818 txn_system_client.cc:432] TxnSystemClient initialization is disabled...
I20260608 13:03:35.992681  9818 ts_tablet_manager.cc:585] Loaded tablet metadata (0 total tablets, 0 live tablets)
I20260608 13:03:35.992874  9818 ts_tablet_manager.cc:531] Time spent load tablet metadata: real 0.000s	user 0.000s	sys 0.000s
I20260608 13:03:35.993139  9818 ts_tablet_manager.cc:616] Registered 0 tablets
I20260608 13:03:35.993295  9818 ts_tablet_manager.cc:595] Time spent register tablets: real 0.000s	user 0.000s	sys 0.000s
I20260608 13:03:36.037633  9818 rpc_server.cc:307] RPC server started. Bound to: 127.9.150.132:43001
I20260608 13:03:36.037819 11858 acceptor_pool.cc:272] collecting diagnostics on the listening RPC socket 127.9.150.132:43001 every 8 connection(s)
I20260608 13:03:36.060766 11859 heartbeater.cc:344] Connected to a master server at 127.9.150.190:36159
I20260608 13:03:36.061291 11859 heartbeater.cc:461] Registering TS with master...
I20260608 13:03:36.062215 11859 heartbeater.cc:507] Master 127.9.150.190:36159 requested a full tablet report, sending...
I20260608 13:03:36.064375 11454 ts_manager.cc:194] Registered new tserver with Master: e8109080b1d0496cb552b0f14bc907e8 (127.9.150.132:43001)
