I20260608 13:03:04.684621  9393 consensus_queue.cc:260] T aa27b94037684aa2bab93f92df483a7f P 4adbe7bc7dbe465cba0999f17c40d774 [NON_LEADER]: Queue going to NON_LEADER mode. State: All replicated index: 0, Majority replicated index: 0, Committed index: 0, Last appended: 0.0, Last appended by leader: 0, Current term: 0, Majority size: -1, State: 0, Mode: NON_LEADER, active raft config: opid_index: -1 OBSOLETE_local: false peers { permanent_uuid: "e6323f6ddfd2412aaf8f377a6595565c" member_type: VOTER last_known_addr { host: "127.8.86.1" port: 34551 } } peers { permanent_uuid: "4adbe7bc7dbe465cba0999f17c40d774" member_type: VOTER last_known_addr { host: "127.8.86.2" port: 41563 } } peers { permanent_uuid: "8f0b57e3cff24f3a92122f52fdd59c8c" member_type: VOTER last_known_addr { host: "127.8.86.3" port: 45963 } }
I20260608 13:03:04.686686  9393 ts_tablet_manager.cc:1434] T aa27b94037684aa2bab93f92df483a7f P 4adbe7bc7dbe465cba0999f17c40d774: Time spent starting tablet: real 0.006s	user 0.002s	sys 0.002s
I20260608 13:03:04.687403  9393 tablet_bootstrap.cc:492] T 0b12b5a3da3a4fb39cbd7fea97be5bb3 P 4adbe7bc7dbe465cba0999f17c40d774: Bootstrap starting.
I20260608 13:03:04.688452  9395 tablet_bootstrap.cc:492] T 0b12b5a3da3a4fb39cbd7fea97be5bb3 P 8f0b57e3cff24f3a92122f52fdd59c8c: No bootstrap required, opened a new log
I20260608 13:03:04.688921  9395 ts_tablet_manager.cc:1403] T 0b12b5a3da3a4fb39cbd7fea97be5bb3 P 8f0b57e3cff24f3a92122f52fdd59c8c: Time spent bootstrapping tablet: real 0.012s	user 0.008s	sys 0.003s
I20260608 13:03:04.691407  9395 raft_consensus.cc:359] T 0b12b5a3da3a4fb39cbd7fea97be5bb3 P 8f0b57e3cff24f3a92122f52fdd59c8c [term 0 FOLLOWER]: Replica starting. Triggering 0 pending ops. Active config: opid_index: -1 OBSOLETE_local: false peers { permanent_uuid: "e6323f6ddfd2412aaf8f377a6595565c" member_type: VOTER last_known_addr { host: "127.8.86.1" port: 34551 } } peers { permanent_uuid: "4adbe7bc7dbe465cba0999f17c40d774" member_type: VOTER last_known_addr { host: "127.8.86.2" port: 41563 } } peers { permanent_uuid: "8f0b57e3cff24f3a92122f52fdd59c8c" member_type: VOTER last_known_addr { host: "127.8.86.3" port: 45963 } }
I20260608 13:03:04.692018  9395 raft_consensus.cc:385] T 0b12b5a3da3a4fb39cbd7fea97be5bb3 P 8f0b57e3cff24f3a92122f52fdd59c8c [term 0 FOLLOWER]: Consensus starting up: Expiring failure detector timer to make a prompt election more likely
I20260608 13:03:04.692281  9395 raft_consensus.cc:740] T 0b12b5a3da3a4fb39cbd7fea97be5bb3 P 8f0b57e3cff24f3a92122f52fdd59c8c [term 0 FOLLOWER]: Becoming Follower/Learner. State: Replica: 8f0b57e3cff24f3a92122f52fdd59c8c, State: Initialized, Role: FOLLOWER
I20260608 13:03:04.693017  9395 consensus_queue.cc:260] T 0b12b5a3da3a4fb39cbd7fea97be5bb3 P 8f0b57e3cff24f3a92122f52fdd59c8c [NON_LEADER]: Queue going to NON_LEADER mode. State: All replicated index: 0, Majority replicated index: 0, Committed index: 0, Last appended: 0.0, Last appended by leader: 0, Current term: 0, Majority size: -1, State: 0, Mode: NON_LEADER, active raft config: opid_index: -1 OBSOLETE_local: false peers { permanent_uuid: "e6323f6ddfd2412aaf8f377a6595565c" member_type: VOTER last_known_addr { host: "127.8.86.1" port: 34551 } } peers { permanent_uuid: "4adbe7bc7dbe465cba0999f17c40d774" member_type: VOTER last_known_addr { host: "127.8.86.2" port: 41563 } } peers { permanent_uuid: "8f0b57e3cff24f3a92122f52fdd59c8c" member_type: VOTER last_known_addr { host: "127.8.86.3" port: 45963 } }
I20260608 13:03:04.693652  9394 ts_tablet_manager.cc:1434] T 1a91b2fdde3b43ac9846b5cecb8364bb P e6323f6ddfd2412aaf8f377a6595565c: Time spent starting tablet: real 0.019s	user 0.005s	sys 0.000s
I20260608 13:03:04.694542  9394 tablet_bootstrap.cc:492] T f2f8ccc0152142c38a02adb9ac065e53 P e6323f6ddfd2412aaf8f377a6595565c: Bootstrap starting.
I20260608 13:03:04.695091  9395 ts_tablet_manager.cc:1434] T 0b12b5a3da3a4fb39cbd7fea97be5bb3 P 8f0b57e3cff24f3a92122f52fdd59c8c: Time spent starting tablet: real 0.006s	user 0.006s	sys 0.001s
I20260608 13:03:04.695971  9395 tablet_bootstrap.cc:492] T d5125a720c80401e949a78e318bba666 P 8f0b57e3cff24f3a92122f52fdd59c8c: Bootstrap starting.
I20260608 13:03:04.699730  9394 tablet_bootstrap.cc:654] T f2f8ccc0152142c38a02adb9ac065e53 P e6323f6ddfd2412aaf8f377a6595565c: Neither blocks nor log segments found. Creating new log.
I20260608 13:03:04.701568  9395 tablet_bootstrap.cc:654] T d5125a720c80401e949a78e318bba666 P 8f0b57e3cff24f3a92122f52fdd59c8c: Neither blocks nor log segments found. Creating new log.
I20260608 13:03:04.702051  9393 tablet_bootstrap.cc:654] T 0b12b5a3da3a4fb39cbd7fea97be5bb3 P 4adbe7bc7dbe465cba0999f17c40d774: Neither blocks nor log segments found. Creating new log.
I20260608 13:03:04.707499  9395 tablet_bootstrap.cc:492] T d5125a720c80401e949a78e318bba666 P 8f0b57e3cff24f3a92122f52fdd59c8c: No bootstrap required, opened a new log
I20260608 13:03:04.707530  9394 tablet_bootstrap.cc:492] T f2f8ccc0152142c38a02adb9ac065e53 P e6323f6ddfd2412aaf8f377a6595565c: No bootstrap required, opened a new log
I20260608 13:03:04.707638  9393 tablet_bootstrap.cc:492] T 0b12b5a3da3a4fb39cbd7fea97be5bb3 P 4adbe7bc7dbe465cba0999f17c40d774: No bootstrap required, opened a new log
I20260608 13:03:04.708226  9395 ts_tablet_manager.cc:1403] T d5125a720c80401e949a78e318bba666 P 8f0b57e3cff24f3a92122f52fdd59c8c: Time spent bootstrapping tablet: real 0.012s	user 0.005s	sys 0.005s
I20260608 13:03:04.708330  9394 ts_tablet_manager.cc:1403] T f2f8ccc0152142c38a02adb9ac065e53 P e6323f6ddfd2412aaf8f377a6595565c: Time spent bootstrapping tablet: real 0.014s	user 0.005s	sys 0.005s
I20260608 13:03:04.708410  9393 ts_tablet_manager.cc:1403] T 0b12b5a3da3a4fb39cbd7fea97be5bb3 P 4adbe7bc7dbe465cba0999f17c40d774: Time spent bootstrapping tablet: real 0.021s	user 0.010s	sys 0.000s
I20260608 13:03:04.711259  9394 raft_consensus.cc:359] T f2f8ccc0152142c38a02adb9ac065e53 P e6323f6ddfd2412aaf8f377a6595565c [term 0 FOLLOWER]: Replica starting. Triggering 0 pending ops. Active config: opid_index: -1 OBSOLETE_local: false peers { permanent_uuid: "e6323f6ddfd2412aaf8f377a6595565c" member_type: VOTER last_known_addr { host: "127.8.86.1" port: 34551 } } peers { permanent_uuid: "4adbe7bc7dbe465cba0999f17c40d774" member_type: VOTER last_known_addr { host: "127.8.86.2" port: 41563 } } peers { permanent_uuid: "8f0b57e3cff24f3a92122f52fdd59c8c" member_type: VOTER last_known_addr { host: "127.8.86.3" port: 45963 } }
I20260608 13:03:04.711453  9393 raft_consensus.cc:359] T 0b12b5a3da3a4fb39cbd7fea97be5bb3 P 4adbe7bc7dbe465cba0999f17c40d774 [term 0 FOLLOWER]: Replica starting. Triggering 0 pending ops. Active config: opid_index: -1 OBSOLETE_local: false peers { permanent_uuid: "e6323f6ddfd2412aaf8f377a6595565c" member_type: VOTER last_known_addr { host: "127.8.86.1" port: 34551 } } peers { permanent_uuid: "4adbe7bc7dbe465cba0999f17c40d774" member_type: VOTER last_known_addr { host: "127.8.86.2" port: 41563 } } peers { permanent_uuid: "8f0b57e3cff24f3a92122f52fdd59c8c" member_type: VOTER last_known_addr { host: "127.8.86.3" port: 45963 } }
I20260608 13:03:04.711848  9394 raft_consensus.cc:385] T f2f8ccc0152142c38a02adb9ac065e53 P e6323f6ddfd2412aaf8f377a6595565c [term 0 FOLLOWER]: Consensus starting up: Expiring failure detector timer to make a prompt election more likely
I20260608 13:03:04.712005  9393 raft_consensus.cc:385] T 0b12b5a3da3a4fb39cbd7fea97be5bb3 P 4adbe7bc7dbe465cba0999f17c40d774 [term 0 FOLLOWER]: Consensus starting up: Expiring failure detector timer to make a prompt election more likely
I20260608 13:03:04.711781  9395 raft_consensus.cc:359] T d5125a720c80401e949a78e318bba666 P 8f0b57e3cff24f3a92122f52fdd59c8c [term 0 FOLLOWER]: Replica starting. Triggering 0 pending ops. Active config: opid_index: -1 OBSOLETE_local: false peers { permanent_uuid: "e6323f6ddfd2412aaf8f377a6595565c" member_type: VOTER last_known_addr { host: "127.8.86.1" port: 34551 } } peers { permanent_uuid: "4adbe7bc7dbe465cba0999f17c40d774" member_type: VOTER last_known_addr { host: "127.8.86.2" port: 41563 } } peers { permanent_uuid: "8f0b57e3cff24f3a92122f52fdd59c8c" member_type: VOTER last_known_addr { host: "127.8.86.3" port: 45963 } }
I20260608 13:03:04.712288  9394 raft_consensus.cc:740] T f2f8ccc0152142c38a02adb9ac065e53 P e6323f6ddfd2412aaf8f377a6595565c [term 0 FOLLOWER]: Becoming Follower/Learner. State: Replica: e6323f6ddfd2412aaf8f377a6595565c, State: Initialized, Role: FOLLOWER
I20260608 13:03:04.712364  9393 raft_consensus.cc:740] T 0b12b5a3da3a4fb39cbd7fea97be5bb3 P 4adbe7bc7dbe465cba0999f17c40d774 [term 0 FOLLOWER]: Becoming Follower/Learner. State: Replica: 4adbe7bc7dbe465cba0999f17c40d774, State: Initialized, Role: FOLLOWER
I20260608 13:03:04.712527  9395 raft_consensus.cc:385] T d5125a720c80401e949a78e318bba666 P 8f0b57e3cff24f3a92122f52fdd59c8c [term 0 FOLLOWER]: Consensus starting up: Expiring failure detector timer to make a prompt election more likely
I20260608 13:03:04.712885  9395 raft_consensus.cc:740] T d5125a720c80401e949a78e318bba666 P 8f0b57e3cff24f3a92122f52fdd59c8c [term 0 FOLLOWER]: Becoming Follower/Learner. State: Replica: 8f0b57e3cff24f3a92122f52fdd59c8c, State: Initialized, Role: FOLLOWER
I20260608 13:03:04.713188  9394 consensus_queue.cc:260] T f2f8ccc0152142c38a02adb9ac065e53 P e6323f6ddfd2412aaf8f377a6595565c [NON_LEADER]: Queue going to NON_LEADER mode. State: All replicated index: 0, Majority replicated index: 0, Committed index: 0, Last appended: 0.0, Last appended by leader: 0, Current term: 0, Majority size: -1, State: 0, Mode: NON_LEADER, active raft config: opid_index: -1 OBSOLETE_local: false peers { permanent_uuid: "e6323f6ddfd2412aaf8f377a6595565c" member_type: VOTER last_known_addr { host: "127.8.86.1" port: 34551 } } peers { permanent_uuid: "4adbe7bc7dbe465cba0999f17c40d774" member_type: VOTER last_known_addr { host: "127.8.86.2" port: 41563 } } peers { permanent_uuid: "8f0b57e3cff24f3a92122f52fdd59c8c" member_type: VOTER last_known_addr { host: "127.8.86.3" port: 45963 } }
I20260608 13:03:04.713199  9393 consensus_queue.cc:260] T 0b12b5a3da3a4fb39cbd7fea97be5bb3 P 4adbe7bc7dbe465cba0999f17c40d774 [NON_LEADER]: Queue going to NON_LEADER mode. State: All replicated index: 0, Majority replicated index: 0, Committed index: 0, Last appended: 0.0, Last appended by leader: 0, Current term: 0, Majority size: -1, State: 0, Mode: NON_LEADER, active raft config: opid_index: -1 OBSOLETE_local: false peers { permanent_uuid: "e6323f6ddfd2412aaf8f377a6595565c" member_type: VOTER last_known_addr { host: "127.8.86.1" port: 34551 } } peers { permanent_uuid: "4adbe7bc7dbe465cba0999f17c40d774" member_type: VOTER last_known_addr { host: "127.8.86.2" port: 41563 } } peers { permanent_uuid: "8f0b57e3cff24f3a92122f52fdd59c8c" member_type: VOTER last_known_addr { host: "127.8.86.3" port: 45963 } }
I20260608 13:03:04.713629  9395 consensus_queue.cc:260] T d5125a720c80401e949a78e318bba666 P 8f0b57e3cff24f3a92122f52fdd59c8c [NON_LEADER]: Queue going to NON_LEADER mode. State: All replicated index: 0, Majority replicated index: 0, Committed index: 0, Last appended: 0.0, Last appended by leader: 0, Current term: 0, Majority size: -1, State: 0, Mode: NON_LEADER, active raft config: opid_index: -1 OBSOLETE_local: false peers { permanent_uuid: "e6323f6ddfd2412aaf8f377a6595565c" member_type: VOTER last_known_addr { host: "127.8.86.1" port: 34551 } } peers { permanent_uuid: "4adbe7bc7dbe465cba0999f17c40d774" member_type: VOTER last_known_addr { host: "127.8.86.2" port: 41563 } } peers { permanent_uuid: "8f0b57e3cff24f3a92122f52fdd59c8c" member_type: VOTER last_known_addr { host: "127.8.86.3" port: 45963 } }
I20260608 13:03:04.716912  9394 ts_tablet_manager.cc:1434] T f2f8ccc0152142c38a02adb9ac065e53 P e6323f6ddfd2412aaf8f377a6595565c: Time spent starting tablet: real 0.008s	user 0.003s	sys 0.003s
I20260608 13:03:04.717640  9400 raft_consensus.cc:493] T 1a91b2fdde3b43ac9846b5cecb8364bb P 8f0b57e3cff24f3a92122f52fdd59c8c [term 0 FOLLOWER]: Starting pre-election (no leader contacted us within the election timeout)
I20260608 13:03:04.717742  9394 tablet_bootstrap.cc:492] T 4d2af601529942c39fe58fdf9f5eb8ff P e6323f6ddfd2412aaf8f377a6595565c: Bootstrap starting.
I20260608 13:03:04.718080  9400 raft_consensus.cc:515] T 1a91b2fdde3b43ac9846b5cecb8364bb P 8f0b57e3cff24f3a92122f52fdd59c8c [term 0 FOLLOWER]: Starting pre-election with config: opid_index: -1 OBSOLETE_local: false peers { permanent_uuid: "e6323f6ddfd2412aaf8f377a6595565c" member_type: VOTER last_known_addr { host: "127.8.86.1" port: 34551 } } peers { permanent_uuid: "4adbe7bc7dbe465cba0999f17c40d774" member_type: VOTER last_known_addr { host: "127.8.86.2" port: 41563 } } peers { permanent_uuid: "8f0b57e3cff24f3a92122f52fdd59c8c" member_type: VOTER last_known_addr { host: "127.8.86.3" port: 45963 } }
I20260608 13:03:04.722070  9393 ts_tablet_manager.cc:1434] T 0b12b5a3da3a4fb39cbd7fea97be5bb3 P 4adbe7bc7dbe465cba0999f17c40d774: Time spent starting tablet: real 0.013s	user 0.003s	sys 0.002s
I20260608 13:03:04.722920  9393 tablet_bootstrap.cc:492] T f2f8ccc0152142c38a02adb9ac065e53 P 4adbe7bc7dbe465cba0999f17c40d774: Bootstrap starting.
I20260608 13:03:04.725132  9394 tablet_bootstrap.cc:654] T 4d2af601529942c39fe58fdf9f5eb8ff P e6323f6ddfd2412aaf8f377a6595565c: Neither blocks nor log segments found. Creating new log.
I20260608 13:03:04.725773  9400 leader_election.cc:290] T 1a91b2fdde3b43ac9846b5cecb8364bb P 8f0b57e3cff24f3a92122f52fdd59c8c [CANDIDATE]: Term 1 pre-election: Requested pre-vote from peers e6323f6ddfd2412aaf8f377a6595565c (127.8.86.1:34551), 4adbe7bc7dbe465cba0999f17c40d774 (127.8.86.2:41563)
I20260608 13:03:04.730883  9395 ts_tablet_manager.cc:1434] T d5125a720c80401e949a78e318bba666 P 8f0b57e3cff24f3a92122f52fdd59c8c: Time spent starting tablet: real 0.022s	user 0.000s	sys 0.005s
I20260608 13:03:04.733091  9393 tablet_bootstrap.cc:654] T f2f8ccc0152142c38a02adb9ac065e53 P 4adbe7bc7dbe465cba0999f17c40d774: Neither blocks nor log segments found. Creating new log.
I20260608 13:03:04.740928  9395 tablet_bootstrap.cc:492] T 4d2af601529942c39fe58fdf9f5eb8ff P 8f0b57e3cff24f3a92122f52fdd59c8c: Bootstrap starting.
I20260608 13:03:04.741271  9274 tablet_service.cc:1917] Received RequestConsensusVote() RPC: tablet_id: "1a91b2fdde3b43ac9846b5cecb8364bb" candidate_uuid: "8f0b57e3cff24f3a92122f52fdd59c8c" candidate_term: 1 candidate_status { last_received { term: 0 index: 0 } } ignore_live_leader: false dest_uuid: "4adbe7bc7dbe465cba0999f17c40d774" is_pre_election: true
I20260608 13:03:04.741991  9274 raft_consensus.cc:2468] T 1a91b2fdde3b43ac9846b5cecb8364bb P 4adbe7bc7dbe465cba0999f17c40d774 [term 0 FOLLOWER]: Leader pre-election vote request: Granting yes vote for candidate 8f0b57e3cff24f3a92122f52fdd59c8c in term 0.
I20260608 13:03:04.743268  9312 leader_election.cc:304] T 1a91b2fdde3b43ac9846b5cecb8364bb P 8f0b57e3cff24f3a92122f52fdd59c8c [CANDIDATE]: Term 1 pre-election: Election decided. Result: candidate won. Election summary: received 2 responses out of 3 voters: 2 yes votes; 0 no votes. yes voters: 4adbe7bc7dbe465cba0999f17c40d774, 8f0b57e3cff24f3a92122f52fdd59c8c; no voters: 
I20260608 13:03:04.743983  9400 raft_consensus.cc:2804] T 1a91b2fdde3b43ac9846b5cecb8364bb P 8f0b57e3cff24f3a92122f52fdd59c8c [term 0 FOLLOWER]: Leader pre-election won for term 1
I20260608 13:03:04.744124  9393 tablet_bootstrap.cc:492] T f2f8ccc0152142c38a02adb9ac065e53 P 4adbe7bc7dbe465cba0999f17c40d774: No bootstrap required, opened a new log
I20260608 13:03:04.744316  9400 raft_consensus.cc:493] T 1a91b2fdde3b43ac9846b5cecb8364bb P 8f0b57e3cff24f3a92122f52fdd59c8c [term 0 FOLLOWER]: Starting leader election (no leader contacted us within the election timeout)
I20260608 13:03:04.744571  9393 ts_tablet_manager.cc:1403] T f2f8ccc0152142c38a02adb9ac065e53 P 4adbe7bc7dbe465cba0999f17c40d774: Time spent bootstrapping tablet: real 0.022s	user 0.011s	sys 0.003s
I20260608 13:03:04.744673  9400 raft_consensus.cc:3060] T 1a91b2fdde3b43ac9846b5cecb8364bb P 8f0b57e3cff24f3a92122f52fdd59c8c [term 0 FOLLOWER]: Advancing to term 1
I20260608 13:03:04.745720  9199 tablet_service.cc:1917] Received RequestConsensusVote() RPC: tablet_id: "1a91b2fdde3b43ac9846b5cecb8364bb" candidate_uuid: "8f0b57e3cff24f3a92122f52fdd59c8c" candidate_term: 1 candidate_status { last_received { term: 0 index: 0 } } ignore_live_leader: false dest_uuid: "e6323f6ddfd2412aaf8f377a6595565c" is_pre_election: true
I20260608 13:03:04.746305  9199 raft_consensus.cc:2468] T 1a91b2fdde3b43ac9846b5cecb8364bb P e6323f6ddfd2412aaf8f377a6595565c [term 0 FOLLOWER]: Leader pre-election vote request: Granting yes vote for candidate 8f0b57e3cff24f3a92122f52fdd59c8c in term 0.
I20260608 13:03:04.746611  9395 tablet_bootstrap.cc:654] T 4d2af601529942c39fe58fdf9f5eb8ff P 8f0b57e3cff24f3a92122f52fdd59c8c: Neither blocks nor log segments found. Creating new log.
I20260608 13:03:04.748512  9393 raft_consensus.cc:359] T f2f8ccc0152142c38a02adb9ac065e53 P 4adbe7bc7dbe465cba0999f17c40d774 [term 0 FOLLOWER]: Replica starting. Triggering 0 pending ops. Active config: opid_index: -1 OBSOLETE_local: false peers { permanent_uuid: "e6323f6ddfd2412aaf8f377a6595565c" member_type: VOTER last_known_addr { host: "127.8.86.1" port: 34551 } } peers { permanent_uuid: "4adbe7bc7dbe465cba0999f17c40d774" member_type: VOTER last_known_addr { host: "127.8.86.2" port: 41563 } } peers { permanent_uuid: "8f0b57e3cff24f3a92122f52fdd59c8c" member_type: VOTER last_known_addr { host: "127.8.86.3" port: 45963 } }
I20260608 13:03:04.749382  9393 raft_consensus.cc:385] T f2f8ccc0152142c38a02adb9ac065e53 P 4adbe7bc7dbe465cba0999f17c40d774 [term 0 FOLLOWER]: Consensus starting up: Expiring failure detector timer to make a prompt election more likely
I20260608 13:03:04.749755  9393 raft_consensus.cc:740] T f2f8ccc0152142c38a02adb9ac065e53 P 4adbe7bc7dbe465cba0999f17c40d774 [term 0 FOLLOWER]: Becoming Follower/Learner. State: Replica: 4adbe7bc7dbe465cba0999f17c40d774, State: Initialized, Role: FOLLOWER
I20260608 13:03:04.750790  9402 raft_consensus.cc:493] T f2f8ccc0152142c38a02adb9ac065e53 P e6323f6ddfd2412aaf8f377a6595565c [term 0 FOLLOWER]: Starting pre-election (no leader contacted us within the election timeout)
I20260608 13:03:04.750635  9393 consensus_queue.cc:260] T f2f8ccc0152142c38a02adb9ac065e53 P 4adbe7bc7dbe465cba0999f17c40d774 [NON_LEADER]: Queue going to NON_LEADER mode. State: All replicated index: 0, Majority replicated index: 0, Committed index: 0, Last appended: 0.0, Last appended by leader: 0, Current term: 0, Majority size: -1, State: 0, Mode: NON_LEADER, active raft config: opid_index: -1 OBSOLETE_local: false peers { permanent_uuid: "e6323f6ddfd2412aaf8f377a6595565c" member_type: VOTER last_known_addr { host: "127.8.86.1" port: 34551 } } peers { permanent_uuid: "4adbe7bc7dbe465cba0999f17c40d774" member_type: VOTER last_known_addr { host: "127.8.86.2" port: 41563 } } peers { permanent_uuid: "8f0b57e3cff24f3a92122f52fdd59c8c" member_type: VOTER last_known_addr { host: "127.8.86.3" port: 45963 } }
I20260608 13:03:04.751204  9402 raft_consensus.cc:515] T f2f8ccc0152142c38a02adb9ac065e53 P e6323f6ddfd2412aaf8f377a6595565c [term 0 FOLLOWER]: Starting pre-election with config: opid_index: -1 OBSOLETE_local: false peers { permanent_uuid: "e6323f6ddfd2412aaf8f377a6595565c" member_type: VOTER last_known_addr { host: "127.8.86.1" port: 34551 } } peers { permanent_uuid: "4adbe7bc7dbe465cba0999f17c40d774" member_type: VOTER last_known_addr { host: "127.8.86.2" port: 41563 } } peers { permanent_uuid: "8f0b57e3cff24f3a92122f52fdd59c8c" member_type: VOTER last_known_addr { host: "127.8.86.3" port: 45963 } }
I20260608 13:03:04.752961  9394 tablet_bootstrap.cc:492] T 4d2af601529942c39fe58fdf9f5eb8ff P e6323f6ddfd2412aaf8f377a6595565c: No bootstrap required, opened a new log
I20260608 13:03:04.753533  9394 ts_tablet_manager.cc:1403] T 4d2af601529942c39fe58fdf9f5eb8ff P e6323f6ddfd2412aaf8f377a6595565c: Time spent bootstrapping tablet: real 0.036s	user 0.012s	sys 0.000s
I20260608 13:03:04.755542  9393 ts_tablet_manager.cc:1434] T f2f8ccc0152142c38a02adb9ac065e53 P 4adbe7bc7dbe465cba0999f17c40d774: Time spent starting tablet: real 0.011s	user 0.003s	sys 0.002s
I20260608 13:03:04.756635  9393 tablet_bootstrap.cc:492] T d5125a720c80401e949a78e318bba666 P 4adbe7bc7dbe465cba0999f17c40d774: Bootstrap starting.
I20260608 13:03:04.756418  9394 raft_consensus.cc:359] T 4d2af601529942c39fe58fdf9f5eb8ff P e6323f6ddfd2412aaf8f377a6595565c [term 0 FOLLOWER]: Replica starting. Triggering 0 pending ops. Active config: opid_index: -1 OBSOLETE_local: false peers { permanent_uuid: "e6323f6ddfd2412aaf8f377a6595565c" member_type: VOTER last_known_addr { host: "127.8.86.1" port: 34551 } } peers { permanent_uuid: "4adbe7bc7dbe465cba0999f17c40d774" member_type: VOTER last_known_addr { host: "127.8.86.2" port: 41563 } } peers { permanent_uuid: "8f0b57e3cff24f3a92122f52fdd59c8c" member_type: VOTER last_known_addr { host: "127.8.86.3" port: 45963 } }
I20260608 13:03:04.757256  9394 raft_consensus.cc:385] T 4d2af601529942c39fe58fdf9f5eb8ff P e6323f6ddfd2412aaf8f377a6595565c [term 0 FOLLOWER]: Consensus starting up: Expiring failure detector timer to make a prompt election more likely
I20260608 13:03:04.757612  9394 raft_consensus.cc:740] T 4d2af601529942c39fe58fdf9f5eb8ff P e6323f6ddfd2412aaf8f377a6595565c [term 0 FOLLOWER]: Becoming Follower/Learner. State: Replica: e6323f6ddfd2412aaf8f377a6595565c, State: Initialized, Role: FOLLOWER
I20260608 13:03:04.758330  9394 consensus_queue.cc:260] T 4d2af601529942c39fe58fdf9f5eb8ff P e6323f6ddfd2412aaf8f377a6595565c [NON_LEADER]: Queue going to NON_LEADER mode. State: All replicated index: 0, Majority replicated index: 0, Committed index: 0, Last appended: 0.0, Last appended by leader: 0, Current term: 0, Majority size: -1, State: 0, Mode: NON_LEADER, active raft config: opid_index: -1 OBSOLETE_local: false peers { permanent_uuid: "e6323f6ddfd2412aaf8f377a6595565c" member_type: VOTER last_known_addr { host: "127.8.86.1" port: 34551 } } peers { permanent_uuid: "4adbe7bc7dbe465cba0999f17c40d774" member_type: VOTER last_known_addr { host: "127.8.86.2" port: 41563 } } peers { permanent_uuid: "8f0b57e3cff24f3a92122f52fdd59c8c" member_type: VOTER last_known_addr { host: "127.8.86.3" port: 45963 } }
I20260608 13:03:04.761462  9402 leader_election.cc:290] T f2f8ccc0152142c38a02adb9ac065e53 P e6323f6ddfd2412aaf8f377a6595565c [CANDIDATE]: Term 1 pre-election: Requested pre-vote from peers 4adbe7bc7dbe465cba0999f17c40d774 (127.8.86.2:41563), 8f0b57e3cff24f3a92122f52fdd59c8c (127.8.86.3:45963)
I20260608 13:03:04.772294  9393 tablet_bootstrap.cc:654] T d5125a720c80401e949a78e318bba666 P 4adbe7bc7dbe465cba0999f17c40d774: Neither blocks nor log segments found. Creating new log.
I20260608 13:03:04.772358  9395 tablet_bootstrap.cc:492] T 4d2af601529942c39fe58fdf9f5eb8ff P 8f0b57e3cff24f3a92122f52fdd59c8c: No bootstrap required, opened a new log
I20260608 13:03:04.773173  9395 ts_tablet_manager.cc:1403] T 4d2af601529942c39fe58fdf9f5eb8ff P 8f0b57e3cff24f3a92122f52fdd59c8c: Time spent bootstrapping tablet: real 0.032s	user 0.012s	sys 0.008s
I20260608 13:03:04.776657  9395 raft_consensus.cc:359] T 4d2af601529942c39fe58fdf9f5eb8ff P 8f0b57e3cff24f3a92122f52fdd59c8c [term 0 FOLLOWER]: Replica starting. Triggering 0 pending ops. Active config: opid_index: -1 OBSOLETE_local: false peers { permanent_uuid: "e6323f6ddfd2412aaf8f377a6595565c" member_type: VOTER last_known_addr { host: "127.8.86.1" port: 34551 } } peers { permanent_uuid: "4adbe7bc7dbe465cba0999f17c40d774" member_type: VOTER last_known_addr { host: "127.8.86.2" port: 41563 } } peers { permanent_uuid: "8f0b57e3cff24f3a92122f52fdd59c8c" member_type: VOTER last_known_addr { host: "127.8.86.3" port: 45963 } }
I20260608 13:03:04.777534  9395 raft_consensus.cc:385] T 4d2af601529942c39fe58fdf9f5eb8ff P 8f0b57e3cff24f3a92122f52fdd59c8c [term 0 FOLLOWER]: Consensus starting up: Expiring failure detector timer to make a prompt election more likely
I20260608 13:03:04.777912  9395 raft_consensus.cc:740] T 4d2af601529942c39fe58fdf9f5eb8ff P 8f0b57e3cff24f3a92122f52fdd59c8c [term 0 FOLLOWER]: Becoming Follower/Learner. State: Replica: 8f0b57e3cff24f3a92122f52fdd59c8c, State: Initialized, Role: FOLLOWER
I20260608 13:03:04.778872  9400 raft_consensus.cc:515] T 1a91b2fdde3b43ac9846b5cecb8364bb P 8f0b57e3cff24f3a92122f52fdd59c8c [term 1 FOLLOWER]: Starting leader election with config: opid_index: -1 OBSOLETE_local: false peers { permanent_uuid: "e6323f6ddfd2412aaf8f377a6595565c" member_type: VOTER last_known_addr { host: "127.8.86.1" port: 34551 } } peers { permanent_uuid: "4adbe7bc7dbe465cba0999f17c40d774" member_type: VOTER last_known_addr { host: "127.8.86.2" port: 41563 } } peers { permanent_uuid: "8f0b57e3cff24f3a92122f52fdd59c8c" member_type: VOTER last_known_addr { host: "127.8.86.3" port: 45963 } }
I20260608 13:03:04.779024  9395 consensus_queue.cc:260] T 4d2af601529942c39fe58fdf9f5eb8ff P 8f0b57e3cff24f3a92122f52fdd59c8c [NON_LEADER]: Queue going to NON_LEADER mode. State: All replicated index: 0, Majority replicated index: 0, Committed index: 0, Last appended: 0.0, Last appended by leader: 0, Current term: 0, Majority size: -1, State: 0, Mode: NON_LEADER, active raft config: opid_index: -1 OBSOLETE_local: false peers { permanent_uuid: "e6323f6ddfd2412aaf8f377a6595565c" member_type: VOTER last_known_addr { host: "127.8.86.1" port: 34551 } } peers { permanent_uuid: "4adbe7bc7dbe465cba0999f17c40d774" member_type: VOTER last_known_addr { host: "127.8.86.2" port: 41563 } } peers { permanent_uuid: "8f0b57e3cff24f3a92122f52fdd59c8c" member_type: VOTER last_known_addr { host: "127.8.86.3" port: 45963 } }
I20260608 13:03:04.783557  9274 tablet_service.cc:1917] Received RequestConsensusVote() RPC: tablet_id: "1a91b2fdde3b43ac9846b5cecb8364bb" candidate_uuid: "8f0b57e3cff24f3a92122f52fdd59c8c" candidate_term: 1 candidate_status { last_received { term: 0 index: 0 } } ignore_live_leader: false dest_uuid: "4adbe7bc7dbe465cba0999f17c40d774"
I20260608 13:03:04.784214  9274 raft_consensus.cc:3060] T 1a91b2fdde3b43ac9846b5cecb8364bb P 4adbe7bc7dbe465cba0999f17c40d774 [term 0 FOLLOWER]: Advancing to term 1
I20260608 13:03:04.793665  9400 leader_election.cc:290] T 1a91b2fdde3b43ac9846b5cecb8364bb P 8f0b57e3cff24f3a92122f52fdd59c8c [CANDIDATE]: Term 1 election: Requested vote from peers e6323f6ddfd2412aaf8f377a6595565c (127.8.86.1:34551), 4adbe7bc7dbe465cba0999f17c40d774 (127.8.86.2:41563)
I20260608 13:03:04.797422  9274 raft_consensus.cc:2468] T 1a91b2fdde3b43ac9846b5cecb8364bb P 4adbe7bc7dbe465cba0999f17c40d774 [term 1 FOLLOWER]: Leader election vote request: Granting yes vote for candidate 8f0b57e3cff24f3a92122f52fdd59c8c in term 1.
I20260608 13:03:04.798903  9312 leader_election.cc:304] T 1a91b2fdde3b43ac9846b5cecb8364bb P 8f0b57e3cff24f3a92122f52fdd59c8c [CANDIDATE]: Term 1 election: Election decided. Result: candidate won. Election summary: received 2 responses out of 3 voters: 2 yes votes; 0 no votes. yes voters: 4adbe7bc7dbe465cba0999f17c40d774, 8f0b57e3cff24f3a92122f52fdd59c8c; no voters: 
I20260608 13:03:04.806692  9199 tablet_service.cc:1917] Received RequestConsensusVote() RPC: tablet_id: "1a91b2fdde3b43ac9846b5cecb8364bb" candidate_uuid: "8f0b57e3cff24f3a92122f52fdd59c8c" candidate_term: 1 candidate_status { last_received { term: 0 index: 0 } } ignore_live_leader: false dest_uuid: "e6323f6ddfd2412aaf8f377a6595565c"
I20260608 13:03:04.807331  9199 raft_consensus.cc:3060] T 1a91b2fdde3b43ac9846b5cecb8364bb P e6323f6ddfd2412aaf8f377a6595565c [term 0 FOLLOWER]: Advancing to term 1
I20260608 13:03:04.815359  9199 raft_consensus.cc:2468] T 1a91b2fdde3b43ac9846b5cecb8364bb P e6323f6ddfd2412aaf8f377a6595565c [term 1 FOLLOWER]: Leader election vote request: Granting yes vote for candidate 8f0b57e3cff24f3a92122f52fdd59c8c in term 1.
I20260608 13:03:04.824324  9400 raft_consensus.cc:2804] T 1a91b2fdde3b43ac9846b5cecb8364bb P 8f0b57e3cff24f3a92122f52fdd59c8c [term 1 FOLLOWER]: Leader election won for term 1
I20260608 13:03:04.824954  9400 raft_consensus.cc:697] T 1a91b2fdde3b43ac9846b5cecb8364bb P 8f0b57e3cff24f3a92122f52fdd59c8c [term 1 LEADER]: Becoming Leader. State: Replica: 8f0b57e3cff24f3a92122f52fdd59c8c, State: Running, Role: LEADER
I20260608 13:03:04.826434  9400 consensus_queue.cc:237] T 1a91b2fdde3b43ac9846b5cecb8364bb P 8f0b57e3cff24f3a92122f52fdd59c8c [LEADER]: Queue going to LEADER mode. State: All replicated index: 0, Majority replicated index: 0, Committed index: 0, Last appended: 0.0, Last appended by leader: 0, Current term: 1, Majority size: 2, State: 0, Mode: LEADER, active raft config: opid_index: -1 OBSOLETE_local: false peers { permanent_uuid: "e6323f6ddfd2412aaf8f377a6595565c" member_type: VOTER last_known_addr { host: "127.8.86.1" port: 34551 } } peers { permanent_uuid: "4adbe7bc7dbe465cba0999f17c40d774" member_type: VOTER last_known_addr { host: "127.8.86.2" port: 41563 } } peers { permanent_uuid: "8f0b57e3cff24f3a92122f52fdd59c8c" member_type: VOTER last_known_addr { host: "127.8.86.3" port: 45963 } }
I20260608 13:03:04.845338  9348 tablet_service.cc:1917] Received RequestConsensusVote() RPC: tablet_id: "f2f8ccc0152142c38a02adb9ac065e53" candidate_uuid: "e6323f6ddfd2412aaf8f377a6595565c" candidate_term: 1 candidate_status { last_received { term: 0 index: 0 } } ignore_live_leader: false dest_uuid: "8f0b57e3cff24f3a92122f52fdd59c8c" is_pre_election: true
W20260608 13:03:04.847512  9162 leader_election.cc:343] T f2f8ccc0152142c38a02adb9ac065e53 P e6323f6ddfd2412aaf8f377a6595565c [CANDIDATE]: Term 1 pre-election: Tablet error from VoteRequest() call to peer 8f0b57e3cff24f3a92122f52fdd59c8c (127.8.86.3:45963): Illegal state: must be running to vote when last-logged opid is not known
I20260608 13:03:04.850971  9274 tablet_service.cc:1917] Received RequestConsensusVote() RPC: tablet_id: "f2f8ccc0152142c38a02adb9ac065e53" candidate_uuid: "e6323f6ddfd2412aaf8f377a6595565c" candidate_term: 1 candidate_status { last_received { term: 0 index: 0 } } ignore_live_leader: false dest_uuid: "4adbe7bc7dbe465cba0999f17c40d774" is_pre_election: true
I20260608 13:03:04.851706  9274 raft_consensus.cc:2468] T f2f8ccc0152142c38a02adb9ac065e53 P 4adbe7bc7dbe465cba0999f17c40d774 [term 0 FOLLOWER]: Leader pre-election vote request: Granting yes vote for candidate e6323f6ddfd2412aaf8f377a6595565c in term 0.
I20260608 13:03:04.853261  9163 leader_election.cc:304] T f2f8ccc0152142c38a02adb9ac065e53 P e6323f6ddfd2412aaf8f377a6595565c [CANDIDATE]: Term 1 pre-election: Election decided. Result: candidate won. Election summary: received 3 responses out of 3 voters: 2 yes votes; 1 no votes. yes voters: 4adbe7bc7dbe465cba0999f17c40d774, e6323f6ddfd2412aaf8f377a6595565c; no voters: 8f0b57e3cff24f3a92122f52fdd59c8c
I20260608 13:03:04.854262  9402 raft_consensus.cc:2804] T f2f8ccc0152142c38a02adb9ac065e53 P e6323f6ddfd2412aaf8f377a6595565c [term 0 FOLLOWER]: Leader pre-election won for term 1
I20260608 13:03:04.854647  9402 raft_consensus.cc:493] T f2f8ccc0152142c38a02adb9ac065e53 P e6323f6ddfd2412aaf8f377a6595565c [term 0 FOLLOWER]: Starting leader election (no leader contacted us within the election timeout)
I20260608 13:03:04.855010  9402 raft_consensus.cc:3060] T f2f8ccc0152142c38a02adb9ac065e53 P e6323f6ddfd2412aaf8f377a6595565c [term 0 FOLLOWER]: Advancing to term 1
I20260608 13:03:04.859146  9395 ts_tablet_manager.cc:1434] T 4d2af601529942c39fe58fdf9f5eb8ff P 8f0b57e3cff24f3a92122f52fdd59c8c: Time spent starting tablet: real 0.086s	user 0.027s	sys 0.050s
I20260608 13:03:04.860144  9393 tablet_bootstrap.cc:492] T d5125a720c80401e949a78e318bba666 P 4adbe7bc7dbe465cba0999f17c40d774: No bootstrap required, opened a new log
I20260608 13:03:04.860769  9393 ts_tablet_manager.cc:1403] T d5125a720c80401e949a78e318bba666 P 4adbe7bc7dbe465cba0999f17c40d774: Time spent bootstrapping tablet: real 0.104s	user 0.050s	sys 0.042s
I20260608 13:03:04.862340  9394 ts_tablet_manager.cc:1434] T 4d2af601529942c39fe58fdf9f5eb8ff P e6323f6ddfd2412aaf8f377a6595565c: Time spent starting tablet: real 0.108s	user 0.036s	sys 0.072s
I20260608 13:03:04.863867  9402 raft_consensus.cc:515] T f2f8ccc0152142c38a02adb9ac065e53 P e6323f6ddfd2412aaf8f377a6595565c [term 1 FOLLOWER]: Starting leader election with config: opid_index: -1 OBSOLETE_local: false peers { permanent_uuid: "e6323f6ddfd2412aaf8f377a6595565c" member_type: VOTER last_known_addr { host: "127.8.86.1" port: 34551 } } peers { permanent_uuid: "4adbe7bc7dbe465cba0999f17c40d774" member_type: VOTER last_known_addr { host: "127.8.86.2" port: 41563 } } peers { permanent_uuid: "8f0b57e3cff24f3a92122f52fdd59c8c" member_type: VOTER last_known_addr { host: "127.8.86.3" port: 45963 } }
I20260608 13:03:04.863981  9393 raft_consensus.cc:359] T d5125a720c80401e949a78e318bba666 P 4adbe7bc7dbe465cba0999f17c40d774 [term 0 FOLLOWER]: Replica starting. Triggering 0 pending ops. Active config: opid_index: -1 OBSOLETE_local: false peers { permanent_uuid: "e6323f6ddfd2412aaf8f377a6595565c" member_type: VOTER last_known_addr { host: "127.8.86.1" port: 34551 } } peers { permanent_uuid: "4adbe7bc7dbe465cba0999f17c40d774" member_type: VOTER last_known_addr { host: "127.8.86.2" port: 41563 } } peers { permanent_uuid: "8f0b57e3cff24f3a92122f52fdd59c8c" member_type: VOTER last_known_addr { host: "127.8.86.3" port: 45963 } }
I20260608 13:03:04.865023  9394 tablet_bootstrap.cc:492] T 439366515e3b43928001a7a529c7e1d0 P e6323f6ddfd2412aaf8f377a6595565c: Bootstrap starting.
I20260608 13:03:04.867745  9393 raft_consensus.cc:385] T d5125a720c80401e949a78e318bba666 P 4adbe7bc7dbe465cba0999f17c40d774 [term 0 FOLLOWER]: Consensus starting up: Expiring failure detector timer to make a prompt election more likely
I20260608 13:03:04.868103  9393 raft_consensus.cc:740] T d5125a720c80401e949a78e318bba666 P 4adbe7bc7dbe465cba0999f17c40d774 [term 0 FOLLOWER]: Becoming Follower/Learner. State: Replica: 4adbe7bc7dbe465cba0999f17c40d774, State: Initialized, Role: FOLLOWER
I20260608 13:03:04.868856  9393 consensus_queue.cc:260] T d5125a720c80401e949a78e318bba666 P 4adbe7bc7dbe465cba0999f17c40d774 [NON_LEADER]: Queue going to NON_LEADER mode. State: All replicated index: 0, Majority replicated index: 0, Committed index: 0, Last appended: 0.0, Last appended by leader: 0, Current term: 0, Majority size: -1, State: 0, Mode: NON_LEADER, active raft config: opid_index: -1 OBSOLETE_local: false peers { permanent_uuid: "e6323f6ddfd2412aaf8f377a6595565c" member_type: VOTER last_known_addr { host: "127.8.86.1" port: 34551 } } peers { permanent_uuid: "4adbe7bc7dbe465cba0999f17c40d774" member_type: VOTER last_known_addr { host: "127.8.86.2" port: 41563 } } peers { permanent_uuid: "8f0b57e3cff24f3a92122f52fdd59c8c" member_type: VOTER last_known_addr { host: "127.8.86.3" port: 45963 } }
I20260608 13:03:04.870987  9393 ts_tablet_manager.cc:1434] T d5125a720c80401e949a78e318bba666 P 4adbe7bc7dbe465cba0999f17c40d774: Time spent starting tablet: real 0.009s	user 0.004s	sys 0.000s
I20260608 13:03:04.865869  9395 tablet_bootstrap.cc:492] T aa27b94037684aa2bab93f92df483a7f P 8f0b57e3cff24f3a92122f52fdd59c8c: Bootstrap starting.
I20260608 13:03:04.871806  9393 tablet_bootstrap.cc:492] T 4d2af601529942c39fe58fdf9f5eb8ff P 4adbe7bc7dbe465cba0999f17c40d774: Bootstrap starting.
I20260608 13:03:04.872400  9394 tablet_bootstrap.cc:654] T 439366515e3b43928001a7a529c7e1d0 P e6323f6ddfd2412aaf8f377a6595565c: Neither blocks nor log segments found. Creating new log.
I20260608 13:03:04.877264  9395 tablet_bootstrap.cc:654] T aa27b94037684aa2bab93f92df483a7f P 8f0b57e3cff24f3a92122f52fdd59c8c: Neither blocks nor log segments found. Creating new log.
I20260608 13:03:04.877763  9393 tablet_bootstrap.cc:654] T 4d2af601529942c39fe58fdf9f5eb8ff P 4adbe7bc7dbe465cba0999f17c40d774: Neither blocks nor log segments found. Creating new log.
I20260608 13:03:04.881683  9095 catalog_manager.cc:5696] T 1a91b2fdde3b43ac9846b5cecb8364bb P 8f0b57e3cff24f3a92122f52fdd59c8c reported cstate change: term changed from 0 to 1, leader changed from <none> to 8f0b57e3cff24f3a92122f52fdd59c8c (127.8.86.3). New cstate: current_term: 1 leader_uuid: "8f0b57e3cff24f3a92122f52fdd59c8c" committed_config { opid_index: -1 OBSOLETE_local: false peers { permanent_uuid: "e6323f6ddfd2412aaf8f377a6595565c" member_type: VOTER last_known_addr { host: "127.8.86.1" port: 34551 } health_report { overall_health: UNKNOWN } } peers { permanent_uuid: "4adbe7bc7dbe465cba0999f17c40d774" member_type: VOTER last_known_addr { host: "127.8.86.2" port: 41563 } health_report { overall_health: UNKNOWN } } peers { permanent_uuid: "8f0b57e3cff24f3a92122f52fdd59c8c" member_type: VOTER last_known_addr { host: "127.8.86.3" port: 45963 } health_report { overall_health: HEALTHY } } }
I20260608 13:03:04.883565  9394 tablet_bootstrap.cc:492] T 439366515e3b43928001a7a529c7e1d0 P e6323f6ddfd2412aaf8f377a6595565c: No bootstrap required, opened a new log
I20260608 13:03:04.884923  9394 ts_tablet_manager.cc:1403] T 439366515e3b43928001a7a529c7e1d0 P e6323f6ddfd2412aaf8f377a6595565c: Time spent bootstrapping tablet: real 0.020s	user 0.013s	sys 0.003s
I20260608 13:03:04.885665  9395 tablet_bootstrap.cc:492] T aa27b94037684aa2bab93f92df483a7f P 8f0b57e3cff24f3a92122f52fdd59c8c: No bootstrap required, opened a new log
I20260608 13:03:04.886119  9395 ts_tablet_manager.cc:1403] T aa27b94037684aa2bab93f92df483a7f P 8f0b57e3cff24f3a92122f52fdd59c8c: Time spent bootstrapping tablet: real 0.020s	user 0.003s	sys 0.010s
I20260608 13:03:04.887674  9394 raft_consensus.cc:359] T 439366515e3b43928001a7a529c7e1d0 P e6323f6ddfd2412aaf8f377a6595565c [term 0 FOLLOWER]: Replica starting. Triggering 0 pending ops. Active config: opid_index: -1 OBSOLETE_local: false peers { permanent_uuid: "e6323f6ddfd2412aaf8f377a6595565c" member_type: VOTER last_known_addr { host: "127.8.86.1" port: 34551 } } peers { permanent_uuid: "4adbe7bc7dbe465cba0999f17c40d774" member_type: VOTER last_known_addr { host: "127.8.86.2" port: 41563 } } peers { permanent_uuid: "8f0b57e3cff24f3a92122f52fdd59c8c" member_type: VOTER last_known_addr { host: "127.8.86.3" port: 45963 } }
I20260608 13:03:04.887953  9274 tablet_service.cc:1917] Received RequestConsensusVote() RPC: tablet_id: "f2f8ccc0152142c38a02adb9ac065e53" candidate_uuid: "e6323f6ddfd2412aaf8f377a6595565c" candidate_term: 1 candidate_status { last_received { term: 0 index: 0 } } ignore_live_leader: false dest_uuid: "4adbe7bc7dbe465cba0999f17c40d774"
I20260608 13:03:04.888418  9274 raft_consensus.cc:3060] T f2f8ccc0152142c38a02adb9ac065e53 P 4adbe7bc7dbe465cba0999f17c40d774 [term 0 FOLLOWER]: Advancing to term 1
I20260608 13:03:04.888830  9395 raft_consensus.cc:359] T aa27b94037684aa2bab93f92df483a7f P 8f0b57e3cff24f3a92122f52fdd59c8c [term 0 FOLLOWER]: Replica starting. Triggering 0 pending ops. Active config: opid_index: -1 OBSOLETE_local: false peers { permanent_uuid: "e6323f6ddfd2412aaf8f377a6595565c" member_type: VOTER last_known_addr { host: "127.8.86.1" port: 34551 } } peers { permanent_uuid: "4adbe7bc7dbe465cba0999f17c40d774" member_type: VOTER last_known_addr { host: "127.8.86.2" port: 41563 } } peers { permanent_uuid: "8f0b57e3cff24f3a92122f52fdd59c8c" member_type: VOTER last_known_addr { host: "127.8.86.3" port: 45963 } }
I20260608 13:03:04.889511  9395 raft_consensus.cc:385] T aa27b94037684aa2bab93f92df483a7f P 8f0b57e3cff24f3a92122f52fdd59c8c [term 0 FOLLOWER]: Consensus starting up: Expiring failure detector timer to make a prompt election more likely
I20260608 13:03:04.889794  9395 raft_consensus.cc:740] T aa27b94037684aa2bab93f92df483a7f P 8f0b57e3cff24f3a92122f52fdd59c8c [term 0 FOLLOWER]: Becoming Follower/Learner. State: Replica: 8f0b57e3cff24f3a92122f52fdd59c8c, State: Initialized, Role: FOLLOWER
I20260608 13:03:04.889815  9348 tablet_service.cc:1917] Received RequestConsensusVote() RPC: tablet_id: "f2f8ccc0152142c38a02adb9ac065e53" candidate_uuid: "e6323f6ddfd2412aaf8f377a6595565c" candidate_term: 1 candidate_status { last_received { term: 0 index: 0 } } ignore_live_leader: false dest_uuid: "8f0b57e3cff24f3a92122f52fdd59c8c"
I20260608 13:03:04.890738  9395 consensus_queue.cc:260] T aa27b94037684aa2bab93f92df483a7f P 8f0b57e3cff24f3a92122f52fdd59c8c [NON_LEADER]: Queue going to NON_LEADER mode. State: All replicated index: 0, Majority replicated index: 0, Committed index: 0, Last appended: 0.0, Last appended by leader: 0, Current term: 0, Majority size: -1, State: 0, Mode: NON_LEADER, active raft config: opid_index: -1 OBSOLETE_local: false peers { permanent_uuid: "e6323f6ddfd2412aaf8f377a6595565c" member_type: VOTER last_known_addr { host: "127.8.86.1" port: 34551 } } peers { permanent_uuid: "4adbe7bc7dbe465cba0999f17c40d774" member_type: VOTER last_known_addr { host: "127.8.86.2" port: 41563 } } peers { permanent_uuid: "8f0b57e3cff24f3a92122f52fdd59c8c" member_type: VOTER last_known_addr { host: "127.8.86.3" port: 45963 } }
W20260608 13:03:04.891153  9162 leader_election.cc:343] T f2f8ccc0152142c38a02adb9ac065e53 P e6323f6ddfd2412aaf8f377a6595565c [CANDIDATE]: Term 1 election: Tablet error from VoteRequest() call to peer 8f0b57e3cff24f3a92122f52fdd59c8c (127.8.86.3:45963): Illegal state: must be running to vote when last-logged opid is not known
I20260608 13:03:04.886191  9393 tablet_bootstrap.cc:492] T 4d2af601529942c39fe58fdf9f5eb8ff P 4adbe7bc7dbe465cba0999f17c40d774: No bootstrap required, opened a new log
I20260608 13:03:04.891827  9393 ts_tablet_manager.cc:1403] T 4d2af601529942c39fe58fdf9f5eb8ff P 4adbe7bc7dbe465cba0999f17c40d774: Time spent bootstrapping tablet: real 0.020s	user 0.009s	sys 0.005s
I20260608 13:03:04.892735  9395 ts_tablet_manager.cc:1434] T aa27b94037684aa2bab93f92df483a7f P 8f0b57e3cff24f3a92122f52fdd59c8c: Time spent starting tablet: real 0.006s	user 0.005s	sys 0.001s
I20260608 13:03:04.893661  9395 tablet_bootstrap.cc:492] T f2f8ccc0152142c38a02adb9ac065e53 P 8f0b57e3cff24f3a92122f52fdd59c8c: Bootstrap starting.
I20260608 13:03:04.894709  9274 raft_consensus.cc:2468] T f2f8ccc0152142c38a02adb9ac065e53 P 4adbe7bc7dbe465cba0999f17c40d774 [term 1 FOLLOWER]: Leader election vote request: Granting yes vote for candidate e6323f6ddfd2412aaf8f377a6595565c in term 1.
I20260608 13:03:04.894950  9402 leader_election.cc:290] T f2f8ccc0152142c38a02adb9ac065e53 P e6323f6ddfd2412aaf8f377a6595565c [CANDIDATE]: Term 1 election: Requested vote from peers 4adbe7bc7dbe465cba0999f17c40d774 (127.8.86.2:41563), 8f0b57e3cff24f3a92122f52fdd59c8c (127.8.86.3:45963)
I20260608 13:03:04.894454  9393 raft_consensus.cc:359] T 4d2af601529942c39fe58fdf9f5eb8ff P 4adbe7bc7dbe465cba0999f17c40d774 [term 0 FOLLOWER]: Replica starting. Triggering 0 pending ops. Active config: opid_index: -1 OBSOLETE_local: false peers { permanent_uuid: "e6323f6ddfd2412aaf8f377a6595565c" member_type: VOTER last_known_addr { host: "127.8.86.1" port: 34551 } } peers { permanent_uuid: "4adbe7bc7dbe465cba0999f17c40d774" member_type: VOTER last_known_addr { host: "127.8.86.2" port: 41563 } } peers { permanent_uuid: "8f0b57e3cff24f3a92122f52fdd59c8c" member_type: VOTER last_known_addr { host: "127.8.86.3" port: 45963 } }
I20260608 13:03:04.895938  9394 raft_consensus.cc:385] T 439366515e3b43928001a7a529c7e1d0 P e6323f6ddfd2412aaf8f377a6595565c [term 0 FOLLOWER]: Consensus starting up: Expiring failure detector timer to make a prompt election more likely
I20260608 13:03:04.895762  9163 leader_election.cc:304] T f2f8ccc0152142c38a02adb9ac065e53 P e6323f6ddfd2412aaf8f377a6595565c [CANDIDATE]: Term 1 election: Election decided. Result: candidate won. Election summary: received 3 responses out of 3 voters: 2 yes votes; 1 no votes. yes voters: 4adbe7bc7dbe465cba0999f17c40d774, e6323f6ddfd2412aaf8f377a6595565c; no voters: 8f0b57e3cff24f3a92122f52fdd59c8c
I20260608 13:03:04.895748  9393 raft_consensus.cc:385] T 4d2af601529942c39fe58fdf9f5eb8ff P 4adbe7bc7dbe465cba0999f17c40d774 [term 0 FOLLOWER]: Consensus starting up: Expiring failure detector timer to make a prompt election more likely
I20260608 13:03:04.895957  9399 raft_consensus.cc:493] T aa27b94037684aa2bab93f92df483a7f P 4adbe7bc7dbe465cba0999f17c40d774 [term 0 FOLLOWER]: Starting pre-election (no leader contacted us within the election timeout)
I20260608 13:03:04.896433  9393 raft_consensus.cc:740] T 4d2af601529942c39fe58fdf9f5eb8ff P 4adbe7bc7dbe465cba0999f17c40d774 [term 0 FOLLOWER]: Becoming Follower/Learner. State: Replica: 4adbe7bc7dbe465cba0999f17c40d774, State: Initialized, Role: FOLLOWER
I20260608 13:03:04.896975  9402 raft_consensus.cc:2804] T f2f8ccc0152142c38a02adb9ac065e53 P e6323f6ddfd2412aaf8f377a6595565c [term 1 FOLLOWER]: Leader election won for term 1
I20260608 13:03:04.897557  9394 raft_consensus.cc:740] T 439366515e3b43928001a7a529c7e1d0 P e6323f6ddfd2412aaf8f377a6595565c [term 0 FOLLOWER]: Becoming Follower/Learner. State: Replica: e6323f6ddfd2412aaf8f377a6595565c, State: Initialized, Role: FOLLOWER
I20260608 13:03:04.896996  9399 raft_consensus.cc:515] T aa27b94037684aa2bab93f92df483a7f P 4adbe7bc7dbe465cba0999f17c40d774 [term 0 FOLLOWER]: Starting pre-election with config: opid_index: -1 OBSOLETE_local: false peers { permanent_uuid: "e6323f6ddfd2412aaf8f377a6595565c" member_type: VOTER last_known_addr { host: "127.8.86.1" port: 34551 } } peers { permanent_uuid: "4adbe7bc7dbe465cba0999f17c40d774" member_type: VOTER last_known_addr { host: "127.8.86.2" port: 41563 } } peers { permanent_uuid: "8f0b57e3cff24f3a92122f52fdd59c8c" member_type: VOTER last_known_addr { host: "127.8.86.3" port: 45963 } }
I20260608 13:03:04.897471  9393 consensus_queue.cc:260] T 4d2af601529942c39fe58fdf9f5eb8ff P 4adbe7bc7dbe465cba0999f17c40d774 [NON_LEADER]: Queue going to NON_LEADER mode. State: All replicated index: 0, Majority replicated index: 0, Committed index: 0, Last appended: 0.0, Last appended by leader: 0, Current term: 0, Majority size: -1, State: 0, Mode: NON_LEADER, active raft config: opid_index: -1 OBSOLETE_local: false peers { permanent_uuid: "e6323f6ddfd2412aaf8f377a6595565c" member_type: VOTER last_known_addr { host: "127.8.86.1" port: 34551 } } peers { permanent_uuid: "4adbe7bc7dbe465cba0999f17c40d774" member_type: VOTER last_known_addr { host: "127.8.86.2" port: 41563 } } peers { permanent_uuid: "8f0b57e3cff24f3a92122f52fdd59c8c" member_type: VOTER last_known_addr { host: "127.8.86.3" port: 45963 } }
I20260608 13:03:04.897498  9402 raft_consensus.cc:697] T f2f8ccc0152142c38a02adb9ac065e53 P e6323f6ddfd2412aaf8f377a6595565c [term 1 LEADER]: Becoming Leader. State: Replica: e6323f6ddfd2412aaf8f377a6595565c, State: Running, Role: LEADER
I20260608 13:03:04.898916  9394 consensus_queue.cc:260] T 439366515e3b43928001a7a529c7e1d0 P e6323f6ddfd2412aaf8f377a6595565c [NON_LEADER]: Queue going to NON_LEADER mode. State: All replicated index: 0, Majority replicated index: 0, Committed index: 0, Last appended: 0.0, Last appended by leader: 0, Current term: 0, Majority size: -1, State: 0, Mode: NON_LEADER, active raft config: opid_index: -1 OBSOLETE_local: false peers { permanent_uuid: "e6323f6ddfd2412aaf8f377a6595565c" member_type: VOTER last_known_addr { host: "127.8.86.1" port: 34551 } } peers { permanent_uuid: "4adbe7bc7dbe465cba0999f17c40d774" member_type: VOTER last_known_addr { host: "127.8.86.2" port: 41563 } } peers { permanent_uuid: "8f0b57e3cff24f3a92122f52fdd59c8c" member_type: VOTER last_known_addr { host: "127.8.86.3" port: 45963 } }
I20260608 13:03:04.899907  9402 consensus_queue.cc:237] T f2f8ccc0152142c38a02adb9ac065e53 P e6323f6ddfd2412aaf8f377a6595565c [LEADER]: Queue going to LEADER mode. State: All replicated index: 0, Majority replicated index: 0, Committed index: 0, Last appended: 0.0, Last appended by leader: 0, Current term: 1, Majority size: 2, State: 0, Mode: LEADER, active raft config: opid_index: -1 OBSOLETE_local: false peers { permanent_uuid: "e6323f6ddfd2412aaf8f377a6595565c" member_type: VOTER last_known_addr { host: "127.8.86.1" port: 34551 } } peers { permanent_uuid: "4adbe7bc7dbe465cba0999f17c40d774" member_type: VOTER last_known_addr { host: "127.8.86.2" port: 41563 } } peers { permanent_uuid: "8f0b57e3cff24f3a92122f52fdd59c8c" member_type: VOTER last_known_addr { host: "127.8.86.3" port: 45963 } }
I20260608 13:03:04.900792  9395 tablet_bootstrap.cc:654] T f2f8ccc0152142c38a02adb9ac065e53 P 8f0b57e3cff24f3a92122f52fdd59c8c: Neither blocks nor log segments found. Creating new log.
I20260608 13:03:04.901012  9394 ts_tablet_manager.cc:1434] T 439366515e3b43928001a7a529c7e1d0 P e6323f6ddfd2412aaf8f377a6595565c: Time spent starting tablet: real 0.016s	user 0.004s	sys 0.002s
I20260608 13:03:04.901865  9394 tablet_bootstrap.cc:492] T aa27b94037684aa2bab93f92df483a7f P e6323f6ddfd2412aaf8f377a6595565c: Bootstrap starting.
I20260608 13:03:04.908373  9394 tablet_bootstrap.cc:654] T aa27b94037684aa2bab93f92df483a7f P e6323f6ddfd2412aaf8f377a6595565c: Neither blocks nor log segments found. Creating new log.
I20260608 13:03:04.911252  9399 leader_election.cc:290] T aa27b94037684aa2bab93f92df483a7f P 4adbe7bc7dbe465cba0999f17c40d774 [CANDIDATE]: Term 1 pre-election: Requested pre-vote from peers e6323f6ddfd2412aaf8f377a6595565c (127.8.86.1:34551), 8f0b57e3cff24f3a92122f52fdd59c8c (127.8.86.3:45963)
I20260608 13:03:04.921774  9394 tablet_bootstrap.cc:492] T aa27b94037684aa2bab93f92df483a7f P e6323f6ddfd2412aaf8f377a6595565c: No bootstrap required, opened a new log
I20260608 13:03:04.922259  9394 ts_tablet_manager.cc:1403] T aa27b94037684aa2bab93f92df483a7f P e6323f6ddfd2412aaf8f377a6595565c: Time spent bootstrapping tablet: real 0.021s	user 0.005s	sys 0.011s
