I20260608 13:03:08.617386  9656 tablet_bootstrap.cc:492] T 5b8cf56cf19d41f68fa92d2c7723f866 P 0b14a86a90934ef7bc7d8ff0c28337b5: Bootstrap replayed 1/1 log segments. Stats: ops{read=2 overwritten=0 applied=2 ignored=0} inserts{seen=0 ignored=0} mutations{seen=0 ignored=0} orphaned_commits=0. Pending: 0 replicates
I20260608 13:03:08.618198  9656 tablet_bootstrap.cc:492] T 5b8cf56cf19d41f68fa92d2c7723f866 P 0b14a86a90934ef7bc7d8ff0c28337b5: Bootstrap complete.
I20260608 13:03:08.618753  9656 ts_tablet_manager.cc:1403] T 5b8cf56cf19d41f68fa92d2c7723f866 P 0b14a86a90934ef7bc7d8ff0c28337b5: Time spent bootstrapping tablet: real 0.021s	user 0.014s	sys 0.005s
I20260608 13:03:08.621945  9656 raft_consensus.cc:359] T 5b8cf56cf19d41f68fa92d2c7723f866 P 0b14a86a90934ef7bc7d8ff0c28337b5 [term 1 LEARNER]: Replica starting. Triggering 0 pending ops. Active config: opid_index: 2 OBSOLETE_local: false peers { permanent_uuid: "b453c2655cab47e1bb864ea96dfde9f1" member_type: VOTER last_known_addr { host: "127.8.100.1" port: 34621 } } peers { permanent_uuid: "64ae96a381864b42ba64c75a2edffa41" member_type: VOTER last_known_addr { host: "127.8.100.2" port: 42975 } } peers { permanent_uuid: "b08f73a027094b0c9d412661d60f1de7" member_type: VOTER last_known_addr { host: "127.8.100.3" port: 38045 } attrs { replace: true } } peers { permanent_uuid: "0b14a86a90934ef7bc7d8ff0c28337b5" member_type: NON_VOTER last_known_addr { host: "127.8.100.4" port: 39525 } attrs { promote: true } }
I20260608 13:03:08.622552  9656 raft_consensus.cc:740] T 5b8cf56cf19d41f68fa92d2c7723f866 P 0b14a86a90934ef7bc7d8ff0c28337b5 [term 1 LEARNER]: Becoming Follower/Learner. State: Replica: 0b14a86a90934ef7bc7d8ff0c28337b5, State: Initialized, Role: LEARNER
I20260608 13:03:08.623122  9656 consensus_queue.cc:260] T 5b8cf56cf19d41f68fa92d2c7723f866 P 0b14a86a90934ef7bc7d8ff0c28337b5 [NON_LEADER]: Queue going to NON_LEADER mode. State: All replicated index: 0, Majority replicated index: 0, Committed index: 2, Last appended: 1.2, Last appended by leader: 2, Current term: 0, Majority size: -1, State: 0, Mode: NON_LEADER, active raft config: opid_index: 2 OBSOLETE_local: false peers { permanent_uuid: "b453c2655cab47e1bb864ea96dfde9f1" member_type: VOTER last_known_addr { host: "127.8.100.1" port: 34621 } } peers { permanent_uuid: "64ae96a381864b42ba64c75a2edffa41" member_type: VOTER last_known_addr { host: "127.8.100.2" port: 42975 } } peers { permanent_uuid: "b08f73a027094b0c9d412661d60f1de7" member_type: VOTER last_known_addr { host: "127.8.100.3" port: 38045 } attrs { replace: true } } peers { permanent_uuid: "0b14a86a90934ef7bc7d8ff0c28337b5" member_type: NON_VOTER last_known_addr { host: "127.8.100.4" port: 39525 } attrs { promote: true } }
I20260608 13:03:08.628041  9656 ts_tablet_manager.cc:1434] T 5b8cf56cf19d41f68fa92d2c7723f866 P 0b14a86a90934ef7bc7d8ff0c28337b5: Time spent starting tablet: real 0.009s	user 0.006s	sys 0.003s
I20260608 13:03:08.630249  9272 tablet_copy_service.cc:342] P b453c2655cab47e1bb864ea96dfde9f1: Request end of tablet copy session 0b14a86a90934ef7bc7d8ff0c28337b5-5b8cf56cf19d41f68fa92d2c7723f866 received from {username='slave'} at 127.0.0.1:41952
I20260608 13:03:08.630784  9272 tablet_copy_service.cc:434] P b453c2655cab47e1bb864ea96dfde9f1: ending tablet copy session 0b14a86a90934ef7bc7d8ff0c28337b5-5b8cf56cf19d41f68fa92d2c7723f866 on tablet 5b8cf56cf19d41f68fa92d2c7723f866 with peer 0b14a86a90934ef7bc7d8ff0c28337b5
I20260608 13:03:08.634517  8592 tablet_server.cc:179] TabletServer@127.8.100.1:0 shutting down...
I20260608 13:03:08.653931  9656 ts_tablet_manager.cc:933] T 1a4b6bc02c4f42dab38c0438823d38d9 P 0b14a86a90934ef7bc7d8ff0c28337b5: Initiating tablet copy from peer b453c2655cab47e1bb864ea96dfde9f1 (127.8.100.1:34621)
I20260608 13:03:08.664912  9656 tablet_copy_client.cc:323] T 1a4b6bc02c4f42dab38c0438823d38d9 P 0b14a86a90934ef7bc7d8ff0c28337b5: tablet copy: Beginning tablet copy session from remote peer at address 127.8.100.1:34621
I20260608 13:03:08.673094  8592 ts_tablet_manager.cc:1507] Shutting down tablet manager...
I20260608 13:03:08.674044  8592 tablet_replica.cc:333] T cd0696dca5dc4c93843ba48584584a8b P b453c2655cab47e1bb864ea96dfde9f1: stopping tablet replica
I20260608 13:03:08.674736  8592 raft_consensus.cc:2243] T cd0696dca5dc4c93843ba48584584a8b P b453c2655cab47e1bb864ea96dfde9f1 [term 1 LEADER]: Raft consensus shutting down.
I20260608 13:03:08.675629  8592 raft_consensus.cc:2272] T cd0696dca5dc4c93843ba48584584a8b P b453c2655cab47e1bb864ea96dfde9f1 [term 1 FOLLOWER]: Raft consensus is shut down!
I20260608 13:03:08.677810  8592 tablet_replica.cc:333] T 01382c1b961a49349651122885ac2457 P b453c2655cab47e1bb864ea96dfde9f1: stopping tablet replica
I20260608 13:03:08.678550  8592 raft_consensus.cc:2243] T 01382c1b961a49349651122885ac2457 P b453c2655cab47e1bb864ea96dfde9f1 [term 1 FOLLOWER]: Raft consensus shutting down.
I20260608 13:03:08.679118  8592 raft_consensus.cc:2272] T 01382c1b961a49349651122885ac2457 P b453c2655cab47e1bb864ea96dfde9f1 [term 1 FOLLOWER]: Raft consensus is shut down!
I20260608 13:03:08.681510  8592 tablet_replica.cc:333] T 5b8cf56cf19d41f68fa92d2c7723f866 P b453c2655cab47e1bb864ea96dfde9f1: stopping tablet replica
I20260608 13:03:08.682054  8592 raft_consensus.cc:2243] T 5b8cf56cf19d41f68fa92d2c7723f866 P b453c2655cab47e1bb864ea96dfde9f1 [term 1 LEADER]: Raft consensus shutting down.
I20260608 13:03:08.682984  8592 raft_consensus.cc:2272] T 5b8cf56cf19d41f68fa92d2c7723f866 P b453c2655cab47e1bb864ea96dfde9f1 [term 1 FOLLOWER]: Raft consensus is shut down!
I20260608 13:03:08.685254  8592 tablet_replica.cc:333] T 538d359dece14978850cf2b0ddf51eee P b453c2655cab47e1bb864ea96dfde9f1: stopping tablet replica
I20260608 13:03:08.685827  8592 raft_consensus.cc:2243] T 538d359dece14978850cf2b0ddf51eee P b453c2655cab47e1bb864ea96dfde9f1 [term 2 FOLLOWER]: Raft consensus shutting down.
I20260608 13:03:08.686344  8592 raft_consensus.cc:2272] T 538d359dece14978850cf2b0ddf51eee P b453c2655cab47e1bb864ea96dfde9f1 [term 2 FOLLOWER]: Raft consensus is shut down!
I20260608 13:03:08.688812  8592 tablet_replica.cc:333] T 20bdd3f6bd1d469982c598a175bbf531 P b453c2655cab47e1bb864ea96dfde9f1: stopping tablet replica
I20260608 13:03:08.689344  8592 raft_consensus.cc:2243] T 20bdd3f6bd1d469982c598a175bbf531 P b453c2655cab47e1bb864ea96dfde9f1 [term 2 FOLLOWER]: Raft consensus shutting down.
I20260608 13:03:08.689761  8592 raft_consensus.cc:2272] T 20bdd3f6bd1d469982c598a175bbf531 P b453c2655cab47e1bb864ea96dfde9f1 [term 2 FOLLOWER]: Raft consensus is shut down!
I20260608 13:03:08.691601  8592 tablet_replica.cc:333] T cf04d493f10b42c09cd0811e5de4cccf P b453c2655cab47e1bb864ea96dfde9f1: stopping tablet replica
I20260608 13:03:08.692128  8592 raft_consensus.cc:2243] T cf04d493f10b42c09cd0811e5de4cccf P b453c2655cab47e1bb864ea96dfde9f1 [term 1 FOLLOWER]: Raft consensus shutting down.
I20260608 13:03:08.692493  8592 raft_consensus.cc:2272] T cf04d493f10b42c09cd0811e5de4cccf P b453c2655cab47e1bb864ea96dfde9f1 [term 1 FOLLOWER]: Raft consensus is shut down!
I20260608 13:03:08.694447  8592 tablet_replica.cc:333] T 1a4b6bc02c4f42dab38c0438823d38d9 P b453c2655cab47e1bb864ea96dfde9f1: stopping tablet replica
I20260608 13:03:08.694970  8592 raft_consensus.cc:2243] T 1a4b6bc02c4f42dab38c0438823d38d9 P b453c2655cab47e1bb864ea96dfde9f1 [term 1 LEADER]: Raft consensus shutting down.
I20260608 13:03:08.695796  8592 raft_consensus.cc:2272] T 1a4b6bc02c4f42dab38c0438823d38d9 P b453c2655cab47e1bb864ea96dfde9f1 [term 1 FOLLOWER]: Raft consensus is shut down!
I20260608 13:03:08.698138  8592 tablet_replica.cc:333] T e35b982e7c764d38ab5497006f07b562 P b453c2655cab47e1bb864ea96dfde9f1: stopping tablet replica
I20260608 13:03:08.698617  8592 raft_consensus.cc:2243] T e35b982e7c764d38ab5497006f07b562 P b453c2655cab47e1bb864ea96dfde9f1 [term 2 FOLLOWER]: Raft consensus shutting down.
I20260608 13:03:08.699059  8592 raft_consensus.cc:2272] T e35b982e7c764d38ab5497006f07b562 P b453c2655cab47e1bb864ea96dfde9f1 [term 2 FOLLOWER]: Raft consensus is shut down!
W20260608 13:03:08.712009  9225 proxy.cc:239] Call had error, refreshing address and retrying: Service unavailable: reactor is shutting down (error 108) [suppressed 7 similar messages]
W20260608 13:03:08.716073  9302 consensus_peers.cc:597] T 538d359dece14978850cf2b0ddf51eee P 64ae96a381864b42ba64c75a2edffa41 -> Peer b453c2655cab47e1bb864ea96dfde9f1 (127.8.100.1:34621): Couldn't send request to peer b453c2655cab47e1bb864ea96dfde9f1. Status: Remote error: Service unavailable: service kudu.consensus.ConsensusService not registered on TabletServer. This is attempt 1: this message will repeat every 5th retry.
I20260608 13:03:08.737306  8592 tablet_server.cc:196] TabletServer@127.8.100.1:0 shutdown complete.
W20260608 13:03:08.749907  9302 consensus_peers.cc:597] T e35b982e7c764d38ab5497006f07b562 P 64ae96a381864b42ba64c75a2edffa41 -> Peer b453c2655cab47e1bb864ea96dfde9f1 (127.8.100.1:34621): Couldn't send request to peer b453c2655cab47e1bb864ea96dfde9f1. Status: Network error: Client connection negotiation failed: client connection to 127.8.100.1:34621: connect: Connection refused (error 111). This is attempt 1: this message will repeat every 5th retry.
I20260608 13:03:08.764819  8592 tablet_server.cc:179] TabletServer@127.8.100.2:0 shutting down...
I20260608 13:03:08.768149  9665 ts_tablet_manager.cc:933] T 01382c1b961a49349651122885ac2457 P 0b14a86a90934ef7bc7d8ff0c28337b5: Initiating tablet copy from peer b08f73a027094b0c9d412661d60f1de7 (127.8.100.3:38045)
I20260608 13:03:08.770299  9665 tablet_copy_client.cc:323] T 01382c1b961a49349651122885ac2457 P 0b14a86a90934ef7bc7d8ff0c28337b5: tablet copy: Beginning tablet copy session from remote peer at address 127.8.100.3:38045
W20260608 13:03:08.772114  9302 consensus_peers.cc:597] T 20bdd3f6bd1d469982c598a175bbf531 P 64ae96a381864b42ba64c75a2edffa41 -> Peer b453c2655cab47e1bb864ea96dfde9f1 (127.8.100.1:34621): Couldn't send request to peer b453c2655cab47e1bb864ea96dfde9f1. Status: Network error: Client connection negotiation failed: client connection to 127.8.100.1:34621: connect: Connection refused (error 111). This is attempt 1: this message will repeat every 5th retry.
I20260608 13:03:08.789057  9421 tablet_copy_service.cc:140] P b08f73a027094b0c9d412661d60f1de7: Received BeginTabletCopySession request for tablet 01382c1b961a49349651122885ac2457 from peer 0b14a86a90934ef7bc7d8ff0c28337b5 ({username='slave'} at 127.0.0.1:52840)
I20260608 13:03:08.789774  9421 tablet_copy_service.cc:161] P b08f73a027094b0c9d412661d60f1de7: Beginning new tablet copy session on tablet 01382c1b961a49349651122885ac2457 from peer 0b14a86a90934ef7bc7d8ff0c28337b5 at {username='slave'} at 127.0.0.1:52840: session id = 0b14a86a90934ef7bc7d8ff0c28337b5-01382c1b961a49349651122885ac2457
W20260608 13:03:08.792908  9524 connection.cc:466] server connection from 127.0.0.1:53586 torn down before Call kudu.consensus.ConsensusService.StartTabletCopy from 127.0.0.1:53586 (request call id 3) could send its response
I20260608 13:03:08.798980  9421 tablet_copy_source_session.cc:215] T 01382c1b961a49349651122885ac2457 P b08f73a027094b0c9d412661d60f1de7: Tablet Copy: opened 0 blocks and 1 log segments
I20260608 13:03:08.805480  9665 data_dirs.cc:400] Could only allocate 1 dirs of requested 3 for tablet 01382c1b961a49349651122885ac2457. 1 dirs total, 0 dirs full, 0 dirs failed
I20260608 13:03:08.817288  8592 ts_tablet_manager.cc:1507] Shutting down tablet manager...
I20260608 13:03:08.818660  8592 tablet_replica.cc:333] T 1a4b6bc02c4f42dab38c0438823d38d9 P 64ae96a381864b42ba64c75a2edffa41: stopping tablet replica
I20260608 13:03:08.819556  8592 raft_consensus.cc:2243] T 1a4b6bc02c4f42dab38c0438823d38d9 P 64ae96a381864b42ba64c75a2edffa41 [term 1 FOLLOWER]: Raft consensus shutting down.
I20260608 13:03:08.820223  8592 raft_consensus.cc:2272] T 1a4b6bc02c4f42dab38c0438823d38d9 P 64ae96a381864b42ba64c75a2edffa41 [term 1 FOLLOWER]: Raft consensus is shut down!
I20260608 13:03:08.820892  9665 tablet_copy_client.cc:806] T 01382c1b961a49349651122885ac2457 P 0b14a86a90934ef7bc7d8ff0c28337b5: tablet copy: Starting download of 0 data blocks...
I20260608 13:03:08.821489  9665 tablet_copy_client.cc:670] T 01382c1b961a49349651122885ac2457 P 0b14a86a90934ef7bc7d8ff0c28337b5: tablet copy: Starting download of 1 WAL segments...
I20260608 13:03:08.824455  8592 tablet_replica.cc:333] T 01382c1b961a49349651122885ac2457 P 64ae96a381864b42ba64c75a2edffa41: stopping tablet replica
I20260608 13:03:08.825351  8592 raft_consensus.cc:2243] T 01382c1b961a49349651122885ac2457 P 64ae96a381864b42ba64c75a2edffa41 [term 1 FOLLOWER]: Raft consensus shutting down.
I20260608 13:03:08.825850  9665 tablet_copy_client.cc:538] T 01382c1b961a49349651122885ac2457 P 0b14a86a90934ef7bc7d8ff0c28337b5: tablet copy: Tablet Copy complete. Replacing tablet superblock.
W20260608 13:03:08.826225  9376 consensus_peers.cc:597] T cf04d493f10b42c09cd0811e5de4cccf P b08f73a027094b0c9d412661d60f1de7 -> Peer b453c2655cab47e1bb864ea96dfde9f1 (127.8.100.1:34621): Couldn't send request to peer b453c2655cab47e1bb864ea96dfde9f1. Status: Network error: Client connection negotiation failed: client connection to 127.8.100.1:34621: connect: Connection refused (error 111). This is attempt 1: this message will repeat every 5th retry.
I20260608 13:03:08.826403  8592 raft_consensus.cc:2272] T 01382c1b961a49349651122885ac2457 P 64ae96a381864b42ba64c75a2edffa41 [term 1 FOLLOWER]: Raft consensus is shut down!
I20260608 13:03:08.829703  8592 tablet_replica.cc:333] T cd0696dca5dc4c93843ba48584584a8b P 64ae96a381864b42ba64c75a2edffa41: stopping tablet replica
I20260608 13:03:08.830474  8592 raft_consensus.cc:2243] T cd0696dca5dc4c93843ba48584584a8b P 64ae96a381864b42ba64c75a2edffa41 [term 1 FOLLOWER]: Raft consensus shutting down.
I20260608 13:03:08.831036  8592 raft_consensus.cc:2272] T cd0696dca5dc4c93843ba48584584a8b P 64ae96a381864b42ba64c75a2edffa41 [term 1 FOLLOWER]: Raft consensus is shut down!
I20260608 13:03:08.833536  8592 tablet_replica.cc:333] T 20bdd3f6bd1d469982c598a175bbf531 P 64ae96a381864b42ba64c75a2edffa41: stopping tablet replica
I20260608 13:03:08.834216  8592 raft_consensus.cc:2243] T 20bdd3f6bd1d469982c598a175bbf531 P 64ae96a381864b42ba64c75a2edffa41 [term 2 LEADER]: Raft consensus shutting down.
I20260608 13:03:08.834654  9665 tablet_bootstrap.cc:492] T 01382c1b961a49349651122885ac2457 P 0b14a86a90934ef7bc7d8ff0c28337b5: Bootstrap starting.
I20260608 13:03:08.835233  8592 raft_consensus.cc:2272] T 20bdd3f6bd1d469982c598a175bbf531 P 64ae96a381864b42ba64c75a2edffa41 [term 2 FOLLOWER]: Raft consensus is shut down!
I20260608 13:03:08.838121  8592 tablet_replica.cc:333] T 538d359dece14978850cf2b0ddf51eee P 64ae96a381864b42ba64c75a2edffa41: stopping tablet replica
I20260608 13:03:08.839215  9656 ts_tablet_manager.cc:933] T 538d359dece14978850cf2b0ddf51eee P 0b14a86a90934ef7bc7d8ff0c28337b5: Initiating tablet copy from peer 64ae96a381864b42ba64c75a2edffa41 (127.8.100.2:42975)
I20260608 13:03:08.839358  8592 raft_consensus.cc:2243] T 538d359dece14978850cf2b0ddf51eee P 64ae96a381864b42ba64c75a2edffa41 [term 2 LEADER]: Raft consensus shutting down.
I20260608 13:03:08.840572  8592 raft_consensus.cc:2272] T 538d359dece14978850cf2b0ddf51eee P 64ae96a381864b42ba64c75a2edffa41 [term 2 FOLLOWER]: Raft consensus is shut down!
I20260608 13:03:08.843626  8592 tablet_replica.cc:333] T 5b8cf56cf19d41f68fa92d2c7723f866 P 64ae96a381864b42ba64c75a2edffa41: stopping tablet replica
I20260608 13:03:08.844357  8592 raft_consensus.cc:2243] T 5b8cf56cf19d41f68fa92d2c7723f866 P 64ae96a381864b42ba64c75a2edffa41 [term 1 FOLLOWER]: Raft consensus shutting down.
I20260608 13:03:08.844959  8592 raft_consensus.cc:2272] T 5b8cf56cf19d41f68fa92d2c7723f866 P 64ae96a381864b42ba64c75a2edffa41 [term 1 FOLLOWER]: Raft consensus is shut down!
I20260608 13:03:08.848145  8592 tablet_replica.cc:333] T e35b982e7c764d38ab5497006f07b562 P 64ae96a381864b42ba64c75a2edffa41: stopping tablet replica
I20260608 13:03:08.848923  8592 raft_consensus.cc:2243] T e35b982e7c764d38ab5497006f07b562 P 64ae96a381864b42ba64c75a2edffa41 [term 2 LEADER]: Raft consensus shutting down.
I20260608 13:03:08.849999  8592 raft_consensus.cc:2272] T e35b982e7c764d38ab5497006f07b562 P 64ae96a381864b42ba64c75a2edffa41 [term 2 FOLLOWER]: Raft consensus is shut down!
I20260608 13:03:08.852475  9656 tablet_copy_client.cc:323] T 538d359dece14978850cf2b0ddf51eee P 0b14a86a90934ef7bc7d8ff0c28337b5: tablet copy: Beginning tablet copy session from remote peer at address 127.8.100.2:42975
I20260608 13:03:08.852876  8592 tablet_replica.cc:333] T cf04d493f10b42c09cd0811e5de4cccf P 64ae96a381864b42ba64c75a2edffa41: stopping tablet replica
I20260608 13:03:08.853657  8592 raft_consensus.cc:2243] T cf04d493f10b42c09cd0811e5de4cccf P 64ae96a381864b42ba64c75a2edffa41 [term 1 FOLLOWER]: Raft consensus shutting down.
I20260608 13:03:08.854506  8592 raft_consensus.cc:2272] T cf04d493f10b42c09cd0811e5de4cccf P 64ae96a381864b42ba64c75a2edffa41 [term 1 FOLLOWER]: Raft consensus is shut down!
I20260608 13:03:08.870110  9665 tablet_bootstrap.cc:492] T 01382c1b961a49349651122885ac2457 P 0b14a86a90934ef7bc7d8ff0c28337b5: Bootstrap replayed 1/1 log segments. Stats: ops{read=2 overwritten=0 applied=2 ignored=0} inserts{seen=0 ignored=0} mutations{seen=0 ignored=0} orphaned_commits=0. Pending: 0 replicates
I20260608 13:03:08.871031  9665 tablet_bootstrap.cc:492] T 01382c1b961a49349651122885ac2457 P 0b14a86a90934ef7bc7d8ff0c28337b5: Bootstrap complete.
I20260608 13:03:08.871724  9665 ts_tablet_manager.cc:1403] T 01382c1b961a49349651122885ac2457 P 0b14a86a90934ef7bc7d8ff0c28337b5: Time spent bootstrapping tablet: real 0.037s	user 0.021s	sys 0.012s
I20260608 13:03:08.874732  9665 raft_consensus.cc:359] T 01382c1b961a49349651122885ac2457 P 0b14a86a90934ef7bc7d8ff0c28337b5 [term 1 LEARNER]: Replica starting. Triggering 0 pending ops. Active config: opid_index: 2 OBSOLETE_local: false peers { permanent_uuid: "b453c2655cab47e1bb864ea96dfde9f1" member_type: VOTER last_known_addr { host: "127.8.100.1" port: 34621 } } peers { permanent_uuid: "64ae96a381864b42ba64c75a2edffa41" member_type: VOTER last_known_addr { host: "127.8.100.2" port: 42975 } attrs { replace: true } } peers { permanent_uuid: "b08f73a027094b0c9d412661d60f1de7" member_type: VOTER last_known_addr { host: "127.8.100.3" port: 38045 } } peers { permanent_uuid: "0b14a86a90934ef7bc7d8ff0c28337b5" member_type: NON_VOTER last_known_addr { host: "127.8.100.4" port: 39525 } attrs { promote: true } }
I20260608 13:03:08.875555  9665 raft_consensus.cc:740] T 01382c1b961a49349651122885ac2457 P 0b14a86a90934ef7bc7d8ff0c28337b5 [term 1 LEARNER]: Becoming Follower/Learner. State: Replica: 0b14a86a90934ef7bc7d8ff0c28337b5, State: Initialized, Role: LEARNER
I20260608 13:03:08.876068  9665 consensus_queue.cc:260] T 01382c1b961a49349651122885ac2457 P 0b14a86a90934ef7bc7d8ff0c28337b5 [NON_LEADER]: Queue going to NON_LEADER mode. State: All replicated index: 0, Majority replicated index: 0, Committed index: 2, Last appended: 1.2, Last appended by leader: 2, Current term: 0, Majority size: -1, State: 0, Mode: NON_LEADER, active raft config: opid_index: 2 OBSOLETE_local: false peers { permanent_uuid: "b453c2655cab47e1bb864ea96dfde9f1" member_type: VOTER last_known_addr { host: "127.8.100.1" port: 34621 } } peers { permanent_uuid: "64ae96a381864b42ba64c75a2edffa41" member_type: VOTER last_known_addr { host: "127.8.100.2" port: 42975 } attrs { replace: true } } peers { permanent_uuid: "b08f73a027094b0c9d412661d60f1de7" member_type: VOTER last_known_addr { host: "127.8.100.3" port: 38045 } } peers { permanent_uuid: "0b14a86a90934ef7bc7d8ff0c28337b5" member_type: NON_VOTER last_known_addr { host: "127.8.100.4" port: 39525 } attrs { promote: true } }
I20260608 13:03:08.882333  9665 ts_tablet_manager.cc:1434] T 01382c1b961a49349651122885ac2457 P 0b14a86a90934ef7bc7d8ff0c28337b5: Time spent starting tablet: real 0.010s	user 0.009s	sys 0.000s
W20260608 13:03:08.884173  9524 connection.cc:466] server connection from 127.0.0.1:53594 torn down before Call kudu.consensus.ConsensusService.StartTabletCopy from 127.0.0.1:53594 (request call id 1) could send its response
I20260608 13:03:08.884493  9421 tablet_copy_service.cc:342] P b08f73a027094b0c9d412661d60f1de7: Request end of tablet copy session 0b14a86a90934ef7bc7d8ff0c28337b5-01382c1b961a49349651122885ac2457 received from {username='slave'} at 127.0.0.1:52840
I20260608 13:03:08.885002  9421 tablet_copy_service.cc:434] P b08f73a027094b0c9d412661d60f1de7: ending tablet copy session 0b14a86a90934ef7bc7d8ff0c28337b5-01382c1b961a49349651122885ac2457 on tablet 01382c1b961a49349651122885ac2457 with peer 0b14a86a90934ef7bc7d8ff0c28337b5
I20260608 13:03:08.890672  8592 tablet_server.cc:196] TabletServer@127.8.100.2:0 shutdown complete.
I20260608 13:03:08.909759  8592 tablet_server.cc:179] TabletServer@127.8.100.3:0 shutting down...
I20260608 13:03:08.942425  8592 ts_tablet_manager.cc:1507] Shutting down tablet manager...
I20260608 13:03:08.943287  8592 tablet_replica.cc:333] T cd0696dca5dc4c93843ba48584584a8b P b08f73a027094b0c9d412661d60f1de7: stopping tablet replica
I20260608 13:03:08.943881  8592 raft_consensus.cc:2243] T cd0696dca5dc4c93843ba48584584a8b P b08f73a027094b0c9d412661d60f1de7 [term 1 FOLLOWER]: Raft consensus shutting down.
I20260608 13:03:08.944371  8592 raft_consensus.cc:2272] T cd0696dca5dc4c93843ba48584584a8b P b08f73a027094b0c9d412661d60f1de7 [term 1 FOLLOWER]: Raft consensus is shut down!
I20260608 13:03:08.946445  8592 tablet_replica.cc:333] T e35b982e7c764d38ab5497006f07b562 P b08f73a027094b0c9d412661d60f1de7: stopping tablet replica
I20260608 13:03:08.946971  8592 raft_consensus.cc:2243] T e35b982e7c764d38ab5497006f07b562 P b08f73a027094b0c9d412661d60f1de7 [term 2 FOLLOWER]: Raft consensus shutting down.
I20260608 13:03:08.947393  8592 raft_consensus.cc:2272] T e35b982e7c764d38ab5497006f07b562 P b08f73a027094b0c9d412661d60f1de7 [term 2 FOLLOWER]: Raft consensus is shut down!
I20260608 13:03:08.949267  8592 tablet_replica.cc:333] T 01382c1b961a49349651122885ac2457 P b08f73a027094b0c9d412661d60f1de7: stopping tablet replica
I20260608 13:03:08.949753  8592 raft_consensus.cc:2243] T 01382c1b961a49349651122885ac2457 P b08f73a027094b0c9d412661d60f1de7 [term 1 LEADER]: Raft consensus shutting down.
I20260608 13:03:08.950796  8592 raft_consensus.cc:2272] T 01382c1b961a49349651122885ac2457 P b08f73a027094b0c9d412661d60f1de7 [term 1 FOLLOWER]: Raft consensus is shut down!
I20260608 13:03:08.953787  8592 tablet_replica.cc:333] T 1a4b6bc02c4f42dab38c0438823d38d9 P b08f73a027094b0c9d412661d60f1de7: stopping tablet replica
I20260608 13:03:08.955760  8592 raft_consensus.cc:2243] T 1a4b6bc02c4f42dab38c0438823d38d9 P b08f73a027094b0c9d412661d60f1de7 [term 1 FOLLOWER]: Raft consensus shutting down.
I20260608 13:03:08.956373  8592 raft_consensus.cc:2272] T 1a4b6bc02c4f42dab38c0438823d38d9 P b08f73a027094b0c9d412661d60f1de7 [term 1 FOLLOWER]: Raft consensus is shut down!
W20260608 13:03:08.957001  9374 consensus_peers.cc:597] T cf04d493f10b42c09cd0811e5de4cccf P b08f73a027094b0c9d412661d60f1de7 -> Peer 64ae96a381864b42ba64c75a2edffa41 (127.8.100.2:42975): Couldn't send request to peer 64ae96a381864b42ba64c75a2edffa41. Status: Network error: Client connection negotiation failed: client connection to 127.8.100.2:42975: connect: Connection refused (error 111). This is attempt 1: this message will repeat every 5th retry.
I20260608 13:03:08.967375  8592 tablet_replica.cc:333] T 538d359dece14978850cf2b0ddf51eee P b08f73a027094b0c9d412661d60f1de7: stopping tablet replica
I20260608 13:03:08.968217  8592 raft_consensus.cc:2243] T 538d359dece14978850cf2b0ddf51eee P b08f73a027094b0c9d412661d60f1de7 [term 2 FOLLOWER]: Raft consensus shutting down.
I20260608 13:03:08.968894  8592 raft_consensus.cc:2272] T 538d359dece14978850cf2b0ddf51eee P b08f73a027094b0c9d412661d60f1de7 [term 2 FOLLOWER]: Raft consensus is shut down!
I20260608 13:03:08.971133  8592 tablet_replica.cc:333] T 5b8cf56cf19d41f68fa92d2c7723f866 P b08f73a027094b0c9d412661d60f1de7: stopping tablet replica
I20260608 13:03:08.971642  8592 raft_consensus.cc:2243] T 5b8cf56cf19d41f68fa92d2c7723f866 P b08f73a027094b0c9d412661d60f1de7 [term 1 FOLLOWER]: Raft consensus shutting down.
I20260608 13:03:08.972079  8592 raft_consensus.cc:2272] T 5b8cf56cf19d41f68fa92d2c7723f866 P b08f73a027094b0c9d412661d60f1de7 [term 1 FOLLOWER]: Raft consensus is shut down!
I20260608 13:03:08.974350  8592 tablet_replica.cc:333] T 20bdd3f6bd1d469982c598a175bbf531 P b08f73a027094b0c9d412661d60f1de7: stopping tablet replica
I20260608 13:03:08.974833  8592 raft_consensus.cc:2243] T 20bdd3f6bd1d469982c598a175bbf531 P b08f73a027094b0c9d412661d60f1de7 [term 2 FOLLOWER]: Raft consensus shutting down.
I20260608 13:03:08.975234  8592 raft_consensus.cc:2272] T 20bdd3f6bd1d469982c598a175bbf531 P b08f73a027094b0c9d412661d60f1de7 [term 2 FOLLOWER]: Raft consensus is shut down!
I20260608 13:03:08.977015  8592 tablet_replica.cc:333] T cf04d493f10b42c09cd0811e5de4cccf P b08f73a027094b0c9d412661d60f1de7: stopping tablet replica
I20260608 13:03:08.977454  8592 raft_consensus.cc:2243] T cf04d493f10b42c09cd0811e5de4cccf P b08f73a027094b0c9d412661d60f1de7 [term 1 LEADER]: Raft consensus shutting down.
I20260608 13:03:08.978148  8592 raft_consensus.cc:2272] T cf04d493f10b42c09cd0811e5de4cccf P b08f73a027094b0c9d412661d60f1de7 [term 1 FOLLOWER]: Raft consensus is shut down!
I20260608 13:03:09.008319  8592 tablet_server.cc:196] TabletServer@127.8.100.3:0 shutdown complete.
I20260608 13:03:09.036556  8592 tablet_server.cc:179] TabletServer@127.8.100.4:0 shutting down...
I20260608 13:03:09.064235  8592 ts_tablet_manager.cc:1507] Shutting down tablet manager...
I20260608 13:03:09.065487  8592 tablet_replica.cc:333] T 01382c1b961a49349651122885ac2457 P 0b14a86a90934ef7bc7d8ff0c28337b5: stopping tablet replica
I20260608 13:03:09.066222  8592 raft_consensus.cc:2243] T 01382c1b961a49349651122885ac2457 P 0b14a86a90934ef7bc7d8ff0c28337b5 [term 1 LEARNER]: Raft consensus shutting down.
I20260608 13:03:09.066710  8592 raft_consensus.cc:2272] T 01382c1b961a49349651122885ac2457 P 0b14a86a90934ef7bc7d8ff0c28337b5 [term 1 LEARNER]: Raft consensus is shut down!
I20260608 13:03:09.069476  8592 tablet_replica.cc:333] T 5b8cf56cf19d41f68fa92d2c7723f866 P 0b14a86a90934ef7bc7d8ff0c28337b5: stopping tablet replica
I20260608 13:03:09.070281  8592 raft_consensus.cc:2243] T 5b8cf56cf19d41f68fa92d2c7723f866 P 0b14a86a90934ef7bc7d8ff0c28337b5 [term 1 LEARNER]: Raft consensus shutting down.
I20260608 13:03:09.070796  8592 raft_consensus.cc:2272] T 5b8cf56cf19d41f68fa92d2c7723f866 P 0b14a86a90934ef7bc7d8ff0c28337b5 [term 1 LEARNER]: Raft consensus is shut down!
I20260608 13:03:09.094002  8592 tablet_server.cc:196] TabletServer@127.8.100.4:0 shutdown complete.
I20260608 13:03:09.109699  8592 master.cc:562] Master@127.8.100.62:39085 shutting down...
W20260608 13:03:09.131182  9208 auto_rebalancer.cc:835] Removing replace marker failed: Catalog manager is not initialized. State: Closing
W20260608 13:03:09.131448  9208 auto_rebalancer.cc:863] Could not move replica: Service unavailable: Catalog manager is not initialized. State: Closing
W20260608 13:03:09.131605  9208 auto_rebalancer.cc:301] scheduled replica move failed to complete: Service unavailable: Catalog manager is not initialized. State: Closing
I20260608 13:03:09.132779  8592 raft_consensus.cc:2243] T 00000000000000000000000000000000 P e2efcc4560444e2ca8dd9176f46fd0d9 [term 1 LEADER]: Raft consensus shutting down.
I20260608 13:03:09.133260  8592 raft_consensus.cc:2272] T 00000000000000000000000000000000 P e2efcc4560444e2ca8dd9176f46fd0d9 [term 1 FOLLOWER]: Raft consensus is shut down!
I20260608 13:03:09.133556  8592 tablet_replica.cc:333] T 00000000000000000000000000000000 P e2efcc4560444e2ca8dd9176f46fd0d9: stopping tablet replica
I20260608 13:03:09.153415  8592 master.cc:584] Master@127.8.100.62:39085 shutdown complete.
[       OK ] AutoRebalancerTest.AutoRebalancingTurnOffAndOn (9288 ms)
[ RUN      ] AutoRebalancerTest.NextLeaderResumesAutoRebalancing
I20260608 13:03:09.190524  8592 internal_mini_cluster.cc:156] Creating distributed mini masters. Addrs: 127.8.100.62:33509,127.8.100.61:33279,127.8.100.60:34535
I20260608 13:03:09.191871  8592 file_cache.cc:492] Constructed file cache file cache with capacity 419430
W20260608 13:03:09.197258  9675 instance_detector.cc:116] could not retrieve AWS instance metadata: Network error: curl error: HTTP response code said error: The requested URL returned error: 404
W20260608 13:03:09.197985  9676 instance_detector.cc:116] could not retrieve Azure instance metadata: Network error: curl error: HTTP response code said error: The requested URL returned error: 404
W20260608 13:03:09.198648  9678 instance_detector.cc:116] could not retrieve OpenStack instance metadata: Network error: curl error: HTTP response code said error: The requested URL returned error: 404
I20260608 13:03:09.198937  8592 server_base.cc:1061] running on GCE node
I20260608 13:03:09.199697  8592 hybrid_clock.cc:584] initializing the hybrid clock with 'system_unsync' time source
W20260608 13:03:09.199873  8592 system_unsync_time.cc:38] NTP support is disabled. Clock error bounds will not be accurate. This configuration is not suitable for distributed clusters.
I20260608 13:03:09.200033  8592 hybrid_clock.cc:648] HybridClock initialized: now 1780923789200009 us; error 0 us; skew 500 ppm
I20260608 13:03:09.200563  8592 server_base.cc:861] Flag tcmalloc_max_total_thread_cache_bytes is not working since tcmalloc is not enabled.
I20260608 13:03:09.202911  8592 webserver.cc:533] Webserver started at http://127.8.100.62:38437/ using document root <none> and password file <none>
I20260608 13:03:09.203400  8592 fs_manager.cc:362] Metadata directory not provided
I20260608 13:03:09.203578  8592 fs_manager.cc:368] Using write-ahead log directory (fs_wal_dir) as metadata directory
I20260608 13:03:09.203828  8592 server_base.cc:909] This appears to be a new deployment of Kudu; creating new FS layout
I20260608 13:03:09.204928  8592 fs_manager.cc:1068] Generated new instance metadata in path /tmp/dist-test-taskJffJNL/test-tmp/auto_rebalancer-test.0.AutoRebalancerTest.NextLeaderResumesAutoRebalancing.1780923774859279-8592-0/minicluster-data/master-0-root/instance:
uuid: "9f927ce5d41f46dd900b07ddf87bb66a"
format_stamp: "Formatted at 2026-06-08 13:03:09 on dist-test-slave-nzcs"
I20260608 13:03:09.209244  8592 fs_manager.cc:696] Time spent creating directory manager: real 0.004s	user 0.003s	sys 0.001s
I20260608 13:03:09.212787  9683 log_block_manager.cc:4031] Time spent loading block containers with low live blocks: real 0.000s	user 0.000s	sys 0.000s
I20260608 13:03:09.213517  8592 fs_manager.cc:730] Time spent opening block manager: real 0.002s	user 0.002s	sys 0.001s
I20260608 13:03:09.213795  8592 fs_manager.cc:647] Opened local filesystem: /tmp/dist-test-taskJffJNL/test-tmp/auto_rebalancer-test.0.AutoRebalancerTest.NextLeaderResumesAutoRebalancing.1780923774859279-8592-0/minicluster-data/master-0-root
uuid: "9f927ce5d41f46dd900b07ddf87bb66a"
format_stamp: "Formatted at 2026-06-08 13:03:09 on dist-test-slave-nzcs"
I20260608 13:03:09.214059  8592 fs_report.cc:389] FS layout report
--------------------
wal directory: /tmp/dist-test-taskJffJNL/test-tmp/auto_rebalancer-test.0.AutoRebalancerTest.NextLeaderResumesAutoRebalancing.1780923774859279-8592-0/minicluster-data/master-0-root
metadata directory: /tmp/dist-test-taskJffJNL/test-tmp/auto_rebalancer-test.0.AutoRebalancerTest.NextLeaderResumesAutoRebalancing.1780923774859279-8592-0/minicluster-data/master-0-root
1 data directories: /tmp/dist-test-taskJffJNL/test-tmp/auto_rebalancer-test.0.AutoRebalancerTest.NextLeaderResumesAutoRebalancing.1780923774859279-8592-0/minicluster-data/master-0-root/data
Total live blocks: 0
Total live bytes: 0
Total live bytes (after alignment): 0
Total number of LBM containers: 0 (0 full)
Did not check for missing blocks
Did not check for orphaned blocks
Total full LBM containers with extra space: 0 (0 repaired)
Total full LBM container extra space in bytes: 0 (0 repaired)
Total incomplete LBM containers: 0 (0 repaired)
Total LBM partial records: 0 (0 repaired)
Total corrupted LBM metadata records in RocksDB: 0 (0 repaired)
I20260608 13:03:09.224251  8592 rpc_server.cc:225] running with OpenSSL 1.1.1  11 Sep 2018
I20260608 13:03:09.225571  8592 kserver.cc:163] Server-wide thread pool size limit: 3276
I20260608 13:03:09.262995  8592 rpc_server.cc:307] RPC server started. Bound to: 127.8.100.62:33509
I20260608 13:03:09.263109  9734 acceptor_pool.cc:272] collecting diagnostics on the listening RPC socket 127.8.100.62:33509 every 8 connection(s)
I20260608 13:03:09.267165  9735 data_dirs.cc:400] Could only allocate 1 dirs of requested 3 for tablet 00000000000000000000000000000000. 1 dirs total, 0 dirs full, 0 dirs failed
I20260608 13:03:09.267371  8592 file_cache.cc:492] Constructed file cache file cache with capacity 419430
W20260608 13:03:09.272933  9737 instance_detector.cc:116] could not retrieve AWS instance metadata: Network error: curl error: HTTP response code said error: The requested URL returned error: 404
I20260608 13:03:09.273587  9735 sys_catalog.cc:422] member_type: VOTER last_known_addr { host: "127.8.100.62" port: 33509 } has no permanent_uuid. Determining permanent_uuid...
W20260608 13:03:09.274569  9738 instance_detector.cc:116] could not retrieve Azure instance metadata: Network error: curl error: HTTP response code said error: The requested URL returned error: 404
I20260608 13:03:09.277307  8592 server_base.cc:1061] running on GCE node
W20260608 13:03:09.278077  9740 instance_detector.cc:116] could not retrieve OpenStack instance metadata: Network error: curl error: HTTP response code said error: The requested URL returned error: 404
I20260608 13:03:09.282956  8592 hybrid_clock.cc:584] initializing the hybrid clock with 'system_unsync' time source
W20260608 13:03:09.283254  8592 system_unsync_time.cc:38] NTP support is disabled. Clock error bounds will not be accurate. This configuration is not suitable for distributed clusters.
I20260608 13:03:09.283424  8592 hybrid_clock.cc:648] HybridClock initialized: now 1780923789283408 us; error 0 us; skew 500 ppm
I20260608 13:03:09.284080  8592 server_base.cc:861] Flag tcmalloc_max_total_thread_cache_bytes is not working since tcmalloc is not enabled.
I20260608 13:03:09.286882  8592 webserver.cc:533] Webserver started at http://127.8.100.61:40867/ using document root <none> and password file <none>
I20260608 13:03:09.287565  8592 fs_manager.cc:362] Metadata directory not provided
I20260608 13:03:09.287799  8592 fs_manager.cc:368] Using write-ahead log directory (fs_wal_dir) as metadata directory
I20260608 13:03:09.288180  8592 server_base.cc:909] This appears to be a new deployment of Kudu; creating new FS layout
I20260608 13:03:09.289538  8592 fs_manager.cc:1068] Generated new instance metadata in path /tmp/dist-test-taskJffJNL/test-tmp/auto_rebalancer-test.0.AutoRebalancerTest.NextLeaderResumesAutoRebalancing.1780923774859279-8592-0/minicluster-data/master-1-root/instance:
uuid: "a2fb1120071e454a84f45ed1c3195a3f"
format_stamp: "Formatted at 2026-06-08 13:03:09 on dist-test-slave-nzcs"
I20260608 13:03:09.294888  9735 sys_catalog.cc:422] member_type: VOTER last_known_addr { host: "127.8.100.61" port: 33279 } has no permanent_uuid. Determining permanent_uuid...
I20260608 13:03:09.295228  8592 fs_manager.cc:696] Time spent creating directory manager: real 0.005s	user 0.001s	sys 0.004s
I20260608 13:03:09.300987  9748 log_block_manager.cc:4031] Time spent loading block containers with low live blocks: real 0.000s	user 0.000s	sys 0.000s
W20260608 13:03:09.301710  9735 consensus_peers.cc:760] Error getting permanent uuid from config peer 127.8.100.61:33279: Network error: Client connection negotiation failed: client connection to 127.8.100.61:33279: connect: Connection refused (error 111)
I20260608 13:03:09.301915  8592 fs_manager.cc:730] Time spent opening block manager: real 0.004s	user 0.003s	sys 0.000s
I20260608 13:03:09.302297  8592 fs_manager.cc:647] Opened local filesystem: /tmp/dist-test-taskJffJNL/test-tmp/auto_rebalancer-test.0.AutoRebalancerTest.NextLeaderResumesAutoRebalancing.1780923774859279-8592-0/minicluster-data/master-1-root
uuid: "a2fb1120071e454a84f45ed1c3195a3f"
format_stamp: "Formatted at 2026-06-08 13:03:09 on dist-test-slave-nzcs"
I20260608 13:03:09.302573  8592 fs_report.cc:389] FS layout report
--------------------
wal directory: /tmp/dist-test-taskJffJNL/test-tmp/auto_rebalancer-test.0.AutoRebalancerTest.NextLeaderResumesAutoRebalancing.1780923774859279-8592-0/minicluster-data/master-1-root
metadata directory: /tmp/dist-test-taskJffJNL/test-tmp/auto_rebalancer-test.0.AutoRebalancerTest.NextLeaderResumesAutoRebalancing.1780923774859279-8592-0/minicluster-data/master-1-root
1 data directories: /tmp/dist-test-taskJffJNL/test-tmp/auto_rebalancer-test.0.AutoRebalancerTest.NextLeaderResumesAutoRebalancing.1780923774859279-8592-0/minicluster-data/master-1-root/data
Total live blocks: 0
Total live bytes: 0
Total live bytes (after alignment): 0
Total number of LBM containers: 0 (0 full)
Did not check for missing blocks
Did not check for orphaned blocks
Total full LBM containers with extra space: 0 (0 repaired)
Total full LBM container extra space in bytes: 0 (0 repaired)
Total incomplete LBM containers: 0 (0 repaired)
Total LBM partial records: 0 (0 repaired)
Total corrupted LBM metadata records in RocksDB: 0 (0 repaired)
I20260608 13:03:09.316846  8592 rpc_server.cc:225] running with OpenSSL 1.1.1  11 Sep 2018
I20260608 13:03:09.318406  8592 kserver.cc:163] Server-wide thread pool size limit: 3276
I20260608 13:03:09.327191  9735 consensus_peers.cc:770] Retrying to get permanent uuid for remote peer: member_type: VOTER last_known_addr { host: "127.8.100.61" port: 33279 } attempt: 1
W20260608 13:03:09.331883  9735 consensus_peers.cc:760] Error getting permanent uuid from config peer 127.8.100.61:33279: Network error: Client connection negotiation failed: client connection to 127.8.100.61:33279: connect: Connection refused (error 111)
I20260608 13:03:09.360404  8592 rpc_server.cc:307] RPC server started. Bound to: 127.8.100.61:33279
I20260608 13:03:09.360507  9799 acceptor_pool.cc:272] collecting diagnostics on the listening RPC socket 127.8.100.61:33279 every 8 connection(s)
I20260608 13:03:09.364343  8592 file_cache.cc:492] Constructed file cache file cache with capacity 419430
I20260608 13:03:09.364619  9800 data_dirs.cc:400] Could only allocate 1 dirs of requested 3 for tablet 00000000000000000000000000000000. 1 dirs total, 0 dirs full, 0 dirs failed
I20260608 13:03:09.367522  9735 consensus_peers.cc:770] Retrying to get permanent uuid for remote peer: member_type: VOTER last_known_addr { host: "127.8.100.61" port: 33279 } attempt: 2
W20260608 13:03:09.370728  9802 instance_detector.cc:116] could not retrieve AWS instance metadata: Network error: curl error: HTTP response code said error: The requested URL returned error: 404
W20260608 13:03:09.371042  9803 instance_detector.cc:116] could not retrieve Azure instance metadata: Network error: curl error: HTTP response code said error: The requested URL returned error: 404
I20260608 13:03:09.374910  8592 server_base.cc:1061] running on GCE node
I20260608 13:03:09.375205  9800 sys_catalog.cc:422] member_type: VOTER last_known_addr { host: "127.8.100.62" port: 33509 } has no permanent_uuid. Determining permanent_uuid...
W20260608 13:03:09.376220  9807 instance_detector.cc:116] could not retrieve OpenStack instance metadata: Network error: curl error: HTTP response code said error: The requested URL returned error: 404
I20260608 13:03:09.377170  8592 hybrid_clock.cc:584] initializing the hybrid clock with 'system_unsync' time source
W20260608 13:03:09.377455  8592 system_unsync_time.cc:38] NTP support is disabled. Clock error bounds will not be accurate. This configuration is not suitable for distributed clusters.
I20260608 13:03:09.377692  8592 hybrid_clock.cc:648] HybridClock initialized: now 1780923789377669 us; error 0 us; skew 500 ppm
I20260608 13:03:09.378512  8592 server_base.cc:861] Flag tcmalloc_max_total_thread_cache_bytes is not working since tcmalloc is not enabled.
I20260608 13:03:09.381843  8592 webserver.cc:533] Webserver started at http://127.8.100.60:39719/ using document root <none> and password file <none>
I20260608 13:03:09.382555  8592 fs_manager.cc:362] Metadata directory not provided
I20260608 13:03:09.382808  8592 fs_manager.cc:368] Using write-ahead log directory (fs_wal_dir) as metadata directory
I20260608 13:03:09.383131  8592 server_base.cc:909] This appears to be a new deployment of Kudu; creating new FS layout
I20260608 13:03:09.384335  8592 fs_manager.cc:1068] Generated new instance metadata in path /tmp/dist-test-taskJffJNL/test-tmp/auto_rebalancer-test.0.AutoRebalancerTest.NextLeaderResumesAutoRebalancing.1780923774859279-8592-0/minicluster-data/master-2-root/instance:
uuid: "cf3b4d06ea2c41dba39088f04fc89b6a"
format_stamp: "Formatted at 2026-06-08 13:03:09 on dist-test-slave-nzcs"
I20260608 13:03:09.387025  9735 sys_catalog.cc:422] member_type: VOTER last_known_addr { host: "127.8.100.60" port: 34535 } has no permanent_uuid. Determining permanent_uuid...
I20260608 13:03:09.387905  9800 sys_catalog.cc:422] member_type: VOTER last_known_addr { host: "127.8.100.61" port: 33279 } has no permanent_uuid. Determining permanent_uuid...
I20260608 13:03:09.392429  8592 fs_manager.cc:696] Time spent creating directory manager: real 0.007s	user 0.007s	sys 0.000s
W20260608 13:03:09.392776  9735 consensus_peers.cc:760] Error getting permanent uuid from config peer 127.8.100.60:34535: Network error: Client connection negotiation failed: client connection to 127.8.100.60:34535: connect: Connection refused (error 111)
I20260608 13:03:09.396705  9812 log_block_manager.cc:4031] Time spent loading block containers with low live blocks: real 0.000s	user 0.000s	sys 0.000s
I20260608 13:03:09.397692  8592 fs_manager.cc:730] Time spent opening block manager: real 0.003s	user 0.002s	sys 0.001s
I20260608 13:03:09.398053  8592 fs_manager.cc:647] Opened local filesystem: /tmp/dist-test-taskJffJNL/test-tmp/auto_rebalancer-test.0.AutoRebalancerTest.NextLeaderResumesAutoRebalancing.1780923774859279-8592-0/minicluster-data/master-2-root
uuid: "cf3b4d06ea2c41dba39088f04fc89b6a"
format_stamp: "Formatted at 2026-06-08 13:03:09 on dist-test-slave-nzcs"
I20260608 13:03:09.398415  8592 fs_report.cc:389] FS layout report
--------------------
wal directory: /tmp/dist-test-taskJffJNL/test-tmp/auto_rebalancer-test.0.AutoRebalancerTest.NextLeaderResumesAutoRebalancing.1780923774859279-8592-0/minicluster-data/master-2-root
metadata directory: /tmp/dist-test-taskJffJNL/test-tmp/auto_rebalancer-test.0.AutoRebalancerTest.NextLeaderResumesAutoRebalancing.1780923774859279-8592-0/minicluster-data/master-2-root
1 data directories: /tmp/dist-test-taskJffJNL/test-tmp/auto_rebalancer-test.0.AutoRebalancerTest.NextLeaderResumesAutoRebalancing.1780923774859279-8592-0/minicluster-data/master-2-root/data
Total live blocks: 0
Total live bytes: 0
Total live bytes (after alignment): 0
Total number of LBM containers: 0 (0 full)
Did not check for missing blocks
Did not check for orphaned blocks
Total full LBM containers with extra space: 0 (0 repaired)
Total full LBM container extra space in bytes: 0 (0 repaired)
Total incomplete LBM containers: 0 (0 repaired)
Total LBM partial records: 0 (0 repaired)
Total corrupted LBM metadata records in RocksDB: 0 (0 repaired)
I20260608 13:03:09.399117  9800 sys_catalog.cc:422] member_type: VOTER last_known_addr { host: "127.8.100.60" port: 34535 } has no permanent_uuid. Determining permanent_uuid...
W20260608 13:03:09.405347  9800 consensus_peers.cc:760] Error getting permanent uuid from config peer 127.8.100.60:34535: Network error: Client connection negotiation failed: client connection to 127.8.100.60:34535: connect: Connection refused (error 111)
I20260608 13:03:09.416195  8592 rpc_server.cc:225] running with OpenSSL 1.1.1  11 Sep 2018
I20260608 13:03:09.417518  8592 kserver.cc:163] Server-wide thread pool size limit: 3276
I20260608 13:03:09.438386  9735 consensus_peers.cc:770] Retrying to get permanent uuid for remote peer: member_type: VOTER last_known_addr { host: "127.8.100.60" port: 34535 } attempt: 1
W20260608 13:03:09.444274  9735 consensus_peers.cc:760] Error getting permanent uuid from config peer 127.8.100.60:34535: Network error: Client connection negotiation failed: client connection to 127.8.100.60:34535: connect: Connection refused (error 111)
I20260608 13:03:09.456302  8592 rpc_server.cc:307] RPC server started. Bound to: 127.8.100.60:34535
I20260608 13:03:09.456418  9864 acceptor_pool.cc:272] collecting diagnostics on the listening RPC socket 127.8.100.60:34535 every 8 connection(s)
I20260608 13:03:09.459714  8592 internal_mini_cluster.cc:184] Waiting to initialize catalog manager on master 0
I20260608 13:03:09.460826  9865 data_dirs.cc:400] Could only allocate 1 dirs of requested 3 for tablet 00000000000000000000000000000000. 1 dirs total, 0 dirs full, 0 dirs failed
I20260608 13:03:09.461885  9800 consensus_peers.cc:770] Retrying to get permanent uuid for remote peer: member_type: VOTER last_known_addr { host: "127.8.100.60" port: 34535 } attempt: 1
I20260608 13:03:09.467880  9865 sys_catalog.cc:422] member_type: VOTER last_known_addr { host: "127.8.100.62" port: 33509 } has no permanent_uuid. Determining permanent_uuid...
I20260608 13:03:09.480329  9800 tablet_bootstrap.cc:492] T 00000000000000000000000000000000 P a2fb1120071e454a84f45ed1c3195a3f: Bootstrap starting.
I20260608 13:03:09.480737  9865 sys_catalog.cc:422] member_type: VOTER last_known_addr { host: "127.8.100.61" port: 33279 } has no permanent_uuid. Determining permanent_uuid...
I20260608 13:03:09.485452  9800 tablet_bootstrap.cc:654] T 00000000000000000000000000000000 P a2fb1120071e454a84f45ed1c3195a3f: Neither blocks nor log segments found. Creating new log.
I20260608 13:03:09.487857  9735 consensus_peers.cc:770] Retrying to get permanent uuid for remote peer: member_type: VOTER last_known_addr { host: "127.8.100.60" port: 34535 } attempt: 2
I20260608 13:03:09.490473  9800 tablet_bootstrap.cc:492] T 00000000000000000000000000000000 P a2fb1120071e454a84f45ed1c3195a3f: No bootstrap required, opened a new log
I20260608 13:03:09.491773  9865 sys_catalog.cc:422] member_type: VOTER last_known_addr { host: "127.8.100.60" port: 34535 } has no permanent_uuid. Determining permanent_uuid...
I20260608 13:03:09.493669  9800 raft_consensus.cc:359] T 00000000000000000000000000000000 P a2fb1120071e454a84f45ed1c3195a3f [term 0 FOLLOWER]: Replica starting. Triggering 0 pending ops. Active config: opid_index: -1 OBSOLETE_local: false peers { permanent_uuid: "9f927ce5d41f46dd900b07ddf87bb66a" member_type: VOTER last_known_addr { host: "127.8.100.62" port: 33509 } } peers { permanent_uuid: "a2fb1120071e454a84f45ed1c3195a3f" member_type: VOTER last_known_addr { host: "127.8.100.61" port: 33279 } } peers { permanent_uuid: "cf3b4d06ea2c41dba39088f04fc89b6a" member_type: VOTER last_known_addr { host: "127.8.100.60" port: 34535 } }
I20260608 13:03:09.494412  9800 raft_consensus.cc:385] T 00000000000000000000000000000000 P a2fb1120071e454a84f45ed1c3195a3f [term 0 FOLLOWER]: Consensus starting up: Expiring failure detector timer to make a prompt election more likely
I20260608 13:03:09.494719  9800 raft_consensus.cc:740] T 00000000000000000000000000000000 P a2fb1120071e454a84f45ed1c3195a3f [term 0 FOLLOWER]: Becoming Follower/Learner. State: Replica: a2fb1120071e454a84f45ed1c3195a3f, State: Initialized, Role: FOLLOWER
I20260608 13:03:09.495393  9800 consensus_queue.cc:260] T 00000000000000000000000000000000 P a2fb1120071e454a84f45ed1c3195a3f [NON_LEADER]: Queue going to NON_LEADER mode. State: All replicated index: 0, Majority replicated index: 0, Committed index: 0, Last appended: 0.0, Last appended by leader: 0, Current term: 0, Majority size: -1, State: 0, Mode: NON_LEADER, active raft config: opid_index: -1 OBSOLETE_local: false peers { permanent_uuid: "9f927ce5d41f46dd900b07ddf87bb66a" member_type: VOTER last_known_addr { host: "127.8.100.62" port: 33509 } } peers { permanent_uuid: "a2fb1120071e454a84f45ed1c3195a3f" member_type: VOTER last_known_addr { host: "127.8.100.61" port: 33279 } } peers { permanent_uuid: "cf3b4d06ea2c41dba39088f04fc89b6a" member_type: VOTER last_known_addr { host: "127.8.100.60" port: 34535 } }
I20260608 13:03:09.497457  9871 sys_catalog.cc:455] T 00000000000000000000000000000000 P a2fb1120071e454a84f45ed1c3195a3f [sys.catalog]: SysCatalogTable state changed. Reason: RaftConsensus started. Latest consensus state: current_term: 0 committed_config { opid_index: -1 OBSOLETE_local: false peers { permanent_uuid: "9f927ce5d41f46dd900b07ddf87bb66a" member_type: VOTER last_known_addr { host: "127.8.100.62" port: 33509 } } peers { permanent_uuid: "a2fb1120071e454a84f45ed1c3195a3f" member_type: VOTER last_known_addr { host: "127.8.100.61" port: 33279 } } peers { permanent_uuid: "cf3b4d06ea2c41dba39088f04fc89b6a" member_type: VOTER last_known_addr { host: "127.8.100.60" port: 34535 } } }
I20260608 13:03:09.498250  9871 sys_catalog.cc:458] T 00000000000000000000000000000000 P a2fb1120071e454a84f45ed1c3195a3f [sys.catalog]: This master's current role is: FOLLOWER
I20260608 13:03:09.499086  9800 sys_catalog.cc:565] T 00000000000000000000000000000000 P a2fb1120071e454a84f45ed1c3195a3f [sys.catalog]: configured and running, proceeding with master startup.
I20260608 13:03:09.513164  9735 tablet_bootstrap.cc:492] T 00000000000000000000000000000000 P 9f927ce5d41f46dd900b07ddf87bb66a: Bootstrap starting.
