I20260608 13:04:16.704324 12170 consensus_queue.cc:1048] T fa42ae12727f4b48a40880e6dbea0956 P 5f379b9f4e464587a35f3a4fd23b10c9 [LEADER]: Connected to new peer: Peer: permanent_uuid: "9ab6cc6e302a4f888e9befc3ccb3effb" member_type: VOTER last_known_addr { host: "127.8.193.193" port: 34565 }, Status: LMP_MISMATCH, Last received: 0.0, Next index: 1, Last known committed idx: 0, Time since last communication: 0.000s
I20260608 13:04:16.707741 12003 data_dirs.cc:400] Could only allocate 1 dirs of requested 3 for tablet 966ecd3b54cb4a9193ffa36d07f53037. 1 dirs total, 0 dirs full, 0 dirs failed
I20260608 13:04:16.714226 12138 raft_consensus.cc:385] T 50a41dadddaf4a6586fd0aaa7abeac55 P 5f379b9f4e464587a35f3a4fd23b10c9 [term 0 FOLLOWER]: Consensus starting up: Expiring failure detector timer to make a prompt election more likely
I20260608 13:04:16.714745 12138 raft_consensus.cc:740] T 50a41dadddaf4a6586fd0aaa7abeac55 P 5f379b9f4e464587a35f3a4fd23b10c9 [term 0 FOLLOWER]: Becoming Follower/Learner. State: Replica: 5f379b9f4e464587a35f3a4fd23b10c9, State: Initialized, Role: FOLLOWER
I20260608 13:04:16.720602 12080 tablet_service.cc:1511] Processing CreateTablet for tablet bc77a755d6754d77bf13bd55d9009fb2 (DEFAULT_TABLE table=range_aware_rebalance_new_range [id=d043b1f8c42949ec8dbdcb4a4ae21cab]), partition=HASH (key) PARTITION 7, RANGE (key) PARTITION 10 <= VALUES < 20
I20260608 13:04:16.722225 12080 data_dirs.cc:400] Could only allocate 1 dirs of requested 3 for tablet bc77a755d6754d77bf13bd55d9009fb2. 1 dirs total, 0 dirs full, 0 dirs failed
I20260608 13:04:16.723624 12158 consensus_queue.cc:1048] T ae9d7125dee141e4ac740d424d646813 P 18f006b578d248b79fe45eedf675783c [LEADER]: Connected to new peer: Peer: permanent_uuid: "5f379b9f4e464587a35f3a4fd23b10c9" member_type: VOTER last_known_addr { host: "127.8.193.195" port: 37193 }, Status: LMP_MISMATCH, Last received: 0.0, Next index: 1, Last known committed idx: 0, Time since last communication: 0.000s
I20260608 13:04:16.728163 11924 tablet_service.cc:1511] Processing CreateTablet for tablet 89f018518f584485ab0350c55b5c3ebb (DEFAULT_TABLE table=range_aware_rebalance_new_range [id=d043b1f8c42949ec8dbdcb4a4ae21cab]), partition=HASH (key) PARTITION 0, RANGE (key) PARTITION 10 <= VALUES < 20
I20260608 13:04:16.728410 11930 tablet_service.cc:1511] Processing CreateTablet for tablet 50a41dadddaf4a6586fd0aaa7abeac55 (DEFAULT_TABLE table=range_aware_rebalance_new_range [id=d043b1f8c42949ec8dbdcb4a4ae21cab]), partition=HASH (key) PARTITION 1, RANGE (key) PARTITION 10 <= VALUES < 20
I20260608 13:04:16.729641 11924 data_dirs.cc:400] Could only allocate 1 dirs of requested 3 for tablet 89f018518f584485ab0350c55b5c3ebb. 1 dirs total, 0 dirs full, 0 dirs failed
I20260608 13:04:16.730031 11931 tablet_service.cc:1511] Processing CreateTablet for tablet a1d13c42180843b79fa035235fd82f36 (DEFAULT_TABLE table=range_aware_rebalance_new_range [id=d043b1f8c42949ec8dbdcb4a4ae21cab]), partition=HASH (key) PARTITION 4, RANGE (key) PARTITION 10 <= VALUES < 20
I20260608 13:04:16.729948 11926 tablet_service.cc:1511] Processing CreateTablet for tablet 2280e225678d4540bbb9ab793083c39c (DEFAULT_TABLE table=range_aware_rebalance_new_range [id=d043b1f8c42949ec8dbdcb4a4ae21cab]), partition=HASH (key) PARTITION 3, RANGE (key) PARTITION 10 <= VALUES < 20
I20260608 13:04:16.733146 11931 data_dirs.cc:400] Could only allocate 1 dirs of requested 3 for tablet a1d13c42180843b79fa035235fd82f36. 1 dirs total, 0 dirs full, 0 dirs failed
I20260608 13:04:16.732543 11928 tablet_service.cc:1511] Processing CreateTablet for tablet 966ecd3b54cb4a9193ffa36d07f53037 (DEFAULT_TABLE table=range_aware_rebalance_new_range [id=d043b1f8c42949ec8dbdcb4a4ae21cab]), partition=HASH (key) PARTITION 6, RANGE (key) PARTITION 10 <= VALUES < 20
I20260608 13:04:16.734263 11928 data_dirs.cc:400] Could only allocate 1 dirs of requested 3 for tablet 966ecd3b54cb4a9193ffa36d07f53037. 1 dirs total, 0 dirs full, 0 dirs failed
I20260608 13:04:16.735105 11930 data_dirs.cc:400] Could only allocate 1 dirs of requested 3 for tablet 50a41dadddaf4a6586fd0aaa7abeac55. 1 dirs total, 0 dirs full, 0 dirs failed
I20260608 13:04:16.739454 12138 consensus_queue.cc:260] T 50a41dadddaf4a6586fd0aaa7abeac55 P 5f379b9f4e464587a35f3a4fd23b10c9 [NON_LEADER]: Queue going to NON_LEADER mode. State: All replicated index: 0, Majority replicated index: 0, Committed index: 0, Last appended: 0.0, Last appended by leader: 0, Current term: 0, Majority size: -1, State: 0, Mode: NON_LEADER, active raft config: opid_index: -1 OBSOLETE_local: false peers { permanent_uuid: "9ab6cc6e302a4f888e9befc3ccb3effb" member_type: VOTER last_known_addr { host: "127.8.193.193" port: 34565 } } peers { permanent_uuid: "edc7d5e991d84059928a55489049bd31" member_type: VOTER last_known_addr { host: "127.8.193.196" port: 38193 } } peers { permanent_uuid: "5f379b9f4e464587a35f3a4fd23b10c9" member_type: VOTER last_known_addr { host: "127.8.193.195" port: 37193 } }
I20260608 13:04:16.749977 12138 ts_tablet_manager.cc:1434] T 50a41dadddaf4a6586fd0aaa7abeac55 P 5f379b9f4e464587a35f3a4fd23b10c9: Time spent starting tablet: real 0.052s	user 0.008s	sys 0.000s
I20260608 13:04:16.751045 12138 tablet_bootstrap.cc:492] T fb0d322067574fcea827376f2fd57f16 P 5f379b9f4e464587a35f3a4fd23b10c9: Bootstrap starting.
I20260608 13:04:16.775952 11926 data_dirs.cc:400] Could only allocate 1 dirs of requested 3 for tablet 2280e225678d4540bbb9ab793083c39c. 1 dirs total, 0 dirs full, 0 dirs failed
I20260608 13:04:16.778401 12170 consensus_queue.cc:1048] T d5cfa087453d4ea5a2ab23f87aa96c81 P 5f379b9f4e464587a35f3a4fd23b10c9 [LEADER]: Connected to new peer: Peer: permanent_uuid: "9ab6cc6e302a4f888e9befc3ccb3effb" member_type: VOTER last_known_addr { host: "127.8.193.193" port: 34565 }, Status: LMP_MISMATCH, Last received: 0.0, Next index: 1, Last known committed idx: 0, Time since last communication: 0.000s
I20260608 13:04:16.791726 12141 consensus_queue.cc:1048] T 3033a15d8e0149868b34e2662216eab3 P 9ab6cc6e302a4f888e9befc3ccb3effb [LEADER]: Connected to new peer: Peer: permanent_uuid: "5f379b9f4e464587a35f3a4fd23b10c9" member_type: VOTER last_known_addr { host: "127.8.193.195" port: 37193 }, Status: LMP_MISMATCH, Last received: 0.0, Next index: 1, Last known committed idx: 0, Time since last communication: 0.002s
I20260608 13:04:16.798399 11929 tablet_service.cc:1511] Processing CreateTablet for tablet bc77a755d6754d77bf13bd55d9009fb2 (DEFAULT_TABLE table=range_aware_rebalance_new_range [id=d043b1f8c42949ec8dbdcb4a4ae21cab]), partition=HASH (key) PARTITION 7, RANGE (key) PARTITION 10 <= VALUES < 20
I20260608 13:04:16.808423 11929 data_dirs.cc:400] Could only allocate 1 dirs of requested 3 for tablet bc77a755d6754d77bf13bd55d9009fb2. 1 dirs total, 0 dirs full, 0 dirs failed
I20260608 13:04:16.814646 12166 consensus_queue.cc:1048] T ecc63a3f81a144519389c3d7af4ec01d P 18f006b578d248b79fe45eedf675783c [LEADER]: Connected to new peer: Peer: permanent_uuid: "5f379b9f4e464587a35f3a4fd23b10c9" member_type: VOTER last_known_addr { host: "127.8.193.195" port: 37193 }, Status: LMP_MISMATCH, Last received: 0.0, Next index: 1, Last known committed idx: 0, Time since last communication: 0.000s
I20260608 13:04:16.815124 12229 tablet_service.cc:1511] Processing CreateTablet for tablet 89f018518f584485ab0350c55b5c3ebb (DEFAULT_TABLE table=range_aware_rebalance_new_range [id=d043b1f8c42949ec8dbdcb4a4ae21cab]), partition=HASH (key) PARTITION 0, RANGE (key) PARTITION 10 <= VALUES < 20
I20260608 13:04:16.816694 12229 data_dirs.cc:400] Could only allocate 1 dirs of requested 3 for tablet 89f018518f584485ab0350c55b5c3ebb. 1 dirs total, 0 dirs full, 0 dirs failed
I20260608 13:04:16.819197 12228 tablet_service.cc:1511] Processing CreateTablet for tablet 50a41dadddaf4a6586fd0aaa7abeac55 (DEFAULT_TABLE table=range_aware_rebalance_new_range [id=d043b1f8c42949ec8dbdcb4a4ae21cab]), partition=HASH (key) PARTITION 1, RANGE (key) PARTITION 10 <= VALUES < 20
I20260608 13:04:16.825477 12223 tablet_service.cc:1511] Processing CreateTablet for tablet cd2420aedfea470fa4efcf4651f866bb (DEFAULT_TABLE table=range_aware_rebalance_new_range [id=d043b1f8c42949ec8dbdcb4a4ae21cab]), partition=HASH (key) PARTITION 5, RANGE (key) PARTITION 10 <= VALUES < 20
I20260608 13:04:16.829433 12223 data_dirs.cc:400] Could only allocate 1 dirs of requested 3 for tablet cd2420aedfea470fa4efcf4651f866bb. 1 dirs total, 0 dirs full, 0 dirs failed
I20260608 13:04:16.840082 12222 tablet_service.cc:1511] Processing CreateTablet for tablet 966ecd3b54cb4a9193ffa36d07f53037 (DEFAULT_TABLE table=range_aware_rebalance_new_range [id=d043b1f8c42949ec8dbdcb4a4ae21cab]), partition=HASH (key) PARTITION 6, RANGE (key) PARTITION 10 <= VALUES < 20
I20260608 13:04:16.848033 12224 tablet_service.cc:1511] Processing CreateTablet for tablet a1d13c42180843b79fa035235fd82f36 (DEFAULT_TABLE table=range_aware_rebalance_new_range [id=d043b1f8c42949ec8dbdcb4a4ae21cab]), partition=HASH (key) PARTITION 4, RANGE (key) PARTITION 10 <= VALUES < 20
I20260608 13:04:16.860266 12221 tablet_service.cc:1511] Processing CreateTablet for tablet bc77a755d6754d77bf13bd55d9009fb2 (DEFAULT_TABLE table=range_aware_rebalance_new_range [id=d043b1f8c42949ec8dbdcb4a4ae21cab]), partition=HASH (key) PARTITION 7, RANGE (key) PARTITION 10 <= VALUES < 20
I20260608 13:04:16.862039 12226 tablet_service.cc:1511] Processing CreateTablet for tablet 2280e225678d4540bbb9ab793083c39c (DEFAULT_TABLE table=range_aware_rebalance_new_range [id=d043b1f8c42949ec8dbdcb4a4ae21cab]), partition=HASH (key) PARTITION 3, RANGE (key) PARTITION 10 <= VALUES < 20
I20260608 13:04:16.884254 12227 tablet_service.cc:1511] Processing CreateTablet for tablet fb0d322067574fcea827376f2fd57f16 (DEFAULT_TABLE table=range_aware_rebalance_new_range [id=d043b1f8c42949ec8dbdcb4a4ae21cab]), partition=HASH (key) PARTITION 2, RANGE (key) PARTITION 10 <= VALUES < 20
I20260608 13:04:16.886256 12222 data_dirs.cc:400] Could only allocate 1 dirs of requested 3 for tablet 966ecd3b54cb4a9193ffa36d07f53037. 1 dirs total, 0 dirs full, 0 dirs failed
I20260608 13:04:16.904285 12140 consensus_queue.cc:1048] T ecc63a3f81a144519389c3d7af4ec01d P 18f006b578d248b79fe45eedf675783c [LEADER]: Connected to new peer: Peer: permanent_uuid: "9ab6cc6e302a4f888e9befc3ccb3effb" member_type: VOTER last_known_addr { host: "127.8.193.193" port: 34565 }, Status: LMP_MISMATCH, Last received: 0.0, Next index: 1, Last known committed idx: 0, Time since last communication: 0.006s
I20260608 13:04:16.910152 12170 consensus_queue.cc:1048] T d5cfa087453d4ea5a2ab23f87aa96c81 P 5f379b9f4e464587a35f3a4fd23b10c9 [LEADER]: Connected to new peer: Peer: permanent_uuid: "18f006b578d248b79fe45eedf675783c" member_type: VOTER last_known_addr { host: "127.8.193.194" port: 39471 }, Status: LMP_MISMATCH, Last received: 0.0, Next index: 1, Last known committed idx: 0, Time since last communication: 0.000s
I20260608 13:04:16.929582 12144 raft_consensus.cc:493] T 50a41dadddaf4a6586fd0aaa7abeac55 P 5f379b9f4e464587a35f3a4fd23b10c9 [term 0 FOLLOWER]: Starting pre-election (no leader contacted us within the election timeout)
I20260608 13:04:16.930147 12144 raft_consensus.cc:515] T 50a41dadddaf4a6586fd0aaa7abeac55 P 5f379b9f4e464587a35f3a4fd23b10c9 [term 0 FOLLOWER]: Starting pre-election with config: opid_index: -1 OBSOLETE_local: false peers { permanent_uuid: "9ab6cc6e302a4f888e9befc3ccb3effb" member_type: VOTER last_known_addr { host: "127.8.193.193" port: 34565 } } peers { permanent_uuid: "edc7d5e991d84059928a55489049bd31" member_type: VOTER last_known_addr { host: "127.8.193.196" port: 38193 } } peers { permanent_uuid: "5f379b9f4e464587a35f3a4fd23b10c9" member_type: VOTER last_known_addr { host: "127.8.193.195" port: 37193 } }
I20260608 13:04:16.932178 12279 tablet_bootstrap.cc:492] T 2280e225678d4540bbb9ab793083c39c P 18f006b578d248b79fe45eedf675783c: Bootstrap starting.
I20260608 13:04:16.938349 12144 leader_election.cc:290] T 50a41dadddaf4a6586fd0aaa7abeac55 P 5f379b9f4e464587a35f3a4fd23b10c9 [CANDIDATE]: Term 1 pre-election: Requested pre-vote from peers 9ab6cc6e302a4f888e9befc3ccb3effb (127.8.193.193:34565), edc7d5e991d84059928a55489049bd31 (127.8.193.196:38193)
I20260608 13:04:16.947542 12138 tablet_bootstrap.cc:654] T fb0d322067574fcea827376f2fd57f16 P 5f379b9f4e464587a35f3a4fd23b10c9: Neither blocks nor log segments found. Creating new log.
I20260608 13:04:16.942626 12224 data_dirs.cc:400] Could only allocate 1 dirs of requested 3 for tablet a1d13c42180843b79fa035235fd82f36. 1 dirs total, 0 dirs full, 0 dirs failed
W20260608 13:04:16.965268 12280 log.cc:927] Time spent T 3033a15d8e0149868b34e2662216eab3 P 5f379b9f4e464587a35f3a4fd23b10c9: Append to log took a long time: real 0.068s	user 0.000s	sys 0.002s
I20260608 13:04:16.966048 12286 tablet_bootstrap.cc:492] T 966ecd3b54cb4a9193ffa36d07f53037 P 9ab6cc6e302a4f888e9befc3ccb3effb: Bootstrap starting.
W20260608 13:04:16.970781 11887 auto_rebalancer.cc:259] Could not retrieve cluster info: Service unavailable: Tablet not running
I20260608 13:04:16.991173 12141 consensus_queue.cc:1048] T 3033a15d8e0149868b34e2662216eab3 P 9ab6cc6e302a4f888e9befc3ccb3effb [LEADER]: Connected to new peer: Peer: permanent_uuid: "18f006b578d248b79fe45eedf675783c" member_type: VOTER last_known_addr { host: "127.8.193.194" port: 39471 }, Status: LMP_MISMATCH, Last received: 0.0, Next index: 1, Last known committed idx: 0, Time since last communication: 0.000s
I20260608 13:04:16.991797 12228 data_dirs.cc:400] Could only allocate 1 dirs of requested 3 for tablet 50a41dadddaf4a6586fd0aaa7abeac55. 1 dirs total, 0 dirs full, 0 dirs failed
I20260608 13:04:16.997231 12227 data_dirs.cc:400] Could only allocate 1 dirs of requested 3 for tablet fb0d322067574fcea827376f2fd57f16. 1 dirs total, 0 dirs full, 0 dirs failed
I20260608 13:04:17.025024 12226 data_dirs.cc:400] Could only allocate 1 dirs of requested 3 for tablet 2280e225678d4540bbb9ab793083c39c. 1 dirs total, 0 dirs full, 0 dirs failed
I20260608 13:04:17.032012 12279 tablet_bootstrap.cc:654] T 2280e225678d4540bbb9ab793083c39c P 18f006b578d248b79fe45eedf675783c: Neither blocks nor log segments found. Creating new log.
I20260608 13:04:17.029371 11941 tablet_service.cc:1917] Received RequestConsensusVote() RPC: tablet_id: "50a41dadddaf4a6586fd0aaa7abeac55" candidate_uuid: "5f379b9f4e464587a35f3a4fd23b10c9" candidate_term: 1 candidate_status { last_received { term: 0 index: 0 } } ignore_live_leader: false dest_uuid: "9ab6cc6e302a4f888e9befc3ccb3effb" is_pre_election: true
W20260608 13:04:17.044685 12056 leader_election.cc:343] T 50a41dadddaf4a6586fd0aaa7abeac55 P 5f379b9f4e464587a35f3a4fd23b10c9 [CANDIDATE]: Term 1 pre-election: Tablet error from VoteRequest() call to peer 9ab6cc6e302a4f888e9befc3ccb3effb (127.8.193.193:34565): Illegal state: must be running to vote when last-logged opid is not known
I20260608 13:04:17.052640 12221 data_dirs.cc:400] Could only allocate 1 dirs of requested 3 for tablet bc77a755d6754d77bf13bd55d9009fb2. 1 dirs total, 0 dirs full, 0 dirs failed
I20260608 13:04:17.062609 12138 tablet_bootstrap.cc:492] T fb0d322067574fcea827376f2fd57f16 P 5f379b9f4e464587a35f3a4fd23b10c9: No bootstrap required, opened a new log
I20260608 13:04:17.063035 12138 ts_tablet_manager.cc:1403] T fb0d322067574fcea827376f2fd57f16 P 5f379b9f4e464587a35f3a4fd23b10c9: Time spent bootstrapping tablet: real 0.312s	user 0.017s	sys 0.007s
I20260608 13:04:17.072113 12286 tablet_bootstrap.cc:654] T 966ecd3b54cb4a9193ffa36d07f53037 P 9ab6cc6e302a4f888e9befc3ccb3effb: Neither blocks nor log segments found. Creating new log.
W20260608 13:04:17.072248 12056 leader_election.cc:343] T 50a41dadddaf4a6586fd0aaa7abeac55 P 5f379b9f4e464587a35f3a4fd23b10c9 [CANDIDATE]: Term 1 pre-election: Tablet error from VoteRequest() call to peer edc7d5e991d84059928a55489049bd31 (127.8.193.196:38193): Not found: Tablet not found: 50a41dadddaf4a6586fd0aaa7abeac55
I20260608 13:04:17.072834 12056 leader_election.cc:304] T 50a41dadddaf4a6586fd0aaa7abeac55 P 5f379b9f4e464587a35f3a4fd23b10c9 [CANDIDATE]: Term 1 pre-election: Election decided. Result: candidate lost. Election summary: received 3 responses out of 3 voters: 1 yes votes; 2 no votes. yes voters: 5f379b9f4e464587a35f3a4fd23b10c9; no voters: 9ab6cc6e302a4f888e9befc3ccb3effb, edc7d5e991d84059928a55489049bd31
I20260608 13:04:17.077275 12282 raft_consensus.cc:2749] T 50a41dadddaf4a6586fd0aaa7abeac55 P 5f379b9f4e464587a35f3a4fd23b10c9 [term 0 FOLLOWER]: Leader pre-election lost for term 1. Reason: could not achieve majority
I20260608 13:04:17.086144 12138 raft_consensus.cc:359] T fb0d322067574fcea827376f2fd57f16 P 5f379b9f4e464587a35f3a4fd23b10c9 [term 0 FOLLOWER]: Replica starting. Triggering 0 pending ops. Active config: opid_index: -1 OBSOLETE_local: false peers { permanent_uuid: "18f006b578d248b79fe45eedf675783c" member_type: VOTER last_known_addr { host: "127.8.193.194" port: 39471 } } peers { permanent_uuid: "edc7d5e991d84059928a55489049bd31" member_type: VOTER last_known_addr { host: "127.8.193.196" port: 38193 } } peers { permanent_uuid: "5f379b9f4e464587a35f3a4fd23b10c9" member_type: VOTER last_known_addr { host: "127.8.193.195" port: 37193 } }
I20260608 13:04:17.086830 12138 raft_consensus.cc:385] T fb0d322067574fcea827376f2fd57f16 P 5f379b9f4e464587a35f3a4fd23b10c9 [term 0 FOLLOWER]: Consensus starting up: Expiring failure detector timer to make a prompt election more likely
I20260608 13:04:17.087054 12138 raft_consensus.cc:740] T fb0d322067574fcea827376f2fd57f16 P 5f379b9f4e464587a35f3a4fd23b10c9 [term 0 FOLLOWER]: Becoming Follower/Learner. State: Replica: 5f379b9f4e464587a35f3a4fd23b10c9, State: Initialized, Role: FOLLOWER
I20260608 13:04:17.088851 12138 consensus_queue.cc:260] T fb0d322067574fcea827376f2fd57f16 P 5f379b9f4e464587a35f3a4fd23b10c9 [NON_LEADER]: Queue going to NON_LEADER mode. State: All replicated index: 0, Majority replicated index: 0, Committed index: 0, Last appended: 0.0, Last appended by leader: 0, Current term: 0, Majority size: -1, State: 0, Mode: NON_LEADER, active raft config: opid_index: -1 OBSOLETE_local: false peers { permanent_uuid: "18f006b578d248b79fe45eedf675783c" member_type: VOTER last_known_addr { host: "127.8.193.194" port: 39471 } } peers { permanent_uuid: "edc7d5e991d84059928a55489049bd31" member_type: VOTER last_known_addr { host: "127.8.193.196" port: 38193 } } peers { permanent_uuid: "5f379b9f4e464587a35f3a4fd23b10c9" member_type: VOTER last_known_addr { host: "127.8.193.195" port: 37193 } }
I20260608 13:04:17.097487 12279 tablet_bootstrap.cc:492] T 2280e225678d4540bbb9ab793083c39c P 18f006b578d248b79fe45eedf675783c: No bootstrap required, opened a new log
I20260608 13:04:17.098039 12279 ts_tablet_manager.cc:1403] T 2280e225678d4540bbb9ab793083c39c P 18f006b578d248b79fe45eedf675783c: Time spent bootstrapping tablet: real 0.235s	user 0.009s	sys 0.006s
I20260608 13:04:17.098425 12138 ts_tablet_manager.cc:1434] T fb0d322067574fcea827376f2fd57f16 P 5f379b9f4e464587a35f3a4fd23b10c9: Time spent starting tablet: real 0.035s	user 0.005s	sys 0.002s
I20260608 13:04:17.099323 12138 tablet_bootstrap.cc:492] T a1d13c42180843b79fa035235fd82f36 P 5f379b9f4e464587a35f3a4fd23b10c9: Bootstrap starting.
I20260608 13:04:17.101032 12291 tablet_bootstrap.cc:492] T cd2420aedfea470fa4efcf4651f866bb P edc7d5e991d84059928a55489049bd31: Bootstrap starting.
I20260608 13:04:17.105839 12279 raft_consensus.cc:359] T 2280e225678d4540bbb9ab793083c39c P 18f006b578d248b79fe45eedf675783c [term 0 FOLLOWER]: Replica starting. Triggering 0 pending ops. Active config: opid_index: -1 OBSOLETE_local: false peers { permanent_uuid: "9ab6cc6e302a4f888e9befc3ccb3effb" member_type: VOTER last_known_addr { host: "127.8.193.193" port: 34565 } } peers { permanent_uuid: "18f006b578d248b79fe45eedf675783c" member_type: VOTER last_known_addr { host: "127.8.193.194" port: 39471 } } peers { permanent_uuid: "edc7d5e991d84059928a55489049bd31" member_type: VOTER last_known_addr { host: "127.8.193.196" port: 38193 } }
I20260608 13:04:17.107558 12279 raft_consensus.cc:385] T 2280e225678d4540bbb9ab793083c39c P 18f006b578d248b79fe45eedf675783c [term 0 FOLLOWER]: Consensus starting up: Expiring failure detector timer to make a prompt election more likely
I20260608 13:04:17.107914 12279 raft_consensus.cc:740] T 2280e225678d4540bbb9ab793083c39c P 18f006b578d248b79fe45eedf675783c [term 0 FOLLOWER]: Becoming Follower/Learner. State: Replica: 18f006b578d248b79fe45eedf675783c, State: Initialized, Role: FOLLOWER
I20260608 13:04:17.109472 12279 consensus_queue.cc:260] T 2280e225678d4540bbb9ab793083c39c P 18f006b578d248b79fe45eedf675783c [NON_LEADER]: Queue going to NON_LEADER mode. State: All replicated index: 0, Majority replicated index: 0, Committed index: 0, Last appended: 0.0, Last appended by leader: 0, Current term: 0, Majority size: -1, State: 0, Mode: NON_LEADER, active raft config: opid_index: -1 OBSOLETE_local: false peers { permanent_uuid: "9ab6cc6e302a4f888e9befc3ccb3effb" member_type: VOTER last_known_addr { host: "127.8.193.193" port: 34565 } } peers { permanent_uuid: "18f006b578d248b79fe45eedf675783c" member_type: VOTER last_known_addr { host: "127.8.193.194" port: 39471 } } peers { permanent_uuid: "edc7d5e991d84059928a55489049bd31" member_type: VOTER last_known_addr { host: "127.8.193.196" port: 38193 } }
I20260608 13:04:17.122530 12138 tablet_bootstrap.cc:654] T a1d13c42180843b79fa035235fd82f36 P 5f379b9f4e464587a35f3a4fd23b10c9: Neither blocks nor log segments found. Creating new log.
I20260608 13:04:17.132876 12279 ts_tablet_manager.cc:1434] T 2280e225678d4540bbb9ab793083c39c P 18f006b578d248b79fe45eedf675783c: Time spent starting tablet: real 0.034s	user 0.009s	sys 0.000s
I20260608 13:04:17.139796 12286 tablet_bootstrap.cc:492] T 966ecd3b54cb4a9193ffa36d07f53037 P 9ab6cc6e302a4f888e9befc3ccb3effb: No bootstrap required, opened a new log
I20260608 13:04:17.143317 12291 tablet_bootstrap.cc:654] T cd2420aedfea470fa4efcf4651f866bb P edc7d5e991d84059928a55489049bd31: Neither blocks nor log segments found. Creating new log.
I20260608 13:04:17.143711 12286 ts_tablet_manager.cc:1403] T 966ecd3b54cb4a9193ffa36d07f53037 P 9ab6cc6e302a4f888e9befc3ccb3effb: Time spent bootstrapping tablet: real 0.178s	user 0.015s	sys 0.002s
I20260608 13:04:17.146606 12279 tablet_bootstrap.cc:492] T 966ecd3b54cb4a9193ffa36d07f53037 P 18f006b578d248b79fe45eedf675783c: Bootstrap starting.
I20260608 13:04:17.152814 12286 raft_consensus.cc:359] T 966ecd3b54cb4a9193ffa36d07f53037 P 9ab6cc6e302a4f888e9befc3ccb3effb [term 0 FOLLOWER]: Replica starting. Triggering 0 pending ops. Active config: opid_index: -1 OBSOLETE_local: false peers { permanent_uuid: "edc7d5e991d84059928a55489049bd31" member_type: VOTER last_known_addr { host: "127.8.193.196" port: 38193 } } peers { permanent_uuid: "9ab6cc6e302a4f888e9befc3ccb3effb" member_type: VOTER last_known_addr { host: "127.8.193.193" port: 34565 } } peers { permanent_uuid: "18f006b578d248b79fe45eedf675783c" member_type: VOTER last_known_addr { host: "127.8.193.194" port: 39471 } }
I20260608 13:04:17.153729 12286 raft_consensus.cc:385] T 966ecd3b54cb4a9193ffa36d07f53037 P 9ab6cc6e302a4f888e9befc3ccb3effb [term 0 FOLLOWER]: Consensus starting up: Expiring failure detector timer to make a prompt election more likely
I20260608 13:04:17.154081 12286 raft_consensus.cc:740] T 966ecd3b54cb4a9193ffa36d07f53037 P 9ab6cc6e302a4f888e9befc3ccb3effb [term 0 FOLLOWER]: Becoming Follower/Learner. State: Replica: 9ab6cc6e302a4f888e9befc3ccb3effb, State: Initialized, Role: FOLLOWER
I20260608 13:04:17.154991 12286 consensus_queue.cc:260] T 966ecd3b54cb4a9193ffa36d07f53037 P 9ab6cc6e302a4f888e9befc3ccb3effb [NON_LEADER]: Queue going to NON_LEADER mode. State: All replicated index: 0, Majority replicated index: 0, Committed index: 0, Last appended: 0.0, Last appended by leader: 0, Current term: 0, Majority size: -1, State: 0, Mode: NON_LEADER, active raft config: opid_index: -1 OBSOLETE_local: false peers { permanent_uuid: "edc7d5e991d84059928a55489049bd31" member_type: VOTER last_known_addr { host: "127.8.193.196" port: 38193 } } peers { permanent_uuid: "9ab6cc6e302a4f888e9befc3ccb3effb" member_type: VOTER last_known_addr { host: "127.8.193.193" port: 34565 } } peers { permanent_uuid: "18f006b578d248b79fe45eedf675783c" member_type: VOTER last_known_addr { host: "127.8.193.194" port: 39471 } }
I20260608 13:04:17.157665 12286 ts_tablet_manager.cc:1434] T 966ecd3b54cb4a9193ffa36d07f53037 P 9ab6cc6e302a4f888e9befc3ccb3effb: Time spent starting tablet: real 0.012s	user 0.004s	sys 0.002s
I20260608 13:04:17.158854 12286 tablet_bootstrap.cc:492] T 50a41dadddaf4a6586fd0aaa7abeac55 P 9ab6cc6e302a4f888e9befc3ccb3effb: Bootstrap starting.
I20260608 13:04:17.160742 12291 tablet_bootstrap.cc:492] T cd2420aedfea470fa4efcf4651f866bb P edc7d5e991d84059928a55489049bd31: No bootstrap required, opened a new log
I20260608 13:04:17.161279 12291 ts_tablet_manager.cc:1403] T cd2420aedfea470fa4efcf4651f866bb P edc7d5e991d84059928a55489049bd31: Time spent bootstrapping tablet: real 0.067s	user 0.015s	sys 0.001s
I20260608 13:04:17.164707 12291 raft_consensus.cc:359] T cd2420aedfea470fa4efcf4651f866bb P edc7d5e991d84059928a55489049bd31 [term 0 FOLLOWER]: Replica starting. Triggering 0 pending ops. Active config: opid_index: -1 OBSOLETE_local: false peers { permanent_uuid: "edc7d5e991d84059928a55489049bd31" member_type: VOTER last_known_addr { host: "127.8.193.196" port: 38193 } } peers { permanent_uuid: "5f379b9f4e464587a35f3a4fd23b10c9" member_type: VOTER last_known_addr { host: "127.8.193.195" port: 37193 } } peers { permanent_uuid: "18f006b578d248b79fe45eedf675783c" member_type: VOTER last_known_addr { host: "127.8.193.194" port: 39471 } }
I20260608 13:04:17.165467 12291 raft_consensus.cc:385] T cd2420aedfea470fa4efcf4651f866bb P edc7d5e991d84059928a55489049bd31 [term 0 FOLLOWER]: Consensus starting up: Expiring failure detector timer to make a prompt election more likely
I20260608 13:04:17.165796 12291 raft_consensus.cc:740] T cd2420aedfea470fa4efcf4651f866bb P edc7d5e991d84059928a55489049bd31 [term 0 FOLLOWER]: Becoming Follower/Learner. State: Replica: edc7d5e991d84059928a55489049bd31, State: Initialized, Role: FOLLOWER
I20260608 13:04:17.166633 12291 consensus_queue.cc:260] T cd2420aedfea470fa4efcf4651f866bb P edc7d5e991d84059928a55489049bd31 [NON_LEADER]: Queue going to NON_LEADER mode. State: All replicated index: 0, Majority replicated index: 0, Committed index: 0, Last appended: 0.0, Last appended by leader: 0, Current term: 0, Majority size: -1, State: 0, Mode: NON_LEADER, active raft config: opid_index: -1 OBSOLETE_local: false peers { permanent_uuid: "edc7d5e991d84059928a55489049bd31" member_type: VOTER last_known_addr { host: "127.8.193.196" port: 38193 } } peers { permanent_uuid: "5f379b9f4e464587a35f3a4fd23b10c9" member_type: VOTER last_known_addr { host: "127.8.193.195" port: 37193 } } peers { permanent_uuid: "18f006b578d248b79fe45eedf675783c" member_type: VOTER last_known_addr { host: "127.8.193.194" port: 39471 } }
I20260608 13:04:17.165928 12286 tablet_bootstrap.cc:654] T 50a41dadddaf4a6586fd0aaa7abeac55 P 9ab6cc6e302a4f888e9befc3ccb3effb: Neither blocks nor log segments found. Creating new log.
I20260608 13:04:17.168757 12265 heartbeater.cc:499] Master 127.8.193.254:37959 was elected leader, sending a full tablet report...
I20260608 13:04:17.170760 12279 tablet_bootstrap.cc:654] T 966ecd3b54cb4a9193ffa36d07f53037 P 18f006b578d248b79fe45eedf675783c: Neither blocks nor log segments found. Creating new log.
I20260608 13:04:17.171393 12291 ts_tablet_manager.cc:1434] T cd2420aedfea470fa4efcf4651f866bb P edc7d5e991d84059928a55489049bd31: Time spent starting tablet: real 0.010s	user 0.000s	sys 0.008s
I20260608 13:04:17.172252 12291 tablet_bootstrap.cc:492] T 50a41dadddaf4a6586fd0aaa7abeac55 P edc7d5e991d84059928a55489049bd31: Bootstrap starting.
I20260608 13:04:17.179375 12291 tablet_bootstrap.cc:654] T 50a41dadddaf4a6586fd0aaa7abeac55 P edc7d5e991d84059928a55489049bd31: Neither blocks nor log segments found. Creating new log.
I20260608 13:04:17.179634 12286 tablet_bootstrap.cc:492] T 50a41dadddaf4a6586fd0aaa7abeac55 P 9ab6cc6e302a4f888e9befc3ccb3effb: No bootstrap required, opened a new log
I20260608 13:04:17.180270 12286 ts_tablet_manager.cc:1403] T 50a41dadddaf4a6586fd0aaa7abeac55 P 9ab6cc6e302a4f888e9befc3ccb3effb: Time spent bootstrapping tablet: real 0.022s	user 0.012s	sys 0.000s
I20260608 13:04:17.184000 12286 raft_consensus.cc:359] T 50a41dadddaf4a6586fd0aaa7abeac55 P 9ab6cc6e302a4f888e9befc3ccb3effb [term 0 FOLLOWER]: Replica starting. Triggering 0 pending ops. Active config: opid_index: -1 OBSOLETE_local: false peers { permanent_uuid: "9ab6cc6e302a4f888e9befc3ccb3effb" member_type: VOTER last_known_addr { host: "127.8.193.193" port: 34565 } } peers { permanent_uuid: "edc7d5e991d84059928a55489049bd31" member_type: VOTER last_known_addr { host: "127.8.193.196" port: 38193 } } peers { permanent_uuid: "5f379b9f4e464587a35f3a4fd23b10c9" member_type: VOTER last_known_addr { host: "127.8.193.195" port: 37193 } }
I20260608 13:04:17.185142 12286 raft_consensus.cc:385] T 50a41dadddaf4a6586fd0aaa7abeac55 P 9ab6cc6e302a4f888e9befc3ccb3effb [term 0 FOLLOWER]: Consensus starting up: Expiring failure detector timer to make a prompt election more likely
I20260608 13:04:17.185634 12286 raft_consensus.cc:740] T 50a41dadddaf4a6586fd0aaa7abeac55 P 9ab6cc6e302a4f888e9befc3ccb3effb [term 0 FOLLOWER]: Becoming Follower/Learner. State: Replica: 9ab6cc6e302a4f888e9befc3ccb3effb, State: Initialized, Role: FOLLOWER
I20260608 13:04:17.187105 12286 consensus_queue.cc:260] T 50a41dadddaf4a6586fd0aaa7abeac55 P 9ab6cc6e302a4f888e9befc3ccb3effb [NON_LEADER]: Queue going to NON_LEADER mode. State: All replicated index: 0, Majority replicated index: 0, Committed index: 0, Last appended: 0.0, Last appended by leader: 0, Current term: 0, Majority size: -1, State: 0, Mode: NON_LEADER, active raft config: opid_index: -1 OBSOLETE_local: false peers { permanent_uuid: "9ab6cc6e302a4f888e9befc3ccb3effb" member_type: VOTER last_known_addr { host: "127.8.193.193" port: 34565 } } peers { permanent_uuid: "edc7d5e991d84059928a55489049bd31" member_type: VOTER last_known_addr { host: "127.8.193.196" port: 38193 } } peers { permanent_uuid: "5f379b9f4e464587a35f3a4fd23b10c9" member_type: VOTER last_known_addr { host: "127.8.193.195" port: 37193 } }
I20260608 13:04:17.191601 12291 tablet_bootstrap.cc:492] T 50a41dadddaf4a6586fd0aaa7abeac55 P edc7d5e991d84059928a55489049bd31: No bootstrap required, opened a new log
I20260608 13:04:17.192155 12291 ts_tablet_manager.cc:1403] T 50a41dadddaf4a6586fd0aaa7abeac55 P edc7d5e991d84059928a55489049bd31: Time spent bootstrapping tablet: real 0.020s	user 0.010s	sys 0.008s
I20260608 13:04:17.194494 12286 ts_tablet_manager.cc:1434] T 50a41dadddaf4a6586fd0aaa7abeac55 P 9ab6cc6e302a4f888e9befc3ccb3effb: Time spent starting tablet: real 0.014s	user 0.008s	sys 0.000s
I20260608 13:04:17.195569 12286 tablet_bootstrap.cc:492] T 89f018518f584485ab0350c55b5c3ebb P 9ab6cc6e302a4f888e9befc3ccb3effb: Bootstrap starting.
I20260608 13:04:17.195432 12291 raft_consensus.cc:359] T 50a41dadddaf4a6586fd0aaa7abeac55 P edc7d5e991d84059928a55489049bd31 [term 0 FOLLOWER]: Replica starting. Triggering 0 pending ops. Active config: opid_index: -1 OBSOLETE_local: false peers { permanent_uuid: "9ab6cc6e302a4f888e9befc3ccb3effb" member_type: VOTER last_known_addr { host: "127.8.193.193" port: 34565 } } peers { permanent_uuid: "edc7d5e991d84059928a55489049bd31" member_type: VOTER last_known_addr { host: "127.8.193.196" port: 38193 } } peers { permanent_uuid: "5f379b9f4e464587a35f3a4fd23b10c9" member_type: VOTER last_known_addr { host: "127.8.193.195" port: 37193 } }
I20260608 13:04:17.196231 12291 raft_consensus.cc:385] T 50a41dadddaf4a6586fd0aaa7abeac55 P edc7d5e991d84059928a55489049bd31 [term 0 FOLLOWER]: Consensus starting up: Expiring failure detector timer to make a prompt election more likely
I20260608 13:04:17.196563 12291 raft_consensus.cc:740] T 50a41dadddaf4a6586fd0aaa7abeac55 P edc7d5e991d84059928a55489049bd31 [term 0 FOLLOWER]: Becoming Follower/Learner. State: Replica: edc7d5e991d84059928a55489049bd31, State: Initialized, Role: FOLLOWER
I20260608 13:04:17.197599 12291 consensus_queue.cc:260] T 50a41dadddaf4a6586fd0aaa7abeac55 P edc7d5e991d84059928a55489049bd31 [NON_LEADER]: Queue going to NON_LEADER mode. State: All replicated index: 0, Majority replicated index: 0, Committed index: 0, Last appended: 0.0, Last appended by leader: 0, Current term: 0, Majority size: -1, State: 0, Mode: NON_LEADER, active raft config: opid_index: -1 OBSOLETE_local: false peers { permanent_uuid: "9ab6cc6e302a4f888e9befc3ccb3effb" member_type: VOTER last_known_addr { host: "127.8.193.193" port: 34565 } } peers { permanent_uuid: "edc7d5e991d84059928a55489049bd31" member_type: VOTER last_known_addr { host: "127.8.193.196" port: 38193 } } peers { permanent_uuid: "5f379b9f4e464587a35f3a4fd23b10c9" member_type: VOTER last_known_addr { host: "127.8.193.195" port: 37193 } }
I20260608 13:04:17.200081 12291 ts_tablet_manager.cc:1434] T 50a41dadddaf4a6586fd0aaa7abeac55 P edc7d5e991d84059928a55489049bd31: Time spent starting tablet: real 0.008s	user 0.003s	sys 0.004s
I20260608 13:04:17.201305 12291 tablet_bootstrap.cc:492] T a1d13c42180843b79fa035235fd82f36 P edc7d5e991d84059928a55489049bd31: Bootstrap starting.
I20260608 13:04:17.204432 12286 tablet_bootstrap.cc:654] T 89f018518f584485ab0350c55b5c3ebb P 9ab6cc6e302a4f888e9befc3ccb3effb: Neither blocks nor log segments found. Creating new log.
I20260608 13:04:17.205751 12138 tablet_bootstrap.cc:492] T a1d13c42180843b79fa035235fd82f36 P 5f379b9f4e464587a35f3a4fd23b10c9: No bootstrap required, opened a new log
I20260608 13:04:17.206256 12138 ts_tablet_manager.cc:1403] T a1d13c42180843b79fa035235fd82f36 P 5f379b9f4e464587a35f3a4fd23b10c9: Time spent bootstrapping tablet: real 0.107s	user 0.012s	sys 0.007s
I20260608 13:04:17.208516 12291 tablet_bootstrap.cc:654] T a1d13c42180843b79fa035235fd82f36 P edc7d5e991d84059928a55489049bd31: Neither blocks nor log segments found. Creating new log.
I20260608 13:04:17.209611 12138 raft_consensus.cc:359] T a1d13c42180843b79fa035235fd82f36 P 5f379b9f4e464587a35f3a4fd23b10c9 [term 0 FOLLOWER]: Replica starting. Triggering 0 pending ops. Active config: opid_index: -1 OBSOLETE_local: false peers { permanent_uuid: "edc7d5e991d84059928a55489049bd31" member_type: VOTER last_known_addr { host: "127.8.193.196" port: 38193 } } peers { permanent_uuid: "9ab6cc6e302a4f888e9befc3ccb3effb" member_type: VOTER last_known_addr { host: "127.8.193.193" port: 34565 } } peers { permanent_uuid: "5f379b9f4e464587a35f3a4fd23b10c9" member_type: VOTER last_known_addr { host: "127.8.193.195" port: 37193 } }
I20260608 13:04:17.210341 12138 raft_consensus.cc:385] T a1d13c42180843b79fa035235fd82f36 P 5f379b9f4e464587a35f3a4fd23b10c9 [term 0 FOLLOWER]: Consensus starting up: Expiring failure detector timer to make a prompt election more likely
I20260608 13:04:17.210629 12138 raft_consensus.cc:740] T a1d13c42180843b79fa035235fd82f36 P 5f379b9f4e464587a35f3a4fd23b10c9 [term 0 FOLLOWER]: Becoming Follower/Learner. State: Replica: 5f379b9f4e464587a35f3a4fd23b10c9, State: Initialized, Role: FOLLOWER
I20260608 13:04:17.212841 12279 tablet_bootstrap.cc:492] T 966ecd3b54cb4a9193ffa36d07f53037 P 18f006b578d248b79fe45eedf675783c: No bootstrap required, opened a new log
I20260608 13:04:17.213366 12279 ts_tablet_manager.cc:1403] T 966ecd3b54cb4a9193ffa36d07f53037 P 18f006b578d248b79fe45eedf675783c: Time spent bootstrapping tablet: real 0.067s	user 0.014s	sys 0.020s
I20260608 13:04:17.217588 12279 raft_consensus.cc:359] T 966ecd3b54cb4a9193ffa36d07f53037 P 18f006b578d248b79fe45eedf675783c [term 0 FOLLOWER]: Replica starting. Triggering 0 pending ops. Active config: opid_index: -1 OBSOLETE_local: false peers { permanent_uuid: "edc7d5e991d84059928a55489049bd31" member_type: VOTER last_known_addr { host: "127.8.193.196" port: 38193 } } peers { permanent_uuid: "9ab6cc6e302a4f888e9befc3ccb3effb" member_type: VOTER last_known_addr { host: "127.8.193.193" port: 34565 } } peers { permanent_uuid: "18f006b578d248b79fe45eedf675783c" member_type: VOTER last_known_addr { host: "127.8.193.194" port: 39471 } }
I20260608 13:04:17.218567 12279 raft_consensus.cc:385] T 966ecd3b54cb4a9193ffa36d07f53037 P 18f006b578d248b79fe45eedf675783c [term 0 FOLLOWER]: Consensus starting up: Expiring failure detector timer to make a prompt election more likely
I20260608 13:04:17.218863 12279 raft_consensus.cc:740] T 966ecd3b54cb4a9193ffa36d07f53037 P 18f006b578d248b79fe45eedf675783c [term 0 FOLLOWER]: Becoming Follower/Learner. State: Replica: 18f006b578d248b79fe45eedf675783c, State: Initialized, Role: FOLLOWER
I20260608 13:04:17.220041 12138 consensus_queue.cc:260] T a1d13c42180843b79fa035235fd82f36 P 5f379b9f4e464587a35f3a4fd23b10c9 [NON_LEADER]: Queue going to NON_LEADER mode. State: All replicated index: 0, Majority replicated index: 0, Committed index: 0, Last appended: 0.0, Last appended by leader: 0, Current term: 0, Majority size: -1, State: 0, Mode: NON_LEADER, active raft config: opid_index: -1 OBSOLETE_local: false peers { permanent_uuid: "edc7d5e991d84059928a55489049bd31" member_type: VOTER last_known_addr { host: "127.8.193.196" port: 38193 } } peers { permanent_uuid: "9ab6cc6e302a4f888e9befc3ccb3effb" member_type: VOTER last_known_addr { host: "127.8.193.193" port: 34565 } } peers { permanent_uuid: "5f379b9f4e464587a35f3a4fd23b10c9" member_type: VOTER last_known_addr { host: "127.8.193.195" port: 37193 } }
I20260608 13:04:17.226409 12286 tablet_bootstrap.cc:492] T 89f018518f584485ab0350c55b5c3ebb P 9ab6cc6e302a4f888e9befc3ccb3effb: No bootstrap required, opened a new log
I20260608 13:04:17.226649 12138 ts_tablet_manager.cc:1434] T a1d13c42180843b79fa035235fd82f36 P 5f379b9f4e464587a35f3a4fd23b10c9: Time spent starting tablet: real 0.020s	user 0.007s	sys 0.001s
I20260608 13:04:17.227377 12286 ts_tablet_manager.cc:1403] T 89f018518f584485ab0350c55b5c3ebb P 9ab6cc6e302a4f888e9befc3ccb3effb: Time spent bootstrapping tablet: real 0.032s	user 0.015s	sys 0.013s
I20260608 13:04:17.228708 12138 tablet_bootstrap.cc:492] T bc77a755d6754d77bf13bd55d9009fb2 P 5f379b9f4e464587a35f3a4fd23b10c9: Bootstrap starting.
I20260608 13:04:17.232390 12286 raft_consensus.cc:359] T 89f018518f584485ab0350c55b5c3ebb P 9ab6cc6e302a4f888e9befc3ccb3effb [term 0 FOLLOWER]: Replica starting. Triggering 0 pending ops. Active config: opid_index: -1 OBSOLETE_local: false peers { permanent_uuid: "edc7d5e991d84059928a55489049bd31" member_type: VOTER last_known_addr { host: "127.8.193.196" port: 38193 } } peers { permanent_uuid: "18f006b578d248b79fe45eedf675783c" member_type: VOTER last_known_addr { host: "127.8.193.194" port: 39471 } } peers { permanent_uuid: "9ab6cc6e302a4f888e9befc3ccb3effb" member_type: VOTER last_known_addr { host: "127.8.193.193" port: 34565 } }
I20260608 13:04:17.233507 12286 raft_consensus.cc:385] T 89f018518f584485ab0350c55b5c3ebb P 9ab6cc6e302a4f888e9befc3ccb3effb [term 0 FOLLOWER]: Consensus starting up: Expiring failure detector timer to make a prompt election more likely
I20260608 13:04:17.237742 12291 tablet_bootstrap.cc:492] T a1d13c42180843b79fa035235fd82f36 P edc7d5e991d84059928a55489049bd31: No bootstrap required, opened a new log
I20260608 13:04:17.233731 11838 catalog_manager.cc:6241] T 00000000000000000000000000000000 P 8d78da16b97441509cdac52364614a99: range_aware_rebalance_new_range [id=d043b1f8c42949ec8dbdcb4a4ae21cab] alter complete (version 0)
I20260608 13:04:17.241518 12291 ts_tablet_manager.cc:1403] T a1d13c42180843b79fa035235fd82f36 P edc7d5e991d84059928a55489049bd31: Time spent bootstrapping tablet: real 0.040s	user 0.013s	sys 0.025s
I20260608 13:04:17.238641 12138 tablet_bootstrap.cc:654] T bc77a755d6754d77bf13bd55d9009fb2 P 5f379b9f4e464587a35f3a4fd23b10c9: Neither blocks nor log segments found. Creating new log.
I20260608 13:04:17.242960 12286 raft_consensus.cc:740] T 89f018518f584485ab0350c55b5c3ebb P 9ab6cc6e302a4f888e9befc3ccb3effb [term 0 FOLLOWER]: Becoming Follower/Learner. State: Replica: 9ab6cc6e302a4f888e9befc3ccb3effb, State: Initialized, Role: FOLLOWER
I20260608 13:04:17.234712 12279 consensus_queue.cc:260] T 966ecd3b54cb4a9193ffa36d07f53037 P 18f006b578d248b79fe45eedf675783c [NON_LEADER]: Queue going to NON_LEADER mode. State: All replicated index: 0, Majority replicated index: 0, Committed index: 0, Last appended: 0.0, Last appended by leader: 0, Current term: 0, Majority size: -1, State: 0, Mode: NON_LEADER, active raft config: opid_index: -1 OBSOLETE_local: false peers { permanent_uuid: "edc7d5e991d84059928a55489049bd31" member_type: VOTER last_known_addr { host: "127.8.193.196" port: 38193 } } peers { permanent_uuid: "9ab6cc6e302a4f888e9befc3ccb3effb" member_type: VOTER last_known_addr { host: "127.8.193.193" port: 34565 } } peers { permanent_uuid: "18f006b578d248b79fe45eedf675783c" member_type: VOTER last_known_addr { host: "127.8.193.194" port: 39471 } }
I20260608 13:04:17.244195 12286 consensus_queue.cc:260] T 89f018518f584485ab0350c55b5c3ebb P 9ab6cc6e302a4f888e9befc3ccb3effb [NON_LEADER]: Queue going to NON_LEADER mode. State: All replicated index: 0, Majority replicated index: 0, Committed index: 0, Last appended: 0.0, Last appended by leader: 0, Current term: 0, Majority size: -1, State: 0, Mode: NON_LEADER, active raft config: opid_index: -1 OBSOLETE_local: false peers { permanent_uuid: "edc7d5e991d84059928a55489049bd31" member_type: VOTER last_known_addr { host: "127.8.193.196" port: 38193 } } peers { permanent_uuid: "18f006b578d248b79fe45eedf675783c" member_type: VOTER last_known_addr { host: "127.8.193.194" port: 39471 } } peers { permanent_uuid: "9ab6cc6e302a4f888e9befc3ccb3effb" member_type: VOTER last_known_addr { host: "127.8.193.193" port: 34565 } }
I20260608 13:04:17.245033 12291 raft_consensus.cc:359] T a1d13c42180843b79fa035235fd82f36 P edc7d5e991d84059928a55489049bd31 [term 0 FOLLOWER]: Replica starting. Triggering 0 pending ops. Active config: opid_index: -1 OBSOLETE_local: false peers { permanent_uuid: "edc7d5e991d84059928a55489049bd31" member_type: VOTER last_known_addr { host: "127.8.193.196" port: 38193 } } peers { permanent_uuid: "9ab6cc6e302a4f888e9befc3ccb3effb" member_type: VOTER last_known_addr { host: "127.8.193.193" port: 34565 } } peers { permanent_uuid: "5f379b9f4e464587a35f3a4fd23b10c9" member_type: VOTER last_known_addr { host: "127.8.193.195" port: 37193 } }
I20260608 13:04:17.245800 12291 raft_consensus.cc:385] T a1d13c42180843b79fa035235fd82f36 P edc7d5e991d84059928a55489049bd31 [term 0 FOLLOWER]: Consensus starting up: Expiring failure detector timer to make a prompt election more likely
I20260608 13:04:17.246097 12291 raft_consensus.cc:740] T a1d13c42180843b79fa035235fd82f36 P edc7d5e991d84059928a55489049bd31 [term 0 FOLLOWER]: Becoming Follower/Learner. State: Replica: edc7d5e991d84059928a55489049bd31, State: Initialized, Role: FOLLOWER
I20260608 13:04:17.247002 12291 consensus_queue.cc:260] T a1d13c42180843b79fa035235fd82f36 P edc7d5e991d84059928a55489049bd31 [NON_LEADER]: Queue going to NON_LEADER mode. State: All replicated index: 0, Majority replicated index: 0, Committed index: 0, Last appended: 0.0, Last appended by leader: 0, Current term: 0, Majority size: -1, State: 0, Mode: NON_LEADER, active raft config: opid_index: -1 OBSOLETE_local: false peers { permanent_uuid: "edc7d5e991d84059928a55489049bd31" member_type: VOTER last_known_addr { host: "127.8.193.196" port: 38193 } } peers { permanent_uuid: "9ab6cc6e302a4f888e9befc3ccb3effb" member_type: VOTER last_known_addr { host: "127.8.193.193" port: 34565 } } peers { permanent_uuid: "5f379b9f4e464587a35f3a4fd23b10c9" member_type: VOTER last_known_addr { host: "127.8.193.195" port: 37193 } }
I20260608 13:04:17.249601 12291 ts_tablet_manager.cc:1434] T a1d13c42180843b79fa035235fd82f36 P edc7d5e991d84059928a55489049bd31: Time spent starting tablet: real 0.008s	user 0.004s	sys 0.004s
I20260608 13:04:17.250507 12279 ts_tablet_manager.cc:1434] T 966ecd3b54cb4a9193ffa36d07f53037 P 18f006b578d248b79fe45eedf675783c: Time spent starting tablet: real 0.037s	user 0.008s	sys 0.004s
I20260608 13:04:17.250661 12291 tablet_bootstrap.cc:492] T 2280e225678d4540bbb9ab793083c39c P edc7d5e991d84059928a55489049bd31: Bootstrap starting.
I20260608 13:04:17.251504 12279 tablet_bootstrap.cc:492] T 89f018518f584485ab0350c55b5c3ebb P 18f006b578d248b79fe45eedf675783c: Bootstrap starting.
I20260608 13:04:17.247502 12286 ts_tablet_manager.cc:1434] T 89f018518f584485ab0350c55b5c3ebb P 9ab6cc6e302a4f888e9befc3ccb3effb: Time spent starting tablet: real 0.019s	user 0.008s	sys 0.003s
I20260608 13:04:17.255002 12286 tablet_bootstrap.cc:492] T a1d13c42180843b79fa035235fd82f36 P 9ab6cc6e302a4f888e9befc3ccb3effb: Bootstrap starting.
I20260608 13:04:17.258701 12291 tablet_bootstrap.cc:654] T 2280e225678d4540bbb9ab793083c39c P edc7d5e991d84059928a55489049bd31: Neither blocks nor log segments found. Creating new log.
I20260608 13:04:17.263536 12279 tablet_bootstrap.cc:654] T 89f018518f584485ab0350c55b5c3ebb P 18f006b578d248b79fe45eedf675783c: Neither blocks nor log segments found. Creating new log.
I20260608 13:04:17.266827 12138 tablet_bootstrap.cc:492] T bc77a755d6754d77bf13bd55d9009fb2 P 5f379b9f4e464587a35f3a4fd23b10c9: No bootstrap required, opened a new log
I20260608 13:04:17.267472 12138 ts_tablet_manager.cc:1403] T bc77a755d6754d77bf13bd55d9009fb2 P 5f379b9f4e464587a35f3a4fd23b10c9: Time spent bootstrapping tablet: real 0.039s	user 0.011s	sys 0.000s
I20260608 13:04:17.271155 12138 raft_consensus.cc:359] T bc77a755d6754d77bf13bd55d9009fb2 P 5f379b9f4e464587a35f3a4fd23b10c9 [term 0 FOLLOWER]: Replica starting. Triggering 0 pending ops. Active config: opid_index: -1 OBSOLETE_local: false peers { permanent_uuid: "5f379b9f4e464587a35f3a4fd23b10c9" member_type: VOTER last_known_addr { host: "127.8.193.195" port: 37193 } } peers { permanent_uuid: "edc7d5e991d84059928a55489049bd31" member_type: VOTER last_known_addr { host: "127.8.193.196" port: 38193 } } peers { permanent_uuid: "9ab6cc6e302a4f888e9befc3ccb3effb" member_type: VOTER last_known_addr { host: "127.8.193.193" port: 34565 } }
I20260608 13:04:17.272496 12138 raft_consensus.cc:385] T bc77a755d6754d77bf13bd55d9009fb2 P 5f379b9f4e464587a35f3a4fd23b10c9 [term 0 FOLLOWER]: Consensus starting up: Expiring failure detector timer to make a prompt election more likely
I20260608 13:04:17.272871 12138 raft_consensus.cc:740] T bc77a755d6754d77bf13bd55d9009fb2 P 5f379b9f4e464587a35f3a4fd23b10c9 [term 0 FOLLOWER]: Becoming Follower/Learner. State: Replica: 5f379b9f4e464587a35f3a4fd23b10c9, State: Initialized, Role: FOLLOWER
I20260608 13:04:17.273425 12286 tablet_bootstrap.cc:654] T a1d13c42180843b79fa035235fd82f36 P 9ab6cc6e302a4f888e9befc3ccb3effb: Neither blocks nor log segments found. Creating new log.
I20260608 13:04:17.273800 12138 consensus_queue.cc:260] T bc77a755d6754d77bf13bd55d9009fb2 P 5f379b9f4e464587a35f3a4fd23b10c9 [NON_LEADER]: Queue going to NON_LEADER mode. State: All replicated index: 0, Majority replicated index: 0, Committed index: 0, Last appended: 0.0, Last appended by leader: 0, Current term: 0, Majority size: -1, State: 0, Mode: NON_LEADER, active raft config: opid_index: -1 OBSOLETE_local: false peers { permanent_uuid: "5f379b9f4e464587a35f3a4fd23b10c9" member_type: VOTER last_known_addr { host: "127.8.193.195" port: 37193 } } peers { permanent_uuid: "edc7d5e991d84059928a55489049bd31" member_type: VOTER last_known_addr { host: "127.8.193.196" port: 38193 } } peers { permanent_uuid: "9ab6cc6e302a4f888e9befc3ccb3effb" member_type: VOTER last_known_addr { host: "127.8.193.193" port: 34565 } }
I20260608 13:04:17.280575 12138 ts_tablet_manager.cc:1434] T bc77a755d6754d77bf13bd55d9009fb2 P 5f379b9f4e464587a35f3a4fd23b10c9: Time spent starting tablet: real 0.013s	user 0.008s	sys 0.000s
I20260608 13:04:17.281893 12138 tablet_bootstrap.cc:492] T cd2420aedfea470fa4efcf4651f866bb P 5f379b9f4e464587a35f3a4fd23b10c9: Bootstrap starting.
I20260608 13:04:17.284256 12279 tablet_bootstrap.cc:492] T 89f018518f584485ab0350c55b5c3ebb P 18f006b578d248b79fe45eedf675783c: No bootstrap required, opened a new log
I20260608 13:04:17.284930 12279 ts_tablet_manager.cc:1403] T 89f018518f584485ab0350c55b5c3ebb P 18f006b578d248b79fe45eedf675783c: Time spent bootstrapping tablet: real 0.034s	user 0.010s	sys 0.018s
I20260608 13:04:17.287375 12291 tablet_bootstrap.cc:492] T 2280e225678d4540bbb9ab793083c39c P edc7d5e991d84059928a55489049bd31: No bootstrap required, opened a new log
I20260608 13:04:17.287923 12291 ts_tablet_manager.cc:1403] T 2280e225678d4540bbb9ab793083c39c P edc7d5e991d84059928a55489049bd31: Time spent bootstrapping tablet: real 0.037s	user 0.011s	sys 0.014s
I20260608 13:04:17.288021 12138 tablet_bootstrap.cc:654] T cd2420aedfea470fa4efcf4651f866bb P 5f379b9f4e464587a35f3a4fd23b10c9: Neither blocks nor log segments found. Creating new log.
I20260608 13:04:17.289057 12279 raft_consensus.cc:359] T 89f018518f584485ab0350c55b5c3ebb P 18f006b578d248b79fe45eedf675783c [term 0 FOLLOWER]: Replica starting. Triggering 0 pending ops. Active config: opid_index: -1 OBSOLETE_local: false peers { permanent_uuid: "edc7d5e991d84059928a55489049bd31" member_type: VOTER last_known_addr { host: "127.8.193.196" port: 38193 } } peers { permanent_uuid: "18f006b578d248b79fe45eedf675783c" member_type: VOTER last_known_addr { host: "127.8.193.194" port: 39471 } } peers { permanent_uuid: "9ab6cc6e302a4f888e9befc3ccb3effb" member_type: VOTER last_known_addr { host: "127.8.193.193" port: 34565 } }
I20260608 13:04:17.290273 12279 raft_consensus.cc:385] T 89f018518f584485ab0350c55b5c3ebb P 18f006b578d248b79fe45eedf675783c [term 0 FOLLOWER]: Consensus starting up: Expiring failure detector timer to make a prompt election more likely
