I20260608 13:04:46.375946 14507 raft_consensus.cc:515] T 4a9598d38dc1458b997a05d2dfe07917 P 1197cf1faf8d4d4ab150a78a3abac5cd [term 0 FOLLOWER]: Starting pre-election with config: opid_index: -1 OBSOLETE_local: false peers { permanent_uuid: "1197cf1faf8d4d4ab150a78a3abac5cd" member_type: VOTER last_known_addr { host: "127.9.138.129" port: 45867 } } peers { permanent_uuid: "994c51dd926348be95f1720ab8045467" member_type: VOTER last_known_addr { host: "127.9.138.130" port: 43487 } } peers { permanent_uuid: "cc966e8fef834d86934f2cfbfa6aa1e6" member_type: VOTER last_known_addr { host: "127.9.138.131" port: 38883 } }
I20260608 13:04:46.377153 14508 leader_election.cc:290] T ebabf2c7a0b24bc3a683fd359d2f7516 P 1197cf1faf8d4d4ab150a78a3abac5cd [CANDIDATE]: Term 1 election: Requested vote from peers 994c51dd926348be95f1720ab8045467 (127.9.138.130:43487), cc966e8fef834d86934f2cfbfa6aa1e6 (127.9.138.131:38883)
I20260608 13:04:46.380046 14475 tablet_bootstrap.cc:492] T 1cef1aa11edb479c84508e3918b74064 P cc966e8fef834d86934f2cfbfa6aa1e6: No bootstrap required, opened a new log
I20260608 13:04:46.380712 14475 ts_tablet_manager.cc:1403] T 1cef1aa11edb479c84508e3918b74064 P cc966e8fef834d86934f2cfbfa6aa1e6: Time spent bootstrapping tablet: real 0.126s	user 0.012s	sys 0.002s
I20260608 13:04:46.382110 14272 tablet_service.cc:1917] Received RequestConsensusVote() RPC: tablet_id: "a0659825271549aeb5276daef14c3a75" candidate_uuid: "994c51dd926348be95f1720ab8045467" candidate_term: 1 candidate_status { last_received { term: 0 index: 0 } } ignore_live_leader: false dest_uuid: "1197cf1faf8d4d4ab150a78a3abac5cd" is_pre_election: true
I20260608 13:04:46.382848 14471 tablet_bootstrap.cc:492] T d4a3f504321c4c78a6c207b893b112ab P 994c51dd926348be95f1720ab8045467: No bootstrap required, opened a new log
I20260608 13:04:46.382752 14272 raft_consensus.cc:2468] T a0659825271549aeb5276daef14c3a75 P 1197cf1faf8d4d4ab150a78a3abac5cd [term 0 FOLLOWER]: Leader pre-election vote request: Granting yes vote for candidate 994c51dd926348be95f1720ab8045467 in term 0.
I20260608 13:04:46.383400 14471 ts_tablet_manager.cc:1403] T d4a3f504321c4c78a6c207b893b112ab P 994c51dd926348be95f1720ab8045467: Time spent bootstrapping tablet: real 0.060s	user 0.027s	sys 0.012s
I20260608 13:04:46.384202 14475 raft_consensus.cc:359] T 1cef1aa11edb479c84508e3918b74064 P cc966e8fef834d86934f2cfbfa6aa1e6 [term 0 FOLLOWER]: Replica starting. Triggering 0 pending ops. Active config: opid_index: -1 OBSOLETE_local: false peers { permanent_uuid: "1197cf1faf8d4d4ab150a78a3abac5cd" member_type: VOTER last_known_addr { host: "127.9.138.129" port: 45867 } } peers { permanent_uuid: "994c51dd926348be95f1720ab8045467" member_type: VOTER last_known_addr { host: "127.9.138.130" port: 43487 } } peers { permanent_uuid: "cc966e8fef834d86934f2cfbfa6aa1e6" member_type: VOTER last_known_addr { host: "127.9.138.131" port: 38883 } }
I20260608 13:04:46.384904 14475 raft_consensus.cc:385] T 1cef1aa11edb479c84508e3918b74064 P cc966e8fef834d86934f2cfbfa6aa1e6 [term 0 FOLLOWER]: Consensus starting up: Expiring failure detector timer to make a prompt election more likely
I20260608 13:04:46.385170 14475 raft_consensus.cc:740] T 1cef1aa11edb479c84508e3918b74064 P cc966e8fef834d86934f2cfbfa6aa1e6 [term 0 FOLLOWER]: Becoming Follower/Learner. State: Replica: cc966e8fef834d86934f2cfbfa6aa1e6, State: Initialized, Role: FOLLOWER
I20260608 13:04:46.386377 14314 leader_election.cc:304] T a0659825271549aeb5276daef14c3a75 P 994c51dd926348be95f1720ab8045467 [CANDIDATE]: Term 1 pre-election: Election decided. Result: candidate won. Election summary: received 2 responses out of 3 voters: 2 yes votes; 0 no votes. yes voters: 1197cf1faf8d4d4ab150a78a3abac5cd, 994c51dd926348be95f1720ab8045467; no voters: 
W20260608 13:04:46.387535 14238 leader_election.cc:343] T ebabf2c7a0b24bc3a683fd359d2f7516 P 1197cf1faf8d4d4ab150a78a3abac5cd [CANDIDATE]: Term 1 pre-election: Tablet error from VoteRequest() call to peer cc966e8fef834d86934f2cfbfa6aa1e6 (127.9.138.131:38883): Illegal state: must be running to vote when last-logged opid is not known
I20260608 13:04:46.388422 14348 tablet_service.cc:1917] Received RequestConsensusVote() RPC: tablet_id: "ebabf2c7a0b24bc3a683fd359d2f7516" candidate_uuid: "1197cf1faf8d4d4ab150a78a3abac5cd" candidate_term: 1 candidate_status { last_received { term: 0 index: 0 } } ignore_live_leader: false dest_uuid: "994c51dd926348be95f1720ab8045467"
I20260608 13:04:46.388903 14422 tablet_service.cc:1917] Received RequestConsensusVote() RPC: tablet_id: "a0659825271549aeb5276daef14c3a75" candidate_uuid: "994c51dd926348be95f1720ab8045467" candidate_term: 1 candidate_status { last_received { term: 0 index: 0 } } ignore_live_leader: false dest_uuid: "cc966e8fef834d86934f2cfbfa6aa1e6" is_pre_election: true
I20260608 13:04:46.389585 14421 tablet_service.cc:1917] Received RequestConsensusVote() RPC: tablet_id: "ebabf2c7a0b24bc3a683fd359d2f7516" candidate_uuid: "1197cf1faf8d4d4ab150a78a3abac5cd" candidate_term: 1 candidate_status { last_received { term: 0 index: 0 } } ignore_live_leader: false dest_uuid: "cc966e8fef834d86934f2cfbfa6aa1e6"
I20260608 13:04:46.389743 14349 tablet_service.cc:1917] Received RequestConsensusVote() RPC: tablet_id: "4a9598d38dc1458b997a05d2dfe07917" candidate_uuid: "1197cf1faf8d4d4ab150a78a3abac5cd" candidate_term: 1 candidate_status { last_received { term: 0 index: 0 } } ignore_live_leader: false dest_uuid: "994c51dd926348be95f1720ab8045467" is_pre_election: true
I20260608 13:04:46.389086 14348 raft_consensus.cc:3060] T ebabf2c7a0b24bc3a683fd359d2f7516 P 994c51dd926348be95f1720ab8045467 [term 0 FOLLOWER]: Advancing to term 1
I20260608 13:04:46.390036 14507 leader_election.cc:290] T 4a9598d38dc1458b997a05d2dfe07917 P 1197cf1faf8d4d4ab150a78a3abac5cd [CANDIDATE]: Term 1 pre-election: Requested pre-vote from peers 994c51dd926348be95f1720ab8045467 (127.9.138.130:43487), cc966e8fef834d86934f2cfbfa6aa1e6 (127.9.138.131:38883)
W20260608 13:04:46.390502 14313 leader_election.cc:343] T a0659825271549aeb5276daef14c3a75 P 994c51dd926348be95f1720ab8045467 [CANDIDATE]: Term 1 pre-election: Tablet error from VoteRequest() call to peer cc966e8fef834d86934f2cfbfa6aa1e6 (127.9.138.131:38883): Illegal state: must be running to vote when last-logged opid is not known
I20260608 13:04:46.391441 14421 tablet_service.cc:1917] Received RequestConsensusVote() RPC: tablet_id: "4a9598d38dc1458b997a05d2dfe07917" candidate_uuid: "1197cf1faf8d4d4ab150a78a3abac5cd" candidate_term: 1 candidate_status { last_received { term: 0 index: 0 } } ignore_live_leader: false dest_uuid: "cc966e8fef834d86934f2cfbfa6aa1e6" is_pre_election: true
I20260608 13:04:46.391547 14494 raft_consensus.cc:2804] T a0659825271549aeb5276daef14c3a75 P 994c51dd926348be95f1720ab8045467 [term 0 FOLLOWER]: Leader pre-election won for term 1
I20260608 13:04:46.392586 14349 raft_consensus.cc:2393] T 4a9598d38dc1458b997a05d2dfe07917 P 994c51dd926348be95f1720ab8045467 [term 1 FOLLOWER]: Leader pre-election vote request: Denying vote to candidate 1197cf1faf8d4d4ab150a78a3abac5cd in current term 1: Already voted for candidate cc966e8fef834d86934f2cfbfa6aa1e6 in this term.
I20260608 13:04:46.392745 14494 raft_consensus.cc:493] T a0659825271549aeb5276daef14c3a75 P 994c51dd926348be95f1720ab8045467 [term 0 FOLLOWER]: Starting leader election (no leader contacted us within the election timeout)
I20260608 13:04:46.393565 14494 raft_consensus.cc:3060] T a0659825271549aeb5276daef14c3a75 P 994c51dd926348be95f1720ab8045467 [term 0 FOLLOWER]: Advancing to term 1
I20260608 13:04:46.398442 14169 catalog_manager.cc:5696] T 275d8cb226d547ceb776f8636e9ef571 P cc966e8fef834d86934f2cfbfa6aa1e6 reported cstate change: term changed from 0 to 1, leader changed from <none> to cc966e8fef834d86934f2cfbfa6aa1e6 (127.9.138.131). New cstate: current_term: 1 leader_uuid: "cc966e8fef834d86934f2cfbfa6aa1e6" committed_config { opid_index: -1 OBSOLETE_local: false peers { permanent_uuid: "1197cf1faf8d4d4ab150a78a3abac5cd" member_type: VOTER last_known_addr { host: "127.9.138.129" port: 45867 } health_report { overall_health: UNKNOWN } } peers { permanent_uuid: "994c51dd926348be95f1720ab8045467" member_type: VOTER last_known_addr { host: "127.9.138.130" port: 43487 } health_report { overall_health: UNKNOWN } } peers { permanent_uuid: "cc966e8fef834d86934f2cfbfa6aa1e6" member_type: VOTER last_known_addr { host: "127.9.138.131" port: 38883 } health_report { overall_health: HEALTHY } } }
I20260608 13:04:46.386719 14471 raft_consensus.cc:359] T d4a3f504321c4c78a6c207b893b112ab P 994c51dd926348be95f1720ab8045467 [term 0 FOLLOWER]: Replica starting. Triggering 0 pending ops. Active config: opid_index: -1 OBSOLETE_local: false peers { permanent_uuid: "1197cf1faf8d4d4ab150a78a3abac5cd" member_type: VOTER last_known_addr { host: "127.9.138.129" port: 45867 } } peers { permanent_uuid: "994c51dd926348be95f1720ab8045467" member_type: VOTER last_known_addr { host: "127.9.138.130" port: 43487 } } peers { permanent_uuid: "cc966e8fef834d86934f2cfbfa6aa1e6" member_type: VOTER last_known_addr { host: "127.9.138.131" port: 38883 } }
I20260608 13:04:46.403280 14471 raft_consensus.cc:385] T d4a3f504321c4c78a6c207b893b112ab P 994c51dd926348be95f1720ab8045467 [term 0 FOLLOWER]: Consensus starting up: Expiring failure detector timer to make a prompt election more likely
I20260608 13:04:46.403596 14471 raft_consensus.cc:740] T d4a3f504321c4c78a6c207b893b112ab P 994c51dd926348be95f1720ab8045467 [term 0 FOLLOWER]: Becoming Follower/Learner. State: Replica: 994c51dd926348be95f1720ab8045467, State: Initialized, Role: FOLLOWER
I20260608 13:04:46.404412 14494 raft_consensus.cc:515] T a0659825271549aeb5276daef14c3a75 P 994c51dd926348be95f1720ab8045467 [term 1 FOLLOWER]: Starting leader election with config: opid_index: -1 OBSOLETE_local: false peers { permanent_uuid: "1197cf1faf8d4d4ab150a78a3abac5cd" member_type: VOTER last_known_addr { host: "127.9.138.129" port: 45867 } } peers { permanent_uuid: "994c51dd926348be95f1720ab8045467" member_type: VOTER last_known_addr { host: "127.9.138.130" port: 43487 } } peers { permanent_uuid: "cc966e8fef834d86934f2cfbfa6aa1e6" member_type: VOTER last_known_addr { host: "127.9.138.131" port: 38883 } }
I20260608 13:04:46.407008 14475 consensus_queue.cc:260] T 1cef1aa11edb479c84508e3918b74064 P cc966e8fef834d86934f2cfbfa6aa1e6 [NON_LEADER]: Queue going to NON_LEADER mode. State: All replicated index: 0, Majority replicated index: 0, Committed index: 0, Last appended: 0.0, Last appended by leader: 0, Current term: 0, Majority size: -1, State: 0, Mode: NON_LEADER, active raft config: opid_index: -1 OBSOLETE_local: false peers { permanent_uuid: "1197cf1faf8d4d4ab150a78a3abac5cd" member_type: VOTER last_known_addr { host: "127.9.138.129" port: 45867 } } peers { permanent_uuid: "994c51dd926348be95f1720ab8045467" member_type: VOTER last_known_addr { host: "127.9.138.130" port: 43487 } } peers { permanent_uuid: "cc966e8fef834d86934f2cfbfa6aa1e6" member_type: VOTER last_known_addr { host: "127.9.138.131" port: 38883 } }
I20260608 13:04:46.407100 14471 consensus_queue.cc:260] T d4a3f504321c4c78a6c207b893b112ab P 994c51dd926348be95f1720ab8045467 [NON_LEADER]: Queue going to NON_LEADER mode. State: All replicated index: 0, Majority replicated index: 0, Committed index: 0, Last appended: 0.0, Last appended by leader: 0, Current term: 0, Majority size: -1, State: 0, Mode: NON_LEADER, active raft config: opid_index: -1 OBSOLETE_local: false peers { permanent_uuid: "1197cf1faf8d4d4ab150a78a3abac5cd" member_type: VOTER last_known_addr { host: "127.9.138.129" port: 45867 } } peers { permanent_uuid: "994c51dd926348be95f1720ab8045467" member_type: VOTER last_known_addr { host: "127.9.138.130" port: 43487 } } peers { permanent_uuid: "cc966e8fef834d86934f2cfbfa6aa1e6" member_type: VOTER last_known_addr { host: "127.9.138.131" port: 38883 } }
I20260608 13:04:46.409040 14475 ts_tablet_manager.cc:1434] T 1cef1aa11edb479c84508e3918b74064 P cc966e8fef834d86934f2cfbfa6aa1e6: Time spent starting tablet: real 0.028s	user 0.005s	sys 0.000s
I20260608 13:04:46.410104 14471 ts_tablet_manager.cc:1434] T d4a3f504321c4c78a6c207b893b112ab P 994c51dd926348be95f1720ab8045467: Time spent starting tablet: real 0.026s	user 0.007s	sys 0.000s
I20260608 13:04:46.410794 14348 raft_consensus.cc:2468] T ebabf2c7a0b24bc3a683fd359d2f7516 P 994c51dd926348be95f1720ab8045467 [term 1 FOLLOWER]: Leader election vote request: Granting yes vote for candidate 1197cf1faf8d4d4ab150a78a3abac5cd in term 1.
I20260608 13:04:46.410076 14475 tablet_bootstrap.cc:492] T a0659825271549aeb5276daef14c3a75 P cc966e8fef834d86934f2cfbfa6aa1e6: Bootstrap starting.
W20260608 13:04:46.415064 14238 leader_election.cc:343] T ebabf2c7a0b24bc3a683fd359d2f7516 P 1197cf1faf8d4d4ab150a78a3abac5cd [CANDIDATE]: Term 1 election: Tablet error from VoteRequest() call to peer cc966e8fef834d86934f2cfbfa6aa1e6 (127.9.138.131:38883): Illegal state: must be running to vote when last-logged opid is not known
I20260608 13:04:46.416097 14238 leader_election.cc:304] T 4a9598d38dc1458b997a05d2dfe07917 P 1197cf1faf8d4d4ab150a78a3abac5cd [CANDIDATE]: Term 1 pre-election: Election decided. Result: candidate lost. Election summary: received 3 responses out of 3 voters: 1 yes votes; 2 no votes. yes voters: 1197cf1faf8d4d4ab150a78a3abac5cd; no voters: 994c51dd926348be95f1720ab8045467, cc966e8fef834d86934f2cfbfa6aa1e6
I20260608 13:04:46.417160 14240 leader_election.cc:304] T ebabf2c7a0b24bc3a683fd359d2f7516 P 1197cf1faf8d4d4ab150a78a3abac5cd [CANDIDATE]: Term 1 election: Election decided. Result: candidate won. Election summary: received 3 responses out of 3 voters: 2 yes votes; 1 no votes. yes voters: 1197cf1faf8d4d4ab150a78a3abac5cd, 994c51dd926348be95f1720ab8045467; no voters: cc966e8fef834d86934f2cfbfa6aa1e6
I20260608 13:04:46.406574 14274 raft_consensus.cc:2468] T d027bbb9f3c9468d8436a08d93f7ccbc P 1197cf1faf8d4d4ab150a78a3abac5cd [term 1 FOLLOWER]: Leader election vote request: Granting yes vote for candidate cc966e8fef834d86934f2cfbfa6aa1e6 in term 1.
I20260608 13:04:46.418169 14272 tablet_service.cc:1917] Received RequestConsensusVote() RPC: tablet_id: "a0659825271549aeb5276daef14c3a75" candidate_uuid: "994c51dd926348be95f1720ab8045467" candidate_term: 1 candidate_status { last_received { term: 0 index: 0 } } ignore_live_leader: false dest_uuid: "1197cf1faf8d4d4ab150a78a3abac5cd"
I20260608 13:04:46.417615 14494 leader_election.cc:290] T a0659825271549aeb5276daef14c3a75 P 994c51dd926348be95f1720ab8045467 [CANDIDATE]: Term 1 election: Requested vote from peers 1197cf1faf8d4d4ab150a78a3abac5cd (127.9.138.129:45867), cc966e8fef834d86934f2cfbfa6aa1e6 (127.9.138.131:38883)
I20260608 13:04:46.419436 14421 tablet_service.cc:1917] Received RequestConsensusVote() RPC: tablet_id: "a0659825271549aeb5276daef14c3a75" candidate_uuid: "994c51dd926348be95f1720ab8045467" candidate_term: 1 candidate_status { last_received { term: 0 index: 0 } } ignore_live_leader: false dest_uuid: "cc966e8fef834d86934f2cfbfa6aa1e6"
I20260608 13:04:46.417837 14475 tablet_bootstrap.cc:654] T a0659825271549aeb5276daef14c3a75 P cc966e8fef834d86934f2cfbfa6aa1e6: Neither blocks nor log segments found. Creating new log.
I20260608 13:04:46.419866 14508 raft_consensus.cc:2804] T ebabf2c7a0b24bc3a683fd359d2f7516 P 1197cf1faf8d4d4ab150a78a3abac5cd [term 1 FOLLOWER]: Leader election won for term 1
I20260608 13:04:46.420400 14508 raft_consensus.cc:697] T ebabf2c7a0b24bc3a683fd359d2f7516 P 1197cf1faf8d4d4ab150a78a3abac5cd [term 1 LEADER]: Becoming Leader. State: Replica: 1197cf1faf8d4d4ab150a78a3abac5cd, State: Running, Role: LEADER
W20260608 13:04:46.421051 14313 leader_election.cc:343] T a0659825271549aeb5276daef14c3a75 P 994c51dd926348be95f1720ab8045467 [CANDIDATE]: Term 1 election: Tablet error from VoteRequest() call to peer cc966e8fef834d86934f2cfbfa6aa1e6 (127.9.138.131:38883): Illegal state: must be running to vote when last-logged opid is not known
I20260608 13:04:46.417508 14507 raft_consensus.cc:3060] T 4a9598d38dc1458b997a05d2dfe07917 P 1197cf1faf8d4d4ab150a78a3abac5cd [term 0 FOLLOWER]: Advancing to term 1
I20260608 13:04:46.421288 14508 consensus_queue.cc:237] T ebabf2c7a0b24bc3a683fd359d2f7516 P 1197cf1faf8d4d4ab150a78a3abac5cd [LEADER]: Queue going to LEADER mode. State: All replicated index: 0, Majority replicated index: 0, Committed index: 0, Last appended: 0.0, Last appended by leader: 0, Current term: 1, Majority size: 2, State: 0, Mode: LEADER, active raft config: opid_index: -1 OBSOLETE_local: false peers { permanent_uuid: "1197cf1faf8d4d4ab150a78a3abac5cd" member_type: VOTER last_known_addr { host: "127.9.138.129" port: 45867 } } peers { permanent_uuid: "994c51dd926348be95f1720ab8045467" member_type: VOTER last_known_addr { host: "127.9.138.130" port: 43487 } } peers { permanent_uuid: "cc966e8fef834d86934f2cfbfa6aa1e6" member_type: VOTER last_known_addr { host: "127.9.138.131" port: 38883 } }
I20260608 13:04:46.422667 14272 raft_consensus.cc:3060] T a0659825271549aeb5276daef14c3a75 P 1197cf1faf8d4d4ab150a78a3abac5cd [term 0 FOLLOWER]: Advancing to term 1
I20260608 13:04:46.430119 14507 raft_consensus.cc:2749] T 4a9598d38dc1458b997a05d2dfe07917 P 1197cf1faf8d4d4ab150a78a3abac5cd [term 1 FOLLOWER]: Leader pre-election lost for term 1. Reason: could not achieve majority
I20260608 13:04:46.432817 14272 raft_consensus.cc:2468] T a0659825271549aeb5276daef14c3a75 P 1197cf1faf8d4d4ab150a78a3abac5cd [term 1 FOLLOWER]: Leader election vote request: Granting yes vote for candidate 994c51dd926348be95f1720ab8045467 in term 1.
I20260608 13:04:46.434623 14314 leader_election.cc:304] T a0659825271549aeb5276daef14c3a75 P 994c51dd926348be95f1720ab8045467 [CANDIDATE]: Term 1 election: Election decided. Result: candidate won. Election summary: received 3 responses out of 3 voters: 2 yes votes; 1 no votes. yes voters: 1197cf1faf8d4d4ab150a78a3abac5cd, 994c51dd926348be95f1720ab8045467; no voters: cc966e8fef834d86934f2cfbfa6aa1e6
I20260608 13:04:46.432682 14475 tablet_bootstrap.cc:492] T a0659825271549aeb5276daef14c3a75 P cc966e8fef834d86934f2cfbfa6aa1e6: No bootstrap required, opened a new log
I20260608 13:04:46.436247 14475 ts_tablet_manager.cc:1403] T a0659825271549aeb5276daef14c3a75 P cc966e8fef834d86934f2cfbfa6aa1e6: Time spent bootstrapping tablet: real 0.026s	user 0.016s	sys 0.002s
I20260608 13:04:46.436124 14494 raft_consensus.cc:2804] T a0659825271549aeb5276daef14c3a75 P 994c51dd926348be95f1720ab8045467 [term 1 FOLLOWER]: Leader election won for term 1
I20260608 13:04:46.436988 14494 raft_consensus.cc:697] T a0659825271549aeb5276daef14c3a75 P 994c51dd926348be95f1720ab8045467 [term 1 LEADER]: Becoming Leader. State: Replica: 994c51dd926348be95f1720ab8045467, State: Running, Role: LEADER
I20260608 13:04:46.437714 14494 consensus_queue.cc:237] T a0659825271549aeb5276daef14c3a75 P 994c51dd926348be95f1720ab8045467 [LEADER]: Queue going to LEADER mode. State: All replicated index: 0, Majority replicated index: 0, Committed index: 0, Last appended: 0.0, Last appended by leader: 0, Current term: 1, Majority size: 2, State: 0, Mode: LEADER, active raft config: opid_index: -1 OBSOLETE_local: false peers { permanent_uuid: "1197cf1faf8d4d4ab150a78a3abac5cd" member_type: VOTER last_known_addr { host: "127.9.138.129" port: 45867 } } peers { permanent_uuid: "994c51dd926348be95f1720ab8045467" member_type: VOTER last_known_addr { host: "127.9.138.130" port: 43487 } } peers { permanent_uuid: "cc966e8fef834d86934f2cfbfa6aa1e6" member_type: VOTER last_known_addr { host: "127.9.138.131" port: 38883 } }
I20260608 13:04:46.439366 14475 raft_consensus.cc:359] T a0659825271549aeb5276daef14c3a75 P cc966e8fef834d86934f2cfbfa6aa1e6 [term 0 FOLLOWER]: Replica starting. Triggering 0 pending ops. Active config: opid_index: -1 OBSOLETE_local: false peers { permanent_uuid: "1197cf1faf8d4d4ab150a78a3abac5cd" member_type: VOTER last_known_addr { host: "127.9.138.129" port: 45867 } } peers { permanent_uuid: "994c51dd926348be95f1720ab8045467" member_type: VOTER last_known_addr { host: "127.9.138.130" port: 43487 } } peers { permanent_uuid: "cc966e8fef834d86934f2cfbfa6aa1e6" member_type: VOTER last_known_addr { host: "127.9.138.131" port: 38883 } }
I20260608 13:04:46.440099 14475 raft_consensus.cc:385] T a0659825271549aeb5276daef14c3a75 P cc966e8fef834d86934f2cfbfa6aa1e6 [term 0 FOLLOWER]: Consensus starting up: Expiring failure detector timer to make a prompt election more likely
I20260608 13:04:46.440380 14475 raft_consensus.cc:740] T a0659825271549aeb5276daef14c3a75 P cc966e8fef834d86934f2cfbfa6aa1e6 [term 0 FOLLOWER]: Becoming Follower/Learner. State: Replica: cc966e8fef834d86934f2cfbfa6aa1e6, State: Initialized, Role: FOLLOWER
I20260608 13:04:46.441120 14475 consensus_queue.cc:260] T a0659825271549aeb5276daef14c3a75 P cc966e8fef834d86934f2cfbfa6aa1e6 [NON_LEADER]: Queue going to NON_LEADER mode. State: All replicated index: 0, Majority replicated index: 0, Committed index: 0, Last appended: 0.0, Last appended by leader: 0, Current term: 0, Majority size: -1, State: 0, Mode: NON_LEADER, active raft config: opid_index: -1 OBSOLETE_local: false peers { permanent_uuid: "1197cf1faf8d4d4ab150a78a3abac5cd" member_type: VOTER last_known_addr { host: "127.9.138.129" port: 45867 } } peers { permanent_uuid: "994c51dd926348be95f1720ab8045467" member_type: VOTER last_known_addr { host: "127.9.138.130" port: 43487 } } peers { permanent_uuid: "cc966e8fef834d86934f2cfbfa6aa1e6" member_type: VOTER last_known_addr { host: "127.9.138.131" port: 38883 } }
I20260608 13:04:46.442814 14502 raft_consensus.cc:493] T d4a3f504321c4c78a6c207b893b112ab P 994c51dd926348be95f1720ab8045467 [term 0 FOLLOWER]: Starting pre-election (no leader contacted us within the election timeout)
I20260608 13:04:46.443215 14475 ts_tablet_manager.cc:1434] T a0659825271549aeb5276daef14c3a75 P cc966e8fef834d86934f2cfbfa6aa1e6: Time spent starting tablet: real 0.007s	user 0.007s	sys 0.000s
I20260608 13:04:46.444185 14475 tablet_bootstrap.cc:492] T 88523d3a2cc44d08a5f4f6e463609b1d P cc966e8fef834d86934f2cfbfa6aa1e6: Bootstrap starting.
I20260608 13:04:46.442953 14171 catalog_manager.cc:5696] T ebabf2c7a0b24bc3a683fd359d2f7516 P 1197cf1faf8d4d4ab150a78a3abac5cd reported cstate change: term changed from 0 to 1, leader changed from <none> to 1197cf1faf8d4d4ab150a78a3abac5cd (127.9.138.129). New cstate: current_term: 1 leader_uuid: "1197cf1faf8d4d4ab150a78a3abac5cd" committed_config { opid_index: -1 OBSOLETE_local: false peers { permanent_uuid: "1197cf1faf8d4d4ab150a78a3abac5cd" member_type: VOTER last_known_addr { host: "127.9.138.129" port: 45867 } health_report { overall_health: HEALTHY } } peers { permanent_uuid: "994c51dd926348be95f1720ab8045467" member_type: VOTER last_known_addr { host: "127.9.138.130" port: 43487 } health_report { overall_health: UNKNOWN } } peers { permanent_uuid: "cc966e8fef834d86934f2cfbfa6aa1e6" member_type: VOTER last_known_addr { host: "127.9.138.131" port: 38883 } health_report { overall_health: UNKNOWN } } }
I20260608 13:04:46.449966 14475 tablet_bootstrap.cc:654] T 88523d3a2cc44d08a5f4f6e463609b1d P cc966e8fef834d86934f2cfbfa6aa1e6: Neither blocks nor log segments found. Creating new log.
I20260608 13:04:46.443596 14502 raft_consensus.cc:515] T d4a3f504321c4c78a6c207b893b112ab P 994c51dd926348be95f1720ab8045467 [term 0 FOLLOWER]: Starting pre-election with config: opid_index: -1 OBSOLETE_local: false peers { permanent_uuid: "1197cf1faf8d4d4ab150a78a3abac5cd" member_type: VOTER last_known_addr { host: "127.9.138.129" port: 45867 } } peers { permanent_uuid: "994c51dd926348be95f1720ab8045467" member_type: VOTER last_known_addr { host: "127.9.138.130" port: 43487 } } peers { permanent_uuid: "cc966e8fef834d86934f2cfbfa6aa1e6" member_type: VOTER last_known_addr { host: "127.9.138.131" port: 38883 } }
I20260608 13:04:46.455260 14475 tablet_bootstrap.cc:492] T 88523d3a2cc44d08a5f4f6e463609b1d P cc966e8fef834d86934f2cfbfa6aa1e6: No bootstrap required, opened a new log
I20260608 13:04:46.455832 14475 ts_tablet_manager.cc:1403] T 88523d3a2cc44d08a5f4f6e463609b1d P cc966e8fef834d86934f2cfbfa6aa1e6: Time spent bootstrapping tablet: real 0.012s	user 0.010s	sys 0.000s
I20260608 13:04:46.456049 14272 tablet_service.cc:1917] Received RequestConsensusVote() RPC: tablet_id: "d4a3f504321c4c78a6c207b893b112ab" candidate_uuid: "994c51dd926348be95f1720ab8045467" candidate_term: 1 candidate_status { last_received { term: 0 index: 0 } } ignore_live_leader: false dest_uuid: "1197cf1faf8d4d4ab150a78a3abac5cd" is_pre_election: true
I20260608 13:04:46.456277 14421 tablet_service.cc:1917] Received RequestConsensusVote() RPC: tablet_id: "d4a3f504321c4c78a6c207b893b112ab" candidate_uuid: "994c51dd926348be95f1720ab8045467" candidate_term: 1 candidate_status { last_received { term: 0 index: 0 } } ignore_live_leader: false dest_uuid: "cc966e8fef834d86934f2cfbfa6aa1e6" is_pre_election: true
I20260608 13:04:46.457247 14421 raft_consensus.cc:2393] T d4a3f504321c4c78a6c207b893b112ab P cc966e8fef834d86934f2cfbfa6aa1e6 [term 1 FOLLOWER]: Leader pre-election vote request: Denying vote to candidate 994c51dd926348be95f1720ab8045467 in current term 1: Already voted for candidate 1197cf1faf8d4d4ab150a78a3abac5cd in this term.
I20260608 13:04:46.458694 14313 leader_election.cc:304] T d4a3f504321c4c78a6c207b893b112ab P 994c51dd926348be95f1720ab8045467 [CANDIDATE]: Term 1 pre-election: Election decided. Result: candidate lost. Election summary: received 3 responses out of 3 voters: 1 yes votes; 2 no votes. yes voters: 994c51dd926348be95f1720ab8045467; no voters: 1197cf1faf8d4d4ab150a78a3abac5cd, cc966e8fef834d86934f2cfbfa6aa1e6
I20260608 13:04:46.459444 14494 raft_consensus.cc:3060] T d4a3f504321c4c78a6c207b893b112ab P 994c51dd926348be95f1720ab8045467 [term 0 FOLLOWER]: Advancing to term 1
I20260608 13:04:46.459273 14475 raft_consensus.cc:359] T 88523d3a2cc44d08a5f4f6e463609b1d P cc966e8fef834d86934f2cfbfa6aa1e6 [term 0 FOLLOWER]: Replica starting. Triggering 0 pending ops. Active config: opid_index: -1 OBSOLETE_local: false peers { permanent_uuid: "1197cf1faf8d4d4ab150a78a3abac5cd" member_type: VOTER last_known_addr { host: "127.9.138.129" port: 45867 } } peers { permanent_uuid: "994c51dd926348be95f1720ab8045467" member_type: VOTER last_known_addr { host: "127.9.138.130" port: 43487 } } peers { permanent_uuid: "cc966e8fef834d86934f2cfbfa6aa1e6" member_type: VOTER last_known_addr { host: "127.9.138.131" port: 38883 } }
I20260608 13:04:46.460083 14475 raft_consensus.cc:385] T 88523d3a2cc44d08a5f4f6e463609b1d P cc966e8fef834d86934f2cfbfa6aa1e6 [term 0 FOLLOWER]: Consensus starting up: Expiring failure detector timer to make a prompt election more likely
I20260608 13:04:46.460404 14475 raft_consensus.cc:740] T 88523d3a2cc44d08a5f4f6e463609b1d P cc966e8fef834d86934f2cfbfa6aa1e6 [term 0 FOLLOWER]: Becoming Follower/Learner. State: Replica: cc966e8fef834d86934f2cfbfa6aa1e6, State: Initialized, Role: FOLLOWER
I20260608 13:04:46.461257 14475 consensus_queue.cc:260] T 88523d3a2cc44d08a5f4f6e463609b1d P cc966e8fef834d86934f2cfbfa6aa1e6 [NON_LEADER]: Queue going to NON_LEADER mode. State: All replicated index: 0, Majority replicated index: 0, Committed index: 0, Last appended: 0.0, Last appended by leader: 0, Current term: 0, Majority size: -1, State: 0, Mode: NON_LEADER, active raft config: opid_index: -1 OBSOLETE_local: false peers { permanent_uuid: "1197cf1faf8d4d4ab150a78a3abac5cd" member_type: VOTER last_known_addr { host: "127.9.138.129" port: 45867 } } peers { permanent_uuid: "994c51dd926348be95f1720ab8045467" member_type: VOTER last_known_addr { host: "127.9.138.130" port: 43487 } } peers { permanent_uuid: "cc966e8fef834d86934f2cfbfa6aa1e6" member_type: VOTER last_known_addr { host: "127.9.138.131" port: 38883 } }
I20260608 13:04:46.463639 14475 ts_tablet_manager.cc:1434] T 88523d3a2cc44d08a5f4f6e463609b1d P cc966e8fef834d86934f2cfbfa6aa1e6: Time spent starting tablet: real 0.007s	user 0.006s	sys 0.000s
I20260608 13:04:46.464701 14475 tablet_bootstrap.cc:492] T ebabf2c7a0b24bc3a683fd359d2f7516 P cc966e8fef834d86934f2cfbfa6aa1e6: Bootstrap starting.
I20260608 13:04:46.459832 14502 leader_election.cc:290] T d4a3f504321c4c78a6c207b893b112ab P 994c51dd926348be95f1720ab8045467 [CANDIDATE]: Term 1 pre-election: Requested pre-vote from peers 1197cf1faf8d4d4ab150a78a3abac5cd (127.9.138.129:45867), cc966e8fef834d86934f2cfbfa6aa1e6 (127.9.138.131:38883)
I20260608 13:04:46.468492 14494 raft_consensus.cc:2749] T d4a3f504321c4c78a6c207b893b112ab P 994c51dd926348be95f1720ab8045467 [term 1 FOLLOWER]: Leader pre-election lost for term 1. Reason: could not achieve majority
I20260608 13:04:46.469691 14171 catalog_manager.cc:5696] T a0659825271549aeb5276daef14c3a75 P 994c51dd926348be95f1720ab8045467 reported cstate change: term changed from 0 to 1, leader changed from <none> to 994c51dd926348be95f1720ab8045467 (127.9.138.130). New cstate: current_term: 1 leader_uuid: "994c51dd926348be95f1720ab8045467" committed_config { opid_index: -1 OBSOLETE_local: false peers { permanent_uuid: "1197cf1faf8d4d4ab150a78a3abac5cd" member_type: VOTER last_known_addr { host: "127.9.138.129" port: 45867 } health_report { overall_health: UNKNOWN } } peers { permanent_uuid: "994c51dd926348be95f1720ab8045467" member_type: VOTER last_known_addr { host: "127.9.138.130" port: 43487 } health_report { overall_health: HEALTHY } } peers { permanent_uuid: "cc966e8fef834d86934f2cfbfa6aa1e6" member_type: VOTER last_known_addr { host: "127.9.138.131" port: 38883 } health_report { overall_health: UNKNOWN } } }
I20260608 13:04:46.471107 14475 tablet_bootstrap.cc:654] T ebabf2c7a0b24bc3a683fd359d2f7516 P cc966e8fef834d86934f2cfbfa6aa1e6: Neither blocks nor log segments found. Creating new log.
I20260608 13:04:46.477855 14475 tablet_bootstrap.cc:492] T ebabf2c7a0b24bc3a683fd359d2f7516 P cc966e8fef834d86934f2cfbfa6aa1e6: No bootstrap required, opened a new log
I20260608 13:04:46.478324 14475 ts_tablet_manager.cc:1403] T ebabf2c7a0b24bc3a683fd359d2f7516 P cc966e8fef834d86934f2cfbfa6aa1e6: Time spent bootstrapping tablet: real 0.014s	user 0.008s	sys 0.003s
I20260608 13:04:46.480928 14475 raft_consensus.cc:359] T ebabf2c7a0b24bc3a683fd359d2f7516 P cc966e8fef834d86934f2cfbfa6aa1e6 [term 0 FOLLOWER]: Replica starting. Triggering 0 pending ops. Active config: opid_index: -1 OBSOLETE_local: false peers { permanent_uuid: "1197cf1faf8d4d4ab150a78a3abac5cd" member_type: VOTER last_known_addr { host: "127.9.138.129" port: 45867 } } peers { permanent_uuid: "994c51dd926348be95f1720ab8045467" member_type: VOTER last_known_addr { host: "127.9.138.130" port: 43487 } } peers { permanent_uuid: "cc966e8fef834d86934f2cfbfa6aa1e6" member_type: VOTER last_known_addr { host: "127.9.138.131" port: 38883 } }
I20260608 13:04:46.481529 14475 raft_consensus.cc:385] T ebabf2c7a0b24bc3a683fd359d2f7516 P cc966e8fef834d86934f2cfbfa6aa1e6 [term 0 FOLLOWER]: Consensus starting up: Expiring failure detector timer to make a prompt election more likely
I20260608 13:04:46.481738 14475 raft_consensus.cc:740] T ebabf2c7a0b24bc3a683fd359d2f7516 P cc966e8fef834d86934f2cfbfa6aa1e6 [term 0 FOLLOWER]: Becoming Follower/Learner. State: Replica: cc966e8fef834d86934f2cfbfa6aa1e6, State: Initialized, Role: FOLLOWER
I20260608 13:04:46.482466 14475 consensus_queue.cc:260] T ebabf2c7a0b24bc3a683fd359d2f7516 P cc966e8fef834d86934f2cfbfa6aa1e6 [NON_LEADER]: Queue going to NON_LEADER mode. State: All replicated index: 0, Majority replicated index: 0, Committed index: 0, Last appended: 0.0, Last appended by leader: 0, Current term: 0, Majority size: -1, State: 0, Mode: NON_LEADER, active raft config: opid_index: -1 OBSOLETE_local: false peers { permanent_uuid: "1197cf1faf8d4d4ab150a78a3abac5cd" member_type: VOTER last_known_addr { host: "127.9.138.129" port: 45867 } } peers { permanent_uuid: "994c51dd926348be95f1720ab8045467" member_type: VOTER last_known_addr { host: "127.9.138.130" port: 43487 } } peers { permanent_uuid: "cc966e8fef834d86934f2cfbfa6aa1e6" member_type: VOTER last_known_addr { host: "127.9.138.131" port: 38883 } }
I20260608 13:04:46.484079 14475 ts_tablet_manager.cc:1434] T ebabf2c7a0b24bc3a683fd359d2f7516 P cc966e8fef834d86934f2cfbfa6aa1e6: Time spent starting tablet: real 0.005s	user 0.004s	sys 0.000s
I20260608 13:04:46.484968 14475 tablet_bootstrap.cc:492] T 0e914b6567bd486cbe2eac0e0326985d P cc966e8fef834d86934f2cfbfa6aa1e6: Bootstrap starting.
I20260608 13:04:46.490262 14475 tablet_bootstrap.cc:654] T 0e914b6567bd486cbe2eac0e0326985d P cc966e8fef834d86934f2cfbfa6aa1e6: Neither blocks nor log segments found. Creating new log.
I20260608 13:04:46.493904 14494 consensus_queue.cc:1048] T 57d12ae312fc480585d1ccbca45607c3 P 994c51dd926348be95f1720ab8045467 [LEADER]: Connected to new peer: Peer: permanent_uuid: "1197cf1faf8d4d4ab150a78a3abac5cd" member_type: VOTER last_known_addr { host: "127.9.138.129" port: 45867 }, Status: LMP_MISMATCH, Last received: 0.0, Next index: 1, Last known committed idx: 0, Time since last communication: 0.001s
I20260608 13:04:46.496728 14475 tablet_bootstrap.cc:492] T 0e914b6567bd486cbe2eac0e0326985d P cc966e8fef834d86934f2cfbfa6aa1e6: No bootstrap required, opened a new log
I20260608 13:04:46.497390 14475 ts_tablet_manager.cc:1403] T 0e914b6567bd486cbe2eac0e0326985d P cc966e8fef834d86934f2cfbfa6aa1e6: Time spent bootstrapping tablet: real 0.013s	user 0.009s	sys 0.000s
I20260608 13:04:46.500630 14475 raft_consensus.cc:359] T 0e914b6567bd486cbe2eac0e0326985d P cc966e8fef834d86934f2cfbfa6aa1e6 [term 0 FOLLOWER]: Replica starting. Triggering 0 pending ops. Active config: opid_index: -1 OBSOLETE_local: false peers { permanent_uuid: "1197cf1faf8d4d4ab150a78a3abac5cd" member_type: VOTER last_known_addr { host: "127.9.138.129" port: 45867 } } peers { permanent_uuid: "994c51dd926348be95f1720ab8045467" member_type: VOTER last_known_addr { host: "127.9.138.130" port: 43487 } } peers { permanent_uuid: "cc966e8fef834d86934f2cfbfa6aa1e6" member_type: VOTER last_known_addr { host: "127.9.138.131" port: 38883 } }
I20260608 13:04:46.501185 14475 raft_consensus.cc:385] T 0e914b6567bd486cbe2eac0e0326985d P cc966e8fef834d86934f2cfbfa6aa1e6 [term 0 FOLLOWER]: Consensus starting up: Expiring failure detector timer to make a prompt election more likely
I20260608 13:04:46.501415 14475 raft_consensus.cc:740] T 0e914b6567bd486cbe2eac0e0326985d P cc966e8fef834d86934f2cfbfa6aa1e6 [term 0 FOLLOWER]: Becoming Follower/Learner. State: Replica: cc966e8fef834d86934f2cfbfa6aa1e6, State: Initialized, Role: FOLLOWER
I20260608 13:04:46.502110 14475 consensus_queue.cc:260] T 0e914b6567bd486cbe2eac0e0326985d P cc966e8fef834d86934f2cfbfa6aa1e6 [NON_LEADER]: Queue going to NON_LEADER mode. State: All replicated index: 0, Majority replicated index: 0, Committed index: 0, Last appended: 0.0, Last appended by leader: 0, Current term: 0, Majority size: -1, State: 0, Mode: NON_LEADER, active raft config: opid_index: -1 OBSOLETE_local: false peers { permanent_uuid: "1197cf1faf8d4d4ab150a78a3abac5cd" member_type: VOTER last_known_addr { host: "127.9.138.129" port: 45867 } } peers { permanent_uuid: "994c51dd926348be95f1720ab8045467" member_type: VOTER last_known_addr { host: "127.9.138.130" port: 43487 } } peers { permanent_uuid: "cc966e8fef834d86934f2cfbfa6aa1e6" member_type: VOTER last_known_addr { host: "127.9.138.131" port: 38883 } }
I20260608 13:04:46.504041 14475 ts_tablet_manager.cc:1434] T 0e914b6567bd486cbe2eac0e0326985d P cc966e8fef834d86934f2cfbfa6aa1e6: Time spent starting tablet: real 0.006s	user 0.007s	sys 0.000s
I20260608 13:04:46.512223 14508 consensus_queue.cc:1048] T d4a3f504321c4c78a6c207b893b112ab P 1197cf1faf8d4d4ab150a78a3abac5cd [LEADER]: Connected to new peer: Peer: permanent_uuid: "994c51dd926348be95f1720ab8045467" member_type: VOTER last_known_addr { host: "127.9.138.130" port: 43487 }, Status: LMP_MISMATCH, Last received: 0.0, Next index: 1, Last known committed idx: 0, Time since last communication: 0.000s
I20260608 13:04:46.514470 14508 raft_consensus.cc:493] T d3fc8199301f411c876ff42c1eddafb2 P 1197cf1faf8d4d4ab150a78a3abac5cd [term 0 FOLLOWER]: Starting pre-election (no leader contacted us within the election timeout)
I20260608 13:04:46.514950 14508 raft_consensus.cc:515] T d3fc8199301f411c876ff42c1eddafb2 P 1197cf1faf8d4d4ab150a78a3abac5cd [term 0 FOLLOWER]: Starting pre-election with config: opid_index: -1 OBSOLETE_local: false peers { permanent_uuid: "1197cf1faf8d4d4ab150a78a3abac5cd" member_type: VOTER last_known_addr { host: "127.9.138.129" port: 45867 } } peers { permanent_uuid: "994c51dd926348be95f1720ab8045467" member_type: VOTER last_known_addr { host: "127.9.138.130" port: 43487 } } peers { permanent_uuid: "cc966e8fef834d86934f2cfbfa6aa1e6" member_type: VOTER last_known_addr { host: "127.9.138.131" port: 38883 } }
I20260608 13:04:46.518335 14500 consensus_queue.cc:1048] T 57d12ae312fc480585d1ccbca45607c3 P 994c51dd926348be95f1720ab8045467 [LEADER]: Connected to new peer: Peer: permanent_uuid: "cc966e8fef834d86934f2cfbfa6aa1e6" member_type: VOTER last_known_addr { host: "127.9.138.131" port: 38883 }, Status: LMP_MISMATCH, Last received: 0.0, Next index: 1, Last known committed idx: 0, Time since last communication: 0.001s
I20260608 13:04:46.523295 14421 tablet_service.cc:1917] Received RequestConsensusVote() RPC: tablet_id: "d3fc8199301f411c876ff42c1eddafb2" candidate_uuid: "1197cf1faf8d4d4ab150a78a3abac5cd" candidate_term: 1 candidate_status { last_received { term: 0 index: 0 } } ignore_live_leader: false dest_uuid: "cc966e8fef834d86934f2cfbfa6aa1e6" is_pre_election: true
I20260608 13:04:46.524231 14421 raft_consensus.cc:2393] T d3fc8199301f411c876ff42c1eddafb2 P cc966e8fef834d86934f2cfbfa6aa1e6 [term 1 FOLLOWER]: Leader pre-election vote request: Denying vote to candidate 1197cf1faf8d4d4ab150a78a3abac5cd in current term 1: Already voted for candidate 994c51dd926348be95f1720ab8045467 in this term.
I20260608 13:04:46.525017 14508 leader_election.cc:290] T d3fc8199301f411c876ff42c1eddafb2 P 1197cf1faf8d4d4ab150a78a3abac5cd [CANDIDATE]: Term 1 pre-election: Requested pre-vote from peers 994c51dd926348be95f1720ab8045467 (127.9.138.130:43487), cc966e8fef834d86934f2cfbfa6aa1e6 (127.9.138.131:38883)
I20260608 13:04:46.526671 14349 tablet_service.cc:1917] Received RequestConsensusVote() RPC: tablet_id: "d3fc8199301f411c876ff42c1eddafb2" candidate_uuid: "1197cf1faf8d4d4ab150a78a3abac5cd" candidate_term: 1 candidate_status { last_received { term: 0 index: 0 } } ignore_live_leader: false dest_uuid: "994c51dd926348be95f1720ab8045467" is_pre_election: true
I20260608 13:04:46.528954 14240 leader_election.cc:304] T d3fc8199301f411c876ff42c1eddafb2 P 1197cf1faf8d4d4ab150a78a3abac5cd [CANDIDATE]: Term 1 pre-election: Election decided. Result: candidate lost. Election summary: received 3 responses out of 3 voters: 1 yes votes; 2 no votes. yes voters: 1197cf1faf8d4d4ab150a78a3abac5cd; no voters: 994c51dd926348be95f1720ab8045467, cc966e8fef834d86934f2cfbfa6aa1e6
I20260608 13:04:46.530370 14508 raft_consensus.cc:3060] T d3fc8199301f411c876ff42c1eddafb2 P 1197cf1faf8d4d4ab150a78a3abac5cd [term 0 FOLLOWER]: Advancing to term 1
I20260608 13:04:46.535405 14523 raft_consensus.cc:493] T 1cef1aa11edb479c84508e3918b74064 P cc966e8fef834d86934f2cfbfa6aa1e6 [term 0 FOLLOWER]: Starting pre-election (no leader contacted us within the election timeout)
I20260608 13:04:46.536077 14523 raft_consensus.cc:515] T 1cef1aa11edb479c84508e3918b74064 P cc966e8fef834d86934f2cfbfa6aa1e6 [term 0 FOLLOWER]: Starting pre-election with config: opid_index: -1 OBSOLETE_local: false peers { permanent_uuid: "1197cf1faf8d4d4ab150a78a3abac5cd" member_type: VOTER last_known_addr { host: "127.9.138.129" port: 45867 } } peers { permanent_uuid: "994c51dd926348be95f1720ab8045467" member_type: VOTER last_known_addr { host: "127.9.138.130" port: 43487 } } peers { permanent_uuid: "cc966e8fef834d86934f2cfbfa6aa1e6" member_type: VOTER last_known_addr { host: "127.9.138.131" port: 38883 } }
I20260608 13:04:46.539295 14523 leader_election.cc:290] T 1cef1aa11edb479c84508e3918b74064 P cc966e8fef834d86934f2cfbfa6aa1e6 [CANDIDATE]: Term 1 pre-election: Requested pre-vote from peers 1197cf1faf8d4d4ab150a78a3abac5cd (127.9.138.129:45867), 994c51dd926348be95f1720ab8045467 (127.9.138.130:43487)
I20260608 13:04:46.539844 14272 tablet_service.cc:1917] Received RequestConsensusVote() RPC: tablet_id: "1cef1aa11edb479c84508e3918b74064" candidate_uuid: "cc966e8fef834d86934f2cfbfa6aa1e6" candidate_term: 1 candidate_status { last_received { term: 0 index: 0 } } ignore_live_leader: false dest_uuid: "1197cf1faf8d4d4ab150a78a3abac5cd" is_pre_election: true
I20260608 13:04:46.539930 14349 tablet_service.cc:1917] Received RequestConsensusVote() RPC: tablet_id: "1cef1aa11edb479c84508e3918b74064" candidate_uuid: "cc966e8fef834d86934f2cfbfa6aa1e6" candidate_term: 1 candidate_status { last_received { term: 0 index: 0 } } ignore_live_leader: false dest_uuid: "994c51dd926348be95f1720ab8045467" is_pre_election: true
I20260608 13:04:46.543082 14349 raft_consensus.cc:2393] T 1cef1aa11edb479c84508e3918b74064 P 994c51dd926348be95f1720ab8045467 [term 1 FOLLOWER]: Leader pre-election vote request: Denying vote to candidate cc966e8fef834d86934f2cfbfa6aa1e6 in current term 1: Already voted for candidate 1197cf1faf8d4d4ab150a78a3abac5cd in this term.
I20260608 13:04:46.543112 14508 raft_consensus.cc:2749] T d3fc8199301f411c876ff42c1eddafb2 P 1197cf1faf8d4d4ab150a78a3abac5cd [term 1 FOLLOWER]: Leader pre-election lost for term 1. Reason: could not achieve majority
I20260608 13:04:46.544807 14502 raft_consensus.cc:493] T 27d80f47b13b4b40bb7176588f3941b3 P 994c51dd926348be95f1720ab8045467 [term 0 FOLLOWER]: Starting pre-election (no leader contacted us within the election timeout)
I20260608 13:04:46.545068 14389 leader_election.cc:304] T 1cef1aa11edb479c84508e3918b74064 P cc966e8fef834d86934f2cfbfa6aa1e6 [CANDIDATE]: Term 1 pre-election: Election decided. Result: candidate lost. Election summary: received 3 responses out of 3 voters: 1 yes votes; 2 no votes. yes voters: cc966e8fef834d86934f2cfbfa6aa1e6; no voters: 1197cf1faf8d4d4ab150a78a3abac5cd, 994c51dd926348be95f1720ab8045467
I20260608 13:04:46.545439 14502 raft_consensus.cc:515] T 27d80f47b13b4b40bb7176588f3941b3 P 994c51dd926348be95f1720ab8045467 [term 0 FOLLOWER]: Starting pre-election with config: opid_index: -1 OBSOLETE_local: false peers { permanent_uuid: "1197cf1faf8d4d4ab150a78a3abac5cd" member_type: VOTER last_known_addr { host: "127.9.138.129" port: 45867 } } peers { permanent_uuid: "994c51dd926348be95f1720ab8045467" member_type: VOTER last_known_addr { host: "127.9.138.130" port: 43487 } } peers { permanent_uuid: "cc966e8fef834d86934f2cfbfa6aa1e6" member_type: VOTER last_known_addr { host: "127.9.138.131" port: 38883 } }
I20260608 13:04:46.546618 14523 raft_consensus.cc:3060] T 1cef1aa11edb479c84508e3918b74064 P cc966e8fef834d86934f2cfbfa6aa1e6 [term 0 FOLLOWER]: Advancing to term 1
I20260608 13:04:46.550582 14272 tablet_service.cc:1917] Received RequestConsensusVote() RPC: tablet_id: "27d80f47b13b4b40bb7176588f3941b3" candidate_uuid: "994c51dd926348be95f1720ab8045467" candidate_term: 1 candidate_status { last_received { term: 0 index: 0 } } ignore_live_leader: false dest_uuid: "1197cf1faf8d4d4ab150a78a3abac5cd" is_pre_election: true
I20260608 13:04:46.552209 14473 consensus_queue.cc:1048] T d4a3f504321c4c78a6c207b893b112ab P 1197cf1faf8d4d4ab150a78a3abac5cd [LEADER]: Connected to new peer: Peer: permanent_uuid: "cc966e8fef834d86934f2cfbfa6aa1e6" member_type: VOTER last_known_addr { host: "127.9.138.131" port: 38883 }, Status: LMP_MISMATCH, Last received: 0.0, Next index: 1, Last known committed idx: 0, Time since last communication: 0.001s
I20260608 13:04:46.553197 14502 leader_election.cc:290] T 27d80f47b13b4b40bb7176588f3941b3 P 994c51dd926348be95f1720ab8045467 [CANDIDATE]: Term 1 pre-election: Requested pre-vote from peers 1197cf1faf8d4d4ab150a78a3abac5cd (127.9.138.129:45867), cc966e8fef834d86934f2cfbfa6aa1e6 (127.9.138.131:38883)
I20260608 13:04:46.555480 14421 tablet_service.cc:1917] Received RequestConsensusVote() RPC: tablet_id: "27d80f47b13b4b40bb7176588f3941b3" candidate_uuid: "994c51dd926348be95f1720ab8045467" candidate_term: 1 candidate_status { last_received { term: 0 index: 0 } } ignore_live_leader: false dest_uuid: "cc966e8fef834d86934f2cfbfa6aa1e6" is_pre_election: true
I20260608 13:04:46.556470 14421 raft_consensus.cc:2393] T 27d80f47b13b4b40bb7176588f3941b3 P cc966e8fef834d86934f2cfbfa6aa1e6 [term 1 FOLLOWER]: Leader pre-election vote request: Denying vote to candidate 994c51dd926348be95f1720ab8045467 in current term 1: Already voted for candidate 1197cf1faf8d4d4ab150a78a3abac5cd in this term.
I20260608 13:04:46.558126 14313 leader_election.cc:304] T 27d80f47b13b4b40bb7176588f3941b3 P 994c51dd926348be95f1720ab8045467 [CANDIDATE]: Term 1 pre-election: Election decided. Result: candidate lost. Election summary: received 3 responses out of 3 voters: 1 yes votes; 2 no votes. yes voters: 994c51dd926348be95f1720ab8045467; no voters: 1197cf1faf8d4d4ab150a78a3abac5cd, cc966e8fef834d86934f2cfbfa6aa1e6
I20260608 13:04:46.558529 14523 raft_consensus.cc:2749] T 1cef1aa11edb479c84508e3918b74064 P cc966e8fef834d86934f2cfbfa6aa1e6 [term 1 FOLLOWER]: Leader pre-election lost for term 1. Reason: could not achieve majority
I20260608 13:04:46.562969 14502 consensus_queue.cc:1048] T d3fc8199301f411c876ff42c1eddafb2 P 994c51dd926348be95f1720ab8045467 [LEADER]: Connected to new peer: Peer: permanent_uuid: "1197cf1faf8d4d4ab150a78a3abac5cd" member_type: VOTER last_known_addr { host: "127.9.138.129" port: 45867 }, Status: LMP_MISMATCH, Last received: 0.0, Next index: 1, Last known committed idx: 0, Time since last communication: 0.001s
I20260608 13:04:46.566809 14500 raft_consensus.cc:3060] T 27d80f47b13b4b40bb7176588f3941b3 P 994c51dd926348be95f1720ab8045467 [term 0 FOLLOWER]: Advancing to term 1
I20260608 13:04:46.572655 14494 consensus_queue.cc:1048] T d3fc8199301f411c876ff42c1eddafb2 P 994c51dd926348be95f1720ab8045467 [LEADER]: Connected to new peer: Peer: permanent_uuid: "cc966e8fef834d86934f2cfbfa6aa1e6" member_type: VOTER last_known_addr { host: "127.9.138.131" port: 38883 }, Status: LMP_MISMATCH, Last received: 0.0, Next index: 1, Last known committed idx: 0, Time since last communication: 0.001s
I20260608 13:04:46.583230 14500 raft_consensus.cc:2749] T 27d80f47b13b4b40bb7176588f3941b3 P 994c51dd926348be95f1720ab8045467 [term 1 FOLLOWER]: Leader pre-election lost for term 1. Reason: could not achieve majority
I20260608 13:04:46.590638 14473 consensus_queue.cc:1048] T 27d80f47b13b4b40bb7176588f3941b3 P 1197cf1faf8d4d4ab150a78a3abac5cd [LEADER]: Connected to new peer: Peer: permanent_uuid: "994c51dd926348be95f1720ab8045467" member_type: VOTER last_known_addr { host: "127.9.138.130" port: 43487 }, Status: LMP_MISMATCH, Last received: 0.0, Next index: 1, Last known committed idx: 0, Time since last communication: 0.000s
I20260608 13:04:46.606287 14423 raft_consensus.cc:3060] T 0e914b6567bd486cbe2eac0e0326985d P cc966e8fef834d86934f2cfbfa6aa1e6 [term 0 FOLLOWER]: Advancing to term 1
I20260608 13:04:46.610105 14420 raft_consensus.cc:3060] T 88523d3a2cc44d08a5f4f6e463609b1d P cc966e8fef834d86934f2cfbfa6aa1e6 [term 0 FOLLOWER]: Advancing to term 1
I20260608 13:04:46.612447 14514 consensus_queue.cc:1048] T 27d80f47b13b4b40bb7176588f3941b3 P 1197cf1faf8d4d4ab150a78a3abac5cd [LEADER]: Connected to new peer: Peer: permanent_uuid: "cc966e8fef834d86934f2cfbfa6aa1e6" member_type: VOTER last_known_addr { host: "127.9.138.131" port: 38883 }, Status: LMP_MISMATCH, Last received: 0.0, Next index: 1, Last known committed idx: 0, Time since last communication: 0.001s
I20260608 13:04:46.615688 14514 consensus_queue.cc:1048] T 0e914b6567bd486cbe2eac0e0326985d P 1197cf1faf8d4d4ab150a78a3abac5cd [LEADER]: Connected to new peer: Peer: permanent_uuid: "cc966e8fef834d86934f2cfbfa6aa1e6" member_type: VOTER last_known_addr { host: "127.9.138.131" port: 38883 }, Status: LMP_MISMATCH, Last received: 0.0, Next index: 1, Last known committed idx: 0, Time since last communication: 0.000s
I20260608 13:04:46.632169 14500 consensus_queue.cc:1048] T 88523d3a2cc44d08a5f4f6e463609b1d P 994c51dd926348be95f1720ab8045467 [LEADER]: Connected to new peer: Peer: permanent_uuid: "cc966e8fef834d86934f2cfbfa6aa1e6" member_type: VOTER last_known_addr { host: "127.9.138.131" port: 38883 }, Status: LMP_MISMATCH, Last received: 0.0, Next index: 1, Last known committed idx: 0, Time since last communication: 0.001s
I20260608 13:04:46.649994 14514 consensus_queue.cc:1048] T 0e914b6567bd486cbe2eac0e0326985d P 1197cf1faf8d4d4ab150a78a3abac5cd [LEADER]: Connected to new peer: Peer: permanent_uuid: "994c51dd926348be95f1720ab8045467" member_type: VOTER last_known_addr { host: "127.9.138.130" port: 43487 }, Status: LMP_MISMATCH, Last received: 0.0, Next index: 1, Last known committed idx: 0, Time since last communication: 0.002s
I20260608 13:04:46.673051 14523 consensus_queue.cc:1048] T 4a9598d38dc1458b997a05d2dfe07917 P cc966e8fef834d86934f2cfbfa6aa1e6 [LEADER]: Connected to new peer: Peer: permanent_uuid: "994c51dd926348be95f1720ab8045467" member_type: VOTER last_known_addr { host: "127.9.138.130" port: 43487 }, Status: LMP_MISMATCH, Last received: 0.0, Next index: 1, Last known committed idx: 0, Time since last communication: 0.000s
I20260608 13:04:46.690639 14523 consensus_queue.cc:1048] T 4a9598d38dc1458b997a05d2dfe07917 P cc966e8fef834d86934f2cfbfa6aa1e6 [LEADER]: Connected to new peer: Peer: permanent_uuid: "1197cf1faf8d4d4ab150a78a3abac5cd" member_type: VOTER last_known_addr { host: "127.9.138.129" port: 45867 }, Status: LMP_MISMATCH, Last received: 0.0, Next index: 1, Last known committed idx: 0, Time since last communication: 0.000s
