I20260608 13:04:04.993337 12613 leader_election.cc:290] T 901fd75dae2e4b5ab80cfd77e49904e7 P 3d395f9ceace43d0acad09d76f8c6496 [CANDIDATE]: Term 1 election: Requested vote from peers de58758e7ddf4b4da560a50c72ba2fdb (127.9.138.131:46161), 517b1c51982f407a9d67d5826c6c0c1e (127.9.138.129:37897)
I20260608 13:04:04.993419 12609 ts_tablet_manager.cc:1403] T b00630d35b0749d79cea80146d04f5c9 P 517b1c51982f407a9d67d5826c6c0c1e: Time spent bootstrapping tablet: real 0.054s	user 0.017s	sys 0.021s
I20260608 13:04:04.994248 12613 raft_consensus.cc:2749] T b00630d35b0749d79cea80146d04f5c9 P 3d395f9ceace43d0acad09d76f8c6496 [term 0 FOLLOWER]: Leader pre-election lost for term 1. Reason: could not achieve majority
I20260608 13:04:04.997895 12608 raft_consensus.cc:359] T 2582100d2eef47d7858a78fa32218a30 P de58758e7ddf4b4da560a50c72ba2fdb [term 0 FOLLOWER]: Replica starting. Triggering 0 pending ops. Active config: opid_index: -1 OBSOLETE_local: false peers { permanent_uuid: "517b1c51982f407a9d67d5826c6c0c1e" member_type: VOTER last_known_addr { host: "127.9.138.129" port: 37897 } } peers { permanent_uuid: "3d395f9ceace43d0acad09d76f8c6496" member_type: VOTER last_known_addr { host: "127.9.138.130" port: 36359 } } peers { permanent_uuid: "de58758e7ddf4b4da560a50c72ba2fdb" member_type: VOTER last_known_addr { host: "127.9.138.131" port: 46161 } }
I20260608 13:04:04.999495 12608 raft_consensus.cc:385] T 2582100d2eef47d7858a78fa32218a30 P de58758e7ddf4b4da560a50c72ba2fdb [term 0 FOLLOWER]: Consensus starting up: Expiring failure detector timer to make a prompt election more likely
I20260608 13:04:04.999862 12608 raft_consensus.cc:740] T 2582100d2eef47d7858a78fa32218a30 P de58758e7ddf4b4da560a50c72ba2fdb [term 0 FOLLOWER]: Becoming Follower/Learner. State: Replica: de58758e7ddf4b4da560a50c72ba2fdb, State: Initialized, Role: FOLLOWER
I20260608 13:04:05.000820 12608 consensus_queue.cc:260] T 2582100d2eef47d7858a78fa32218a30 P de58758e7ddf4b4da560a50c72ba2fdb [NON_LEADER]: Queue going to NON_LEADER mode. State: All replicated index: 0, Majority replicated index: 0, Committed index: 0, Last appended: 0.0, Last appended by leader: 0, Current term: 0, Majority size: -1, State: 0, Mode: NON_LEADER, active raft config: opid_index: -1 OBSOLETE_local: false peers { permanent_uuid: "517b1c51982f407a9d67d5826c6c0c1e" member_type: VOTER last_known_addr { host: "127.9.138.129" port: 37897 } } peers { permanent_uuid: "3d395f9ceace43d0acad09d76f8c6496" member_type: VOTER last_known_addr { host: "127.9.138.130" port: 36359 } } peers { permanent_uuid: "de58758e7ddf4b4da560a50c72ba2fdb" member_type: VOTER last_known_addr { host: "127.9.138.131" port: 46161 } }
I20260608 13:04:05.003196 12608 ts_tablet_manager.cc:1434] T 2582100d2eef47d7858a78fa32218a30 P de58758e7ddf4b4da560a50c72ba2fdb: Time spent starting tablet: real 0.011s	user 0.006s	sys 0.000s
I20260608 13:04:05.004361 12608 tablet_bootstrap.cc:492] T b00630d35b0749d79cea80146d04f5c9 P de58758e7ddf4b4da560a50c72ba2fdb: Bootstrap starting.
I20260608 13:04:04.998061 12609 raft_consensus.cc:359] T b00630d35b0749d79cea80146d04f5c9 P 517b1c51982f407a9d67d5826c6c0c1e [term 0 FOLLOWER]: Replica starting. Triggering 0 pending ops. Active config: opid_index: -1 OBSOLETE_local: false peers { permanent_uuid: "517b1c51982f407a9d67d5826c6c0c1e" member_type: VOTER last_known_addr { host: "127.9.138.129" port: 37897 } } peers { permanent_uuid: "3d395f9ceace43d0acad09d76f8c6496" member_type: VOTER last_known_addr { host: "127.9.138.130" port: 36359 } } peers { permanent_uuid: "de58758e7ddf4b4da560a50c72ba2fdb" member_type: VOTER last_known_addr { host: "127.9.138.131" port: 46161 } }
I20260608 13:04:04.992149 12607 ts_tablet_manager.cc:1434] T 2582100d2eef47d7858a78fa32218a30 P 3d395f9ceace43d0acad09d76f8c6496: Time spent starting tablet: real 0.021s	user 0.007s	sys 0.006s
I20260608 13:04:05.011538 12608 tablet_bootstrap.cc:654] T b00630d35b0749d79cea80146d04f5c9 P de58758e7ddf4b4da560a50c72ba2fdb: Neither blocks nor log segments found. Creating new log.
I20260608 13:04:05.013715 12609 raft_consensus.cc:385] T b00630d35b0749d79cea80146d04f5c9 P 517b1c51982f407a9d67d5826c6c0c1e [term 0 FOLLOWER]: Consensus starting up: Expiring failure detector timer to make a prompt election more likely
I20260608 13:04:05.016158 12609 raft_consensus.cc:740] T b00630d35b0749d79cea80146d04f5c9 P 517b1c51982f407a9d67d5826c6c0c1e [term 0 FOLLOWER]: Becoming Follower/Learner. State: Replica: 517b1c51982f407a9d67d5826c6c0c1e, State: Initialized, Role: FOLLOWER
I20260608 13:04:05.017145 12609 consensus_queue.cc:260] T b00630d35b0749d79cea80146d04f5c9 P 517b1c51982f407a9d67d5826c6c0c1e [NON_LEADER]: Queue going to NON_LEADER mode. State: All replicated index: 0, Majority replicated index: 0, Committed index: 0, Last appended: 0.0, Last appended by leader: 0, Current term: 0, Majority size: -1, State: 0, Mode: NON_LEADER, active raft config: opid_index: -1 OBSOLETE_local: false peers { permanent_uuid: "517b1c51982f407a9d67d5826c6c0c1e" member_type: VOTER last_known_addr { host: "127.9.138.129" port: 37897 } } peers { permanent_uuid: "3d395f9ceace43d0acad09d76f8c6496" member_type: VOTER last_known_addr { host: "127.9.138.130" port: 36359 } } peers { permanent_uuid: "de58758e7ddf4b4da560a50c72ba2fdb" member_type: VOTER last_known_addr { host: "127.9.138.131" port: 46161 } }
I20260608 13:04:05.017373 12561 tablet_service.cc:1917] Received RequestConsensusVote() RPC: tablet_id: "901fd75dae2e4b5ab80cfd77e49904e7" candidate_uuid: "3d395f9ceace43d0acad09d76f8c6496" candidate_term: 1 candidate_status { last_received { term: 0 index: 0 } } ignore_live_leader: false dest_uuid: "de58758e7ddf4b4da560a50c72ba2fdb"
I20260608 13:04:05.018253 12561 raft_consensus.cc:3060] T 901fd75dae2e4b5ab80cfd77e49904e7 P de58758e7ddf4b4da560a50c72ba2fdb [term 0 FOLLOWER]: Advancing to term 1
I20260608 13:04:05.019573 12411 tablet_service.cc:1917] Received RequestConsensusVote() RPC: tablet_id: "901fd75dae2e4b5ab80cfd77e49904e7" candidate_uuid: "3d395f9ceace43d0acad09d76f8c6496" candidate_term: 1 candidate_status { last_received { term: 0 index: 0 } } ignore_live_leader: false dest_uuid: "517b1c51982f407a9d67d5826c6c0c1e"
I20260608 13:04:05.020231 12411 raft_consensus.cc:3060] T 901fd75dae2e4b5ab80cfd77e49904e7 P 517b1c51982f407a9d67d5826c6c0c1e [term 0 FOLLOWER]: Advancing to term 1
I20260608 13:04:05.021251 12609 ts_tablet_manager.cc:1434] T b00630d35b0749d79cea80146d04f5c9 P 517b1c51982f407a9d67d5826c6c0c1e: Time spent starting tablet: real 0.027s	user 0.008s	sys 0.000s
I20260608 13:04:05.022444 12609 tablet_bootstrap.cc:492] T 2582100d2eef47d7858a78fa32218a30 P 517b1c51982f407a9d67d5826c6c0c1e: Bootstrap starting.
I20260608 13:04:05.028963 12609 tablet_bootstrap.cc:654] T 2582100d2eef47d7858a78fa32218a30 P 517b1c51982f407a9d67d5826c6c0c1e: Neither blocks nor log segments found. Creating new log.
I20260608 13:04:05.029078 12411 raft_consensus.cc:2468] T 901fd75dae2e4b5ab80cfd77e49904e7 P 517b1c51982f407a9d67d5826c6c0c1e [term 1 FOLLOWER]: Leader election vote request: Granting yes vote for candidate 3d395f9ceace43d0acad09d76f8c6496 in term 1.
I20260608 13:04:05.030689 12452 leader_election.cc:304] T 901fd75dae2e4b5ab80cfd77e49904e7 P 3d395f9ceace43d0acad09d76f8c6496 [CANDIDATE]: Term 1 election: Election decided. Result: candidate won. Election summary: received 2 responses out of 3 voters: 2 yes votes; 0 no votes. yes voters: 3d395f9ceace43d0acad09d76f8c6496, 517b1c51982f407a9d67d5826c6c0c1e; no voters: 
I20260608 13:04:05.031311 12608 tablet_bootstrap.cc:492] T b00630d35b0749d79cea80146d04f5c9 P de58758e7ddf4b4da560a50c72ba2fdb: No bootstrap required, opened a new log
I20260608 13:04:05.031899 12608 ts_tablet_manager.cc:1403] T b00630d35b0749d79cea80146d04f5c9 P de58758e7ddf4b4da560a50c72ba2fdb: Time spent bootstrapping tablet: real 0.028s	user 0.012s	sys 0.000s
I20260608 13:04:05.031929 12626 raft_consensus.cc:2804] T 901fd75dae2e4b5ab80cfd77e49904e7 P 3d395f9ceace43d0acad09d76f8c6496 [term 1 FOLLOWER]: Leader election won for term 1
I20260608 13:04:05.027467 12561 raft_consensus.cc:2468] T 901fd75dae2e4b5ab80cfd77e49904e7 P de58758e7ddf4b4da560a50c72ba2fdb [term 1 FOLLOWER]: Leader election vote request: Granting yes vote for candidate 3d395f9ceace43d0acad09d76f8c6496 in term 1.
I20260608 13:04:05.033730 12626 raft_consensus.cc:697] T 901fd75dae2e4b5ab80cfd77e49904e7 P 3d395f9ceace43d0acad09d76f8c6496 [term 1 LEADER]: Becoming Leader. State: Replica: 3d395f9ceace43d0acad09d76f8c6496, State: Running, Role: LEADER
I20260608 13:04:05.034729 12626 consensus_queue.cc:237] T 901fd75dae2e4b5ab80cfd77e49904e7 P 3d395f9ceace43d0acad09d76f8c6496 [LEADER]: Queue going to LEADER mode. State: All replicated index: 0, Majority replicated index: 0, Committed index: 0, Last appended: 0.0, Last appended by leader: 0, Current term: 1, Majority size: 2, State: 0, Mode: LEADER, active raft config: opid_index: -1 OBSOLETE_local: false peers { permanent_uuid: "de58758e7ddf4b4da560a50c72ba2fdb" member_type: VOTER last_known_addr { host: "127.9.138.131" port: 46161 } } peers { permanent_uuid: "3d395f9ceace43d0acad09d76f8c6496" member_type: VOTER last_known_addr { host: "127.9.138.130" port: 36359 } } peers { permanent_uuid: "517b1c51982f407a9d67d5826c6c0c1e" member_type: VOTER last_known_addr { host: "127.9.138.129" port: 37897 } }
I20260608 13:04:05.035755 12608 raft_consensus.cc:359] T b00630d35b0749d79cea80146d04f5c9 P de58758e7ddf4b4da560a50c72ba2fdb [term 0 FOLLOWER]: Replica starting. Triggering 0 pending ops. Active config: opid_index: -1 OBSOLETE_local: false peers { permanent_uuid: "517b1c51982f407a9d67d5826c6c0c1e" member_type: VOTER last_known_addr { host: "127.9.138.129" port: 37897 } } peers { permanent_uuid: "3d395f9ceace43d0acad09d76f8c6496" member_type: VOTER last_known_addr { host: "127.9.138.130" port: 36359 } } peers { permanent_uuid: "de58758e7ddf4b4da560a50c72ba2fdb" member_type: VOTER last_known_addr { host: "127.9.138.131" port: 46161 } }
I20260608 13:04:05.036382 12608 raft_consensus.cc:385] T b00630d35b0749d79cea80146d04f5c9 P de58758e7ddf4b4da560a50c72ba2fdb [term 0 FOLLOWER]: Consensus starting up: Expiring failure detector timer to make a prompt election more likely
I20260608 13:04:05.036686 12608 raft_consensus.cc:740] T b00630d35b0749d79cea80146d04f5c9 P de58758e7ddf4b4da560a50c72ba2fdb [term 0 FOLLOWER]: Becoming Follower/Learner. State: Replica: de58758e7ddf4b4da560a50c72ba2fdb, State: Initialized, Role: FOLLOWER
I20260608 13:04:05.037544 12608 consensus_queue.cc:260] T b00630d35b0749d79cea80146d04f5c9 P de58758e7ddf4b4da560a50c72ba2fdb [NON_LEADER]: Queue going to NON_LEADER mode. State: All replicated index: 0, Majority replicated index: 0, Committed index: 0, Last appended: 0.0, Last appended by leader: 0, Current term: 0, Majority size: -1, State: 0, Mode: NON_LEADER, active raft config: opid_index: -1 OBSOLETE_local: false peers { permanent_uuid: "517b1c51982f407a9d67d5826c6c0c1e" member_type: VOTER last_known_addr { host: "127.9.138.129" port: 37897 } } peers { permanent_uuid: "3d395f9ceace43d0acad09d76f8c6496" member_type: VOTER last_known_addr { host: "127.9.138.130" port: 36359 } } peers { permanent_uuid: "de58758e7ddf4b4da560a50c72ba2fdb" member_type: VOTER last_known_addr { host: "127.9.138.131" port: 46161 } }
I20260608 13:04:05.038450 12609 tablet_bootstrap.cc:492] T 2582100d2eef47d7858a78fa32218a30 P 517b1c51982f407a9d67d5826c6c0c1e: No bootstrap required, opened a new log
I20260608 13:04:05.039040 12609 ts_tablet_manager.cc:1403] T 2582100d2eef47d7858a78fa32218a30 P 517b1c51982f407a9d67d5826c6c0c1e: Time spent bootstrapping tablet: real 0.017s	user 0.010s	sys 0.005s
I20260608 13:04:05.039901 12608 ts_tablet_manager.cc:1434] T b00630d35b0749d79cea80146d04f5c9 P de58758e7ddf4b4da560a50c72ba2fdb: Time spent starting tablet: real 0.008s	user 0.006s	sys 0.000s
I20260608 13:04:05.042058 12609 raft_consensus.cc:359] T 2582100d2eef47d7858a78fa32218a30 P 517b1c51982f407a9d67d5826c6c0c1e [term 0 FOLLOWER]: Replica starting. Triggering 0 pending ops. Active config: opid_index: -1 OBSOLETE_local: false peers { permanent_uuid: "517b1c51982f407a9d67d5826c6c0c1e" member_type: VOTER last_known_addr { host: "127.9.138.129" port: 37897 } } peers { permanent_uuid: "3d395f9ceace43d0acad09d76f8c6496" member_type: VOTER last_known_addr { host: "127.9.138.130" port: 36359 } } peers { permanent_uuid: "de58758e7ddf4b4da560a50c72ba2fdb" member_type: VOTER last_known_addr { host: "127.9.138.131" port: 46161 } }
I20260608 13:04:05.042815 12609 raft_consensus.cc:385] T 2582100d2eef47d7858a78fa32218a30 P 517b1c51982f407a9d67d5826c6c0c1e [term 0 FOLLOWER]: Consensus starting up: Expiring failure detector timer to make a prompt election more likely
I20260608 13:04:05.043184 12609 raft_consensus.cc:740] T 2582100d2eef47d7858a78fa32218a30 P 517b1c51982f407a9d67d5826c6c0c1e [term 0 FOLLOWER]: Becoming Follower/Learner. State: Replica: 517b1c51982f407a9d67d5826c6c0c1e, State: Initialized, Role: FOLLOWER
I20260608 13:04:05.044314 12609 consensus_queue.cc:260] T 2582100d2eef47d7858a78fa32218a30 P 517b1c51982f407a9d67d5826c6c0c1e [NON_LEADER]: Queue going to NON_LEADER mode. State: All replicated index: 0, Majority replicated index: 0, Committed index: 0, Last appended: 0.0, Last appended by leader: 0, Current term: 0, Majority size: -1, State: 0, Mode: NON_LEADER, active raft config: opid_index: -1 OBSOLETE_local: false peers { permanent_uuid: "517b1c51982f407a9d67d5826c6c0c1e" member_type: VOTER last_known_addr { host: "127.9.138.129" port: 37897 } } peers { permanent_uuid: "3d395f9ceace43d0acad09d76f8c6496" member_type: VOTER last_known_addr { host: "127.9.138.130" port: 36359 } } peers { permanent_uuid: "de58758e7ddf4b4da560a50c72ba2fdb" member_type: VOTER last_known_addr { host: "127.9.138.131" port: 46161 } }
I20260608 13:04:05.046757 12609 ts_tablet_manager.cc:1434] T 2582100d2eef47d7858a78fa32218a30 P 517b1c51982f407a9d67d5826c6c0c1e: Time spent starting tablet: real 0.007s	user 0.007s	sys 0.000s
I20260608 13:04:05.050904 12309 catalog_manager.cc:5696] T 901fd75dae2e4b5ab80cfd77e49904e7 P 3d395f9ceace43d0acad09d76f8c6496 reported cstate change: term changed from 0 to 1, leader changed from <none> to 3d395f9ceace43d0acad09d76f8c6496 (127.9.138.130). New cstate: current_term: 1 leader_uuid: "3d395f9ceace43d0acad09d76f8c6496" committed_config { opid_index: -1 OBSOLETE_local: false peers { permanent_uuid: "de58758e7ddf4b4da560a50c72ba2fdb" member_type: VOTER last_known_addr { host: "127.9.138.131" port: 46161 } health_report { overall_health: UNKNOWN } } peers { permanent_uuid: "3d395f9ceace43d0acad09d76f8c6496" member_type: VOTER last_known_addr { host: "127.9.138.130" port: 36359 } health_report { overall_health: HEALTHY } } peers { permanent_uuid: "517b1c51982f407a9d67d5826c6c0c1e" member_type: VOTER last_known_addr { host: "127.9.138.129" port: 37897 } health_report { overall_health: UNKNOWN } } }
I20260608 13:04:05.060132 12626 raft_consensus.cc:493] T 220fbfaa7d834098a6855bbf430f486b P 3d395f9ceace43d0acad09d76f8c6496 [term 0 FOLLOWER]: Starting pre-election (no leader contacted us within the election timeout)
I20260608 13:04:05.060830 12626 raft_consensus.cc:515] T 220fbfaa7d834098a6855bbf430f486b P 3d395f9ceace43d0acad09d76f8c6496 [term 0 FOLLOWER]: Starting pre-election with config: opid_index: -1 OBSOLETE_local: false peers { permanent_uuid: "517b1c51982f407a9d67d5826c6c0c1e" member_type: VOTER last_known_addr { host: "127.9.138.129" port: 37897 } } peers { permanent_uuid: "3d395f9ceace43d0acad09d76f8c6496" member_type: VOTER last_known_addr { host: "127.9.138.130" port: 36359 } } peers { permanent_uuid: "de58758e7ddf4b4da560a50c72ba2fdb" member_type: VOTER last_known_addr { host: "127.9.138.131" port: 46161 } }
I20260608 13:04:05.063002 12626 leader_election.cc:290] T 220fbfaa7d834098a6855bbf430f486b P 3d395f9ceace43d0acad09d76f8c6496 [CANDIDATE]: Term 1 pre-election: Requested pre-vote from peers 517b1c51982f407a9d67d5826c6c0c1e (127.9.138.129:37897), de58758e7ddf4b4da560a50c72ba2fdb (127.9.138.131:46161)
I20260608 13:04:05.063952 12411 tablet_service.cc:1917] Received RequestConsensusVote() RPC: tablet_id: "220fbfaa7d834098a6855bbf430f486b" candidate_uuid: "3d395f9ceace43d0acad09d76f8c6496" candidate_term: 1 candidate_status { last_received { term: 0 index: 0 } } ignore_live_leader: false dest_uuid: "517b1c51982f407a9d67d5826c6c0c1e" is_pre_election: true
I20260608 13:04:05.064229 12561 tablet_service.cc:1917] Received RequestConsensusVote() RPC: tablet_id: "220fbfaa7d834098a6855bbf430f486b" candidate_uuid: "3d395f9ceace43d0acad09d76f8c6496" candidate_term: 1 candidate_status { last_received { term: 0 index: 0 } } ignore_live_leader: false dest_uuid: "de58758e7ddf4b4da560a50c72ba2fdb" is_pre_election: true
I20260608 13:04:05.064731 12411 raft_consensus.cc:2468] T 220fbfaa7d834098a6855bbf430f486b P 517b1c51982f407a9d67d5826c6c0c1e [term 0 FOLLOWER]: Leader pre-election vote request: Granting yes vote for candidate 3d395f9ceace43d0acad09d76f8c6496 in term 0.
I20260608 13:04:05.064829 12561 raft_consensus.cc:2468] T 220fbfaa7d834098a6855bbf430f486b P de58758e7ddf4b4da560a50c72ba2fdb [term 0 FOLLOWER]: Leader pre-election vote request: Granting yes vote for candidate 3d395f9ceace43d0acad09d76f8c6496 in term 0.
I20260608 13:04:05.066004 12452 leader_election.cc:304] T 220fbfaa7d834098a6855bbf430f486b P 3d395f9ceace43d0acad09d76f8c6496 [CANDIDATE]: Term 1 pre-election: Election decided. Result: candidate won. Election summary: received 2 responses out of 3 voters: 2 yes votes; 0 no votes. yes voters: 3d395f9ceace43d0acad09d76f8c6496, 517b1c51982f407a9d67d5826c6c0c1e; no voters: 
I20260608 13:04:05.066749 12626 raft_consensus.cc:2804] T 220fbfaa7d834098a6855bbf430f486b P 3d395f9ceace43d0acad09d76f8c6496 [term 0 FOLLOWER]: Leader pre-election won for term 1
I20260608 13:04:05.067123 12626 raft_consensus.cc:493] T 220fbfaa7d834098a6855bbf430f486b P 3d395f9ceace43d0acad09d76f8c6496 [term 0 FOLLOWER]: Starting leader election (no leader contacted us within the election timeout)
I20260608 13:04:05.067392 12626 raft_consensus.cc:3060] T 220fbfaa7d834098a6855bbf430f486b P 3d395f9ceace43d0acad09d76f8c6496 [term 0 FOLLOWER]: Advancing to term 1
I20260608 13:04:05.072371 12626 raft_consensus.cc:515] T 220fbfaa7d834098a6855bbf430f486b P 3d395f9ceace43d0acad09d76f8c6496 [term 1 FOLLOWER]: Starting leader election with config: opid_index: -1 OBSOLETE_local: false peers { permanent_uuid: "517b1c51982f407a9d67d5826c6c0c1e" member_type: VOTER last_known_addr { host: "127.9.138.129" port: 37897 } } peers { permanent_uuid: "3d395f9ceace43d0acad09d76f8c6496" member_type: VOTER last_known_addr { host: "127.9.138.130" port: 36359 } } peers { permanent_uuid: "de58758e7ddf4b4da560a50c72ba2fdb" member_type: VOTER last_known_addr { host: "127.9.138.131" port: 46161 } }
I20260608 13:04:05.074069 12626 leader_election.cc:290] T 220fbfaa7d834098a6855bbf430f486b P 3d395f9ceace43d0acad09d76f8c6496 [CANDIDATE]: Term 1 election: Requested vote from peers 517b1c51982f407a9d67d5826c6c0c1e (127.9.138.129:37897), de58758e7ddf4b4da560a50c72ba2fdb (127.9.138.131:46161)
I20260608 13:04:05.075248 12411 tablet_service.cc:1917] Received RequestConsensusVote() RPC: tablet_id: "220fbfaa7d834098a6855bbf430f486b" candidate_uuid: "3d395f9ceace43d0acad09d76f8c6496" candidate_term: 1 candidate_status { last_received { term: 0 index: 0 } } ignore_live_leader: false dest_uuid: "517b1c51982f407a9d67d5826c6c0c1e"
I20260608 13:04:05.075501 12561 tablet_service.cc:1917] Received RequestConsensusVote() RPC: tablet_id: "220fbfaa7d834098a6855bbf430f486b" candidate_uuid: "3d395f9ceace43d0acad09d76f8c6496" candidate_term: 1 candidate_status { last_received { term: 0 index: 0 } } ignore_live_leader: false dest_uuid: "de58758e7ddf4b4da560a50c72ba2fdb"
I20260608 13:04:05.075968 12411 raft_consensus.cc:3060] T 220fbfaa7d834098a6855bbf430f486b P 517b1c51982f407a9d67d5826c6c0c1e [term 0 FOLLOWER]: Advancing to term 1
I20260608 13:04:05.076038 12561 raft_consensus.cc:3060] T 220fbfaa7d834098a6855bbf430f486b P de58758e7ddf4b4da560a50c72ba2fdb [term 0 FOLLOWER]: Advancing to term 1
I20260608 13:04:05.084254 12411 raft_consensus.cc:2468] T 220fbfaa7d834098a6855bbf430f486b P 517b1c51982f407a9d67d5826c6c0c1e [term 1 FOLLOWER]: Leader election vote request: Granting yes vote for candidate 3d395f9ceace43d0acad09d76f8c6496 in term 1.
I20260608 13:04:05.084254 12561 raft_consensus.cc:2468] T 220fbfaa7d834098a6855bbf430f486b P de58758e7ddf4b4da560a50c72ba2fdb [term 1 FOLLOWER]: Leader election vote request: Granting yes vote for candidate 3d395f9ceace43d0acad09d76f8c6496 in term 1.
I20260608 13:04:05.085986 12452 leader_election.cc:304] T 220fbfaa7d834098a6855bbf430f486b P 3d395f9ceace43d0acad09d76f8c6496 [CANDIDATE]: Term 1 election: Election decided. Result: candidate won. Election summary: received 2 responses out of 3 voters: 2 yes votes; 0 no votes. yes voters: 3d395f9ceace43d0acad09d76f8c6496, 517b1c51982f407a9d67d5826c6c0c1e; no voters: 
I20260608 13:04:05.086884 12626 raft_consensus.cc:2804] T 220fbfaa7d834098a6855bbf430f486b P 3d395f9ceace43d0acad09d76f8c6496 [term 1 FOLLOWER]: Leader election won for term 1
I20260608 13:04:05.087508 12626 raft_consensus.cc:697] T 220fbfaa7d834098a6855bbf430f486b P 3d395f9ceace43d0acad09d76f8c6496 [term 1 LEADER]: Becoming Leader. State: Replica: 3d395f9ceace43d0acad09d76f8c6496, State: Running, Role: LEADER
I20260608 13:04:05.088335 12626 consensus_queue.cc:237] T 220fbfaa7d834098a6855bbf430f486b P 3d395f9ceace43d0acad09d76f8c6496 [LEADER]: Queue going to LEADER mode. State: All replicated index: 0, Majority replicated index: 0, Committed index: 0, Last appended: 0.0, Last appended by leader: 0, Current term: 1, Majority size: 2, State: 0, Mode: LEADER, active raft config: opid_index: -1 OBSOLETE_local: false peers { permanent_uuid: "517b1c51982f407a9d67d5826c6c0c1e" member_type: VOTER last_known_addr { host: "127.9.138.129" port: 37897 } } peers { permanent_uuid: "3d395f9ceace43d0acad09d76f8c6496" member_type: VOTER last_known_addr { host: "127.9.138.130" port: 36359 } } peers { permanent_uuid: "de58758e7ddf4b4da560a50c72ba2fdb" member_type: VOTER last_known_addr { host: "127.9.138.131" port: 46161 } }
I20260608 13:04:05.096396 12309 catalog_manager.cc:5696] T 220fbfaa7d834098a6855bbf430f486b P 3d395f9ceace43d0acad09d76f8c6496 reported cstate change: term changed from 0 to 1, leader changed from <none> to 3d395f9ceace43d0acad09d76f8c6496 (127.9.138.130). New cstate: current_term: 1 leader_uuid: "3d395f9ceace43d0acad09d76f8c6496" committed_config { opid_index: -1 OBSOLETE_local: false peers { permanent_uuid: "517b1c51982f407a9d67d5826c6c0c1e" member_type: VOTER last_known_addr { host: "127.9.138.129" port: 37897 } health_report { overall_health: UNKNOWN } } peers { permanent_uuid: "3d395f9ceace43d0acad09d76f8c6496" member_type: VOTER last_known_addr { host: "127.9.138.130" port: 36359 } health_report { overall_health: HEALTHY } } peers { permanent_uuid: "de58758e7ddf4b4da560a50c72ba2fdb" member_type: VOTER last_known_addr { host: "127.9.138.131" port: 46161 } health_report { overall_health: UNKNOWN } } }
I20260608 13:04:05.103914 12615 raft_consensus.cc:493] T 2582100d2eef47d7858a78fa32218a30 P de58758e7ddf4b4da560a50c72ba2fdb [term 0 FOLLOWER]: Starting pre-election (no leader contacted us within the election timeout)
I20260608 13:04:05.104518 12615 raft_consensus.cc:515] T 2582100d2eef47d7858a78fa32218a30 P de58758e7ddf4b4da560a50c72ba2fdb [term 0 FOLLOWER]: Starting pre-election with config: opid_index: -1 OBSOLETE_local: false peers { permanent_uuid: "517b1c51982f407a9d67d5826c6c0c1e" member_type: VOTER last_known_addr { host: "127.9.138.129" port: 37897 } } peers { permanent_uuid: "3d395f9ceace43d0acad09d76f8c6496" member_type: VOTER last_known_addr { host: "127.9.138.130" port: 36359 } } peers { permanent_uuid: "de58758e7ddf4b4da560a50c72ba2fdb" member_type: VOTER last_known_addr { host: "127.9.138.131" port: 46161 } }
I20260608 13:04:05.107329 12615 leader_election.cc:290] T 2582100d2eef47d7858a78fa32218a30 P de58758e7ddf4b4da560a50c72ba2fdb [CANDIDATE]: Term 1 pre-election: Requested pre-vote from peers 517b1c51982f407a9d67d5826c6c0c1e (127.9.138.129:37897), 3d395f9ceace43d0acad09d76f8c6496 (127.9.138.130:36359)
I20260608 13:04:05.121182 12411 tablet_service.cc:1917] Received RequestConsensusVote() RPC: tablet_id: "2582100d2eef47d7858a78fa32218a30" candidate_uuid: "de58758e7ddf4b4da560a50c72ba2fdb" candidate_term: 1 candidate_status { last_received { term: 0 index: 0 } } ignore_live_leader: false dest_uuid: "517b1c51982f407a9d67d5826c6c0c1e" is_pre_election: true
I20260608 13:04:05.121402 12487 tablet_service.cc:1917] Received RequestConsensusVote() RPC: tablet_id: "2582100d2eef47d7858a78fa32218a30" candidate_uuid: "de58758e7ddf4b4da560a50c72ba2fdb" candidate_term: 1 candidate_status { last_received { term: 0 index: 0 } } ignore_live_leader: false dest_uuid: "3d395f9ceace43d0acad09d76f8c6496" is_pre_election: true
I20260608 13:04:05.122509 12411 raft_consensus.cc:2468] T 2582100d2eef47d7858a78fa32218a30 P 517b1c51982f407a9d67d5826c6c0c1e [term 0 FOLLOWER]: Leader pre-election vote request: Granting yes vote for candidate de58758e7ddf4b4da560a50c72ba2fdb in term 0.
I20260608 13:04:05.122628 12487 raft_consensus.cc:2468] T 2582100d2eef47d7858a78fa32218a30 P 3d395f9ceace43d0acad09d76f8c6496 [term 0 FOLLOWER]: Leader pre-election vote request: Granting yes vote for candidate de58758e7ddf4b4da560a50c72ba2fdb in term 0.
I20260608 13:04:05.124127 12526 leader_election.cc:304] T 2582100d2eef47d7858a78fa32218a30 P de58758e7ddf4b4da560a50c72ba2fdb [CANDIDATE]: Term 1 pre-election: Election decided. Result: candidate won. Election summary: received 2 responses out of 3 voters: 2 yes votes; 0 no votes. yes voters: 517b1c51982f407a9d67d5826c6c0c1e, de58758e7ddf4b4da560a50c72ba2fdb; no voters: 
I20260608 13:04:05.125022 12615 raft_consensus.cc:2804] T 2582100d2eef47d7858a78fa32218a30 P de58758e7ddf4b4da560a50c72ba2fdb [term 0 FOLLOWER]: Leader pre-election won for term 1
I20260608 13:04:05.125362 12615 raft_consensus.cc:493] T 2582100d2eef47d7858a78fa32218a30 P de58758e7ddf4b4da560a50c72ba2fdb [term 0 FOLLOWER]: Starting leader election (no leader contacted us within the election timeout)
I20260608 13:04:05.125603 12615 raft_consensus.cc:3060] T 2582100d2eef47d7858a78fa32218a30 P de58758e7ddf4b4da560a50c72ba2fdb [term 0 FOLLOWER]: Advancing to term 1
I20260608 13:04:05.130540 12615 raft_consensus.cc:515] T 2582100d2eef47d7858a78fa32218a30 P de58758e7ddf4b4da560a50c72ba2fdb [term 1 FOLLOWER]: Starting leader election with config: opid_index: -1 OBSOLETE_local: false peers { permanent_uuid: "517b1c51982f407a9d67d5826c6c0c1e" member_type: VOTER last_known_addr { host: "127.9.138.129" port: 37897 } } peers { permanent_uuid: "3d395f9ceace43d0acad09d76f8c6496" member_type: VOTER last_known_addr { host: "127.9.138.130" port: 36359 } } peers { permanent_uuid: "de58758e7ddf4b4da560a50c72ba2fdb" member_type: VOTER last_known_addr { host: "127.9.138.131" port: 46161 } }
I20260608 13:04:05.132279 12615 leader_election.cc:290] T 2582100d2eef47d7858a78fa32218a30 P de58758e7ddf4b4da560a50c72ba2fdb [CANDIDATE]: Term 1 election: Requested vote from peers 517b1c51982f407a9d67d5826c6c0c1e (127.9.138.129:37897), 3d395f9ceace43d0acad09d76f8c6496 (127.9.138.130:36359)
I20260608 13:04:05.133220 12411 tablet_service.cc:1917] Received RequestConsensusVote() RPC: tablet_id: "2582100d2eef47d7858a78fa32218a30" candidate_uuid: "de58758e7ddf4b4da560a50c72ba2fdb" candidate_term: 1 candidate_status { last_received { term: 0 index: 0 } } ignore_live_leader: false dest_uuid: "517b1c51982f407a9d67d5826c6c0c1e"
I20260608 13:04:05.133780 12411 raft_consensus.cc:3060] T 2582100d2eef47d7858a78fa32218a30 P 517b1c51982f407a9d67d5826c6c0c1e [term 0 FOLLOWER]: Advancing to term 1
I20260608 13:04:05.133504 12487 tablet_service.cc:1917] Received RequestConsensusVote() RPC: tablet_id: "2582100d2eef47d7858a78fa32218a30" candidate_uuid: "de58758e7ddf4b4da560a50c72ba2fdb" candidate_term: 1 candidate_status { last_received { term: 0 index: 0 } } ignore_live_leader: false dest_uuid: "3d395f9ceace43d0acad09d76f8c6496"
I20260608 13:04:05.134325 12487 raft_consensus.cc:3060] T 2582100d2eef47d7858a78fa32218a30 P 3d395f9ceace43d0acad09d76f8c6496 [term 0 FOLLOWER]: Advancing to term 1
W20260608 13:04:05.137451 12358 auto_rebalancer.cc:259] Could not retrieve cluster info: Service unavailable: Tablet not running
I20260608 13:04:05.138801 12363 auto_leader_rebalancer.cc:140] leader rebalance for table range_aware_auto_rebalancer_test
I20260608 13:04:05.140941 12411 raft_consensus.cc:2468] T 2582100d2eef47d7858a78fa32218a30 P 517b1c51982f407a9d67d5826c6c0c1e [term 1 FOLLOWER]: Leader election vote request: Granting yes vote for candidate de58758e7ddf4b4da560a50c72ba2fdb in term 1.
W20260608 13:04:05.141410 12363 auto_leader_rebalancer.cc:460] the master instance isn't leader: Service unavailable: Tablet not running
I20260608 13:04:05.141433 12487 raft_consensus.cc:2468] T 2582100d2eef47d7858a78fa32218a30 P 3d395f9ceace43d0acad09d76f8c6496 [term 1 FOLLOWER]: Leader election vote request: Granting yes vote for candidate de58758e7ddf4b4da560a50c72ba2fdb in term 1.
I20260608 13:04:05.142314 12526 leader_election.cc:304] T 2582100d2eef47d7858a78fa32218a30 P de58758e7ddf4b4da560a50c72ba2fdb [CANDIDATE]: Term 1 election: Election decided. Result: candidate won. Election summary: received 2 responses out of 3 voters: 2 yes votes; 0 no votes. yes voters: 517b1c51982f407a9d67d5826c6c0c1e, de58758e7ddf4b4da560a50c72ba2fdb; no voters: 
I20260608 13:04:05.143213 12615 raft_consensus.cc:2804] T 2582100d2eef47d7858a78fa32218a30 P de58758e7ddf4b4da560a50c72ba2fdb [term 1 FOLLOWER]: Leader election won for term 1
I20260608 13:04:05.144603 12615 raft_consensus.cc:697] T 2582100d2eef47d7858a78fa32218a30 P de58758e7ddf4b4da560a50c72ba2fdb [term 1 LEADER]: Becoming Leader. State: Replica: de58758e7ddf4b4da560a50c72ba2fdb, State: Running, Role: LEADER
I20260608 13:04:05.145363 12615 consensus_queue.cc:237] T 2582100d2eef47d7858a78fa32218a30 P de58758e7ddf4b4da560a50c72ba2fdb [LEADER]: Queue going to LEADER mode. State: All replicated index: 0, Majority replicated index: 0, Committed index: 0, Last appended: 0.0, Last appended by leader: 0, Current term: 1, Majority size: 2, State: 0, Mode: LEADER, active raft config: opid_index: -1 OBSOLETE_local: false peers { permanent_uuid: "517b1c51982f407a9d67d5826c6c0c1e" member_type: VOTER last_known_addr { host: "127.9.138.129" port: 37897 } } peers { permanent_uuid: "3d395f9ceace43d0acad09d76f8c6496" member_type: VOTER last_known_addr { host: "127.9.138.130" port: 36359 } } peers { permanent_uuid: "de58758e7ddf4b4da560a50c72ba2fdb" member_type: VOTER last_known_addr { host: "127.9.138.131" port: 46161 } }
I20260608 13:04:05.153280 12309 catalog_manager.cc:5696] T 2582100d2eef47d7858a78fa32218a30 P de58758e7ddf4b4da560a50c72ba2fdb reported cstate change: term changed from 0 to 1, leader changed from <none> to de58758e7ddf4b4da560a50c72ba2fdb (127.9.138.131). New cstate: current_term: 1 leader_uuid: "de58758e7ddf4b4da560a50c72ba2fdb" committed_config { opid_index: -1 OBSOLETE_local: false peers { permanent_uuid: "517b1c51982f407a9d67d5826c6c0c1e" member_type: VOTER last_known_addr { host: "127.9.138.129" port: 37897 } health_report { overall_health: UNKNOWN } } peers { permanent_uuid: "3d395f9ceace43d0acad09d76f8c6496" member_type: VOTER last_known_addr { host: "127.9.138.130" port: 36359 } health_report { overall_health: UNKNOWN } } peers { permanent_uuid: "de58758e7ddf4b4da560a50c72ba2fdb" member_type: VOTER last_known_addr { host: "127.9.138.131" port: 46161 } health_report { overall_health: HEALTHY } } }
I20260608 13:04:05.305035 12614 raft_consensus.cc:493] T b00630d35b0749d79cea80146d04f5c9 P 517b1c51982f407a9d67d5826c6c0c1e [term 0 FOLLOWER]: Starting pre-election (no leader contacted us within the election timeout)
I20260608 13:04:05.305709 12614 raft_consensus.cc:515] T b00630d35b0749d79cea80146d04f5c9 P 517b1c51982f407a9d67d5826c6c0c1e [term 0 FOLLOWER]: Starting pre-election with config: opid_index: -1 OBSOLETE_local: false peers { permanent_uuid: "517b1c51982f407a9d67d5826c6c0c1e" member_type: VOTER last_known_addr { host: "127.9.138.129" port: 37897 } } peers { permanent_uuid: "3d395f9ceace43d0acad09d76f8c6496" member_type: VOTER last_known_addr { host: "127.9.138.130" port: 36359 } } peers { permanent_uuid: "de58758e7ddf4b4da560a50c72ba2fdb" member_type: VOTER last_known_addr { host: "127.9.138.131" port: 46161 } }
I20260608 13:04:05.308215 12614 leader_election.cc:290] T b00630d35b0749d79cea80146d04f5c9 P 517b1c51982f407a9d67d5826c6c0c1e [CANDIDATE]: Term 1 pre-election: Requested pre-vote from peers 3d395f9ceace43d0acad09d76f8c6496 (127.9.138.130:36359), de58758e7ddf4b4da560a50c72ba2fdb (127.9.138.131:46161)
I20260608 13:04:05.319376 12487 tablet_service.cc:1917] Received RequestConsensusVote() RPC: tablet_id: "b00630d35b0749d79cea80146d04f5c9" candidate_uuid: "517b1c51982f407a9d67d5826c6c0c1e" candidate_term: 1 candidate_status { last_received { term: 0 index: 0 } } ignore_live_leader: false dest_uuid: "3d395f9ceace43d0acad09d76f8c6496" is_pre_election: true
I20260608 13:04:05.319945 12561 tablet_service.cc:1917] Received RequestConsensusVote() RPC: tablet_id: "b00630d35b0749d79cea80146d04f5c9" candidate_uuid: "517b1c51982f407a9d67d5826c6c0c1e" candidate_term: 1 candidate_status { last_received { term: 0 index: 0 } } ignore_live_leader: false dest_uuid: "de58758e7ddf4b4da560a50c72ba2fdb" is_pre_election: true
I20260608 13:04:05.320159 12487 raft_consensus.cc:2468] T b00630d35b0749d79cea80146d04f5c9 P 3d395f9ceace43d0acad09d76f8c6496 [term 0 FOLLOWER]: Leader pre-election vote request: Granting yes vote for candidate 517b1c51982f407a9d67d5826c6c0c1e in term 0.
I20260608 13:04:05.320669 12561 raft_consensus.cc:2468] T b00630d35b0749d79cea80146d04f5c9 P de58758e7ddf4b4da560a50c72ba2fdb [term 0 FOLLOWER]: Leader pre-election vote request: Granting yes vote for candidate 517b1c51982f407a9d67d5826c6c0c1e in term 0.
I20260608 13:04:05.321599 12375 leader_election.cc:304] T b00630d35b0749d79cea80146d04f5c9 P 517b1c51982f407a9d67d5826c6c0c1e [CANDIDATE]: Term 1 pre-election: Election decided. Result: candidate won. Election summary: received 2 responses out of 3 voters: 2 yes votes; 0 no votes. yes voters: 3d395f9ceace43d0acad09d76f8c6496, 517b1c51982f407a9d67d5826c6c0c1e; no voters: 
I20260608 13:04:05.322682 12614 raft_consensus.cc:2804] T b00630d35b0749d79cea80146d04f5c9 P 517b1c51982f407a9d67d5826c6c0c1e [term 0 FOLLOWER]: Leader pre-election won for term 1
I20260608 13:04:05.323045 12614 raft_consensus.cc:493] T b00630d35b0749d79cea80146d04f5c9 P 517b1c51982f407a9d67d5826c6c0c1e [term 0 FOLLOWER]: Starting leader election (no leader contacted us within the election timeout)
I20260608 13:04:05.323367 12614 raft_consensus.cc:3060] T b00630d35b0749d79cea80146d04f5c9 P 517b1c51982f407a9d67d5826c6c0c1e [term 0 FOLLOWER]: Advancing to term 1
I20260608 13:04:05.328845 12614 raft_consensus.cc:515] T b00630d35b0749d79cea80146d04f5c9 P 517b1c51982f407a9d67d5826c6c0c1e [term 1 FOLLOWER]: Starting leader election with config: opid_index: -1 OBSOLETE_local: false peers { permanent_uuid: "517b1c51982f407a9d67d5826c6c0c1e" member_type: VOTER last_known_addr { host: "127.9.138.129" port: 37897 } } peers { permanent_uuid: "3d395f9ceace43d0acad09d76f8c6496" member_type: VOTER last_known_addr { host: "127.9.138.130" port: 36359 } } peers { permanent_uuid: "de58758e7ddf4b4da560a50c72ba2fdb" member_type: VOTER last_known_addr { host: "127.9.138.131" port: 46161 } }
I20260608 13:04:05.330967 12614 leader_election.cc:290] T b00630d35b0749d79cea80146d04f5c9 P 517b1c51982f407a9d67d5826c6c0c1e [CANDIDATE]: Term 1 election: Requested vote from peers 3d395f9ceace43d0acad09d76f8c6496 (127.9.138.130:36359), de58758e7ddf4b4da560a50c72ba2fdb (127.9.138.131:46161)
I20260608 13:04:05.332020 12487 tablet_service.cc:1917] Received RequestConsensusVote() RPC: tablet_id: "b00630d35b0749d79cea80146d04f5c9" candidate_uuid: "517b1c51982f407a9d67d5826c6c0c1e" candidate_term: 1 candidate_status { last_received { term: 0 index: 0 } } ignore_live_leader: false dest_uuid: "3d395f9ceace43d0acad09d76f8c6496"
I20260608 13:04:05.332530 12561 tablet_service.cc:1917] Received RequestConsensusVote() RPC: tablet_id: "b00630d35b0749d79cea80146d04f5c9" candidate_uuid: "517b1c51982f407a9d67d5826c6c0c1e" candidate_term: 1 candidate_status { last_received { term: 0 index: 0 } } ignore_live_leader: false dest_uuid: "de58758e7ddf4b4da560a50c72ba2fdb"
I20260608 13:04:05.332744 12487 raft_consensus.cc:3060] T b00630d35b0749d79cea80146d04f5c9 P 3d395f9ceace43d0acad09d76f8c6496 [term 0 FOLLOWER]: Advancing to term 1
I20260608 13:04:05.333097 12561 raft_consensus.cc:3060] T b00630d35b0749d79cea80146d04f5c9 P de58758e7ddf4b4da560a50c72ba2fdb [term 0 FOLLOWER]: Advancing to term 1
I20260608 13:04:05.338542 12561 raft_consensus.cc:2468] T b00630d35b0749d79cea80146d04f5c9 P de58758e7ddf4b4da560a50c72ba2fdb [term 1 FOLLOWER]: Leader election vote request: Granting yes vote for candidate 517b1c51982f407a9d67d5826c6c0c1e in term 1.
I20260608 13:04:05.338900 12487 raft_consensus.cc:2468] T b00630d35b0749d79cea80146d04f5c9 P 3d395f9ceace43d0acad09d76f8c6496 [term 1 FOLLOWER]: Leader election vote request: Granting yes vote for candidate 517b1c51982f407a9d67d5826c6c0c1e in term 1.
I20260608 13:04:05.339885 12377 leader_election.cc:304] T b00630d35b0749d79cea80146d04f5c9 P 517b1c51982f407a9d67d5826c6c0c1e [CANDIDATE]: Term 1 election: Election decided. Result: candidate won. Election summary: received 2 responses out of 3 voters: 2 yes votes; 0 no votes. yes voters: 517b1c51982f407a9d67d5826c6c0c1e, de58758e7ddf4b4da560a50c72ba2fdb; no voters: 
I20260608 13:04:05.340807 12614 raft_consensus.cc:2804] T b00630d35b0749d79cea80146d04f5c9 P 517b1c51982f407a9d67d5826c6c0c1e [term 1 FOLLOWER]: Leader election won for term 1
I20260608 13:04:05.342072 12614 raft_consensus.cc:697] T b00630d35b0749d79cea80146d04f5c9 P 517b1c51982f407a9d67d5826c6c0c1e [term 1 LEADER]: Becoming Leader. State: Replica: 517b1c51982f407a9d67d5826c6c0c1e, State: Running, Role: LEADER
I20260608 13:04:05.343163 12614 consensus_queue.cc:237] T b00630d35b0749d79cea80146d04f5c9 P 517b1c51982f407a9d67d5826c6c0c1e [LEADER]: Queue going to LEADER mode. State: All replicated index: 0, Majority replicated index: 0, Committed index: 0, Last appended: 0.0, Last appended by leader: 0, Current term: 1, Majority size: 2, State: 0, Mode: LEADER, active raft config: opid_index: -1 OBSOLETE_local: false peers { permanent_uuid: "517b1c51982f407a9d67d5826c6c0c1e" member_type: VOTER last_known_addr { host: "127.9.138.129" port: 37897 } } peers { permanent_uuid: "3d395f9ceace43d0acad09d76f8c6496" member_type: VOTER last_known_addr { host: "127.9.138.130" port: 36359 } } peers { permanent_uuid: "de58758e7ddf4b4da560a50c72ba2fdb" member_type: VOTER last_known_addr { host: "127.9.138.131" port: 46161 } }
I20260608 13:04:05.351438 12309 catalog_manager.cc:5696] T b00630d35b0749d79cea80146d04f5c9 P 517b1c51982f407a9d67d5826c6c0c1e reported cstate change: term changed from 0 to 1, leader changed from <none> to 517b1c51982f407a9d67d5826c6c0c1e (127.9.138.129). New cstate: current_term: 1 leader_uuid: "517b1c51982f407a9d67d5826c6c0c1e" committed_config { opid_index: -1 OBSOLETE_local: false peers { permanent_uuid: "517b1c51982f407a9d67d5826c6c0c1e" member_type: VOTER last_known_addr { host: "127.9.138.129" port: 37897 } health_report { overall_health: HEALTHY } } peers { permanent_uuid: "3d395f9ceace43d0acad09d76f8c6496" member_type: VOTER last_known_addr { host: "127.9.138.130" port: 36359 } health_report { overall_health: UNKNOWN } } peers { permanent_uuid: "de58758e7ddf4b4da560a50c72ba2fdb" member_type: VOTER last_known_addr { host: "127.9.138.131" port: 46161 } health_report { overall_health: UNKNOWN } } }
I20260608 13:04:05.465238 12626 consensus_queue.cc:1048] T 901fd75dae2e4b5ab80cfd77e49904e7 P 3d395f9ceace43d0acad09d76f8c6496 [LEADER]: Connected to new peer: Peer: permanent_uuid: "de58758e7ddf4b4da560a50c72ba2fdb" member_type: VOTER last_known_addr { host: "127.9.138.131" port: 46161 }, Status: LMP_MISMATCH, Last received: 0.0, Next index: 1, Last known committed idx: 0, Time since last communication: 0.000s
I20260608 13:04:05.473202 12626 consensus_queue.cc:1048] T 220fbfaa7d834098a6855bbf430f486b P 3d395f9ceace43d0acad09d76f8c6496 [LEADER]: Connected to new peer: Peer: permanent_uuid: "de58758e7ddf4b4da560a50c72ba2fdb" member_type: VOTER last_known_addr { host: "127.9.138.131" port: 46161 }, Status: LMP_MISMATCH, Last received: 0.0, Next index: 1, Last known committed idx: 0, Time since last communication: 0.001s
I20260608 13:04:05.485277 12613 consensus_queue.cc:1048] T 901fd75dae2e4b5ab80cfd77e49904e7 P 3d395f9ceace43d0acad09d76f8c6496 [LEADER]: Connected to new peer: Peer: permanent_uuid: "517b1c51982f407a9d67d5826c6c0c1e" member_type: VOTER last_known_addr { host: "127.9.138.129" port: 37897 }, Status: LMP_MISMATCH, Last received: 0.0, Next index: 1, Last known committed idx: 0, Time since last communication: 0.001s
I20260608 13:04:05.499511 12626 consensus_queue.cc:1048] T 220fbfaa7d834098a6855bbf430f486b P 3d395f9ceace43d0acad09d76f8c6496 [LEADER]: Connected to new peer: Peer: permanent_uuid: "517b1c51982f407a9d67d5826c6c0c1e" member_type: VOTER last_known_addr { host: "127.9.138.129" port: 37897 }, Status: LMP_MISMATCH, Last received: 0.0, Next index: 1, Last known committed idx: 0, Time since last communication: 0.001s
I20260608 13:04:05.511109  9770 tablet_server.cc:179] TabletServer@127.9.138.129:0 shutting down...
I20260608 13:04:05.556596  9770 ts_tablet_manager.cc:1507] Shutting down tablet manager...
I20260608 13:04:05.557456  9770 tablet_replica.cc:333] T 2582100d2eef47d7858a78fa32218a30 P 517b1c51982f407a9d67d5826c6c0c1e: stopping tablet replica
I20260608 13:04:05.558037  9770 raft_consensus.cc:2243] T 2582100d2eef47d7858a78fa32218a30 P 517b1c51982f407a9d67d5826c6c0c1e [term 1 FOLLOWER]: Raft consensus shutting down.
I20260608 13:04:05.558477  9770 raft_consensus.cc:2272] T 2582100d2eef47d7858a78fa32218a30 P 517b1c51982f407a9d67d5826c6c0c1e [term 1 FOLLOWER]: Raft consensus is shut down!
I20260608 13:04:05.560527  9770 tablet_replica.cc:333] T b00630d35b0749d79cea80146d04f5c9 P 517b1c51982f407a9d67d5826c6c0c1e: stopping tablet replica
I20260608 13:04:05.561090  9770 raft_consensus.cc:2243] T b00630d35b0749d79cea80146d04f5c9 P 517b1c51982f407a9d67d5826c6c0c1e [term 1 LEADER]: Raft consensus shutting down.
I20260608 13:04:05.561715  9770 pending_rounds.cc:70] T b00630d35b0749d79cea80146d04f5c9 P 517b1c51982f407a9d67d5826c6c0c1e: Trying to abort 1 pending ops.
I20260608 13:04:05.561913  9770 pending_rounds.cc:77] T b00630d35b0749d79cea80146d04f5c9 P 517b1c51982f407a9d67d5826c6c0c1e: Aborting op as it isn't in flight: id { term: 1 index: 1 } timestamp: 7294664070534696960 op_type: NO_OP noop_request { }
I20260608 13:04:05.562197  9770 raft_consensus.cc:2889] T b00630d35b0749d79cea80146d04f5c9 P 517b1c51982f407a9d67d5826c6c0c1e [term 1 LEADER]: NO_OP replication failed: Aborted: Op aborted
I20260608 13:04:05.562518  9770 raft_consensus.cc:2272] T b00630d35b0749d79cea80146d04f5c9 P 517b1c51982f407a9d67d5826c6c0c1e [term 1 FOLLOWER]: Raft consensus is shut down!
I20260608 13:04:05.564833  9770 tablet_replica.cc:333] T 901fd75dae2e4b5ab80cfd77e49904e7 P 517b1c51982f407a9d67d5826c6c0c1e: stopping tablet replica
I20260608 13:04:05.565537  9770 raft_consensus.cc:2243] T 901fd75dae2e4b5ab80cfd77e49904e7 P 517b1c51982f407a9d67d5826c6c0c1e [term 1 FOLLOWER]: Raft consensus shutting down.
I20260608 13:04:05.566020  9770 raft_consensus.cc:2272] T 901fd75dae2e4b5ab80cfd77e49904e7 P 517b1c51982f407a9d67d5826c6c0c1e [term 1 FOLLOWER]: Raft consensus is shut down!
I20260608 13:04:05.568652  9770 tablet_replica.cc:333] T 220fbfaa7d834098a6855bbf430f486b P 517b1c51982f407a9d67d5826c6c0c1e: stopping tablet replica
I20260608 13:04:05.569203  9770 raft_consensus.cc:2243] T 220fbfaa7d834098a6855bbf430f486b P 517b1c51982f407a9d67d5826c6c0c1e [term 1 FOLLOWER]: Raft consensus shutting down.
I20260608 13:04:05.569674  9770 raft_consensus.cc:2272] T 220fbfaa7d834098a6855bbf430f486b P 517b1c51982f407a9d67d5826c6c0c1e [term 1 FOLLOWER]: Raft consensus is shut down!
W20260608 13:04:05.571319 12526 proxy.cc:239] Call had error, refreshing address and retrying: Remote error: Service unavailable: service kudu.consensus.ConsensusService not registered on TabletServer [suppressed 8 similar messages]
W20260608 13:04:05.574937 12526 consensus_peers.cc:597] T 2582100d2eef47d7858a78fa32218a30 P de58758e7ddf4b4da560a50c72ba2fdb -> Peer 517b1c51982f407a9d67d5826c6c0c1e (127.9.138.129:37897): Couldn't send request to peer 517b1c51982f407a9d67d5826c6c0c1e. Status: Remote error: Service unavailable: service kudu.consensus.ConsensusService not registered on TabletServer. This is attempt 1: this message will repeat every 5th retry.
I20260608 13:04:05.595134  9770 tablet_server.cc:196] TabletServer@127.9.138.129:0 shutdown complete.
I20260608 13:04:05.608451  9770 tablet_server.cc:179] TabletServer@127.9.138.130:0 shutting down...
W20260608 13:04:05.618041 12524 consensus_peers.cc:597] T 2582100d2eef47d7858a78fa32218a30 P de58758e7ddf4b4da560a50c72ba2fdb -> Peer 3d395f9ceace43d0acad09d76f8c6496 (127.9.138.130:36359): Couldn't send request to peer 3d395f9ceace43d0acad09d76f8c6496. Status: Remote error: Service unavailable: service kudu.consensus.ConsensusService not registered on TabletServer. This is attempt 1: this message will repeat every 5th retry.
I20260608 13:04:05.634244  9770 ts_tablet_manager.cc:1507] Shutting down tablet manager...
I20260608 13:04:05.635191  9770 tablet_replica.cc:333] T 2582100d2eef47d7858a78fa32218a30 P 3d395f9ceace43d0acad09d76f8c6496: stopping tablet replica
I20260608 13:04:05.635847  9770 raft_consensus.cc:2243] T 2582100d2eef47d7858a78fa32218a30 P 3d395f9ceace43d0acad09d76f8c6496 [term 1 FOLLOWER]: Raft consensus shutting down.
I20260608 13:04:05.636296  9770 raft_consensus.cc:2272] T 2582100d2eef47d7858a78fa32218a30 P 3d395f9ceace43d0acad09d76f8c6496 [term 1 FOLLOWER]: Raft consensus is shut down!
I20260608 13:04:05.638309  9770 tablet_replica.cc:333] T 220fbfaa7d834098a6855bbf430f486b P 3d395f9ceace43d0acad09d76f8c6496: stopping tablet replica
I20260608 13:04:05.638958  9770 raft_consensus.cc:2243] T 220fbfaa7d834098a6855bbf430f486b P 3d395f9ceace43d0acad09d76f8c6496 [term 1 LEADER]: Raft consensus shutting down.
I20260608 13:04:05.639842  9770 raft_consensus.cc:2272] T 220fbfaa7d834098a6855bbf430f486b P 3d395f9ceace43d0acad09d76f8c6496 [term 1 FOLLOWER]: Raft consensus is shut down!
I20260608 13:04:05.642298  9770 tablet_replica.cc:333] T b00630d35b0749d79cea80146d04f5c9 P 3d395f9ceace43d0acad09d76f8c6496: stopping tablet replica
I20260608 13:04:05.642894  9770 raft_consensus.cc:2243] T b00630d35b0749d79cea80146d04f5c9 P 3d395f9ceace43d0acad09d76f8c6496 [term 1 FOLLOWER]: Raft consensus shutting down.
I20260608 13:04:05.643312  9770 raft_consensus.cc:2272] T b00630d35b0749d79cea80146d04f5c9 P 3d395f9ceace43d0acad09d76f8c6496 [term 1 FOLLOWER]: Raft consensus is shut down!
I20260608 13:04:05.645212  9770 tablet_replica.cc:333] T 901fd75dae2e4b5ab80cfd77e49904e7 P 3d395f9ceace43d0acad09d76f8c6496: stopping tablet replica
I20260608 13:04:05.645687  9770 raft_consensus.cc:2243] T 901fd75dae2e4b5ab80cfd77e49904e7 P 3d395f9ceace43d0acad09d76f8c6496 [term 1 LEADER]: Raft consensus shutting down.
I20260608 13:04:05.646611  9770 raft_consensus.cc:2272] T 901fd75dae2e4b5ab80cfd77e49904e7 P 3d395f9ceace43d0acad09d76f8c6496 [term 1 FOLLOWER]: Raft consensus is shut down!
I20260608 13:04:05.670791  9770 tablet_server.cc:196] TabletServer@127.9.138.130:0 shutdown complete.
I20260608 13:04:05.683746  9770 tablet_server.cc:179] TabletServer@127.9.138.131:0 shutting down...
I20260608 13:04:05.710218  9770 ts_tablet_manager.cc:1507] Shutting down tablet manager...
I20260608 13:04:05.711054  9770 tablet_replica.cc:333] T 2582100d2eef47d7858a78fa32218a30 P de58758e7ddf4b4da560a50c72ba2fdb: stopping tablet replica
I20260608 13:04:05.711685  9770 raft_consensus.cc:2243] T 2582100d2eef47d7858a78fa32218a30 P de58758e7ddf4b4da560a50c72ba2fdb [term 1 LEADER]: Raft consensus shutting down.
I20260608 13:04:05.712481  9770 pending_rounds.cc:70] T 2582100d2eef47d7858a78fa32218a30 P de58758e7ddf4b4da560a50c72ba2fdb: Trying to abort 1 pending ops.
I20260608 13:04:05.712670  9770 pending_rounds.cc:77] T 2582100d2eef47d7858a78fa32218a30 P de58758e7ddf4b4da560a50c72ba2fdb: Aborting op as it isn't in flight: id { term: 1 index: 1 } timestamp: 7294664069723213824 op_type: NO_OP noop_request { }
I20260608 13:04:05.712942  9770 raft_consensus.cc:2889] T 2582100d2eef47d7858a78fa32218a30 P de58758e7ddf4b4da560a50c72ba2fdb [term 1 LEADER]: NO_OP replication failed: Aborted: Op aborted
I20260608 13:04:05.713219  9770 raft_consensus.cc:2272] T 2582100d2eef47d7858a78fa32218a30 P de58758e7ddf4b4da560a50c72ba2fdb [term 1 FOLLOWER]: Raft consensus is shut down!
I20260608 13:04:05.715901  9770 tablet_replica.cc:333] T 220fbfaa7d834098a6855bbf430f486b P de58758e7ddf4b4da560a50c72ba2fdb: stopping tablet replica
I20260608 13:04:05.716461  9770 raft_consensus.cc:2243] T 220fbfaa7d834098a6855bbf430f486b P de58758e7ddf4b4da560a50c72ba2fdb [term 1 FOLLOWER]: Raft consensus shutting down.
I20260608 13:04:05.716887  9770 raft_consensus.cc:2272] T 220fbfaa7d834098a6855bbf430f486b P de58758e7ddf4b4da560a50c72ba2fdb [term 1 FOLLOWER]: Raft consensus is shut down!
I20260608 13:04:05.719269  9770 tablet_replica.cc:333] T b00630d35b0749d79cea80146d04f5c9 P de58758e7ddf4b4da560a50c72ba2fdb: stopping tablet replica
