[==========] Running 24 tests from 2 test suites.
[----------] Global test environment set-up.
[----------] 22 tests from AutoRebalancerTest
[ RUN      ] AutoRebalancerTest.OnlyLeaderDoesAutoRebalancing
WARNING: Logging before InitGoogleLogging() is written to STDERR
I20260608 13:02:41.752041  8729 internal_mini_cluster.cc:156] Creating distributed mini masters. Addrs: 127.8.134.126:35277,127.8.134.125:40185,127.8.134.124:36961
I20260608 13:02:41.753885  8729 env_posix.cc:2267] Not raising this process' open files per process limit of 1048576; it is already as high as it can go
I20260608 13:02:41.754901  8729 file_cache.cc:492] Constructed file cache file cache with capacity 419430
W20260608 13:02:41.771075  8736 instance_detector.cc:116] could not retrieve Azure instance metadata: Network error: curl error: HTTP response code said error: The requested URL returned error: 404
W20260608 13:02:41.771633  8735 instance_detector.cc:116] could not retrieve AWS instance metadata: Network error: curl error: HTTP response code said error: The requested URL returned error: 404
I20260608 13:02:41.773197  8729 server_base.cc:1061] running on GCE node
W20260608 13:02:41.771064  8738 instance_detector.cc:116] could not retrieve OpenStack instance metadata: Network error: curl error: HTTP response code said error: The requested URL returned error: 404
I20260608 13:02:42.892860  8729 hybrid_clock.cc:584] initializing the hybrid clock with 'system_unsync' time source
W20260608 13:02:42.893105  8729 system_unsync_time.cc:38] NTP support is disabled. Clock error bounds will not be accurate. This configuration is not suitable for distributed clusters.
I20260608 13:02:42.893325  8729 hybrid_clock.cc:648] HybridClock initialized: now 1780923762893299 us; error 0 us; skew 500 ppm
I20260608 13:02:42.894289  8729 server_base.cc:861] Flag tcmalloc_max_total_thread_cache_bytes is not working since tcmalloc is not enabled.
I20260608 13:02:42.899499  8729 webserver.cc:533] Webserver started at http://127.8.134.126:35311/ using document root <none> and password file <none>
I20260608 13:02:42.900336  8729 fs_manager.cc:362] Metadata directory not provided
I20260608 13:02:42.900545  8729 fs_manager.cc:368] Using write-ahead log directory (fs_wal_dir) as metadata directory
I20260608 13:02:42.900980  8729 server_base.cc:909] This appears to be a new deployment of Kudu; creating new FS layout
I20260608 13:02:42.906651  8729 fs_manager.cc:1068] Generated new instance metadata in path /tmp/dist-test-taskcoarfU/test-tmp/auto_rebalancer-test.0.AutoRebalancerTest.OnlyLeaderDoesAutoRebalancing.1780923761585502-8729-0/minicluster-data/master-0-root/instance:
uuid: "65ddf2b8ba814e789b353dd297b26aba"
format_stamp: "Formatted at 2026-06-08 13:02:42 on dist-test-slave-qq0w"
I20260608 13:02:42.914443  8729 fs_manager.cc:696] Time spent creating directory manager: real 0.007s	user 0.007s	sys 0.001s
I20260608 13:02:42.919569  8744 log_block_manager.cc:4031] Time spent loading block containers with low live blocks: real 0.000s	user 0.000s	sys 0.000s
I20260608 13:02:42.920787  8729 fs_manager.cc:730] Time spent opening block manager: real 0.004s	user 0.005s	sys 0.000s
I20260608 13:02:42.921134  8729 fs_manager.cc:647] Opened local filesystem: /tmp/dist-test-taskcoarfU/test-tmp/auto_rebalancer-test.0.AutoRebalancerTest.OnlyLeaderDoesAutoRebalancing.1780923761585502-8729-0/minicluster-data/master-0-root
uuid: "65ddf2b8ba814e789b353dd297b26aba"
format_stamp: "Formatted at 2026-06-08 13:02:42 on dist-test-slave-qq0w"
I20260608 13:02:42.921455  8729 fs_report.cc:389] FS layout report
--------------------
wal directory: /tmp/dist-test-taskcoarfU/test-tmp/auto_rebalancer-test.0.AutoRebalancerTest.OnlyLeaderDoesAutoRebalancing.1780923761585502-8729-0/minicluster-data/master-0-root
metadata directory: /tmp/dist-test-taskcoarfU/test-tmp/auto_rebalancer-test.0.AutoRebalancerTest.OnlyLeaderDoesAutoRebalancing.1780923761585502-8729-0/minicluster-data/master-0-root
1 data directories: /tmp/dist-test-taskcoarfU/test-tmp/auto_rebalancer-test.0.AutoRebalancerTest.OnlyLeaderDoesAutoRebalancing.1780923761585502-8729-0/minicluster-data/master-0-root/data
Total live blocks: 0
Total live bytes: 0
Total live bytes (after alignment): 0
Total number of LBM containers: 0 (0 full)
Did not check for missing blocks
Did not check for orphaned blocks
Total full LBM containers with extra space: 0 (0 repaired)
Total full LBM container extra space in bytes: 0 (0 repaired)
Total incomplete LBM containers: 0 (0 repaired)
Total LBM partial records: 0 (0 repaired)
Total corrupted LBM metadata records in RocksDB: 0 (0 repaired)
I20260608 13:02:42.967422  8729 rpc_server.cc:225] running with OpenSSL 1.1.1  11 Sep 2018
I20260608 13:02:42.969218  8729 env_posix.cc:2267] Not raising this process' running threads per effective uid limit of 18446744073709551615; it is already as high as it can go
I20260608 13:02:42.969652  8729 kserver.cc:163] Server-wide thread pool size limit: 3276
I20260608 13:02:43.040655  8729 rpc_server.cc:307] RPC server started. Bound to: 127.8.134.126:35277
I20260608 13:02:43.040786  8795 acceptor_pool.cc:272] collecting diagnostics on the listening RPC socket 127.8.134.126:35277 every 8 connection(s)
I20260608 13:02:43.046694  8729 file_cache.cc:492] Constructed file cache file cache with capacity 419430
I20260608 13:02:43.048691  8796 data_dirs.cc:400] Could only allocate 1 dirs of requested 3 for tablet 00000000000000000000000000000000. 1 dirs total, 0 dirs full, 0 dirs failed
W20260608 13:02:43.053431  8798 instance_detector.cc:116] could not retrieve AWS instance metadata: Network error: curl error: HTTP response code said error: The requested URL returned error: 404
W20260608 13:02:43.058219  8799 instance_detector.cc:116] could not retrieve Azure instance metadata: Network error: curl error: HTTP response code said error: The requested URL returned error: 404
W20260608 13:02:43.060842  8801 instance_detector.cc:116] could not retrieve OpenStack instance metadata: Network error: curl error: HTTP response code said error: The requested URL returned error: 404
I20260608 13:02:43.060895  8729 server_base.cc:1061] running on GCE node
I20260608 13:02:43.061790  8729 hybrid_clock.cc:584] initializing the hybrid clock with 'system_unsync' time source
W20260608 13:02:43.061978  8729 system_unsync_time.cc:38] NTP support is disabled. Clock error bounds will not be accurate. This configuration is not suitable for distributed clusters.
I20260608 13:02:43.062156  8729 hybrid_clock.cc:648] HybridClock initialized: now 1780923763062135 us; error 0 us; skew 500 ppm
I20260608 13:02:43.062769  8729 server_base.cc:861] Flag tcmalloc_max_total_thread_cache_bytes is not working since tcmalloc is not enabled.
I20260608 13:02:43.066174  8729 webserver.cc:533] Webserver started at http://127.8.134.125:36667/ using document root <none> and password file <none>
I20260608 13:02:43.066721  8729 fs_manager.cc:362] Metadata directory not provided
I20260608 13:02:43.066905  8729 fs_manager.cc:368] Using write-ahead log directory (fs_wal_dir) as metadata directory
I20260608 13:02:43.067178  8729 server_base.cc:909] This appears to be a new deployment of Kudu; creating new FS layout
I20260608 13:02:43.068245  8729 fs_manager.cc:1068] Generated new instance metadata in path /tmp/dist-test-taskcoarfU/test-tmp/auto_rebalancer-test.0.AutoRebalancerTest.OnlyLeaderDoesAutoRebalancing.1780923761585502-8729-0/minicluster-data/master-1-root/instance:
uuid: "76c07caed97c4086b18f05bb8c3da702"
format_stamp: "Formatted at 2026-06-08 13:02:43 on dist-test-slave-qq0w"
I20260608 13:02:43.073623  8729 fs_manager.cc:696] Time spent creating directory manager: real 0.005s	user 0.004s	sys 0.003s
I20260608 13:02:43.073017  8796 sys_catalog.cc:422] member_type: VOTER last_known_addr { host: "127.8.134.126" port: 35277 } has no permanent_uuid. Determining permanent_uuid...
I20260608 13:02:43.078653  8806 log_block_manager.cc:4031] Time spent loading block containers with low live blocks: real 0.000s	user 0.000s	sys 0.000s
I20260608 13:02:43.079499  8729 fs_manager.cc:730] Time spent opening block manager: real 0.004s	user 0.001s	sys 0.003s
I20260608 13:02:43.079790  8729 fs_manager.cc:647] Opened local filesystem: /tmp/dist-test-taskcoarfU/test-tmp/auto_rebalancer-test.0.AutoRebalancerTest.OnlyLeaderDoesAutoRebalancing.1780923761585502-8729-0/minicluster-data/master-1-root
uuid: "76c07caed97c4086b18f05bb8c3da702"
format_stamp: "Formatted at 2026-06-08 13:02:43 on dist-test-slave-qq0w"
I20260608 13:02:43.080178  8729 fs_report.cc:389] FS layout report
--------------------
wal directory: /tmp/dist-test-taskcoarfU/test-tmp/auto_rebalancer-test.0.AutoRebalancerTest.OnlyLeaderDoesAutoRebalancing.1780923761585502-8729-0/minicluster-data/master-1-root
metadata directory: /tmp/dist-test-taskcoarfU/test-tmp/auto_rebalancer-test.0.AutoRebalancerTest.OnlyLeaderDoesAutoRebalancing.1780923761585502-8729-0/minicluster-data/master-1-root
1 data directories: /tmp/dist-test-taskcoarfU/test-tmp/auto_rebalancer-test.0.AutoRebalancerTest.OnlyLeaderDoesAutoRebalancing.1780923761585502-8729-0/minicluster-data/master-1-root/data
Total live blocks: 0
Total live bytes: 0
Total live bytes (after alignment): 0
Total number of LBM containers: 0 (0 full)
Did not check for missing blocks
Did not check for orphaned blocks
Total full LBM containers with extra space: 0 (0 repaired)
Total full LBM container extra space in bytes: 0 (0 repaired)
Total incomplete LBM containers: 0 (0 repaired)
Total LBM partial records: 0 (0 repaired)
Total corrupted LBM metadata records in RocksDB: 0 (0 repaired)
I20260608 13:02:43.101692  8729 rpc_server.cc:225] running with OpenSSL 1.1.1  11 Sep 2018
I20260608 13:02:43.102959  8796 sys_catalog.cc:422] member_type: VOTER last_known_addr { host: "127.8.134.125" port: 40185 } has no permanent_uuid. Determining permanent_uuid...
I20260608 13:02:43.103171  8729 kserver.cc:163] Server-wide thread pool size limit: 3276
W20260608 13:02:43.105574  8746 proxy.cc:239] Call had error, refreshing address and retrying: Network error: Client connection negotiation failed: client connection to 127.8.134.125:40185: connect: Connection refused (error 111)
W20260608 13:02:43.110599  8796 consensus_peers.cc:760] Error getting permanent uuid from config peer 127.8.134.125:40185: Network error: Client connection negotiation failed: client connection to 127.8.134.125:40185: connect: Connection refused (error 111)
I20260608 13:02:43.160099  8796 consensus_peers.cc:770] Retrying to get permanent uuid for remote peer: member_type: VOTER last_known_addr { host: "127.8.134.125" port: 40185 } attempt: 1
W20260608 13:02:43.165216  8796 consensus_peers.cc:760] Error getting permanent uuid from config peer 127.8.134.125:40185: Network error: Client connection negotiation failed: client connection to 127.8.134.125:40185: connect: Connection refused (error 111)
I20260608 13:02:43.171132  8729 rpc_server.cc:307] RPC server started. Bound to: 127.8.134.125:40185
I20260608 13:02:43.171326  8860 acceptor_pool.cc:272] collecting diagnostics on the listening RPC socket 127.8.134.125:40185 every 8 connection(s)
I20260608 13:02:43.176016  8861 data_dirs.cc:400] Could only allocate 1 dirs of requested 3 for tablet 00000000000000000000000000000000. 1 dirs total, 0 dirs full, 0 dirs failed
I20260608 13:02:43.176707  8729 file_cache.cc:492] Constructed file cache file cache with capacity 419430
I20260608 13:02:43.182307  8861 sys_catalog.cc:422] member_type: VOTER last_known_addr { host: "127.8.134.126" port: 35277 } has no permanent_uuid. Determining permanent_uuid...
W20260608 13:02:43.182862  8863 instance_detector.cc:116] could not retrieve AWS instance metadata: Network error: curl error: HTTP response code said error: The requested URL returned error: 404
W20260608 13:02:43.184353  8864 instance_detector.cc:116] could not retrieve Azure instance metadata: Network error: curl error: HTTP response code said error: The requested URL returned error: 404
W20260608 13:02:43.188009  8866 instance_detector.cc:116] could not retrieve OpenStack instance metadata: Network error: curl error: HTTP response code said error: The requested URL returned error: 404
I20260608 13:02:43.189711  8729 server_base.cc:1061] running on GCE node
I20260608 13:02:43.190582  8729 hybrid_clock.cc:584] initializing the hybrid clock with 'system_unsync' time source
W20260608 13:02:43.190858  8729 system_unsync_time.cc:38] NTP support is disabled. Clock error bounds will not be accurate. This configuration is not suitable for distributed clusters.
I20260608 13:02:43.191066  8729 hybrid_clock.cc:648] HybridClock initialized: now 1780923763191050 us; error 0 us; skew 500 ppm
I20260608 13:02:43.191874  8729 server_base.cc:861] Flag tcmalloc_max_total_thread_cache_bytes is not working since tcmalloc is not enabled.
I20260608 13:02:43.195271  8729 webserver.cc:533] Webserver started at http://127.8.134.124:41693/ using document root <none> and password file <none>
I20260608 13:02:43.195796  8729 fs_manager.cc:362] Metadata directory not provided
I20260608 13:02:43.195988  8729 fs_manager.cc:368] Using write-ahead log directory (fs_wal_dir) as metadata directory
I20260608 13:02:43.196288  8729 server_base.cc:909] This appears to be a new deployment of Kudu; creating new FS layout
I20260608 13:02:43.197455  8861 sys_catalog.cc:422] member_type: VOTER last_known_addr { host: "127.8.134.125" port: 40185 } has no permanent_uuid. Determining permanent_uuid...
I20260608 13:02:43.197652  8729 fs_manager.cc:1068] Generated new instance metadata in path /tmp/dist-test-taskcoarfU/test-tmp/auto_rebalancer-test.0.AutoRebalancerTest.OnlyLeaderDoesAutoRebalancing.1780923761585502-8729-0/minicluster-data/master-2-root/instance:
uuid: "5d385ea3e8564bd38fa487bb6f458aaa"
format_stamp: "Formatted at 2026-06-08 13:02:43 on dist-test-slave-qq0w"
I20260608 13:02:43.204375  8729 fs_manager.cc:696] Time spent creating directory manager: real 0.006s	user 0.006s	sys 0.000s
I20260608 13:02:43.209415  8873 log_block_manager.cc:4031] Time spent loading block containers with low live blocks: real 0.000s	user 0.000s	sys 0.000s
I20260608 13:02:43.209667  8861 sys_catalog.cc:422] member_type: VOTER last_known_addr { host: "127.8.134.124" port: 36961 } has no permanent_uuid. Determining permanent_uuid...
I20260608 13:02:43.210319  8729 fs_manager.cc:730] Time spent opening block manager: real 0.004s	user 0.003s	sys 0.000s
I20260608 13:02:43.210670  8729 fs_manager.cc:647] Opened local filesystem: /tmp/dist-test-taskcoarfU/test-tmp/auto_rebalancer-test.0.AutoRebalancerTest.OnlyLeaderDoesAutoRebalancing.1780923761585502-8729-0/minicluster-data/master-2-root
uuid: "5d385ea3e8564bd38fa487bb6f458aaa"
format_stamp: "Formatted at 2026-06-08 13:02:43 on dist-test-slave-qq0w"
I20260608 13:02:43.210960  8729 fs_report.cc:389] FS layout report
--------------------
wal directory: /tmp/dist-test-taskcoarfU/test-tmp/auto_rebalancer-test.0.AutoRebalancerTest.OnlyLeaderDoesAutoRebalancing.1780923761585502-8729-0/minicluster-data/master-2-root
metadata directory: /tmp/dist-test-taskcoarfU/test-tmp/auto_rebalancer-test.0.AutoRebalancerTest.OnlyLeaderDoesAutoRebalancing.1780923761585502-8729-0/minicluster-data/master-2-root
1 data directories: /tmp/dist-test-taskcoarfU/test-tmp/auto_rebalancer-test.0.AutoRebalancerTest.OnlyLeaderDoesAutoRebalancing.1780923761585502-8729-0/minicluster-data/master-2-root/data
Total live blocks: 0
Total live bytes: 0
Total live bytes (after alignment): 0
Total number of LBM containers: 0 (0 full)
Did not check for missing blocks
Did not check for orphaned blocks
Total full LBM containers with extra space: 0 (0 repaired)
Total full LBM container extra space in bytes: 0 (0 repaired)
Total incomplete LBM containers: 0 (0 repaired)
Total LBM partial records: 0 (0 repaired)
Total corrupted LBM metadata records in RocksDB: 0 (0 repaired)
W20260608 13:02:43.215621  8861 consensus_peers.cc:760] Error getting permanent uuid from config peer 127.8.134.124:36961: Network error: Client connection negotiation failed: client connection to 127.8.134.124:36961: connect: Connection refused (error 111)
I20260608 13:02:43.233166  8729 rpc_server.cc:225] running with OpenSSL 1.1.1  11 Sep 2018
I20260608 13:02:43.233664  8796 consensus_peers.cc:770] Retrying to get permanent uuid for remote peer: member_type: VOTER last_known_addr { host: "127.8.134.125" port: 40185 } attempt: 2
I20260608 13:02:43.234460  8729 kserver.cc:163] Server-wide thread pool size limit: 3276
I20260608 13:02:43.244517  8796 sys_catalog.cc:422] member_type: VOTER last_known_addr { host: "127.8.134.124" port: 36961 } has no permanent_uuid. Determining permanent_uuid...
W20260608 13:02:43.249188  8796 consensus_peers.cc:760] Error getting permanent uuid from config peer 127.8.134.124:36961: Network error: Client connection negotiation failed: client connection to 127.8.134.124:36961: connect: Connection refused (error 111)
I20260608 13:02:43.259099  8861 consensus_peers.cc:770] Retrying to get permanent uuid for remote peer: member_type: VOTER last_known_addr { host: "127.8.134.124" port: 36961 } attempt: 1
W20260608 13:02:43.264202  8861 consensus_peers.cc:760] Error getting permanent uuid from config peer 127.8.134.124:36961: Network error: Client connection negotiation failed: client connection to 127.8.134.124:36961: connect: Connection refused (error 111)
I20260608 13:02:43.280761  8796 consensus_peers.cc:770] Retrying to get permanent uuid for remote peer: member_type: VOTER last_known_addr { host: "127.8.134.124" port: 36961 } attempt: 1
W20260608 13:02:43.285262  8796 consensus_peers.cc:760] Error getting permanent uuid from config peer 127.8.134.124:36961: Network error: Client connection negotiation failed: client connection to 127.8.134.124:36961: connect: Connection refused (error 111)
I20260608 13:02:43.303375  8729 rpc_server.cc:307] RPC server started. Bound to: 127.8.134.124:36961
I20260608 13:02:43.303508  8925 acceptor_pool.cc:272] collecting diagnostics on the listening RPC socket 127.8.134.124:36961 every 8 connection(s)
I20260608 13:02:43.307461  8729 internal_mini_cluster.cc:184] Waiting to initialize catalog manager on master 0
I20260608 13:02:43.308286  8926 data_dirs.cc:400] Could only allocate 1 dirs of requested 3 for tablet 00000000000000000000000000000000. 1 dirs total, 0 dirs full, 0 dirs failed
I20260608 13:02:43.313676  8926 sys_catalog.cc:422] member_type: VOTER last_known_addr { host: "127.8.134.126" port: 35277 } has no permanent_uuid. Determining permanent_uuid...
I20260608 13:02:43.325433  8926 sys_catalog.cc:422] member_type: VOTER last_known_addr { host: "127.8.134.125" port: 40185 } has no permanent_uuid. Determining permanent_uuid...
I20260608 13:02:43.334677  8926 sys_catalog.cc:422] member_type: VOTER last_known_addr { host: "127.8.134.124" port: 36961 } has no permanent_uuid. Determining permanent_uuid...
I20260608 13:02:43.339622  8861 consensus_peers.cc:770] Retrying to get permanent uuid for remote peer: member_type: VOTER last_known_addr { host: "127.8.134.124" port: 36961 } attempt: 2
I20260608 13:02:43.352711  8796 consensus_peers.cc:770] Retrying to get permanent uuid for remote peer: member_type: VOTER last_known_addr { host: "127.8.134.124" port: 36961 } attempt: 2
I20260608 13:02:43.353315  8926 tablet_bootstrap.cc:492] T 00000000000000000000000000000000 P 5d385ea3e8564bd38fa487bb6f458aaa: Bootstrap starting.
I20260608 13:02:43.356804  8861 tablet_bootstrap.cc:492] T 00000000000000000000000000000000 P 76c07caed97c4086b18f05bb8c3da702: Bootstrap starting.
I20260608 13:02:43.362407  8926 tablet_bootstrap.cc:654] T 00000000000000000000000000000000 P 5d385ea3e8564bd38fa487bb6f458aaa: Neither blocks nor log segments found. Creating new log.
I20260608 13:02:43.362917  8861 tablet_bootstrap.cc:654] T 00000000000000000000000000000000 P 76c07caed97c4086b18f05bb8c3da702: Neither blocks nor log segments found. Creating new log.
I20260608 13:02:43.364674  8861 log.cc:826] T 00000000000000000000000000000000 P 76c07caed97c4086b18f05bb8c3da702: Log is configured to *not* fsync() on all Append() calls
I20260608 13:02:43.370378  8796 tablet_bootstrap.cc:492] T 00000000000000000000000000000000 P 65ddf2b8ba814e789b353dd297b26aba: Bootstrap starting.
I20260608 13:02:43.371238  8926 tablet_bootstrap.cc:492] T 00000000000000000000000000000000 P 5d385ea3e8564bd38fa487bb6f458aaa: No bootstrap required, opened a new log
I20260608 13:02:43.371501  8861 tablet_bootstrap.cc:492] T 00000000000000000000000000000000 P 76c07caed97c4086b18f05bb8c3da702: No bootstrap required, opened a new log
I20260608 13:02:43.376639  8796 tablet_bootstrap.cc:654] T 00000000000000000000000000000000 P 65ddf2b8ba814e789b353dd297b26aba: Neither blocks nor log segments found. Creating new log.
I20260608 13:02:43.381784  8796 tablet_bootstrap.cc:492] T 00000000000000000000000000000000 P 65ddf2b8ba814e789b353dd297b26aba: No bootstrap required, opened a new log
I20260608 13:02:43.390944  8796 raft_consensus.cc:359] T 00000000000000000000000000000000 P 65ddf2b8ba814e789b353dd297b26aba [term 0 FOLLOWER]: Replica starting. Triggering 0 pending ops. Active config: opid_index: -1 OBSOLETE_local: false peers { permanent_uuid: "65ddf2b8ba814e789b353dd297b26aba" member_type: VOTER last_known_addr { host: "127.8.134.126" port: 35277 } } peers { permanent_uuid: "76c07caed97c4086b18f05bb8c3da702" member_type: VOTER last_known_addr { host: "127.8.134.125" port: 40185 } } peers { permanent_uuid: "5d385ea3e8564bd38fa487bb6f458aaa" member_type: VOTER last_known_addr { host: "127.8.134.124" port: 36961 } }
I20260608 13:02:43.390887  8926 raft_consensus.cc:359] T 00000000000000000000000000000000 P 5d385ea3e8564bd38fa487bb6f458aaa [term 0 FOLLOWER]: Replica starting. Triggering 0 pending ops. Active config: opid_index: -1 OBSOLETE_local: false peers { permanent_uuid: "65ddf2b8ba814e789b353dd297b26aba" member_type: VOTER last_known_addr { host: "127.8.134.126" port: 35277 } } peers { permanent_uuid: "76c07caed97c4086b18f05bb8c3da702" member_type: VOTER last_known_addr { host: "127.8.134.125" port: 40185 } } peers { permanent_uuid: "5d385ea3e8564bd38fa487bb6f458aaa" member_type: VOTER last_known_addr { host: "127.8.134.124" port: 36961 } }
I20260608 13:02:43.390887  8861 raft_consensus.cc:359] T 00000000000000000000000000000000 P 76c07caed97c4086b18f05bb8c3da702 [term 0 FOLLOWER]: Replica starting. Triggering 0 pending ops. Active config: opid_index: -1 OBSOLETE_local: false peers { permanent_uuid: "65ddf2b8ba814e789b353dd297b26aba" member_type: VOTER last_known_addr { host: "127.8.134.126" port: 35277 } } peers { permanent_uuid: "76c07caed97c4086b18f05bb8c3da702" member_type: VOTER last_known_addr { host: "127.8.134.125" port: 40185 } } peers { permanent_uuid: "5d385ea3e8564bd38fa487bb6f458aaa" member_type: VOTER last_known_addr { host: "127.8.134.124" port: 36961 } }
I20260608 13:02:43.391702  8796 raft_consensus.cc:385] T 00000000000000000000000000000000 P 65ddf2b8ba814e789b353dd297b26aba [term 0 FOLLOWER]: Consensus starting up: Expiring failure detector timer to make a prompt election more likely
I20260608 13:02:43.391803  8926 raft_consensus.cc:385] T 00000000000000000000000000000000 P 5d385ea3e8564bd38fa487bb6f458aaa [term 0 FOLLOWER]: Consensus starting up: Expiring failure detector timer to make a prompt election more likely
I20260608 13:02:43.391850  8861 raft_consensus.cc:385] T 00000000000000000000000000000000 P 76c07caed97c4086b18f05bb8c3da702 [term 0 FOLLOWER]: Consensus starting up: Expiring failure detector timer to make a prompt election more likely
I20260608 13:02:43.391959  8796 raft_consensus.cc:740] T 00000000000000000000000000000000 P 65ddf2b8ba814e789b353dd297b26aba [term 0 FOLLOWER]: Becoming Follower/Learner. State: Replica: 65ddf2b8ba814e789b353dd297b26aba, State: Initialized, Role: FOLLOWER
I20260608 13:02:43.392176  8926 raft_consensus.cc:740] T 00000000000000000000000000000000 P 5d385ea3e8564bd38fa487bb6f458aaa [term 0 FOLLOWER]: Becoming Follower/Learner. State: Replica: 5d385ea3e8564bd38fa487bb6f458aaa, State: Initialized, Role: FOLLOWER
I20260608 13:02:43.392284  8861 raft_consensus.cc:740] T 00000000000000000000000000000000 P 76c07caed97c4086b18f05bb8c3da702 [term 0 FOLLOWER]: Becoming Follower/Learner. State: Replica: 76c07caed97c4086b18f05bb8c3da702, State: Initialized, Role: FOLLOWER
I20260608 13:02:43.392936  8796 consensus_queue.cc:260] T 00000000000000000000000000000000 P 65ddf2b8ba814e789b353dd297b26aba [NON_LEADER]: Queue going to NON_LEADER mode. State: All replicated index: 0, Majority replicated index: 0, Committed index: 0, Last appended: 0.0, Last appended by leader: 0, Current term: 0, Majority size: -1, State: 0, Mode: NON_LEADER, active raft config: opid_index: -1 OBSOLETE_local: false peers { permanent_uuid: "65ddf2b8ba814e789b353dd297b26aba" member_type: VOTER last_known_addr { host: "127.8.134.126" port: 35277 } } peers { permanent_uuid: "76c07caed97c4086b18f05bb8c3da702" member_type: VOTER last_known_addr { host: "127.8.134.125" port: 40185 } } peers { permanent_uuid: "5d385ea3e8564bd38fa487bb6f458aaa" member_type: VOTER last_known_addr { host: "127.8.134.124" port: 36961 } }
I20260608 13:02:43.392982  8926 consensus_queue.cc:260] T 00000000000000000000000000000000 P 5d385ea3e8564bd38fa487bb6f458aaa [NON_LEADER]: Queue going to NON_LEADER mode. State: All replicated index: 0, Majority replicated index: 0, Committed index: 0, Last appended: 0.0, Last appended by leader: 0, Current term: 0, Majority size: -1, State: 0, Mode: NON_LEADER, active raft config: opid_index: -1 OBSOLETE_local: false peers { permanent_uuid: "65ddf2b8ba814e789b353dd297b26aba" member_type: VOTER last_known_addr { host: "127.8.134.126" port: 35277 } } peers { permanent_uuid: "76c07caed97c4086b18f05bb8c3da702" member_type: VOTER last_known_addr { host: "127.8.134.125" port: 40185 } } peers { permanent_uuid: "5d385ea3e8564bd38fa487bb6f458aaa" member_type: VOTER last_known_addr { host: "127.8.134.124" port: 36961 } }
I20260608 13:02:43.392982  8861 consensus_queue.cc:260] T 00000000000000000000000000000000 P 76c07caed97c4086b18f05bb8c3da702 [NON_LEADER]: Queue going to NON_LEADER mode. State: All replicated index: 0, Majority replicated index: 0, Committed index: 0, Last appended: 0.0, Last appended by leader: 0, Current term: 0, Majority size: -1, State: 0, Mode: NON_LEADER, active raft config: opid_index: -1 OBSOLETE_local: false peers { permanent_uuid: "65ddf2b8ba814e789b353dd297b26aba" member_type: VOTER last_known_addr { host: "127.8.134.126" port: 35277 } } peers { permanent_uuid: "76c07caed97c4086b18f05bb8c3da702" member_type: VOTER last_known_addr { host: "127.8.134.125" port: 40185 } } peers { permanent_uuid: "5d385ea3e8564bd38fa487bb6f458aaa" member_type: VOTER last_known_addr { host: "127.8.134.124" port: 36961 } }
I20260608 13:02:43.397526  8935 sys_catalog.cc:455] T 00000000000000000000000000000000 P 76c07caed97c4086b18f05bb8c3da702 [sys.catalog]: SysCatalogTable state changed. Reason: RaftConsensus started. Latest consensus state: current_term: 0 committed_config { opid_index: -1 OBSOLETE_local: false peers { permanent_uuid: "65ddf2b8ba814e789b353dd297b26aba" member_type: VOTER last_known_addr { host: "127.8.134.126" port: 35277 } } peers { permanent_uuid: "76c07caed97c4086b18f05bb8c3da702" member_type: VOTER last_known_addr { host: "127.8.134.125" port: 40185 } } peers { permanent_uuid: "5d385ea3e8564bd38fa487bb6f458aaa" member_type: VOTER last_known_addr { host: "127.8.134.124" port: 36961 } } }
I20260608 13:02:43.398422  8935 sys_catalog.cc:458] T 00000000000000000000000000000000 P 76c07caed97c4086b18f05bb8c3da702 [sys.catalog]: This master's current role is: FOLLOWER
I20260608 13:02:43.399672  8861 sys_catalog.cc:565] T 00000000000000000000000000000000 P 76c07caed97c4086b18f05bb8c3da702 [sys.catalog]: configured and running, proceeding with master startup.
I20260608 13:02:43.400913  8936 sys_catalog.cc:455] T 00000000000000000000000000000000 P 5d385ea3e8564bd38fa487bb6f458aaa [sys.catalog]: SysCatalogTable state changed. Reason: RaftConsensus started. Latest consensus state: current_term: 0 committed_config { opid_index: -1 OBSOLETE_local: false peers { permanent_uuid: "65ddf2b8ba814e789b353dd297b26aba" member_type: VOTER last_known_addr { host: "127.8.134.126" port: 35277 } } peers { permanent_uuid: "76c07caed97c4086b18f05bb8c3da702" member_type: VOTER last_known_addr { host: "127.8.134.125" port: 40185 } } peers { permanent_uuid: "5d385ea3e8564bd38fa487bb6f458aaa" member_type: VOTER last_known_addr { host: "127.8.134.124" port: 36961 } } }
I20260608 13:02:43.401412  8796 sys_catalog.cc:565] T 00000000000000000000000000000000 P 65ddf2b8ba814e789b353dd297b26aba [sys.catalog]: configured and running, proceeding with master startup.
I20260608 13:02:43.401744  8936 sys_catalog.cc:458] T 00000000000000000000000000000000 P 5d385ea3e8564bd38fa487bb6f458aaa [sys.catalog]: This master's current role is: FOLLOWER
I20260608 13:02:43.402310  8926 sys_catalog.cc:565] T 00000000000000000000000000000000 P 5d385ea3e8564bd38fa487bb6f458aaa [sys.catalog]: configured and running, proceeding with master startup.
I20260608 13:02:43.399806  8934 sys_catalog.cc:455] T 00000000000000000000000000000000 P 65ddf2b8ba814e789b353dd297b26aba [sys.catalog]: SysCatalogTable state changed. Reason: RaftConsensus started. Latest consensus state: current_term: 0 committed_config { opid_index: -1 OBSOLETE_local: false peers { permanent_uuid: "65ddf2b8ba814e789b353dd297b26aba" member_type: VOTER last_known_addr { host: "127.8.134.126" port: 35277 } } peers { permanent_uuid: "76c07caed97c4086b18f05bb8c3da702" member_type: VOTER last_known_addr { host: "127.8.134.125" port: 40185 } } peers { permanent_uuid: "5d385ea3e8564bd38fa487bb6f458aaa" member_type: VOTER last_known_addr { host: "127.8.134.124" port: 36961 } } }
I20260608 13:02:43.402949  8934 sys_catalog.cc:458] T 00000000000000000000000000000000 P 65ddf2b8ba814e789b353dd297b26aba [sys.catalog]: This master's current role is: FOLLOWER
I20260608 13:02:43.445508  8729 internal_mini_cluster.cc:184] Waiting to initialize catalog manager on master 1
W20260608 13:02:43.450224  8967 catalog_manager.cc:1593] T 00000000000000000000000000000000 P 65ddf2b8ba814e789b353dd297b26aba: loading cluster ID for follower catalog manager: Not found: cluster ID entry not found
W20260608 13:02:43.450680  8967 catalog_manager.cc:883] Not found: cluster ID entry not found: failed to prepare follower catalog manager, will retry
I20260608 13:02:43.454250  8729 internal_mini_cluster.cc:184] Waiting to initialize catalog manager on master 2
W20260608 13:02:43.455333  8965 catalog_manager.cc:1593] T 00000000000000000000000000000000 P 5d385ea3e8564bd38fa487bb6f458aaa: loading cluster ID for follower catalog manager: Not found: cluster ID entry not found
W20260608 13:02:43.455735  8965 catalog_manager.cc:883] Not found: cluster ID entry not found: failed to prepare follower catalog manager, will retry
I20260608 13:02:43.456640  8729 file_cache.cc:492] Constructed file cache file cache with capacity 419430
W20260608 13:02:43.460098  8970 catalog_manager.cc:1593] T 00000000000000000000000000000000 P 76c07caed97c4086b18f05bb8c3da702: loading cluster ID for follower catalog manager: Not found: cluster ID entry not found
W20260608 13:02:43.460589  8970 catalog_manager.cc:883] Not found: cluster ID entry not found: failed to prepare follower catalog manager, will retry
W20260608 13:02:43.465794  8971 instance_detector.cc:116] could not retrieve AWS instance metadata: Network error: curl error: HTTP response code said error: The requested URL returned error: 404
W20260608 13:02:43.466909  8972 instance_detector.cc:116] could not retrieve Azure instance metadata: Network error: curl error: HTTP response code said error: The requested URL returned error: 404
W20260608 13:02:43.470839  8974 instance_detector.cc:116] could not retrieve OpenStack instance metadata: Network error: curl error: HTTP response code said error: The requested URL returned error: 404
I20260608 13:02:43.470903  8729 server_base.cc:1061] running on GCE node
I20260608 13:02:43.472110  8729 hybrid_clock.cc:584] initializing the hybrid clock with 'system_unsync' time source
W20260608 13:02:43.472397  8729 system_unsync_time.cc:38] NTP support is disabled. Clock error bounds will not be accurate. This configuration is not suitable for distributed clusters.
I20260608 13:02:43.472646  8729 hybrid_clock.cc:648] HybridClock initialized: now 1780923763472626 us; error 0 us; skew 500 ppm
I20260608 13:02:43.473425  8729 server_base.cc:861] Flag tcmalloc_max_total_thread_cache_bytes is not working since tcmalloc is not enabled.
W20260608 13:02:43.475371  8750 tablet.cc:2404] T 00000000000000000000000000000000 P 65ddf2b8ba814e789b353dd297b26aba: Can't schedule compaction. Clean time has not been advanced past its initial value.
I20260608 13:02:43.476747  8729 webserver.cc:533] Webserver started at http://127.8.134.65:33453/ using document root <none> and password file <none>
I20260608 13:02:43.477468  8729 fs_manager.cc:362] Metadata directory not provided
I20260608 13:02:43.477713  8729 fs_manager.cc:368] Using write-ahead log directory (fs_wal_dir) as metadata directory
I20260608 13:02:43.478086  8729 server_base.cc:909] This appears to be a new deployment of Kudu; creating new FS layout
I20260608 13:02:43.479544  8729 fs_manager.cc:1068] Generated new instance metadata in path /tmp/dist-test-taskcoarfU/test-tmp/auto_rebalancer-test.0.AutoRebalancerTest.OnlyLeaderDoesAutoRebalancing.1780923761585502-8729-0/minicluster-data/ts-0-root/instance:
uuid: "0497e56fb2bc4aeca87c3661087e5888"
format_stamp: "Formatted at 2026-06-08 13:02:43 on dist-test-slave-qq0w"
I20260608 13:02:43.485785  8729 fs_manager.cc:696] Time spent creating directory manager: real 0.006s	user 0.002s	sys 0.006s
I20260608 13:02:43.490406  8979 log_block_manager.cc:4031] Time spent loading block containers with low live blocks: real 0.000s	user 0.000s	sys 0.000s
I20260608 13:02:43.491341  8729 fs_manager.cc:730] Time spent opening block manager: real 0.003s	user 0.004s	sys 0.000s
I20260608 13:02:43.491690  8729 fs_manager.cc:647] Opened local filesystem: /tmp/dist-test-taskcoarfU/test-tmp/auto_rebalancer-test.0.AutoRebalancerTest.OnlyLeaderDoesAutoRebalancing.1780923761585502-8729-0/minicluster-data/ts-0-root
uuid: "0497e56fb2bc4aeca87c3661087e5888"
format_stamp: "Formatted at 2026-06-08 13:02:43 on dist-test-slave-qq0w"
I20260608 13:02:43.492045  8729 fs_report.cc:389] FS layout report
--------------------
wal directory: /tmp/dist-test-taskcoarfU/test-tmp/auto_rebalancer-test.0.AutoRebalancerTest.OnlyLeaderDoesAutoRebalancing.1780923761585502-8729-0/minicluster-data/ts-0-root
metadata directory: /tmp/dist-test-taskcoarfU/test-tmp/auto_rebalancer-test.0.AutoRebalancerTest.OnlyLeaderDoesAutoRebalancing.1780923761585502-8729-0/minicluster-data/ts-0-root
1 data directories: /tmp/dist-test-taskcoarfU/test-tmp/auto_rebalancer-test.0.AutoRebalancerTest.OnlyLeaderDoesAutoRebalancing.1780923761585502-8729-0/minicluster-data/ts-0-root/data
Total live blocks: 0
Total live bytes: 0
Total live bytes (after alignment): 0
Total number of LBM containers: 0 (0 full)
Did not check for missing blocks
Did not check for orphaned blocks
Total full LBM containers with extra space: 0 (0 repaired)
Total full LBM container extra space in bytes: 0 (0 repaired)
Total incomplete LBM containers: 0 (0 repaired)
Total LBM partial records: 0 (0 repaired)
Total corrupted LBM metadata records in RocksDB: 0 (0 repaired)
I20260608 13:02:43.520653  8934 raft_consensus.cc:493] T 00000000000000000000000000000000 P 65ddf2b8ba814e789b353dd297b26aba [term 0 FOLLOWER]: Starting pre-election (no leader contacted us within the election timeout)
I20260608 13:02:43.521232  8934 raft_consensus.cc:515] T 00000000000000000000000000000000 P 65ddf2b8ba814e789b353dd297b26aba [term 0 FOLLOWER]: Starting pre-election with config: opid_index: -1 OBSOLETE_local: false peers { permanent_uuid: "65ddf2b8ba814e789b353dd297b26aba" member_type: VOTER last_known_addr { host: "127.8.134.126" port: 35277 } } peers { permanent_uuid: "76c07caed97c4086b18f05bb8c3da702" member_type: VOTER last_known_addr { host: "127.8.134.125" port: 40185 } } peers { permanent_uuid: "5d385ea3e8564bd38fa487bb6f458aaa" member_type: VOTER last_known_addr { host: "127.8.134.124" port: 36961 } }
I20260608 13:02:43.524220  8934 leader_election.cc:290] T 00000000000000000000000000000000 P 65ddf2b8ba814e789b353dd297b26aba [CANDIDATE]: Term 1 pre-election: Requested pre-vote from peers 76c07caed97c4086b18f05bb8c3da702 (127.8.134.125:40185), 5d385ea3e8564bd38fa487bb6f458aaa (127.8.134.124:36961)
I20260608 13:02:43.524726  8836 tablet_service.cc:1917] Received RequestConsensusVote() RPC: tablet_id: "00000000000000000000000000000000" candidate_uuid: "65ddf2b8ba814e789b353dd297b26aba" candidate_term: 1 candidate_status { last_received { term: 0 index: 0 } } ignore_live_leader: false dest_uuid: "76c07caed97c4086b18f05bb8c3da702" is_pre_election: true
I20260608 13:02:43.525607  8836 raft_consensus.cc:2468] T 00000000000000000000000000000000 P 76c07caed97c4086b18f05bb8c3da702 [term 0 FOLLOWER]: Leader pre-election vote request: Granting yes vote for candidate 65ddf2b8ba814e789b353dd297b26aba in term 0.
I20260608 13:02:43.525906  8901 tablet_service.cc:1917] Received RequestConsensusVote() RPC: tablet_id: "00000000000000000000000000000000" candidate_uuid: "65ddf2b8ba814e789b353dd297b26aba" candidate_term: 1 candidate_status { last_received { term: 0 index: 0 } } ignore_live_leader: false dest_uuid: "5d385ea3e8564bd38fa487bb6f458aaa" is_pre_election: true
I20260608 13:02:43.526543  8901 raft_consensus.cc:2468] T 00000000000000000000000000000000 P 5d385ea3e8564bd38fa487bb6f458aaa [term 0 FOLLOWER]: Leader pre-election vote request: Granting yes vote for candidate 65ddf2b8ba814e789b353dd297b26aba in term 0.
I20260608 13:02:43.527282  8746 leader_election.cc:304] T 00000000000000000000000000000000 P 65ddf2b8ba814e789b353dd297b26aba [CANDIDATE]: Term 1 pre-election: Election decided. Result: candidate won. Election summary: received 2 responses out of 3 voters: 2 yes votes; 0 no votes. yes voters: 65ddf2b8ba814e789b353dd297b26aba, 76c07caed97c4086b18f05bb8c3da702; no voters: 
I20260608 13:02:43.528270  8934 raft_consensus.cc:2804] T 00000000000000000000000000000000 P 65ddf2b8ba814e789b353dd297b26aba [term 0 FOLLOWER]: Leader pre-election won for term 1
I20260608 13:02:43.528589  8934 raft_consensus.cc:493] T 00000000000000000000000000000000 P 65ddf2b8ba814e789b353dd297b26aba [term 0 FOLLOWER]: Starting leader election (no leader contacted us within the election timeout)
I20260608 13:02:43.528862  8934 raft_consensus.cc:3060] T 00000000000000000000000000000000 P 65ddf2b8ba814e789b353dd297b26aba [term 0 FOLLOWER]: Advancing to term 1
I20260608 13:02:43.533342  8934 raft_consensus.cc:515] T 00000000000000000000000000000000 P 65ddf2b8ba814e789b353dd297b26aba [term 1 FOLLOWER]: Starting leader election with config: opid_index: -1 OBSOLETE_local: false peers { permanent_uuid: "65ddf2b8ba814e789b353dd297b26aba" member_type: VOTER last_known_addr { host: "127.8.134.126" port: 35277 } } peers { permanent_uuid: "76c07caed97c4086b18f05bb8c3da702" member_type: VOTER last_known_addr { host: "127.8.134.125" port: 40185 } } peers { permanent_uuid: "5d385ea3e8564bd38fa487bb6f458aaa" member_type: VOTER last_known_addr { host: "127.8.134.124" port: 36961 } }
I20260608 13:02:43.533785  8729 rpc_server.cc:225] running with OpenSSL 1.1.1  11 Sep 2018
I20260608 13:02:43.535036  8934 leader_election.cc:290] T 00000000000000000000000000000000 P 65ddf2b8ba814e789b353dd297b26aba [CANDIDATE]: Term 1 election: Requested vote from peers 76c07caed97c4086b18f05bb8c3da702 (127.8.134.125:40185), 5d385ea3e8564bd38fa487bb6f458aaa (127.8.134.124:36961)
I20260608 13:02:43.535511  8729 kserver.cc:163] Server-wide thread pool size limit: 3276
I20260608 13:02:43.535750  8836 tablet_service.cc:1917] Received RequestConsensusVote() RPC: tablet_id: "00000000000000000000000000000000" candidate_uuid: "65ddf2b8ba814e789b353dd297b26aba" candidate_term: 1 candidate_status { last_received { term: 0 index: 0 } } ignore_live_leader: false dest_uuid: "76c07caed97c4086b18f05bb8c3da702"
I20260608 13:02:43.536269  8836 raft_consensus.cc:3060] T 00000000000000000000000000000000 P 76c07caed97c4086b18f05bb8c3da702 [term 0 FOLLOWER]: Advancing to term 1
I20260608 13:02:43.536628  8901 tablet_service.cc:1917] Received RequestConsensusVote() RPC: tablet_id: "00000000000000000000000000000000" candidate_uuid: "65ddf2b8ba814e789b353dd297b26aba" candidate_term: 1 candidate_status { last_received { term: 0 index: 0 } } ignore_live_leader: false dest_uuid: "5d385ea3e8564bd38fa487bb6f458aaa"
I20260608 13:02:43.537128  8901 raft_consensus.cc:3060] T 00000000000000000000000000000000 P 5d385ea3e8564bd38fa487bb6f458aaa [term 0 FOLLOWER]: Advancing to term 1
I20260608 13:02:43.543200  8836 raft_consensus.cc:2468] T 00000000000000000000000000000000 P 76c07caed97c4086b18f05bb8c3da702 [term 1 FOLLOWER]: Leader election vote request: Granting yes vote for candidate 65ddf2b8ba814e789b353dd297b26aba in term 1.
I20260608 13:02:43.544371  8746 leader_election.cc:304] T 00000000000000000000000000000000 P 65ddf2b8ba814e789b353dd297b26aba [CANDIDATE]: Term 1 election: Election decided. Result: candidate won. Election summary: received 2 responses out of 3 voters: 2 yes votes; 0 no votes. yes voters: 65ddf2b8ba814e789b353dd297b26aba, 76c07caed97c4086b18f05bb8c3da702; no voters: 
I20260608 13:02:43.545225  8934 raft_consensus.cc:2804] T 00000000000000000000000000000000 P 65ddf2b8ba814e789b353dd297b26aba [term 1 FOLLOWER]: Leader election won for term 1
I20260608 13:02:43.544531  8901 raft_consensus.cc:2468] T 00000000000000000000000000000000 P 5d385ea3e8564bd38fa487bb6f458aaa [term 1 FOLLOWER]: Leader election vote request: Granting yes vote for candidate 65ddf2b8ba814e789b353dd297b26aba in term 1.
I20260608 13:02:43.546487  8729 txn_system_client.cc:432] TxnSystemClient initialization is disabled...
I20260608 13:02:43.547389  8934 raft_consensus.cc:697] T 00000000000000000000000000000000 P 65ddf2b8ba814e789b353dd297b26aba [term 1 LEADER]: Becoming Leader. State: Replica: 65ddf2b8ba814e789b353dd297b26aba, State: Running, Role: LEADER
I20260608 13:02:43.548449  8934 consensus_queue.cc:237] T 00000000000000000000000000000000 P 65ddf2b8ba814e789b353dd297b26aba [LEADER]: Queue going to LEADER mode. State: All replicated index: 0, Majority replicated index: 0, Committed index: 0, Last appended: 0.0, Last appended by leader: 0, Current term: 1, Majority size: 2, State: 0, Mode: LEADER, active raft config: opid_index: -1 OBSOLETE_local: false peers { permanent_uuid: "65ddf2b8ba814e789b353dd297b26aba" member_type: VOTER last_known_addr { host: "127.8.134.126" port: 35277 } } peers { permanent_uuid: "76c07caed97c4086b18f05bb8c3da702" member_type: VOTER last_known_addr { host: "127.8.134.125" port: 40185 } } peers { permanent_uuid: "5d385ea3e8564bd38fa487bb6f458aaa" member_type: VOTER last_known_addr { host: "127.8.134.124" port: 36961 } }
I20260608 13:02:43.551492  8729 ts_tablet_manager.cc:585] Loaded tablet metadata (0 total tablets, 0 live tablets)
I20260608 13:02:43.551766  8729 ts_tablet_manager.cc:531] Time spent load tablet metadata: real 0.000s	user 0.000s	sys 0.000s
I20260608 13:02:43.552031  8729 ts_tablet_manager.cc:616] Registered 0 tablets
I20260608 13:02:43.552250  8729 ts_tablet_manager.cc:595] Time spent register tablets: real 0.000s	user 0.000s	sys 0.000s
I20260608 13:02:43.562225  8985 sys_catalog.cc:455] T 00000000000000000000000000000000 P 65ddf2b8ba814e789b353dd297b26aba [sys.catalog]: SysCatalogTable state changed. Reason: New leader 65ddf2b8ba814e789b353dd297b26aba. Latest consensus state: current_term: 1 leader_uuid: "65ddf2b8ba814e789b353dd297b26aba" committed_config { opid_index: -1 OBSOLETE_local: false peers { permanent_uuid: "65ddf2b8ba814e789b353dd297b26aba" member_type: VOTER last_known_addr { host: "127.8.134.126" port: 35277 } } peers { permanent_uuid: "76c07caed97c4086b18f05bb8c3da702" member_type: VOTER last_known_addr { host: "127.8.134.125" port: 40185 } } peers { permanent_uuid: "5d385ea3e8564bd38fa487bb6f458aaa" member_type: VOTER last_known_addr { host: "127.8.134.124" port: 36961 } } }
I20260608 13:02:43.563102  8985 sys_catalog.cc:458] T 00000000000000000000000000000000 P 65ddf2b8ba814e789b353dd297b26aba [sys.catalog]: This master's current role is: LEADER
I20260608 13:02:43.567727  8989 catalog_manager.cc:1510] Loading table and tablet metadata into memory...
I20260608 13:02:43.577688  8989 catalog_manager.cc:1519] Initializing Kudu cluster ID...
I20260608 13:02:43.599474  8901 raft_consensus.cc:1275] T 00000000000000000000000000000000 P 5d385ea3e8564bd38fa487bb6f458aaa [term 1 FOLLOWER]: Refusing update from remote peer 65ddf2b8ba814e789b353dd297b26aba: Log matching property violated. Preceding OpId in replica: term: 0 index: 0. Preceding OpId from leader: term: 1 index: 2. (index mismatch)
I20260608 13:02:43.599665  8836 raft_consensus.cc:1275] T 00000000000000000000000000000000 P 76c07caed97c4086b18f05bb8c3da702 [term 1 FOLLOWER]: Refusing update from remote peer 65ddf2b8ba814e789b353dd297b26aba: Log matching property violated. Preceding OpId in replica: term: 0 index: 0. Preceding OpId from leader: term: 1 index: 2. (index mismatch)
I20260608 13:02:43.601433  8985 consensus_queue.cc:1048] T 00000000000000000000000000000000 P 65ddf2b8ba814e789b353dd297b26aba [LEADER]: Connected to new peer: Peer: permanent_uuid: "5d385ea3e8564bd38fa487bb6f458aaa" member_type: VOTER last_known_addr { host: "127.8.134.124" port: 36961 }, Status: LMP_MISMATCH, Last received: 0.0, Next index: 1, Last known committed idx: 0, Time since last communication: 0.000s
I20260608 13:02:43.602167  8934 consensus_queue.cc:1048] T 00000000000000000000000000000000 P 65ddf2b8ba814e789b353dd297b26aba [LEADER]: Connected to new peer: Peer: permanent_uuid: "76c07caed97c4086b18f05bb8c3da702" member_type: VOTER last_known_addr { host: "127.8.134.125" port: 40185 }, Status: LMP_MISMATCH, Last received: 0.0, Next index: 1, Last known committed idx: 0, Time since last communication: 0.000s
I20260608 13:02:43.624383  8935 sys_catalog.cc:455] T 00000000000000000000000000000000 P 76c07caed97c4086b18f05bb8c3da702 [sys.catalog]: SysCatalogTable state changed. Reason: New leader 65ddf2b8ba814e789b353dd297b26aba. Latest consensus state: current_term: 1 leader_uuid: "65ddf2b8ba814e789b353dd297b26aba" committed_config { opid_index: -1 OBSOLETE_local: false peers { permanent_uuid: "65ddf2b8ba814e789b353dd297b26aba" member_type: VOTER last_known_addr { host: "127.8.134.126" port: 35277 } } peers { permanent_uuid: "76c07caed97c4086b18f05bb8c3da702" member_type: VOTER last_known_addr { host: "127.8.134.125" port: 40185 } } peers { permanent_uuid: "5d385ea3e8564bd38fa487bb6f458aaa" member_type: VOTER last_known_addr { host: "127.8.134.124" port: 36961 } } }
I20260608 13:02:43.625226  8935 sys_catalog.cc:458] T 00000000000000000000000000000000 P 76c07caed97c4086b18f05bb8c3da702 [sys.catalog]: This master's current role is: FOLLOWER
I20260608 13:02:43.630195  9002 mvcc.cc:204] Tried to move back new op lower bound from 7294663735680466944 to 7294663735506866176. Current Snapshot: MvccSnapshot[applied={T|T < 7294663735680466944}]
I20260608 13:02:43.645416  8935 sys_catalog.cc:455] T 00000000000000000000000000000000 P 76c07caed97c4086b18f05bb8c3da702 [sys.catalog]: SysCatalogTable state changed. Reason: Replicated consensus-only round. Latest consensus state: current_term: 1 leader_uuid: "65ddf2b8ba814e789b353dd297b26aba" committed_config { opid_index: -1 OBSOLETE_local: false peers { permanent_uuid: "65ddf2b8ba814e789b353dd297b26aba" member_type: VOTER last_known_addr { host: "127.8.134.126" port: 35277 } } peers { permanent_uuid: "76c07caed97c4086b18f05bb8c3da702" member_type: VOTER last_known_addr { host: "127.8.134.125" port: 40185 } } peers { permanent_uuid: "5d385ea3e8564bd38fa487bb6f458aaa" member_type: VOTER last_known_addr { host: "127.8.134.124" port: 36961 } } }
I20260608 13:02:43.646270  8935 sys_catalog.cc:458] T 00000000000000000000000000000000 P 76c07caed97c4086b18f05bb8c3da702 [sys.catalog]: This master's current role is: FOLLOWER
I20260608 13:02:43.652977  8985 sys_catalog.cc:455] T 00000000000000000000000000000000 P 65ddf2b8ba814e789b353dd297b26aba [sys.catalog]: SysCatalogTable state changed. Reason: Peer health change. Latest consensus state: current_term: 1 leader_uuid: "65ddf2b8ba814e789b353dd297b26aba" committed_config { opid_index: -1 OBSOLETE_local: false peers { permanent_uuid: "65ddf2b8ba814e789b353dd297b26aba" member_type: VOTER last_known_addr { host: "127.8.134.126" port: 35277 } } peers { permanent_uuid: "76c07caed97c4086b18f05bb8c3da702" member_type: VOTER last_known_addr { host: "127.8.134.125" port: 40185 } } peers { permanent_uuid: "5d385ea3e8564bd38fa487bb6f458aaa" member_type: VOTER last_known_addr { host: "127.8.134.124" port: 36961 } } }
I20260608 13:02:43.653836  8985 sys_catalog.cc:458] T 00000000000000000000000000000000 P 65ddf2b8ba814e789b353dd297b26aba [sys.catalog]: This master's current role is: LEADER
