I20260608 13:02:42.256832  9974 consensus_queue.cc:260] T 00000000000000000000000000000000 P 753bb0dc7ac6496fb97117553ebf4456 [NON_LEADER]: Queue going to NON_LEADER mode. State: All replicated index: 0, Majority replicated index: 0, Committed index: 0, Last appended: 0.0, Last appended by leader: 0, Current term: 0, Majority size: -1, State: 0, Mode: NON_LEADER, active raft config: opid_index: -1 OBSOLETE_local: false peers { permanent_uuid: "b6d20ab13617453bb9dc5467806d570e" member_type: VOTER last_known_addr { host: "127.8.145.62" port: 40125 } } peers { permanent_uuid: "753bb0dc7ac6496fb97117553ebf4456" member_type: VOTER last_known_addr { host: "127.8.145.61" port: 34955 } } peers { permanent_uuid: "b9c8755314a84cef9dfaee4743c46ed7" member_type: VOTER last_known_addr { host: "127.8.145.60" port: 36511 } }
I20260608 13:02:42.259441 10048 sys_catalog.cc:455] T 00000000000000000000000000000000 P 753bb0dc7ac6496fb97117553ebf4456 [sys.catalog]: SysCatalogTable state changed. Reason: RaftConsensus started. Latest consensus state: current_term: 0 committed_config { opid_index: -1 OBSOLETE_local: false peers { permanent_uuid: "b6d20ab13617453bb9dc5467806d570e" member_type: VOTER last_known_addr { host: "127.8.145.62" port: 40125 } } peers { permanent_uuid: "753bb0dc7ac6496fb97117553ebf4456" member_type: VOTER last_known_addr { host: "127.8.145.61" port: 34955 } } peers { permanent_uuid: "b9c8755314a84cef9dfaee4743c46ed7" member_type: VOTER last_known_addr { host: "127.8.145.60" port: 36511 } } }
I20260608 13:02:42.260216 10048 sys_catalog.cc:458] T 00000000000000000000000000000000 P 753bb0dc7ac6496fb97117553ebf4456 [sys.catalog]: This master's current role is: FOLLOWER
I20260608 13:02:42.260870 10039 tablet_bootstrap.cc:492] T 00000000000000000000000000000000 P b9c8755314a84cef9dfaee4743c46ed7: No bootstrap required, opened a new log
I20260608 13:02:42.260990  9974 sys_catalog.cc:565] T 00000000000000000000000000000000 P 753bb0dc7ac6496fb97117553ebf4456 [sys.catalog]: configured and running, proceeding with master startup.
I20260608 13:02:42.264176 10039 raft_consensus.cc:359] T 00000000000000000000000000000000 P b9c8755314a84cef9dfaee4743c46ed7 [term 0 FOLLOWER]: Replica starting. Triggering 0 pending ops. Active config: opid_index: -1 OBSOLETE_local: false peers { permanent_uuid: "b6d20ab13617453bb9dc5467806d570e" member_type: VOTER last_known_addr { host: "127.8.145.62" port: 40125 } } peers { permanent_uuid: "753bb0dc7ac6496fb97117553ebf4456" member_type: VOTER last_known_addr { host: "127.8.145.61" port: 34955 } } peers { permanent_uuid: "b9c8755314a84cef9dfaee4743c46ed7" member_type: VOTER last_known_addr { host: "127.8.145.60" port: 36511 } }
I20260608 13:02:42.265121 10039 raft_consensus.cc:385] T 00000000000000000000000000000000 P b9c8755314a84cef9dfaee4743c46ed7 [term 0 FOLLOWER]: Consensus starting up: Expiring failure detector timer to make a prompt election more likely
I20260608 13:02:42.265614 10039 raft_consensus.cc:740] T 00000000000000000000000000000000 P b9c8755314a84cef9dfaee4743c46ed7 [term 0 FOLLOWER]: Becoming Follower/Learner. State: Replica: b9c8755314a84cef9dfaee4743c46ed7, State: Initialized, Role: FOLLOWER
I20260608 13:02:42.266594 10039 consensus_queue.cc:260] T 00000000000000000000000000000000 P b9c8755314a84cef9dfaee4743c46ed7 [NON_LEADER]: Queue going to NON_LEADER mode. State: All replicated index: 0, Majority replicated index: 0, Committed index: 0, Last appended: 0.0, Last appended by leader: 0, Current term: 0, Majority size: -1, State: 0, Mode: NON_LEADER, active raft config: opid_index: -1 OBSOLETE_local: false peers { permanent_uuid: "b6d20ab13617453bb9dc5467806d570e" member_type: VOTER last_known_addr { host: "127.8.145.62" port: 40125 } } peers { permanent_uuid: "753bb0dc7ac6496fb97117553ebf4456" member_type: VOTER last_known_addr { host: "127.8.145.61" port: 34955 } } peers { permanent_uuid: "b9c8755314a84cef9dfaee4743c46ed7" member_type: VOTER last_known_addr { host: "127.8.145.60" port: 36511 } }
I20260608 13:02:42.270154 10059 sys_catalog.cc:455] T 00000000000000000000000000000000 P b9c8755314a84cef9dfaee4743c46ed7 [sys.catalog]: SysCatalogTable state changed. Reason: RaftConsensus started. Latest consensus state: current_term: 0 committed_config { opid_index: -1 OBSOLETE_local: false peers { permanent_uuid: "b6d20ab13617453bb9dc5467806d570e" member_type: VOTER last_known_addr { host: "127.8.145.62" port: 40125 } } peers { permanent_uuid: "753bb0dc7ac6496fb97117553ebf4456" member_type: VOTER last_known_addr { host: "127.8.145.61" port: 34955 } } peers { permanent_uuid: "b9c8755314a84cef9dfaee4743c46ed7" member_type: VOTER last_known_addr { host: "127.8.145.60" port: 36511 } } }
I20260608 13:02:42.271133 10059 sys_catalog.cc:458] T 00000000000000000000000000000000 P b9c8755314a84cef9dfaee4743c46ed7 [sys.catalog]: This master's current role is: FOLLOWER
I20260608 13:02:42.271854 10039 sys_catalog.cc:565] T 00000000000000000000000000000000 P b9c8755314a84cef9dfaee4743c46ed7 [sys.catalog]: configured and running, proceeding with master startup.
I20260608 13:02:42.283476  8772 internal_mini_cluster.cc:184] Waiting to initialize catalog manager on master 1
I20260608 13:02:42.286325  8772 internal_mini_cluster.cc:184] Waiting to initialize catalog manager on master 2
W20260608 13:02:42.289397 10074 catalog_manager.cc:1593] T 00000000000000000000000000000000 P b6d20ab13617453bb9dc5467806d570e: loading cluster ID for follower catalog manager: Not found: cluster ID entry not found
W20260608 13:02:42.289844 10074 catalog_manager.cc:883] Not found: cluster ID entry not found: failed to prepare follower catalog manager, will retry
W20260608 13:02:42.291873 10076 catalog_manager.cc:1593] T 00000000000000000000000000000000 P 753bb0dc7ac6496fb97117553ebf4456: loading cluster ID for follower catalog manager: Not found: cluster ID entry not found
W20260608 13:02:42.292196 10076 catalog_manager.cc:883] Not found: cluster ID entry not found: failed to prepare follower catalog manager, will retry
I20260608 13:02:42.293449  8772 file_cache.cc:492] Constructed file cache file cache with capacity 419430
W20260608 13:02:42.295815 10082 catalog_manager.cc:1593] T 00000000000000000000000000000000 P b9c8755314a84cef9dfaee4743c46ed7: loading cluster ID for follower catalog manager: Not found: cluster ID entry not found
W20260608 13:02:42.296159 10082 catalog_manager.cc:883] Not found: cluster ID entry not found: failed to prepare follower catalog manager, will retry
W20260608 13:02:42.300731 10083 instance_detector.cc:116] could not retrieve AWS instance metadata: Network error: curl error: HTTP response code said error: The requested URL returned error: 404
W20260608 13:02:42.302111 10084 instance_detector.cc:116] could not retrieve Azure instance metadata: Network error: curl error: HTTP response code said error: The requested URL returned error: 404
W20260608 13:02:42.303789 10086 instance_detector.cc:116] could not retrieve OpenStack instance metadata: Network error: curl error: HTTP response code said error: The requested URL returned error: 404
I20260608 13:02:42.304303  8772 server_base.cc:1061] running on GCE node
I20260608 13:02:42.305080  8772 hybrid_clock.cc:584] initializing the hybrid clock with 'system_unsync' time source
W20260608 13:02:42.305294  8772 system_unsync_time.cc:38] NTP support is disabled. Clock error bounds will not be accurate. This configuration is not suitable for distributed clusters.
I20260608 13:02:42.305485  8772 hybrid_clock.cc:648] HybridClock initialized: now 1780923762305467 us; error 0 us; skew 500 ppm
I20260608 13:02:42.306071  8772 server_base.cc:861] Flag tcmalloc_max_total_thread_cache_bytes is not working since tcmalloc is not enabled.
I20260608 13:02:42.308743  8772 webserver.cc:533] Webserver started at http://127.8.145.1:39917/ using document root <none> and password file <none>
I20260608 13:02:42.309265  8772 fs_manager.cc:362] Metadata directory not provided
I20260608 13:02:42.309473  8772 fs_manager.cc:368] Using write-ahead log directory (fs_wal_dir) as metadata directory
I20260608 13:02:42.309760  8772 server_base.cc:909] This appears to be a new deployment of Kudu; creating new FS layout
I20260608 13:02:42.310930  8772 fs_manager.cc:1068] Generated new instance metadata in path /tmp/dist-test-taskEcJ5jZ/test-tmp/auto_rebalancer-test.0.AutoRebalancerTest.NextLeaderResumesAutoRebalancing.1780923747552027-8772-0/minicluster-data/ts-0-root/instance:
uuid: "810df3261e1040df8e034e6a5b47cc78"
format_stamp: "Formatted at 2026-06-08 13:02:42 on dist-test-slave-rv2g"
I20260608 13:02:42.315783  8772 fs_manager.cc:696] Time spent creating directory manager: real 0.004s	user 0.002s	sys 0.004s
I20260608 13:02:42.319124 10091 log_block_manager.cc:4031] Time spent loading block containers with low live blocks: real 0.000s	user 0.000s	sys 0.000s
I20260608 13:02:42.319906  8772 fs_manager.cc:730] Time spent opening block manager: real 0.002s	user 0.003s	sys 0.000s
I20260608 13:02:42.320261  8772 fs_manager.cc:647] Opened local filesystem: /tmp/dist-test-taskEcJ5jZ/test-tmp/auto_rebalancer-test.0.AutoRebalancerTest.NextLeaderResumesAutoRebalancing.1780923747552027-8772-0/minicluster-data/ts-0-root
uuid: "810df3261e1040df8e034e6a5b47cc78"
format_stamp: "Formatted at 2026-06-08 13:02:42 on dist-test-slave-rv2g"
I20260608 13:02:42.320580  8772 fs_report.cc:389] FS layout report
--------------------
wal directory: /tmp/dist-test-taskEcJ5jZ/test-tmp/auto_rebalancer-test.0.AutoRebalancerTest.NextLeaderResumesAutoRebalancing.1780923747552027-8772-0/minicluster-data/ts-0-root
metadata directory: /tmp/dist-test-taskEcJ5jZ/test-tmp/auto_rebalancer-test.0.AutoRebalancerTest.NextLeaderResumesAutoRebalancing.1780923747552027-8772-0/minicluster-data/ts-0-root
1 data directories: /tmp/dist-test-taskEcJ5jZ/test-tmp/auto_rebalancer-test.0.AutoRebalancerTest.NextLeaderResumesAutoRebalancing.1780923747552027-8772-0/minicluster-data/ts-0-root/data
Total live blocks: 0
Total live bytes: 0
Total live bytes (after alignment): 0
Total number of LBM containers: 0 (0 full)
Did not check for missing blocks
Did not check for orphaned blocks
Total full LBM containers with extra space: 0 (0 repaired)
Total full LBM container extra space in bytes: 0 (0 repaired)
Total incomplete LBM containers: 0 (0 repaired)
Total LBM partial records: 0 (0 repaired)
Total corrupted LBM metadata records in RocksDB: 0 (0 repaired)
I20260608 13:02:42.333495  8772 rpc_server.cc:225] running with OpenSSL 1.1.1  11 Sep 2018
I20260608 13:02:42.334756  8772 kserver.cc:163] Server-wide thread pool size limit: 3276
I20260608 13:02:42.336524  8772 txn_system_client.cc:432] TxnSystemClient initialization is disabled...
I20260608 13:02:42.338920  8772 ts_tablet_manager.cc:585] Loaded tablet metadata (0 total tablets, 0 live tablets)
I20260608 13:02:42.339098  8772 ts_tablet_manager.cc:531] Time spent load tablet metadata: real 0.000s	user 0.000s	sys 0.000s
I20260608 13:02:42.339318  8772 ts_tablet_manager.cc:616] Registered 0 tablets
I20260608 13:02:42.339454  8772 ts_tablet_manager.cc:595] Time spent register tablets: real 0.000s	user 0.000s	sys 0.000s
I20260608 13:02:42.380625  8772 rpc_server.cc:307] RPC server started. Bound to: 127.8.145.1:40353
I20260608 13:02:42.380733 10153 acceptor_pool.cc:272] collecting diagnostics on the listening RPC socket 127.8.145.1:40353 every 8 connection(s)
I20260608 13:02:42.394249  8772 file_cache.cc:492] Constructed file cache file cache with capacity 419430
I20260608 13:02:42.406154 10155 heartbeater.cc:344] Connected to a master server at 127.8.145.61:34955
I20260608 13:02:42.406507 10156 heartbeater.cc:344] Connected to a master server at 127.8.145.62:40125
I20260608 13:02:42.406713 10155 heartbeater.cc:461] Registering TS with master...
I20260608 13:02:42.406910 10156 heartbeater.cc:461] Registering TS with master...
I20260608 13:02:42.407809 10156 heartbeater.cc:507] Master 127.8.145.62:40125 requested a full tablet report, sending...
I20260608 13:02:42.407824 10155 heartbeater.cc:507] Master 127.8.145.61:34955 requested a full tablet report, sending...
W20260608 13:02:42.408528 10161 instance_detector.cc:116] could not retrieve AWS instance metadata: Network error: curl error: HTTP response code said error: The requested URL returned error: 404
I20260608 13:02:42.411180  9874 ts_manager.cc:194] Registered new tserver with Master: 810df3261e1040df8e034e6a5b47cc78 (127.8.145.1:40353)
I20260608 13:02:42.411715 10154 heartbeater.cc:344] Connected to a master server at 127.8.145.60:36511
I20260608 13:02:42.412163 10154 heartbeater.cc:461] Registering TS with master...
I20260608 13:02:42.413123 10154 heartbeater.cc:507] Master 127.8.145.60:36511 requested a full tablet report, sending...
W20260608 13:02:42.415416 10162 instance_detector.cc:116] could not retrieve Azure instance metadata: Network error: curl error: HTTP response code said error: The requested URL returned error: 404
I20260608 13:02:42.416931 10004 ts_manager.cc:194] Registered new tserver with Master: 810df3261e1040df8e034e6a5b47cc78 (127.8.145.1:40353)
I20260608 13:02:42.411744  9939 ts_manager.cc:194] Registered new tserver with Master: 810df3261e1040df8e034e6a5b47cc78 (127.8.145.1:40353)
I20260608 13:02:42.420607  8772 server_base.cc:1061] running on GCE node
W20260608 13:02:42.421403 10164 instance_detector.cc:116] could not retrieve OpenStack instance metadata: Network error: curl error: HTTP response code said error: The requested URL returned error: 404
I20260608 13:02:42.422282  8772 hybrid_clock.cc:584] initializing the hybrid clock with 'system_unsync' time source
W20260608 13:02:42.422482  8772 system_unsync_time.cc:38] NTP support is disabled. Clock error bounds will not be accurate. This configuration is not suitable for distributed clusters.
I20260608 13:02:42.422708  8772 hybrid_clock.cc:648] HybridClock initialized: now 1780923762422688 us; error 0 us; skew 500 ppm
I20260608 13:02:42.423334  8772 server_base.cc:861] Flag tcmalloc_max_total_thread_cache_bytes is not working since tcmalloc is not enabled.
I20260608 13:02:42.425678  8772 webserver.cc:533] Webserver started at http://127.8.145.2:33449/ using document root <none> and password file <none>
I20260608 13:02:42.426193  8772 fs_manager.cc:362] Metadata directory not provided
I20260608 13:02:42.426412  8772 fs_manager.cc:368] Using write-ahead log directory (fs_wal_dir) as metadata directory
I20260608 13:02:42.426688  8772 server_base.cc:909] This appears to be a new deployment of Kudu; creating new FS layout
I20260608 13:02:42.427846  8772 fs_manager.cc:1068] Generated new instance metadata in path /tmp/dist-test-taskEcJ5jZ/test-tmp/auto_rebalancer-test.0.AutoRebalancerTest.NextLeaderResumesAutoRebalancing.1780923747552027-8772-0/minicluster-data/ts-1-root/instance:
uuid: "9eb8b226fc7e4b5b8ee0180f8ab8cb34"
format_stamp: "Formatted at 2026-06-08 13:02:42 on dist-test-slave-rv2g"
I20260608 13:02:42.432480  8772 fs_manager.cc:696] Time spent creating directory manager: real 0.004s	user 0.002s	sys 0.001s
I20260608 13:02:42.435792 10169 log_block_manager.cc:4031] Time spent loading block containers with low live blocks: real 0.000s	user 0.000s	sys 0.000s
I20260608 13:02:42.436653  8772 fs_manager.cc:730] Time spent opening block manager: real 0.002s	user 0.003s	sys 0.000s
I20260608 13:02:42.437053  8772 fs_manager.cc:647] Opened local filesystem: /tmp/dist-test-taskEcJ5jZ/test-tmp/auto_rebalancer-test.0.AutoRebalancerTest.NextLeaderResumesAutoRebalancing.1780923747552027-8772-0/minicluster-data/ts-1-root
uuid: "9eb8b226fc7e4b5b8ee0180f8ab8cb34"
format_stamp: "Formatted at 2026-06-08 13:02:42 on dist-test-slave-rv2g"
I20260608 13:02:42.437353  8772 fs_report.cc:389] FS layout report
--------------------
wal directory: /tmp/dist-test-taskEcJ5jZ/test-tmp/auto_rebalancer-test.0.AutoRebalancerTest.NextLeaderResumesAutoRebalancing.1780923747552027-8772-0/minicluster-data/ts-1-root
metadata directory: /tmp/dist-test-taskEcJ5jZ/test-tmp/auto_rebalancer-test.0.AutoRebalancerTest.NextLeaderResumesAutoRebalancing.1780923747552027-8772-0/minicluster-data/ts-1-root
1 data directories: /tmp/dist-test-taskEcJ5jZ/test-tmp/auto_rebalancer-test.0.AutoRebalancerTest.NextLeaderResumesAutoRebalancing.1780923747552027-8772-0/minicluster-data/ts-1-root/data
Total live blocks: 0
Total live bytes: 0
Total live bytes (after alignment): 0
Total number of LBM containers: 0 (0 full)
Did not check for missing blocks
Did not check for orphaned blocks
Total full LBM containers with extra space: 0 (0 repaired)
Total full LBM container extra space in bytes: 0 (0 repaired)
Total incomplete LBM containers: 0 (0 repaired)
Total LBM partial records: 0 (0 repaired)
Total corrupted LBM metadata records in RocksDB: 0 (0 repaired)
I20260608 13:02:42.486472  8772 rpc_server.cc:225] running with OpenSSL 1.1.1  11 Sep 2018
I20260608 13:02:42.487766  8772 kserver.cc:163] Server-wide thread pool size limit: 3276
I20260608 13:02:42.489290  8772 txn_system_client.cc:432] TxnSystemClient initialization is disabled...
I20260608 13:02:42.491590  8772 ts_tablet_manager.cc:585] Loaded tablet metadata (0 total tablets, 0 live tablets)
I20260608 13:02:42.491837  8772 ts_tablet_manager.cc:531] Time spent load tablet metadata: real 0.000s	user 0.000s	sys 0.000s
I20260608 13:02:42.492084  8772 ts_tablet_manager.cc:616] Registered 0 tablets
I20260608 13:02:42.492328  8772 ts_tablet_manager.cc:595] Time spent register tablets: real 0.000s	user 0.001s	sys 0.000s
I20260608 13:02:42.533607  8772 rpc_server.cc:307] RPC server started. Bound to: 127.8.145.2:44431
I20260608 13:02:42.533732 10231 acceptor_pool.cc:272] collecting diagnostics on the listening RPC socket 127.8.145.2:44431 every 8 connection(s)
I20260608 13:02:42.555809  8772 file_cache.cc:492] Constructed file cache file cache with capacity 419430
W20260608 13:02:42.565634 10239 instance_detector.cc:116] could not retrieve AWS instance metadata: Network error: curl error: HTTP response code said error: The requested URL returned error: 404
I20260608 13:02:42.566780 10234 heartbeater.cc:344] Connected to a master server at 127.8.145.62:40125
I20260608 13:02:42.567253 10234 heartbeater.cc:461] Registering TS with master...
I20260608 13:02:42.568228 10234 heartbeater.cc:507] Master 127.8.145.62:40125 requested a full tablet report, sending...
I20260608 13:02:42.570051 10232 heartbeater.cc:344] Connected to a master server at 127.8.145.60:36511
I20260608 13:02:42.570510 10232 heartbeater.cc:461] Registering TS with master...
W20260608 13:02:42.570544 10240 instance_detector.cc:116] could not retrieve Azure instance metadata: Network error: curl error: HTTP response code said error: The requested URL returned error: 404
I20260608 13:02:42.571610 10232 heartbeater.cc:507] Master 127.8.145.60:36511 requested a full tablet report, sending...
I20260608 13:02:42.571677  9874 ts_manager.cc:194] Registered new tserver with Master: 9eb8b226fc7e4b5b8ee0180f8ab8cb34 (127.8.145.2:44431)
I20260608 13:02:42.573880 10233 heartbeater.cc:344] Connected to a master server at 127.8.145.61:34955
I20260608 13:02:42.574438 10233 heartbeater.cc:461] Registering TS with master...
I20260608 13:02:42.575577 10233 heartbeater.cc:507] Master 127.8.145.61:34955 requested a full tablet report, sending...
I20260608 13:02:42.576189  8772 server_base.cc:1061] running on GCE node
W20260608 13:02:42.577513 10243 instance_detector.cc:116] could not retrieve OpenStack instance metadata: Network error: curl error: HTTP response code said error: The requested URL returned error: 404
I20260608 13:02:42.577438 10004 ts_manager.cc:194] Registered new tserver with Master: 9eb8b226fc7e4b5b8ee0180f8ab8cb34 (127.8.145.2:44431)
I20260608 13:02:42.578699  9939 ts_manager.cc:194] Registered new tserver with Master: 9eb8b226fc7e4b5b8ee0180f8ab8cb34 (127.8.145.2:44431)
I20260608 13:02:42.578848  8772 hybrid_clock.cc:584] initializing the hybrid clock with 'system_unsync' time source
W20260608 13:02:42.579226  8772 system_unsync_time.cc:38] NTP support is disabled. Clock error bounds will not be accurate. This configuration is not suitable for distributed clusters.
I20260608 13:02:42.579423  8772 hybrid_clock.cc:648] HybridClock initialized: now 1780923762579379 us; error 0 us; skew 500 ppm
I20260608 13:02:42.580241  8772 server_base.cc:861] Flag tcmalloc_max_total_thread_cache_bytes is not working since tcmalloc is not enabled.
I20260608 13:02:42.582566  8772 webserver.cc:533] Webserver started at http://127.8.145.3:46605/ using document root <none> and password file <none>
I20260608 13:02:42.583030  8772 fs_manager.cc:362] Metadata directory not provided
I20260608 13:02:42.583192  8772 fs_manager.cc:368] Using write-ahead log directory (fs_wal_dir) as metadata directory
I20260608 13:02:42.583413  8772 server_base.cc:909] This appears to be a new deployment of Kudu; creating new FS layout
I20260608 13:02:42.584568  8772 fs_manager.cc:1068] Generated new instance metadata in path /tmp/dist-test-taskEcJ5jZ/test-tmp/auto_rebalancer-test.0.AutoRebalancerTest.NextLeaderResumesAutoRebalancing.1780923747552027-8772-0/minicluster-data/ts-2-root/instance:
uuid: "86848d5122db488987d26d062af29f45"
format_stamp: "Formatted at 2026-06-08 13:02:42 on dist-test-slave-rv2g"
I20260608 13:02:42.588992  8772 fs_manager.cc:696] Time spent creating directory manager: real 0.004s	user 0.004s	sys 0.000s
I20260608 13:02:42.592355 10247 log_block_manager.cc:4031] Time spent loading block containers with low live blocks: real 0.000s	user 0.000s	sys 0.000s
I20260608 13:02:42.593139  8772 fs_manager.cc:730] Time spent opening block manager: real 0.002s	user 0.003s	sys 0.000s
I20260608 13:02:42.593408  8772 fs_manager.cc:647] Opened local filesystem: /tmp/dist-test-taskEcJ5jZ/test-tmp/auto_rebalancer-test.0.AutoRebalancerTest.NextLeaderResumesAutoRebalancing.1780923747552027-8772-0/minicluster-data/ts-2-root
uuid: "86848d5122db488987d26d062af29f45"
format_stamp: "Formatted at 2026-06-08 13:02:42 on dist-test-slave-rv2g"
I20260608 13:02:42.593652  8772 fs_report.cc:389] FS layout report
--------------------
wal directory: /tmp/dist-test-taskEcJ5jZ/test-tmp/auto_rebalancer-test.0.AutoRebalancerTest.NextLeaderResumesAutoRebalancing.1780923747552027-8772-0/minicluster-data/ts-2-root
metadata directory: /tmp/dist-test-taskEcJ5jZ/test-tmp/auto_rebalancer-test.0.AutoRebalancerTest.NextLeaderResumesAutoRebalancing.1780923747552027-8772-0/minicluster-data/ts-2-root
1 data directories: /tmp/dist-test-taskEcJ5jZ/test-tmp/auto_rebalancer-test.0.AutoRebalancerTest.NextLeaderResumesAutoRebalancing.1780923747552027-8772-0/minicluster-data/ts-2-root/data
Total live blocks: 0
Total live bytes: 0
Total live bytes (after alignment): 0
Total number of LBM containers: 0 (0 full)
Did not check for missing blocks
Did not check for orphaned blocks
Total full LBM containers with extra space: 0 (0 repaired)
Total full LBM container extra space in bytes: 0 (0 repaired)
Total incomplete LBM containers: 0 (0 repaired)
Total LBM partial records: 0 (0 repaired)
Total corrupted LBM metadata records in RocksDB: 0 (0 repaired)
I20260608 13:02:42.611738  8772 rpc_server.cc:225] running with OpenSSL 1.1.1  11 Sep 2018
I20260608 13:02:42.613106  8772 kserver.cc:163] Server-wide thread pool size limit: 3276
I20260608 13:02:42.614403  8772 txn_system_client.cc:432] TxnSystemClient initialization is disabled...
I20260608 13:02:42.616973  8772 ts_tablet_manager.cc:585] Loaded tablet metadata (0 total tablets, 0 live tablets)
I20260608 13:02:42.617183  8772 ts_tablet_manager.cc:531] Time spent load tablet metadata: real 0.000s	user 0.000s	sys 0.000s
I20260608 13:02:42.617455  8772 ts_tablet_manager.cc:616] Registered 0 tablets
I20260608 13:02:42.617637  8772 ts_tablet_manager.cc:595] Time spent register tablets: real 0.000s	user 0.000s	sys 0.000s
I20260608 13:02:42.619045 10059 raft_consensus.cc:493] T 00000000000000000000000000000000 P b9c8755314a84cef9dfaee4743c46ed7 [term 0 FOLLOWER]: Starting pre-election (no leader contacted us within the election timeout)
I20260608 13:02:42.619612 10059 raft_consensus.cc:515] T 00000000000000000000000000000000 P b9c8755314a84cef9dfaee4743c46ed7 [term 0 FOLLOWER]: Starting pre-election with config: opid_index: -1 OBSOLETE_local: false peers { permanent_uuid: "b6d20ab13617453bb9dc5467806d570e" member_type: VOTER last_known_addr { host: "127.8.145.62" port: 40125 } } peers { permanent_uuid: "753bb0dc7ac6496fb97117553ebf4456" member_type: VOTER last_known_addr { host: "127.8.145.61" port: 34955 } } peers { permanent_uuid: "b9c8755314a84cef9dfaee4743c46ed7" member_type: VOTER last_known_addr { host: "127.8.145.60" port: 36511 } }
I20260608 13:02:42.622609 10059 leader_election.cc:290] T 00000000000000000000000000000000 P b9c8755314a84cef9dfaee4743c46ed7 [CANDIDATE]: Term 1 pre-election: Requested pre-vote from peers b6d20ab13617453bb9dc5467806d570e (127.8.145.62:40125), 753bb0dc7ac6496fb97117553ebf4456 (127.8.145.61:34955)
I20260608 13:02:42.622838  9884 tablet_service.cc:1917] Received RequestConsensusVote() RPC: tablet_id: "00000000000000000000000000000000" candidate_uuid: "b9c8755314a84cef9dfaee4743c46ed7" candidate_term: 1 candidate_status { last_received { term: 0 index: 0 } } ignore_live_leader: false dest_uuid: "b6d20ab13617453bb9dc5467806d570e" is_pre_election: true
I20260608 13:02:42.623291  9949 tablet_service.cc:1917] Received RequestConsensusVote() RPC: tablet_id: "00000000000000000000000000000000" candidate_uuid: "b9c8755314a84cef9dfaee4743c46ed7" candidate_term: 1 candidate_status { last_received { term: 0 index: 0 } } ignore_live_leader: false dest_uuid: "753bb0dc7ac6496fb97117553ebf4456" is_pre_election: true
I20260608 13:02:42.623682  9884 raft_consensus.cc:2468] T 00000000000000000000000000000000 P b6d20ab13617453bb9dc5467806d570e [term 0 FOLLOWER]: Leader pre-election vote request: Granting yes vote for candidate b9c8755314a84cef9dfaee4743c46ed7 in term 0.
I20260608 13:02:42.623927  9949 raft_consensus.cc:2468] T 00000000000000000000000000000000 P 753bb0dc7ac6496fb97117553ebf4456 [term 0 FOLLOWER]: Leader pre-election vote request: Granting yes vote for candidate b9c8755314a84cef9dfaee4743c46ed7 in term 0.
I20260608 13:02:42.625133  9991 leader_election.cc:304] T 00000000000000000000000000000000 P b9c8755314a84cef9dfaee4743c46ed7 [CANDIDATE]: Term 1 pre-election: Election decided. Result: candidate won. Election summary: received 2 responses out of 3 voters: 2 yes votes; 0 no votes. yes voters: b6d20ab13617453bb9dc5467806d570e, b9c8755314a84cef9dfaee4743c46ed7; no voters: 
I20260608 13:02:42.625872 10059 raft_consensus.cc:2804] T 00000000000000000000000000000000 P b9c8755314a84cef9dfaee4743c46ed7 [term 0 FOLLOWER]: Leader pre-election won for term 1
I20260608 13:02:42.626215 10059 raft_consensus.cc:493] T 00000000000000000000000000000000 P b9c8755314a84cef9dfaee4743c46ed7 [term 0 FOLLOWER]: Starting leader election (no leader contacted us within the election timeout)
I20260608 13:02:42.626590 10059 raft_consensus.cc:3060] T 00000000000000000000000000000000 P b9c8755314a84cef9dfaee4743c46ed7 [term 0 FOLLOWER]: Advancing to term 1
I20260608 13:02:42.633122 10059 raft_consensus.cc:515] T 00000000000000000000000000000000 P b9c8755314a84cef9dfaee4743c46ed7 [term 1 FOLLOWER]: Starting leader election with config: opid_index: -1 OBSOLETE_local: false peers { permanent_uuid: "b6d20ab13617453bb9dc5467806d570e" member_type: VOTER last_known_addr { host: "127.8.145.62" port: 40125 } } peers { permanent_uuid: "753bb0dc7ac6496fb97117553ebf4456" member_type: VOTER last_known_addr { host: "127.8.145.61" port: 34955 } } peers { permanent_uuid: "b9c8755314a84cef9dfaee4743c46ed7" member_type: VOTER last_known_addr { host: "127.8.145.60" port: 36511 } }
I20260608 13:02:42.635970 10059 leader_election.cc:290] T 00000000000000000000000000000000 P b9c8755314a84cef9dfaee4743c46ed7 [CANDIDATE]: Term 1 election: Requested vote from peers b6d20ab13617453bb9dc5467806d570e (127.8.145.62:40125), 753bb0dc7ac6496fb97117553ebf4456 (127.8.145.61:34955)
I20260608 13:02:42.636296  9884 tablet_service.cc:1917] Received RequestConsensusVote() RPC: tablet_id: "00000000000000000000000000000000" candidate_uuid: "b9c8755314a84cef9dfaee4743c46ed7" candidate_term: 1 candidate_status { last_received { term: 0 index: 0 } } ignore_live_leader: false dest_uuid: "b6d20ab13617453bb9dc5467806d570e"
I20260608 13:02:42.636440  9949 tablet_service.cc:1917] Received RequestConsensusVote() RPC: tablet_id: "00000000000000000000000000000000" candidate_uuid: "b9c8755314a84cef9dfaee4743c46ed7" candidate_term: 1 candidate_status { last_received { term: 0 index: 0 } } ignore_live_leader: false dest_uuid: "753bb0dc7ac6496fb97117553ebf4456"
I20260608 13:02:42.636993  9884 raft_consensus.cc:3060] T 00000000000000000000000000000000 P b6d20ab13617453bb9dc5467806d570e [term 0 FOLLOWER]: Advancing to term 1
I20260608 13:02:42.637082  9949 raft_consensus.cc:3060] T 00000000000000000000000000000000 P 753bb0dc7ac6496fb97117553ebf4456 [term 0 FOLLOWER]: Advancing to term 1
I20260608 13:02:42.646679  9949 raft_consensus.cc:2468] T 00000000000000000000000000000000 P 753bb0dc7ac6496fb97117553ebf4456 [term 1 FOLLOWER]: Leader election vote request: Granting yes vote for candidate b9c8755314a84cef9dfaee4743c46ed7 in term 1.
I20260608 13:02:42.647600  9884 raft_consensus.cc:2468] T 00000000000000000000000000000000 P b6d20ab13617453bb9dc5467806d570e [term 1 FOLLOWER]: Leader election vote request: Granting yes vote for candidate b9c8755314a84cef9dfaee4743c46ed7 in term 1.
I20260608 13:02:42.648322  9990 leader_election.cc:304] T 00000000000000000000000000000000 P b9c8755314a84cef9dfaee4743c46ed7 [CANDIDATE]: Term 1 election: Election decided. Result: candidate won. Election summary: received 2 responses out of 3 voters: 2 yes votes; 0 no votes. yes voters: 753bb0dc7ac6496fb97117553ebf4456, b9c8755314a84cef9dfaee4743c46ed7; no voters: 
I20260608 13:02:42.649365 10059 raft_consensus.cc:2804] T 00000000000000000000000000000000 P b9c8755314a84cef9dfaee4743c46ed7 [term 1 FOLLOWER]: Leader election won for term 1
I20260608 13:02:42.650859 10059 raft_consensus.cc:697] T 00000000000000000000000000000000 P b9c8755314a84cef9dfaee4743c46ed7 [term 1 LEADER]: Becoming Leader. State: Replica: b9c8755314a84cef9dfaee4743c46ed7, State: Running, Role: LEADER
I20260608 13:02:42.651715 10059 consensus_queue.cc:237] T 00000000000000000000000000000000 P b9c8755314a84cef9dfaee4743c46ed7 [LEADER]: Queue going to LEADER mode. State: All replicated index: 0, Majority replicated index: 0, Committed index: 0, Last appended: 0.0, Last appended by leader: 0, Current term: 1, Majority size: 2, State: 0, Mode: LEADER, active raft config: opid_index: -1 OBSOLETE_local: false peers { permanent_uuid: "b6d20ab13617453bb9dc5467806d570e" member_type: VOTER last_known_addr { host: "127.8.145.62" port: 40125 } } peers { permanent_uuid: "753bb0dc7ac6496fb97117553ebf4456" member_type: VOTER last_known_addr { host: "127.8.145.61" port: 34955 } } peers { permanent_uuid: "b9c8755314a84cef9dfaee4743c46ed7" member_type: VOTER last_known_addr { host: "127.8.145.60" port: 36511 } }
I20260608 13:02:42.658507 10277 sys_catalog.cc:455] T 00000000000000000000000000000000 P b9c8755314a84cef9dfaee4743c46ed7 [sys.catalog]: SysCatalogTable state changed. Reason: New leader b9c8755314a84cef9dfaee4743c46ed7. Latest consensus state: current_term: 1 leader_uuid: "b9c8755314a84cef9dfaee4743c46ed7" committed_config { opid_index: -1 OBSOLETE_local: false peers { permanent_uuid: "b6d20ab13617453bb9dc5467806d570e" member_type: VOTER last_known_addr { host: "127.8.145.62" port: 40125 } } peers { permanent_uuid: "753bb0dc7ac6496fb97117553ebf4456" member_type: VOTER last_known_addr { host: "127.8.145.61" port: 34955 } } peers { permanent_uuid: "b9c8755314a84cef9dfaee4743c46ed7" member_type: VOTER last_known_addr { host: "127.8.145.60" port: 36511 } } }
I20260608 13:02:42.659271 10277 sys_catalog.cc:458] T 00000000000000000000000000000000 P b9c8755314a84cef9dfaee4743c46ed7 [sys.catalog]: This master's current role is: LEADER
I20260608 13:02:42.661207 10288 catalog_manager.cc:1510] Loading table and tablet metadata into memory...
I20260608 13:02:42.666826 10288 catalog_manager.cc:1519] Initializing Kudu cluster ID...
I20260608 13:02:42.677737  9949 raft_consensus.cc:1275] T 00000000000000000000000000000000 P 753bb0dc7ac6496fb97117553ebf4456 [term 1 FOLLOWER]: Refusing update from remote peer b9c8755314a84cef9dfaee4743c46ed7: Log matching property violated. Preceding OpId in replica: term: 0 index: 0. Preceding OpId from leader: term: 1 index: 2. (index mismatch)
I20260608 13:02:42.678049  9884 raft_consensus.cc:1275] T 00000000000000000000000000000000 P b6d20ab13617453bb9dc5467806d570e [term 1 FOLLOWER]: Refusing update from remote peer b9c8755314a84cef9dfaee4743c46ed7: Log matching property violated. Preceding OpId in replica: term: 0 index: 0. Preceding OpId from leader: term: 1 index: 2. (index mismatch)
I20260608 13:02:42.679941 10059 consensus_queue.cc:1048] T 00000000000000000000000000000000 P b9c8755314a84cef9dfaee4743c46ed7 [LEADER]: Connected to new peer: Peer: permanent_uuid: "b6d20ab13617453bb9dc5467806d570e" member_type: VOTER last_known_addr { host: "127.8.145.62" port: 40125 }, Status: LMP_MISMATCH, Last received: 0.0, Next index: 1, Last known committed idx: 0, Time since last communication: 0.000s
I20260608 13:02:42.681388 10059 consensus_queue.cc:1048] T 00000000000000000000000000000000 P b9c8755314a84cef9dfaee4743c46ed7 [LEADER]: Connected to new peer: Peer: permanent_uuid: "753bb0dc7ac6496fb97117553ebf4456" member_type: VOTER last_known_addr { host: "127.8.145.61" port: 34955 }, Status: LMP_MISMATCH, Last received: 0.0, Next index: 1, Last known committed idx: 0, Time since last communication: 0.000s
I20260608 13:02:42.691417 10048 sys_catalog.cc:455] T 00000000000000000000000000000000 P 753bb0dc7ac6496fb97117553ebf4456 [sys.catalog]: SysCatalogTable state changed. Reason: New leader b9c8755314a84cef9dfaee4743c46ed7. Latest consensus state: current_term: 1 leader_uuid: "b9c8755314a84cef9dfaee4743c46ed7" committed_config { opid_index: -1 OBSOLETE_local: false peers { permanent_uuid: "b6d20ab13617453bb9dc5467806d570e" member_type: VOTER last_known_addr { host: "127.8.145.62" port: 40125 } } peers { permanent_uuid: "753bb0dc7ac6496fb97117553ebf4456" member_type: VOTER last_known_addr { host: "127.8.145.61" port: 34955 } } peers { permanent_uuid: "b9c8755314a84cef9dfaee4743c46ed7" member_type: VOTER last_known_addr { host: "127.8.145.60" port: 36511 } } }
I20260608 13:02:42.692340 10048 sys_catalog.cc:458] T 00000000000000000000000000000000 P 753bb0dc7ac6496fb97117553ebf4456 [sys.catalog]: This master's current role is: FOLLOWER
I20260608 13:02:42.701344 10317 acceptor_pool.cc:272] collecting diagnostics on the listening RPC socket 127.8.145.3:38191 every 8 connection(s)
I20260608 13:02:42.705924  8772 rpc_server.cc:307] RPC server started. Bound to: 127.8.145.3:38191
I20260608 13:02:42.701069 10046 sys_catalog.cc:455] T 00000000000000000000000000000000 P b6d20ab13617453bb9dc5467806d570e [sys.catalog]: SysCatalogTable state changed. Reason: New leader b9c8755314a84cef9dfaee4743c46ed7. Latest consensus state: current_term: 1 leader_uuid: "b9c8755314a84cef9dfaee4743c46ed7" committed_config { opid_index: -1 OBSOLETE_local: false peers { permanent_uuid: "b6d20ab13617453bb9dc5467806d570e" member_type: VOTER last_known_addr { host: "127.8.145.62" port: 40125 } } peers { permanent_uuid: "753bb0dc7ac6496fb97117553ebf4456" member_type: VOTER last_known_addr { host: "127.8.145.61" port: 34955 } } peers { permanent_uuid: "b9c8755314a84cef9dfaee4743c46ed7" member_type: VOTER last_known_addr { host: "127.8.145.60" port: 36511 } } }
I20260608 13:02:42.706354 10046 sys_catalog.cc:458] T 00000000000000000000000000000000 P b6d20ab13617453bb9dc5467806d570e [sys.catalog]: This master's current role is: FOLLOWER
I20260608 13:02:42.707366 10277 sys_catalog.cc:455] T 00000000000000000000000000000000 P b9c8755314a84cef9dfaee4743c46ed7 [sys.catalog]: SysCatalogTable state changed. Reason: Peer health change. Latest consensus state: current_term: 1 leader_uuid: "b9c8755314a84cef9dfaee4743c46ed7" committed_config { opid_index: -1 OBSOLETE_local: false peers { permanent_uuid: "b6d20ab13617453bb9dc5467806d570e" member_type: VOTER last_known_addr { host: "127.8.145.62" port: 40125 } } peers { permanent_uuid: "753bb0dc7ac6496fb97117553ebf4456" member_type: VOTER last_known_addr { host: "127.8.145.61" port: 34955 } } peers { permanent_uuid: "b9c8755314a84cef9dfaee4743c46ed7" member_type: VOTER last_known_addr { host: "127.8.145.60" port: 36511 } } }
I20260608 13:02:42.708161 10277 sys_catalog.cc:458] T 00000000000000000000000000000000 P b9c8755314a84cef9dfaee4743c46ed7 [sys.catalog]: This master's current role is: LEADER
I20260608 13:02:42.709216 10288 catalog_manager.cc:1382] Generated new cluster ID: df38da70132e44fb9307c1198fc981da
I20260608 13:02:42.709547 10288 catalog_manager.cc:1530] Initializing Kudu internal certificate authority...
I20260608 13:02:42.713450 10059 sys_catalog.cc:455] T 00000000000000000000000000000000 P b9c8755314a84cef9dfaee4743c46ed7 [sys.catalog]: SysCatalogTable state changed. Reason: Peer health change. Latest consensus state: current_term: 1 leader_uuid: "b9c8755314a84cef9dfaee4743c46ed7" committed_config { opid_index: -1 OBSOLETE_local: false peers { permanent_uuid: "b6d20ab13617453bb9dc5467806d570e" member_type: VOTER last_known_addr { host: "127.8.145.62" port: 40125 } } peers { permanent_uuid: "753bb0dc7ac6496fb97117553ebf4456" member_type: VOTER last_known_addr { host: "127.8.145.61" port: 34955 } } peers { permanent_uuid: "b9c8755314a84cef9dfaee4743c46ed7" member_type: VOTER last_known_addr { host: "127.8.145.60" port: 36511 } } }
I20260608 13:02:42.714236 10059 sys_catalog.cc:458] T 00000000000000000000000000000000 P b9c8755314a84cef9dfaee4743c46ed7 [sys.catalog]: This master's current role is: LEADER
I20260608 13:02:42.755970 10048 sys_catalog.cc:455] T 00000000000000000000000000000000 P 753bb0dc7ac6496fb97117553ebf4456 [sys.catalog]: SysCatalogTable state changed. Reason: Replicated consensus-only round. Latest consensus state: current_term: 1 leader_uuid: "b9c8755314a84cef9dfaee4743c46ed7" committed_config { opid_index: -1 OBSOLETE_local: false peers { permanent_uuid: "b6d20ab13617453bb9dc5467806d570e" member_type: VOTER last_known_addr { host: "127.8.145.62" port: 40125 } } peers { permanent_uuid: "753bb0dc7ac6496fb97117553ebf4456" member_type: VOTER last_known_addr { host: "127.8.145.61" port: 34955 } } peers { permanent_uuid: "b9c8755314a84cef9dfaee4743c46ed7" member_type: VOTER last_known_addr { host: "127.8.145.60" port: 36511 } } }
I20260608 13:02:42.756958 10048 sys_catalog.cc:458] T 00000000000000000000000000000000 P 753bb0dc7ac6496fb97117553ebf4456 [sys.catalog]: This master's current role is: FOLLOWER
I20260608 13:02:42.774850 10046 sys_catalog.cc:455] T 00000000000000000000000000000000 P b6d20ab13617453bb9dc5467806d570e [sys.catalog]: SysCatalogTable state changed. Reason: Replicated consensus-only round. Latest consensus state: current_term: 1 leader_uuid: "b9c8755314a84cef9dfaee4743c46ed7" committed_config { opid_index: -1 OBSOLETE_local: false peers { permanent_uuid: "b6d20ab13617453bb9dc5467806d570e" member_type: VOTER last_known_addr { host: "127.8.145.62" port: 40125 } } peers { permanent_uuid: "753bb0dc7ac6496fb97117553ebf4456" member_type: VOTER last_known_addr { host: "127.8.145.61" port: 34955 } } peers { permanent_uuid: "b9c8755314a84cef9dfaee4743c46ed7" member_type: VOTER last_known_addr { host: "127.8.145.60" port: 36511 } } }
I20260608 13:02:42.775662 10046 sys_catalog.cc:458] T 00000000000000000000000000000000 P b6d20ab13617453bb9dc5467806d570e [sys.catalog]: This master's current role is: FOLLOWER
I20260608 13:02:42.789667 10320 heartbeater.cc:344] Connected to a master server at 127.8.145.60:36511
I20260608 13:02:42.790166 10320 heartbeater.cc:461] Registering TS with master...
I20260608 13:02:42.791049 10320 heartbeater.cc:507] Master 127.8.145.60:36511 requested a full tablet report, sending...
I20260608 13:02:42.793715 10004 ts_manager.cc:194] Registered new tserver with Master: 86848d5122db488987d26d062af29f45 (127.8.145.3:38191)
I20260608 13:02:42.801159 10322 heartbeater.cc:344] Connected to a master server at 127.8.145.61:34955
I20260608 13:02:42.801795 10322 heartbeater.cc:461] Registering TS with master...
I20260608 13:02:42.803004 10288 catalog_manager.cc:1405] Generated new certificate authority record
I20260608 13:02:42.802958 10322 heartbeater.cc:507] Master 127.8.145.61:34955 requested a full tablet report, sending...
I20260608 13:02:42.805856 10288 catalog_manager.cc:1539] Loading token signing keys...
I20260608 13:02:42.809468  9939 ts_manager.cc:194] Registered new tserver with Master: 86848d5122db488987d26d062af29f45 (127.8.145.3:38191)
I20260608 13:02:42.821875 10326 heartbeater.cc:344] Connected to a master server at 127.8.145.62:40125
I20260608 13:02:42.822366 10326 heartbeater.cc:461] Registering TS with master...
I20260608 13:02:42.823263 10326 heartbeater.cc:507] Master 127.8.145.62:40125 requested a full tablet report, sending...
I20260608 13:02:42.825768  9874 ts_manager.cc:194] Registered new tserver with Master: 86848d5122db488987d26d062af29f45 (127.8.145.3:38191)
I20260608 13:02:42.826893  8772 internal_mini_cluster.cc:371] 3 TS(s) registered with all masters after 0.049966715s
I20260608 13:02:42.841452 10288 catalog_manager.cc:6069] T 00000000000000000000000000000000 P b9c8755314a84cef9dfaee4743c46ed7: Generated new TSK 0
I20260608 13:02:42.842304 10288 catalog_manager.cc:1549] Initializing in-progress tserver states...
I20260608 13:02:43.293752 10074 catalog_manager.cc:1294] Loaded cluster ID: df38da70132e44fb9307c1198fc981da
I20260608 13:02:43.294023 10074 catalog_manager.cc:1587] T 00000000000000000000000000000000 P b6d20ab13617453bb9dc5467806d570e: loading cluster ID for follower catalog manager: success
I20260608 13:02:43.296104 10076 catalog_manager.cc:1294] Loaded cluster ID: df38da70132e44fb9307c1198fc981da
I20260608 13:02:43.296452 10076 catalog_manager.cc:1587] T 00000000000000000000000000000000 P 753bb0dc7ac6496fb97117553ebf4456: loading cluster ID for follower catalog manager: success
I20260608 13:02:43.298856 10074 catalog_manager.cc:1609] T 00000000000000000000000000000000 P b6d20ab13617453bb9dc5467806d570e: acquiring CA information for follower catalog manager: success
I20260608 13:02:43.301491 10076 catalog_manager.cc:1609] T 00000000000000000000000000000000 P 753bb0dc7ac6496fb97117553ebf4456: acquiring CA information for follower catalog manager: success
I20260608 13:02:43.302338 10074 catalog_manager.cc:1637] T 00000000000000000000000000000000 P b6d20ab13617453bb9dc5467806d570e: importing token verification keys for follower catalog manager: success; most recent TSK sequence number 0
I20260608 13:02:43.305012 10076 catalog_manager.cc:1637] T 00000000000000000000000000000000 P 753bb0dc7ac6496fb97117553ebf4456: importing token verification keys for follower catalog manager: success; most recent TSK sequence number 0
I20260608 13:02:43.423756 10004 master_service.cc:502] Signed X509 certificate for tserver {username='slave'} at 127.0.0.1:51470
I20260608 13:02:43.582516 10004 master_service.cc:502] Signed X509 certificate for tserver {username='slave'} at 127.0.0.1:51486
I20260608 13:02:43.806061 10004 master_service.cc:502] Signed X509 certificate for tserver {username='slave'} at 127.0.0.1:51488
I20260608 13:02:44.291388 10081 auto_leader_rebalancer.cc:451] All tables' leader rebalancing finished this round
I20260608 13:02:44.426673 10154 heartbeater.cc:499] Master 127.8.145.60:36511 was elected leader, sending a full tablet report...
I20260608 13:02:44.536617 10004 catalog_manager.cc:2282] Servicing CreateTable request from {username='slave'} at 127.0.0.1:51490:
name: "test-workload"
schema {
  columns {
    name: "key"
    type: INT32
    is_key: true
    is_nullable: false
    encoding: AUTO_ENCODING
    compression: DEFAULT_COMPRESSION
    cfile_block_size: 0
    immutable: false
  }
  columns {
    name: "int_val"
    type: INT32
    is_key: false
    is_nullable: false
    encoding: AUTO_ENCODING
    compression: DEFAULT_COMPRESSION
    cfile_block_size: 0
    immutable: false
  }
  columns {
    name: "string_val"
    type: STRING
    is_key: false
    is_nullable: true
    encoding: AUTO_ENCODING
    compression: DEFAULT_COMPRESSION
    cfile_block_size: 0
    immutable: false
  }
}
num_replicas: 1
split_rows_range_bounds {
  rows: "\004\001\000\252\252\252*\004\001\000TUUU""\004\001\000\252\252\252*\004\001\000TUUU"
  indirect_data: """"
}
partition_schema {
  range_schema {
    columns {
      name: "key"
    }
  }
}
I20260608 13:02:44.584913 10232 heartbeater.cc:499] Master 127.8.145.60:36511 was elected leader, sending a full tablet report...
I20260608 13:02:44.610764 10275 tablet_service.cc:1511] Processing CreateTablet for tablet c48e7b49eb2f4a7a96e91fc881ef6922 (DEFAULT_TABLE table=test-workload [id=81755c4c36734dfdb7defdd5a0c979bb]), partition=RANGE (key) PARTITION 715827882 <= VALUES < 1431655764
I20260608 13:02:44.612327 10275 data_dirs.cc:400] Could only allocate 1 dirs of requested 3 for tablet c48e7b49eb2f4a7a96e91fc881ef6922. 1 dirs total, 0 dirs full, 0 dirs failed
I20260608 13:02:44.615319 10197 tablet_service.cc:1511] Processing CreateTablet for tablet 1613ace16a7d47d9be40579c3f95191c (DEFAULT_TABLE table=test-workload [id=81755c4c36734dfdb7defdd5a0c979bb]), partition=RANGE (key) PARTITION VALUES < 715827882
I20260608 13:02:44.616812 10197 data_dirs.cc:400] Could only allocate 1 dirs of requested 3 for tablet 1613ace16a7d47d9be40579c3f95191c. 1 dirs total, 0 dirs full, 0 dirs failed
I20260608 13:02:44.618534 10119 tablet_service.cc:1511] Processing CreateTablet for tablet 6fb595c988b4477f80a0e1c1d05a3df8 (DEFAULT_TABLE table=test-workload [id=81755c4c36734dfdb7defdd5a0c979bb]), partition=RANGE (key) PARTITION 1431655764 <= VALUES
I20260608 13:02:44.619546 10119 data_dirs.cc:400] Could only allocate 1 dirs of requested 3 for tablet 6fb595c988b4477f80a0e1c1d05a3df8. 1 dirs total, 0 dirs full, 0 dirs failed
I20260608 13:02:44.633886 10359 tablet_bootstrap.cc:492] T 6fb595c988b4477f80a0e1c1d05a3df8 P 810df3261e1040df8e034e6a5b47cc78: Bootstrap starting.
I20260608 13:02:44.638406 10358 tablet_bootstrap.cc:492] T c48e7b49eb2f4a7a96e91fc881ef6922 P 86848d5122db488987d26d062af29f45: Bootstrap starting.
I20260608 13:02:44.641075 10359 tablet_bootstrap.cc:654] T 6fb595c988b4477f80a0e1c1d05a3df8 P 810df3261e1040df8e034e6a5b47cc78: Neither blocks nor log segments found. Creating new log.
I20260608 13:02:44.642408 10360 tablet_bootstrap.cc:492] T 1613ace16a7d47d9be40579c3f95191c P 9eb8b226fc7e4b5b8ee0180f8ab8cb34: Bootstrap starting.
I20260608 13:02:44.646343 10358 tablet_bootstrap.cc:654] T c48e7b49eb2f4a7a96e91fc881ef6922 P 86848d5122db488987d26d062af29f45: Neither blocks nor log segments found. Creating new log.
I20260608 13:02:44.647657 10359 tablet_bootstrap.cc:492] T 6fb595c988b4477f80a0e1c1d05a3df8 P 810df3261e1040df8e034e6a5b47cc78: No bootstrap required, opened a new log
I20260608 13:02:44.648203 10359 ts_tablet_manager.cc:1403] T 6fb595c988b4477f80a0e1c1d05a3df8 P 810df3261e1040df8e034e6a5b47cc78: Time spent bootstrapping tablet: real 0.015s	user 0.013s	sys 0.000s
I20260608 13:02:44.649619 10360 tablet_bootstrap.cc:654] T 1613ace16a7d47d9be40579c3f95191c P 9eb8b226fc7e4b5b8ee0180f8ab8cb34: Neither blocks nor log segments found. Creating new log.
I20260608 13:02:44.651453 10359 raft_consensus.cc:359] T 6fb595c988b4477f80a0e1c1d05a3df8 P 810df3261e1040df8e034e6a5b47cc78 [term 0 FOLLOWER]: Replica starting. Triggering 0 pending ops. Active config: opid_index: -1 OBSOLETE_local: true peers { permanent_uuid: "810df3261e1040df8e034e6a5b47cc78" member_type: VOTER last_known_addr { host: "127.8.145.1" port: 40353 } }
I20260608 13:02:44.652115 10358 tablet_bootstrap.cc:492] T c48e7b49eb2f4a7a96e91fc881ef6922 P 86848d5122db488987d26d062af29f45: No bootstrap required, opened a new log
I20260608 13:02:44.652064 10359 raft_consensus.cc:385] T 6fb595c988b4477f80a0e1c1d05a3df8 P 810df3261e1040df8e034e6a5b47cc78 [term 0 FOLLOWER]: Consensus starting up: Expiring failure detector timer to make a prompt election more likely
I20260608 13:02:44.652674 10359 raft_consensus.cc:740] T 6fb595c988b4477f80a0e1c1d05a3df8 P 810df3261e1040df8e034e6a5b47cc78 [term 0 FOLLOWER]: Becoming Follower/Learner. State: Replica: 810df3261e1040df8e034e6a5b47cc78, State: Initialized, Role: FOLLOWER
I20260608 13:02:44.652799 10358 ts_tablet_manager.cc:1403] T c48e7b49eb2f4a7a96e91fc881ef6922 P 86848d5122db488987d26d062af29f45: Time spent bootstrapping tablet: real 0.016s	user 0.014s	sys 0.000s
I20260608 13:02:44.653748 10359 consensus_queue.cc:260] T 6fb595c988b4477f80a0e1c1d05a3df8 P 810df3261e1040df8e034e6a5b47cc78 [NON_LEADER]: Queue going to NON_LEADER mode. State: All replicated index: 0, Majority replicated index: 0, Committed index: 0, Last appended: 0.0, Last appended by leader: 0, Current term: 0, Majority size: -1, State: 0, Mode: NON_LEADER, active raft config: opid_index: -1 OBSOLETE_local: true peers { permanent_uuid: "810df3261e1040df8e034e6a5b47cc78" member_type: VOTER last_known_addr { host: "127.8.145.1" port: 40353 } }
I20260608 13:02:44.654515 10359 raft_consensus.cc:399] T 6fb595c988b4477f80a0e1c1d05a3df8 P 810df3261e1040df8e034e6a5b47cc78 [term 0 FOLLOWER]: Only one voter in the Raft config. Triggering election immediately
I20260608 13:02:44.654892 10359 raft_consensus.cc:493] T 6fb595c988b4477f80a0e1c1d05a3df8 P 810df3261e1040df8e034e6a5b47cc78 [term 0 FOLLOWER]: Starting leader election (initial election of a single-replica configuration)
