I20260608 13:02:29.363435  9873 tablet_service.cc:1917] Received RequestConsensusVote() RPC: tablet_id: "76ce87103ca844219a4b0f4cd3c4c350" candidate_uuid: "6731d1690a714482a699fd8fee91a87d" candidate_term: 1 candidate_status { last_received { term: 0 index: 0 } } ignore_live_leader: false dest_uuid: "3e01b6bf8654473eb92471458b523067" is_pre_election: true
I20260608 13:02:29.363602  9798 tablet_service.cc:1917] Received RequestConsensusVote() RPC: tablet_id: "869902bd4d384c2087449fc1b857f0ef" candidate_uuid: "6cbc4dde9e224843ab83851487230ce4" candidate_term: 1 candidate_status { last_received { term: 0 index: 0 } } ignore_live_leader: false dest_uuid: "6731d1690a714482a699fd8fee91a87d" is_pre_election: true
I20260608 13:02:29.363962  9797 tablet_service.cc:1917] Received RequestConsensusVote() RPC: tablet_id: "5b23b9cfb84a43a8ad2e9db74dc57a9f" candidate_uuid: "6cbc4dde9e224843ab83851487230ce4" candidate_term: 1 candidate_status { last_received { term: 0 index: 0 } } ignore_live_leader: false dest_uuid: "6731d1690a714482a699fd8fee91a87d" is_pre_election: true
I20260608 13:02:29.373459  9999 raft_consensus.cc:2804] T 5038891db18045fa8a59be186b539e9d P 6731d1690a714482a699fd8fee91a87d [term 0 FOLLOWER]: Leader pre-election won for term 1
W20260608 13:02:29.375595  9913 leader_election.cc:343] T 869902bd4d384c2087449fc1b857f0ef P 6cbc4dde9e224843ab83851487230ce4 [CANDIDATE]: Term 1 pre-election: Tablet error from VoteRequest() call to peer 6731d1690a714482a699fd8fee91a87d (127.8.234.193:46175): Illegal state: must be running to vote when last-logged opid is not known
I20260608 13:02:29.375972  9999 raft_consensus.cc:493] T 5038891db18045fa8a59be186b539e9d P 6731d1690a714482a699fd8fee91a87d [term 0 FOLLOWER]: Starting leader election (no leader contacted us within the election timeout)
I20260608 13:02:29.376485  9999 raft_consensus.cc:3060] T 5038891db18045fa8a59be186b539e9d P 6731d1690a714482a699fd8fee91a87d [term 0 FOLLOWER]: Advancing to term 1
I20260608 13:02:29.375715  9796 tablet_service.cc:1917] Received RequestConsensusVote() RPC: tablet_id: "869902bd4d384c2087449fc1b857f0ef" candidate_uuid: "6cbc4dde9e224843ab83851487230ce4" candidate_term: 1 candidate_status { last_received { term: 0 index: 0 } } ignore_live_leader: false dest_uuid: "6731d1690a714482a699fd8fee91a87d"
I20260608 13:02:29.365422  9874 tablet_service.cc:1917] Received RequestConsensusVote() RPC: tablet_id: "5b23b9cfb84a43a8ad2e9db74dc57a9f" candidate_uuid: "6731d1690a714482a699fd8fee91a87d" candidate_term: 1 candidate_status { last_received { term: 0 index: 0 } } ignore_live_leader: false dest_uuid: "3e01b6bf8654473eb92471458b523067" is_pre_election: true
I20260608 13:02:29.365072  9799 tablet_service.cc:1917] Received RequestConsensusVote() RPC: tablet_id: "9ac2e1cb328b49b099c97e6b2d7d8451" candidate_uuid: "3e01b6bf8654473eb92471458b523067" candidate_term: 1 candidate_status { last_received { term: 0 index: 0 } } ignore_live_leader: false dest_uuid: "6731d1690a714482a699fd8fee91a87d"
I20260608 13:02:29.377029  9994 raft_consensus.cc:359] T 76ce87103ca844219a4b0f4cd3c4c350 P 6cbc4dde9e224843ab83851487230ce4 [term 0 FOLLOWER]: Replica starting. Triggering 0 pending ops. Active config: opid_index: -1 OBSOLETE_local: false peers { permanent_uuid: "6731d1690a714482a699fd8fee91a87d" member_type: VOTER last_known_addr { host: "127.8.234.193" port: 46175 } } peers { permanent_uuid: "3e01b6bf8654473eb92471458b523067" member_type: VOTER last_known_addr { host: "127.8.234.194" port: 35809 } } peers { permanent_uuid: "6cbc4dde9e224843ab83851487230ce4" member_type: VOTER last_known_addr { host: "127.8.234.195" port: 45579 } }
W20260608 13:02:29.378583  9913 leader_election.cc:343] T 869902bd4d384c2087449fc1b857f0ef P 6cbc4dde9e224843ab83851487230ce4 [CANDIDATE]: Term 1 election: Tablet error from VoteRequest() call to peer 6731d1690a714482a699fd8fee91a87d (127.8.234.193:46175): Illegal state: must be running to vote when last-logged opid is not known
I20260608 13:02:29.384268  9994 raft_consensus.cc:385] T 76ce87103ca844219a4b0f4cd3c4c350 P 6cbc4dde9e224843ab83851487230ce4 [term 0 FOLLOWER]: Consensus starting up: Expiring failure detector timer to make a prompt election more likely
I20260608 13:02:29.378506  9873 tablet_service.cc:1917] Received RequestConsensusVote() RPC: tablet_id: "5b23b9cfb84a43a8ad2e9db74dc57a9f" candidate_uuid: "6731d1690a714482a699fd8fee91a87d" candidate_term: 1 candidate_status { last_received { term: 0 index: 0 } } ignore_live_leader: false dest_uuid: "3e01b6bf8654473eb92471458b523067"
I20260608 13:02:29.374958  9797 raft_consensus.cc:2393] T 5b23b9cfb84a43a8ad2e9db74dc57a9f P 6731d1690a714482a699fd8fee91a87d [term 1 FOLLOWER]: Leader pre-election vote request: Denying vote to candidate 6cbc4dde9e224843ab83851487230ce4 in current term 1: Already voted for candidate 6731d1690a714482a699fd8fee91a87d in this term.
I20260608 13:02:29.385427  9994 raft_consensus.cc:740] T 76ce87103ca844219a4b0f4cd3c4c350 P 6cbc4dde9e224843ab83851487230ce4 [term 0 FOLLOWER]: Becoming Follower/Learner. State: Replica: 6cbc4dde9e224843ab83851487230ce4, State: Initialized, Role: FOLLOWER
I20260608 13:02:29.383090  9799 raft_consensus.cc:3060] T 9ac2e1cb328b49b099c97e6b2d7d8451 P 6731d1690a714482a699fd8fee91a87d [term 0 FOLLOWER]: Advancing to term 1
I20260608 13:02:29.383630  9872 raft_consensus.cc:2393] T 9ac2e1cb328b49b099c97e6b2d7d8451 P 3e01b6bf8654473eb92471458b523067 [term 1 FOLLOWER]: Leader pre-election vote request: Denying vote to candidate 6731d1690a714482a699fd8fee91a87d in current term 1: Already voted for candidate 3e01b6bf8654473eb92471458b523067 in this term.
W20260608 13:02:29.384502  9764 leader_election.cc:343] T 76ce87103ca844219a4b0f4cd3c4c350 P 6731d1690a714482a699fd8fee91a87d [CANDIDATE]: Term 1 pre-election: Tablet error from VoteRequest() call to peer 3e01b6bf8654473eb92471458b523067 (127.8.234.194:35809): Illegal state: must be running to vote when last-logged opid is not known
I20260608 13:02:29.384436  9871 tablet_service.cc:1917] Received RequestConsensusVote() RPC: tablet_id: "5038891db18045fa8a59be186b539e9d" candidate_uuid: "6731d1690a714482a699fd8fee91a87d" candidate_term: 1 candidate_status { last_received { term: 0 index: 0 } } ignore_live_leader: false dest_uuid: "3e01b6bf8654473eb92471458b523067" is_pre_election: true
I20260608 13:02:29.387228  9995 tablet_bootstrap.cc:492] T 76ce87103ca844219a4b0f4cd3c4c350 P 3e01b6bf8654473eb92471458b523067: No bootstrap required, opened a new log
I20260608 13:02:29.390017  9913 leader_election.cc:304] T 5b23b9cfb84a43a8ad2e9db74dc57a9f P 6cbc4dde9e224843ab83851487230ce4 [CANDIDATE]: Term 1 pre-election: Election decided. Result: candidate lost. Election summary: received 3 responses out of 3 voters: 1 yes votes; 2 no votes. yes voters: 6cbc4dde9e224843ab83851487230ce4; no voters: 3e01b6bf8654473eb92471458b523067, 6731d1690a714482a699fd8fee91a87d
I20260608 13:02:29.391726  9995 ts_tablet_manager.cc:1403] T 76ce87103ca844219a4b0f4cd3c4c350 P 3e01b6bf8654473eb92471458b523067: Time spent bootstrapping tablet: real 0.329s	user 0.097s	sys 0.158s
I20260608 13:02:29.390439 10000 leader_election.cc:290] T 869902bd4d384c2087449fc1b857f0ef P 6cbc4dde9e224843ab83851487230ce4 [CANDIDATE]: Term 1 election: Requested vote from peers 6731d1690a714482a699fd8fee91a87d (127.8.234.193:46175), 3e01b6bf8654473eb92471458b523067 (127.8.234.194:35809)
I20260608 13:02:29.392277  9993 raft_consensus.cc:359] T e0b383cf97ad4239be9bdfef0b77dbc8 P 6731d1690a714482a699fd8fee91a87d [term 0 FOLLOWER]: Replica starting. Triggering 0 pending ops. Active config: opid_index: -1 OBSOLETE_local: false peers { permanent_uuid: "6731d1690a714482a699fd8fee91a87d" member_type: VOTER last_known_addr { host: "127.8.234.193" port: 46175 } } peers { permanent_uuid: "3e01b6bf8654473eb92471458b523067" member_type: VOTER last_known_addr { host: "127.8.234.194" port: 35809 } } peers { permanent_uuid: "6cbc4dde9e224843ab83851487230ce4" member_type: VOTER last_known_addr { host: "127.8.234.195" port: 45579 } }
I20260608 13:02:29.393512  9993 raft_consensus.cc:385] T e0b383cf97ad4239be9bdfef0b77dbc8 P 6731d1690a714482a699fd8fee91a87d [term 0 FOLLOWER]: Consensus starting up: Expiring failure detector timer to make a prompt election more likely
I20260608 13:02:29.393860  9993 raft_consensus.cc:740] T e0b383cf97ad4239be9bdfef0b77dbc8 P 6731d1690a714482a699fd8fee91a87d [term 0 FOLLOWER]: Becoming Follower/Learner. State: Replica: 6731d1690a714482a699fd8fee91a87d, State: Initialized, Role: FOLLOWER
I20260608 13:02:29.394871  9873 tablet_service.cc:1917] Received RequestConsensusVote() RPC: tablet_id: "869902bd4d384c2087449fc1b857f0ef" candidate_uuid: "6cbc4dde9e224843ab83851487230ce4" candidate_term: 1 candidate_status { last_received { term: 0 index: 0 } } ignore_live_leader: false dest_uuid: "3e01b6bf8654473eb92471458b523067"
I20260608 13:02:29.395506  9873 raft_consensus.cc:3060] T 869902bd4d384c2087449fc1b857f0ef P 3e01b6bf8654473eb92471458b523067 [term 0 FOLLOWER]: Advancing to term 1
I20260608 13:02:29.395218  9993 consensus_queue.cc:260] T e0b383cf97ad4239be9bdfef0b77dbc8 P 6731d1690a714482a699fd8fee91a87d [NON_LEADER]: Queue going to NON_LEADER mode. State: All replicated index: 0, Majority replicated index: 0, Committed index: 0, Last appended: 0.0, Last appended by leader: 0, Current term: 0, Majority size: -1, State: 0, Mode: NON_LEADER, active raft config: opid_index: -1 OBSOLETE_local: false peers { permanent_uuid: "6731d1690a714482a699fd8fee91a87d" member_type: VOTER last_known_addr { host: "127.8.234.193" port: 46175 } } peers { permanent_uuid: "3e01b6bf8654473eb92471458b523067" member_type: VOTER last_known_addr { host: "127.8.234.194" port: 35809 } } peers { permanent_uuid: "6cbc4dde9e224843ab83851487230ce4" member_type: VOTER last_known_addr { host: "127.8.234.195" port: 45579 } }
I20260608 13:02:29.398692  9993 ts_tablet_manager.cc:1434] T e0b383cf97ad4239be9bdfef0b77dbc8 P 6731d1690a714482a699fd8fee91a87d: Time spent starting tablet: real 0.028s	user 0.008s	sys 0.000s
I20260608 13:02:29.399437  9799 raft_consensus.cc:2468] T 9ac2e1cb328b49b099c97e6b2d7d8451 P 6731d1690a714482a699fd8fee91a87d [term 1 FOLLOWER]: Leader election vote request: Granting yes vote for candidate 3e01b6bf8654473eb92471458b523067 in term 1.
I20260608 13:02:29.394105  9764 leader_election.cc:304] T 76ce87103ca844219a4b0f4cd3c4c350 P 6731d1690a714482a699fd8fee91a87d [CANDIDATE]: Term 1 pre-election: Election decided. Result: candidate lost. Election summary: received 3 responses out of 3 voters: 1 yes votes; 2 no votes. yes voters: 6731d1690a714482a699fd8fee91a87d; no voters: 3e01b6bf8654473eb92471458b523067, 6cbc4dde9e224843ab83851487230ce4
I20260608 13:02:29.401108  9839 leader_election.cc:304] T 9ac2e1cb328b49b099c97e6b2d7d8451 P 3e01b6bf8654473eb92471458b523067 [CANDIDATE]: Term 1 election: Election decided. Result: candidate won. Election summary: received 2 responses out of 3 voters: 2 yes votes; 0 no votes. yes voters: 3e01b6bf8654473eb92471458b523067, 6731d1690a714482a699fd8fee91a87d; no voters: 
W20260608 13:02:29.402562  9764 leader_election.cc:343] T 5b23b9cfb84a43a8ad2e9db74dc57a9f P 6731d1690a714482a699fd8fee91a87d [CANDIDATE]: Term 1 pre-election: Tablet error from VoteRequest() call to peer 3e01b6bf8654473eb92471458b523067 (127.8.234.194:35809): Illegal state: must be running to vote when last-logged opid is not known
I20260608 13:02:29.402798 10001 raft_consensus.cc:2804] T 9ac2e1cb328b49b099c97e6b2d7d8451 P 3e01b6bf8654473eb92471458b523067 [term 1 FOLLOWER]: Leader election won for term 1
I20260608 13:02:29.404106 10021 raft_consensus.cc:2749] T 76ce87103ca844219a4b0f4cd3c4c350 P 6731d1690a714482a699fd8fee91a87d [term 0 FOLLOWER]: Leader pre-election lost for term 1. Reason: could not achieve majority
W20260608 13:02:29.404013  9764 leader_election.cc:343] T 5b23b9cfb84a43a8ad2e9db74dc57a9f P 6731d1690a714482a699fd8fee91a87d [CANDIDATE]: Term 1 election: Tablet error from VoteRequest() call to peer 3e01b6bf8654473eb92471458b523067 (127.8.234.194:35809): Illegal state: must be running to vote when last-logged opid is not known
W20260608 13:02:29.405555  9764 leader_election.cc:343] T 5038891db18045fa8a59be186b539e9d P 6731d1690a714482a699fd8fee91a87d [CANDIDATE]: Term 1 pre-election: Tablet error from VoteRequest() call to peer 3e01b6bf8654473eb92471458b523067 (127.8.234.194:35809): Illegal state: must be running to vote when last-logged opid is not known
I20260608 13:02:29.405596  9995 raft_consensus.cc:359] T 76ce87103ca844219a4b0f4cd3c4c350 P 3e01b6bf8654473eb92471458b523067 [term 0 FOLLOWER]: Replica starting. Triggering 0 pending ops. Active config: opid_index: -1 OBSOLETE_local: false peers { permanent_uuid: "6731d1690a714482a699fd8fee91a87d" member_type: VOTER last_known_addr { host: "127.8.234.193" port: 46175 } } peers { permanent_uuid: "3e01b6bf8654473eb92471458b523067" member_type: VOTER last_known_addr { host: "127.8.234.194" port: 35809 } } peers { permanent_uuid: "6cbc4dde9e224843ab83851487230ce4" member_type: VOTER last_known_addr { host: "127.8.234.195" port: 45579 } }
I20260608 13:02:29.406491  9995 raft_consensus.cc:385] T 76ce87103ca844219a4b0f4cd3c4c350 P 3e01b6bf8654473eb92471458b523067 [term 0 FOLLOWER]: Consensus starting up: Expiring failure detector timer to make a prompt election more likely
I20260608 13:02:29.406857  9995 raft_consensus.cc:740] T 76ce87103ca844219a4b0f4cd3c4c350 P 3e01b6bf8654473eb92471458b523067 [term 0 FOLLOWER]: Becoming Follower/Learner. State: Replica: 3e01b6bf8654473eb92471458b523067, State: Initialized, Role: FOLLOWER
I20260608 13:02:29.406742  9764 leader_election.cc:304] T 9ac2e1cb328b49b099c97e6b2d7d8451 P 6731d1690a714482a699fd8fee91a87d [CANDIDATE]: Term 1 pre-election: Election decided. Result: candidate lost. Election summary: received 3 responses out of 3 voters: 1 yes votes; 2 no votes. yes voters: 6731d1690a714482a699fd8fee91a87d; no voters: 3e01b6bf8654473eb92471458b523067, 6cbc4dde9e224843ab83851487230ce4
I20260608 13:02:29.407754 10021 raft_consensus.cc:2749] T 9ac2e1cb328b49b099c97e6b2d7d8451 P 6731d1690a714482a699fd8fee91a87d [term 1 FOLLOWER]: Leader pre-election lost for term 1. Reason: could not achieve majority
I20260608 13:02:29.410185  9993 tablet_bootstrap.cc:492] T 869902bd4d384c2087449fc1b857f0ef P 6731d1690a714482a699fd8fee91a87d: Bootstrap starting.
I20260608 13:02:29.414296  9947 tablet_service.cc:1917] Received RequestConsensusVote() RPC: tablet_id: "39cba0ff79b04b43adb5fe2441f8c62b" candidate_uuid: "3e01b6bf8654473eb92471458b523067" candidate_term: 1 candidate_status { last_received { term: 0 index: 0 } } ignore_live_leader: false dest_uuid: "6cbc4dde9e224843ab83851487230ce4" is_pre_election: true
I20260608 13:02:29.416070 10000 raft_consensus.cc:493] T 90325a462d6a4182b1b68809ee5dba7d P 6cbc4dde9e224843ab83851487230ce4 [term 0 FOLLOWER]: Starting pre-election (no leader contacted us within the election timeout)
I20260608 13:02:29.416172  9946 tablet_service.cc:1917] Received RequestConsensusVote() RPC: tablet_id: "9ac2e1cb328b49b099c97e6b2d7d8451" candidate_uuid: "3e01b6bf8654473eb92471458b523067" candidate_term: 1 candidate_status { last_received { term: 0 index: 0 } } ignore_live_leader: false dest_uuid: "6cbc4dde9e224843ab83851487230ce4" is_pre_election: true
I20260608 13:02:29.417193  9945 tablet_service.cc:1917] Received RequestConsensusVote() RPC: tablet_id: "869902bd4d384c2087449fc1b857f0ef" candidate_uuid: "3e01b6bf8654473eb92471458b523067" candidate_term: 1 candidate_status { last_received { term: 0 index: 0 } } ignore_live_leader: false dest_uuid: "6cbc4dde9e224843ab83851487230ce4" is_pre_election: true
I20260608 13:02:29.419648  9944 tablet_service.cc:1917] Received RequestConsensusVote() RPC: tablet_id: "9ac2e1cb328b49b099c97e6b2d7d8451" candidate_uuid: "3e01b6bf8654473eb92471458b523067" candidate_term: 1 candidate_status { last_received { term: 0 index: 0 } } ignore_live_leader: false dest_uuid: "6cbc4dde9e224843ab83851487230ce4"
I20260608 13:02:29.418982 10001 raft_consensus.cc:697] T 9ac2e1cb328b49b099c97e6b2d7d8451 P 3e01b6bf8654473eb92471458b523067 [term 1 LEADER]: Becoming Leader. State: Replica: 3e01b6bf8654473eb92471458b523067, State: Running, Role: LEADER
W20260608 13:02:29.422446  9839 leader_election.cc:343] T 39cba0ff79b04b43adb5fe2441f8c62b P 3e01b6bf8654473eb92471458b523067 [CANDIDATE]: Term 1 pre-election: Tablet error from VoteRequest() call to peer 6cbc4dde9e224843ab83851487230ce4 (127.8.234.195:45579): Illegal state: must be running to vote when last-logged opid is not known
I20260608 13:02:29.422891  9999 raft_consensus.cc:515] T 5038891db18045fa8a59be186b539e9d P 6731d1690a714482a699fd8fee91a87d [term 1 FOLLOWER]: Starting leader election with config: opid_index: -1 OBSOLETE_local: false peers { permanent_uuid: "3e01b6bf8654473eb92471458b523067" member_type: VOTER last_known_addr { host: "127.8.234.194" port: 35809 } } peers { permanent_uuid: "6731d1690a714482a699fd8fee91a87d" member_type: VOTER last_known_addr { host: "127.8.234.193" port: 46175 } } peers { permanent_uuid: "6cbc4dde9e224843ab83851487230ce4" member_type: VOTER last_known_addr { host: "127.8.234.195" port: 45579 } }
I20260608 13:02:29.423206  9839 leader_election.cc:304] T 39cba0ff79b04b43adb5fe2441f8c62b P 3e01b6bf8654473eb92471458b523067 [CANDIDATE]: Term 1 pre-election: Election decided. Result: candidate lost. Election summary: received 3 responses out of 3 voters: 1 yes votes; 2 no votes. yes voters: 3e01b6bf8654473eb92471458b523067; no voters: 6731d1690a714482a699fd8fee91a87d, 6cbc4dde9e224843ab83851487230ce4
I20260608 13:02:29.415025  9948 raft_consensus.cc:2468] T 5b23b9cfb84a43a8ad2e9db74dc57a9f P 6cbc4dde9e224843ab83851487230ce4 [term 1 FOLLOWER]: Leader election vote request: Granting yes vote for candidate 6731d1690a714482a699fd8fee91a87d in term 1.
I20260608 13:02:29.424450  9945 raft_consensus.cc:2393] T 869902bd4d384c2087449fc1b857f0ef P 6cbc4dde9e224843ab83851487230ce4 [term 1 FOLLOWER]: Leader pre-election vote request: Denying vote to candidate 3e01b6bf8654473eb92471458b523067 in current term 1: Already voted for candidate 6cbc4dde9e224843ab83851487230ce4 in this term.
I20260608 13:02:29.400871  9994 consensus_queue.cc:260] T 76ce87103ca844219a4b0f4cd3c4c350 P 6cbc4dde9e224843ab83851487230ce4 [NON_LEADER]: Queue going to NON_LEADER mode. State: All replicated index: 0, Majority replicated index: 0, Committed index: 0, Last appended: 0.0, Last appended by leader: 0, Current term: 0, Majority size: -1, State: 0, Mode: NON_LEADER, active raft config: opid_index: -1 OBSOLETE_local: false peers { permanent_uuid: "6731d1690a714482a699fd8fee91a87d" member_type: VOTER last_known_addr { host: "127.8.234.193" port: 46175 } } peers { permanent_uuid: "3e01b6bf8654473eb92471458b523067" member_type: VOTER last_known_addr { host: "127.8.234.194" port: 35809 } } peers { permanent_uuid: "6cbc4dde9e224843ab83851487230ce4" member_type: VOTER last_known_addr { host: "127.8.234.195" port: 45579 } }
I20260608 13:02:29.408582  9995 consensus_queue.cc:260] T 76ce87103ca844219a4b0f4cd3c4c350 P 3e01b6bf8654473eb92471458b523067 [NON_LEADER]: Queue going to NON_LEADER mode. State: All replicated index: 0, Majority replicated index: 0, Committed index: 0, Last appended: 0.0, Last appended by leader: 0, Current term: 0, Majority size: -1, State: 0, Mode: NON_LEADER, active raft config: opid_index: -1 OBSOLETE_local: false peers { permanent_uuid: "6731d1690a714482a699fd8fee91a87d" member_type: VOTER last_known_addr { host: "127.8.234.193" port: 46175 } } peers { permanent_uuid: "3e01b6bf8654473eb92471458b523067" member_type: VOTER last_known_addr { host: "127.8.234.194" port: 35809 } } peers { permanent_uuid: "6cbc4dde9e224843ab83851487230ce4" member_type: VOTER last_known_addr { host: "127.8.234.195" port: 45579 } }
I20260608 13:02:29.425678 10023 raft_consensus.cc:2749] T 5b23b9cfb84a43a8ad2e9db74dc57a9f P 6cbc4dde9e224843ab83851487230ce4 [term 1 FOLLOWER]: Leader pre-election lost for term 1. Reason: could not achieve majority
I20260608 13:02:29.417034 10000 raft_consensus.cc:515] T 90325a462d6a4182b1b68809ee5dba7d P 6cbc4dde9e224843ab83851487230ce4 [term 0 FOLLOWER]: Starting pre-election with config: opid_index: -1 OBSOLETE_local: false peers { permanent_uuid: "6731d1690a714482a699fd8fee91a87d" member_type: VOTER last_known_addr { host: "127.8.234.193" port: 46175 } } peers { permanent_uuid: "3e01b6bf8654473eb92471458b523067" member_type: VOTER last_known_addr { host: "127.8.234.194" port: 35809 } } peers { permanent_uuid: "6cbc4dde9e224843ab83851487230ce4" member_type: VOTER last_known_addr { host: "127.8.234.195" port: 45579 } }
I20260608 13:02:29.423301 10001 consensus_queue.cc:237] T 9ac2e1cb328b49b099c97e6b2d7d8451 P 3e01b6bf8654473eb92471458b523067 [LEADER]: Queue going to LEADER mode. State: All replicated index: 0, Majority replicated index: 0, Committed index: 0, Last appended: 0.0, Last appended by leader: 0, Current term: 1, Majority size: 2, State: 0, Mode: LEADER, active raft config: opid_index: -1 OBSOLETE_local: false peers { permanent_uuid: "6731d1690a714482a699fd8fee91a87d" member_type: VOTER last_known_addr { host: "127.8.234.193" port: 46175 } } peers { permanent_uuid: "3e01b6bf8654473eb92471458b523067" member_type: VOTER last_known_addr { host: "127.8.234.194" port: 35809 } } peers { permanent_uuid: "6cbc4dde9e224843ab83851487230ce4" member_type: VOTER last_known_addr { host: "127.8.234.195" port: 45579 } }
I20260608 13:02:29.436074  9764 leader_election.cc:304] T 5b23b9cfb84a43a8ad2e9db74dc57a9f P 6731d1690a714482a699fd8fee91a87d [CANDIDATE]: Term 1 election: Election decided. Result: candidate won. Election summary: received 3 responses out of 3 voters: 2 yes votes; 1 no votes. yes voters: 6731d1690a714482a699fd8fee91a87d, 6cbc4dde9e224843ab83851487230ce4; no voters: 3e01b6bf8654473eb92471458b523067
I20260608 13:02:29.437454 10021 raft_consensus.cc:2804] T 5b23b9cfb84a43a8ad2e9db74dc57a9f P 6731d1690a714482a699fd8fee91a87d [term 1 FOLLOWER]: Leader election won for term 1
I20260608 13:02:29.437621  9873 raft_consensus.cc:2468] T 869902bd4d384c2087449fc1b857f0ef P 3e01b6bf8654473eb92471458b523067 [term 1 FOLLOWER]: Leader election vote request: Granting yes vote for candidate 6cbc4dde9e224843ab83851487230ce4 in term 1.
I20260608 13:02:29.437915  9799 tablet_service.cc:1917] Received RequestConsensusVote() RPC: tablet_id: "90325a462d6a4182b1b68809ee5dba7d" candidate_uuid: "6cbc4dde9e224843ab83851487230ce4" candidate_term: 1 candidate_status { last_received { term: 0 index: 0 } } ignore_live_leader: false dest_uuid: "6731d1690a714482a699fd8fee91a87d" is_pre_election: true
W20260608 13:02:29.443459  9839 leader_election.cc:343] T 9ac2e1cb328b49b099c97e6b2d7d8451 P 3e01b6bf8654473eb92471458b523067 [CANDIDATE]: Term 1 election: Tablet error from VoteRequest() call to peer 6cbc4dde9e224843ab83851487230ce4 (127.8.234.195:45579): Illegal state: must be running to vote when last-logged opid is not known
W20260608 13:02:29.444422  9839 leader_election.cc:343] T 9ac2e1cb328b49b099c97e6b2d7d8451 P 3e01b6bf8654473eb92471458b523067 [CANDIDATE]: Term 1 pre-election: Tablet error from VoteRequest() call to peer 6cbc4dde9e224843ab83851487230ce4 (127.8.234.195:45579): Illegal state: must be running to vote when last-logged opid is not known
I20260608 13:02:29.446061  9913 leader_election.cc:304] T 869902bd4d384c2087449fc1b857f0ef P 6cbc4dde9e224843ab83851487230ce4 [CANDIDATE]: Term 1 election: Election decided. Result: candidate won. Election summary: received 3 responses out of 3 voters: 2 yes votes; 1 no votes. yes voters: 3e01b6bf8654473eb92471458b523067, 6cbc4dde9e224843ab83851487230ce4; no voters: 6731d1690a714482a699fd8fee91a87d
I20260608 13:02:29.447373  9839 leader_election.cc:304] T 869902bd4d384c2087449fc1b857f0ef P 3e01b6bf8654473eb92471458b523067 [CANDIDATE]: Term 1 pre-election: Election decided. Result: candidate lost. Election summary: received 3 responses out of 3 voters: 1 yes votes; 2 no votes. yes voters: 3e01b6bf8654473eb92471458b523067; no voters: 6731d1690a714482a699fd8fee91a87d, 6cbc4dde9e224843ab83851487230ce4
I20260608 13:02:29.439715 10000 leader_election.cc:290] T 90325a462d6a4182b1b68809ee5dba7d P 6cbc4dde9e224843ab83851487230ce4 [CANDIDATE]: Term 1 pre-election: Requested pre-vote from peers 6731d1690a714482a699fd8fee91a87d (127.8.234.193:46175), 3e01b6bf8654473eb92471458b523067 (127.8.234.194:35809)
I20260608 13:02:29.449407 10023 raft_consensus.cc:2804] T 869902bd4d384c2087449fc1b857f0ef P 6cbc4dde9e224843ab83851487230ce4 [term 1 FOLLOWER]: Leader election won for term 1
I20260608 13:02:29.445559 10021 raft_consensus.cc:697] T 5b23b9cfb84a43a8ad2e9db74dc57a9f P 6731d1690a714482a699fd8fee91a87d [term 1 LEADER]: Becoming Leader. State: Replica: 6731d1690a714482a699fd8fee91a87d, State: Running, Role: LEADER
W20260608 13:02:29.451211  9913 leader_election.cc:343] T 90325a462d6a4182b1b68809ee5dba7d P 6cbc4dde9e224843ab83851487230ce4 [CANDIDATE]: Term 1 pre-election: Tablet error from VoteRequest() call to peer 6731d1690a714482a699fd8fee91a87d (127.8.234.193:46175): Illegal state: must be running to vote when last-logged opid is not known
I20260608 13:02:29.452478 10023 raft_consensus.cc:697] T 869902bd4d384c2087449fc1b857f0ef P 6cbc4dde9e224843ab83851487230ce4 [term 1 LEADER]: Becoming Leader. State: Replica: 6cbc4dde9e224843ab83851487230ce4, State: Running, Role: LEADER
I20260608 13:02:29.452623 10001 raft_consensus.cc:2749] T 39cba0ff79b04b43adb5fe2441f8c62b P 3e01b6bf8654473eb92471458b523067 [term 0 FOLLOWER]: Leader pre-election lost for term 1. Reason: could not achieve majority
I20260608 13:02:29.458491 10001 raft_consensus.cc:2749] T 869902bd4d384c2087449fc1b857f0ef P 3e01b6bf8654473eb92471458b523067 [term 1 FOLLOWER]: Leader pre-election lost for term 1. Reason: could not achieve majority
I20260608 13:02:29.460374  9994 ts_tablet_manager.cc:1434] T 76ce87103ca844219a4b0f4cd3c4c350 P 6cbc4dde9e224843ab83851487230ce4: Time spent starting tablet: real 0.100s	user 0.011s	sys 0.001s
I20260608 13:02:29.452243 10021 consensus_queue.cc:237] T 5b23b9cfb84a43a8ad2e9db74dc57a9f P 6731d1690a714482a699fd8fee91a87d [LEADER]: Queue going to LEADER mode. State: All replicated index: 0, Majority replicated index: 0, Committed index: 0, Last appended: 0.0, Last appended by leader: 0, Current term: 1, Majority size: 2, State: 0, Mode: LEADER, active raft config: opid_index: -1 OBSOLETE_local: false peers { permanent_uuid: "6731d1690a714482a699fd8fee91a87d" member_type: VOTER last_known_addr { host: "127.8.234.193" port: 46175 } } peers { permanent_uuid: "3e01b6bf8654473eb92471458b523067" member_type: VOTER last_known_addr { host: "127.8.234.194" port: 35809 } } peers { permanent_uuid: "6cbc4dde9e224843ab83851487230ce4" member_type: VOTER last_known_addr { host: "127.8.234.195" port: 45579 } }
I20260608 13:02:29.458696  9999 leader_election.cc:290] T 5038891db18045fa8a59be186b539e9d P 6731d1690a714482a699fd8fee91a87d [CANDIDATE]: Term 1 election: Requested vote from peers 3e01b6bf8654473eb92471458b523067 (127.8.234.194:35809), 6cbc4dde9e224843ab83851487230ce4 (127.8.234.195:45579)
I20260608 13:02:29.462839  9994 tablet_bootstrap.cc:492] T 9ac2e1cb328b49b099c97e6b2d7d8451 P 6cbc4dde9e224843ab83851487230ce4: Bootstrap starting.
I20260608 13:02:29.462677  9995 ts_tablet_manager.cc:1434] T 76ce87103ca844219a4b0f4cd3c4c350 P 3e01b6bf8654473eb92471458b523067: Time spent starting tablet: real 0.070s	user 0.012s	sys 0.003s
I20260608 13:02:29.461428  9873 tablet_service.cc:1917] Received RequestConsensusVote() RPC: tablet_id: "90325a462d6a4182b1b68809ee5dba7d" candidate_uuid: "6cbc4dde9e224843ab83851487230ce4" candidate_term: 1 candidate_status { last_received { term: 0 index: 0 } } ignore_live_leader: false dest_uuid: "3e01b6bf8654473eb92471458b523067" is_pre_election: true
I20260608 13:02:29.474152 10000 raft_consensus.cc:493] T e0b383cf97ad4239be9bdfef0b77dbc8 P 6cbc4dde9e224843ab83851487230ce4 [term 0 FOLLOWER]: Starting pre-election (no leader contacted us within the election timeout)
I20260608 13:02:29.463120  9948 tablet_service.cc:1917] Received RequestConsensusVote() RPC: tablet_id: "5038891db18045fa8a59be186b539e9d" candidate_uuid: "6731d1690a714482a699fd8fee91a87d" candidate_term: 1 candidate_status { last_received { term: 0 index: 0 } } ignore_live_leader: false dest_uuid: "6cbc4dde9e224843ab83851487230ce4"
I20260608 13:02:29.473124  9693 catalog_manager.cc:5696] T 9ac2e1cb328b49b099c97e6b2d7d8451 P 3e01b6bf8654473eb92471458b523067 reported cstate change: term changed from 0 to 1, leader changed from <none> to 3e01b6bf8654473eb92471458b523067 (127.8.234.194). New cstate: current_term: 1 leader_uuid: "3e01b6bf8654473eb92471458b523067" committed_config { opid_index: -1 OBSOLETE_local: false peers { permanent_uuid: "6731d1690a714482a699fd8fee91a87d" member_type: VOTER last_known_addr { host: "127.8.234.193" port: 46175 } health_report { overall_health: UNKNOWN } } peers { permanent_uuid: "3e01b6bf8654473eb92471458b523067" member_type: VOTER last_known_addr { host: "127.8.234.194" port: 35809 } health_report { overall_health: HEALTHY } } peers { permanent_uuid: "6cbc4dde9e224843ab83851487230ce4" member_type: VOTER last_known_addr { host: "127.8.234.195" port: 45579 } health_report { overall_health: UNKNOWN } } }
I20260608 13:02:29.475708 10000 raft_consensus.cc:515] T e0b383cf97ad4239be9bdfef0b77dbc8 P 6cbc4dde9e224843ab83851487230ce4 [term 0 FOLLOWER]: Starting pre-election with config: opid_index: -1 OBSOLETE_local: false peers { permanent_uuid: "6731d1690a714482a699fd8fee91a87d" member_type: VOTER last_known_addr { host: "127.8.234.193" port: 46175 } } peers { permanent_uuid: "3e01b6bf8654473eb92471458b523067" member_type: VOTER last_known_addr { host: "127.8.234.194" port: 35809 } } peers { permanent_uuid: "6cbc4dde9e224843ab83851487230ce4" member_type: VOTER last_known_addr { host: "127.8.234.195" port: 45579 } }
I20260608 13:02:29.476732  9995 tablet_bootstrap.cc:492] T 5b23b9cfb84a43a8ad2e9db74dc57a9f P 3e01b6bf8654473eb92471458b523067: Bootstrap starting.
I20260608 13:02:29.478386 10000 leader_election.cc:290] T e0b383cf97ad4239be9bdfef0b77dbc8 P 6cbc4dde9e224843ab83851487230ce4 [CANDIDATE]: Term 1 pre-election: Requested pre-vote from peers 6731d1690a714482a699fd8fee91a87d (127.8.234.193:46175), 3e01b6bf8654473eb92471458b523067 (127.8.234.194:35809)
I20260608 13:02:29.479997  9799 tablet_service.cc:1917] Received RequestConsensusVote() RPC: tablet_id: "e0b383cf97ad4239be9bdfef0b77dbc8" candidate_uuid: "6cbc4dde9e224843ab83851487230ce4" candidate_term: 1 candidate_status { last_received { term: 0 index: 0 } } ignore_live_leader: false dest_uuid: "6731d1690a714482a699fd8fee91a87d" is_pre_election: true
I20260608 13:02:29.480711  9872 tablet_service.cc:1917] Received RequestConsensusVote() RPC: tablet_id: "e0b383cf97ad4239be9bdfef0b77dbc8" candidate_uuid: "6cbc4dde9e224843ab83851487230ce4" candidate_term: 1 candidate_status { last_received { term: 0 index: 0 } } ignore_live_leader: false dest_uuid: "3e01b6bf8654473eb92471458b523067" is_pre_election: true
I20260608 13:02:29.481809  9948 raft_consensus.cc:3060] T 5038891db18045fa8a59be186b539e9d P 6cbc4dde9e224843ab83851487230ce4 [term 0 FOLLOWER]: Advancing to term 1
I20260608 13:02:29.481897  9871 tablet_service.cc:1917] Received RequestConsensusVote() RPC: tablet_id: "5038891db18045fa8a59be186b539e9d" candidate_uuid: "6731d1690a714482a699fd8fee91a87d" candidate_term: 1 candidate_status { last_received { term: 0 index: 0 } } ignore_live_leader: false dest_uuid: "3e01b6bf8654473eb92471458b523067"
I20260608 13:02:29.481120  9799 raft_consensus.cc:2468] T e0b383cf97ad4239be9bdfef0b77dbc8 P 6731d1690a714482a699fd8fee91a87d [term 0 FOLLOWER]: Leader pre-election vote request: Granting yes vote for candidate 6cbc4dde9e224843ab83851487230ce4 in term 0.
W20260608 13:02:29.483160  9913 leader_election.cc:343] T 90325a462d6a4182b1b68809ee5dba7d P 6cbc4dde9e224843ab83851487230ce4 [CANDIDATE]: Term 1 pre-election: Tablet error from VoteRequest() call to peer 3e01b6bf8654473eb92471458b523067 (127.8.234.194:35809): Illegal state: must be running to vote when last-logged opid is not known
W20260608 13:02:29.484117  9764 leader_election.cc:343] T 5038891db18045fa8a59be186b539e9d P 6731d1690a714482a699fd8fee91a87d [CANDIDATE]: Term 1 election: Tablet error from VoteRequest() call to peer 3e01b6bf8654473eb92471458b523067 (127.8.234.194:35809): Illegal state: must be running to vote when last-logged opid is not known
I20260608 13:02:29.483825  9913 leader_election.cc:304] T 90325a462d6a4182b1b68809ee5dba7d P 6cbc4dde9e224843ab83851487230ce4 [CANDIDATE]: Term 1 pre-election: Election decided. Result: candidate lost. Election summary: received 3 responses out of 3 voters: 1 yes votes; 2 no votes. yes voters: 6cbc4dde9e224843ab83851487230ce4; no voters: 3e01b6bf8654473eb92471458b523067, 6731d1690a714482a699fd8fee91a87d
I20260608 13:02:29.485095  9993 tablet_bootstrap.cc:654] T 869902bd4d384c2087449fc1b857f0ef P 6731d1690a714482a699fd8fee91a87d: Neither blocks nor log segments found. Creating new log.
W20260608 13:02:29.486024  9913 leader_election.cc:343] T e0b383cf97ad4239be9bdfef0b77dbc8 P 6cbc4dde9e224843ab83851487230ce4 [CANDIDATE]: Term 1 pre-election: Tablet error from VoteRequest() call to peer 3e01b6bf8654473eb92471458b523067 (127.8.234.194:35809): Illegal state: must be running to vote when last-logged opid is not known
I20260608 13:02:29.488222  9913 leader_election.cc:304] T e0b383cf97ad4239be9bdfef0b77dbc8 P 6cbc4dde9e224843ab83851487230ce4 [CANDIDATE]: Term 1 pre-election: Election decided. Result: candidate won. Election summary: received 3 responses out of 3 voters: 2 yes votes; 1 no votes. yes voters: 6731d1690a714482a699fd8fee91a87d, 6cbc4dde9e224843ab83851487230ce4; no voters: 3e01b6bf8654473eb92471458b523067
I20260608 13:02:29.490273 10000 raft_consensus.cc:2804] T e0b383cf97ad4239be9bdfef0b77dbc8 P 6cbc4dde9e224843ab83851487230ce4 [term 0 FOLLOWER]: Leader pre-election won for term 1
I20260608 13:02:29.490782 10000 raft_consensus.cc:493] T e0b383cf97ad4239be9bdfef0b77dbc8 P 6cbc4dde9e224843ab83851487230ce4 [term 0 FOLLOWER]: Starting leader election (no leader contacted us within the election timeout)
I20260608 13:02:29.491237 10000 raft_consensus.cc:3060] T e0b383cf97ad4239be9bdfef0b77dbc8 P 6cbc4dde9e224843ab83851487230ce4 [term 0 FOLLOWER]: Advancing to term 1
I20260608 13:02:29.494120 10031 raft_consensus.cc:2749] T 90325a462d6a4182b1b68809ee5dba7d P 6cbc4dde9e224843ab83851487230ce4 [term 0 FOLLOWER]: Leader pre-election lost for term 1. Reason: could not achieve majority
I20260608 13:02:29.480801 10023 consensus_queue.cc:237] T 869902bd4d384c2087449fc1b857f0ef P 6cbc4dde9e224843ab83851487230ce4 [LEADER]: Queue going to LEADER mode. State: All replicated index: 0, Majority replicated index: 0, Committed index: 0, Last appended: 0.0, Last appended by leader: 0, Current term: 1, Majority size: 2, State: 0, Mode: LEADER, active raft config: opid_index: -1 OBSOLETE_local: false peers { permanent_uuid: "6731d1690a714482a699fd8fee91a87d" member_type: VOTER last_known_addr { host: "127.8.234.193" port: 46175 } } peers { permanent_uuid: "3e01b6bf8654473eb92471458b523067" member_type: VOTER last_known_addr { host: "127.8.234.194" port: 35809 } } peers { permanent_uuid: "6cbc4dde9e224843ab83851487230ce4" member_type: VOTER last_known_addr { host: "127.8.234.195" port: 45579 } }
I20260608 13:02:29.502707  9995 tablet_bootstrap.cc:654] T 5b23b9cfb84a43a8ad2e9db74dc57a9f P 3e01b6bf8654473eb92471458b523067: Neither blocks nor log segments found. Creating new log.
I20260608 13:02:29.503104  9948 raft_consensus.cc:2468] T 5038891db18045fa8a59be186b539e9d P 6cbc4dde9e224843ab83851487230ce4 [term 1 FOLLOWER]: Leader election vote request: Granting yes vote for candidate 6731d1690a714482a699fd8fee91a87d in term 1.
I20260608 13:02:29.504801  9764 leader_election.cc:304] T 5038891db18045fa8a59be186b539e9d P 6731d1690a714482a699fd8fee91a87d [CANDIDATE]: Term 1 election: Election decided. Result: candidate won. Election summary: received 3 responses out of 3 voters: 2 yes votes; 1 no votes. yes voters: 6731d1690a714482a699fd8fee91a87d, 6cbc4dde9e224843ab83851487230ce4; no voters: 3e01b6bf8654473eb92471458b523067
I20260608 13:02:29.504515  9697 catalog_manager.cc:5696] T 5b23b9cfb84a43a8ad2e9db74dc57a9f P 6731d1690a714482a699fd8fee91a87d reported cstate change: term changed from 0 to 1, leader changed from <none> to 6731d1690a714482a699fd8fee91a87d (127.8.234.193). New cstate: current_term: 1 leader_uuid: "6731d1690a714482a699fd8fee91a87d" committed_config { opid_index: -1 OBSOLETE_local: false peers { permanent_uuid: "6731d1690a714482a699fd8fee91a87d" member_type: VOTER last_known_addr { host: "127.8.234.193" port: 46175 } health_report { overall_health: HEALTHY } } peers { permanent_uuid: "3e01b6bf8654473eb92471458b523067" member_type: VOTER last_known_addr { host: "127.8.234.194" port: 35809 } health_report { overall_health: UNKNOWN } } peers { permanent_uuid: "6cbc4dde9e224843ab83851487230ce4" member_type: VOTER last_known_addr { host: "127.8.234.195" port: 45579 } health_report { overall_health: UNKNOWN } } }
I20260608 13:02:29.506068 10021 raft_consensus.cc:2804] T 5038891db18045fa8a59be186b539e9d P 6731d1690a714482a699fd8fee91a87d [term 1 FOLLOWER]: Leader election won for term 1
I20260608 13:02:29.506824 10021 raft_consensus.cc:697] T 5038891db18045fa8a59be186b539e9d P 6731d1690a714482a699fd8fee91a87d [term 1 LEADER]: Becoming Leader. State: Replica: 6731d1690a714482a699fd8fee91a87d, State: Running, Role: LEADER
I20260608 13:02:29.507037  9994 tablet_bootstrap.cc:654] T 9ac2e1cb328b49b099c97e6b2d7d8451 P 6cbc4dde9e224843ab83851487230ce4: Neither blocks nor log segments found. Creating new log.
I20260608 13:02:29.507838 10021 consensus_queue.cc:237] T 5038891db18045fa8a59be186b539e9d P 6731d1690a714482a699fd8fee91a87d [LEADER]: Queue going to LEADER mode. State: All replicated index: 0, Majority replicated index: 0, Committed index: 0, Last appended: 0.0, Last appended by leader: 0, Current term: 1, Majority size: 2, State: 0, Mode: LEADER, active raft config: opid_index: -1 OBSOLETE_local: false peers { permanent_uuid: "3e01b6bf8654473eb92471458b523067" member_type: VOTER last_known_addr { host: "127.8.234.194" port: 35809 } } peers { permanent_uuid: "6731d1690a714482a699fd8fee91a87d" member_type: VOTER last_known_addr { host: "127.8.234.193" port: 46175 } } peers { permanent_uuid: "6cbc4dde9e224843ab83851487230ce4" member_type: VOTER last_known_addr { host: "127.8.234.195" port: 45579 } }
I20260608 13:02:29.503103 10000 raft_consensus.cc:515] T e0b383cf97ad4239be9bdfef0b77dbc8 P 6cbc4dde9e224843ab83851487230ce4 [term 1 FOLLOWER]: Starting leader election with config: opid_index: -1 OBSOLETE_local: false peers { permanent_uuid: "6731d1690a714482a699fd8fee91a87d" member_type: VOTER last_known_addr { host: "127.8.234.193" port: 46175 } } peers { permanent_uuid: "3e01b6bf8654473eb92471458b523067" member_type: VOTER last_known_addr { host: "127.8.234.194" port: 35809 } } peers { permanent_uuid: "6cbc4dde9e224843ab83851487230ce4" member_type: VOTER last_known_addr { host: "127.8.234.195" port: 45579 } }
I20260608 13:02:29.516417  9799 tablet_service.cc:1917] Received RequestConsensusVote() RPC: tablet_id: "e0b383cf97ad4239be9bdfef0b77dbc8" candidate_uuid: "6cbc4dde9e224843ab83851487230ce4" candidate_term: 1 candidate_status { last_received { term: 0 index: 0 } } ignore_live_leader: false dest_uuid: "6731d1690a714482a699fd8fee91a87d"
I20260608 13:02:29.517042  9799 raft_consensus.cc:3060] T e0b383cf97ad4239be9bdfef0b77dbc8 P 6731d1690a714482a699fd8fee91a87d [term 0 FOLLOWER]: Advancing to term 1
I20260608 13:02:29.533130  9994 tablet_bootstrap.cc:492] T 9ac2e1cb328b49b099c97e6b2d7d8451 P 6cbc4dde9e224843ab83851487230ce4: No bootstrap required, opened a new log
I20260608 13:02:29.545653  9995 tablet_bootstrap.cc:492] T 5b23b9cfb84a43a8ad2e9db74dc57a9f P 3e01b6bf8654473eb92471458b523067: No bootstrap required, opened a new log
I20260608 13:02:29.545706  9993 tablet_bootstrap.cc:492] T 869902bd4d384c2087449fc1b857f0ef P 6731d1690a714482a699fd8fee91a87d: No bootstrap required, opened a new log
I20260608 13:02:29.548413  9871 tablet_service.cc:1917] Received RequestConsensusVote() RPC: tablet_id: "e0b383cf97ad4239be9bdfef0b77dbc8" candidate_uuid: "6cbc4dde9e224843ab83851487230ce4" candidate_term: 1 candidate_status { last_received { term: 0 index: 0 } } ignore_live_leader: false dest_uuid: "3e01b6bf8654473eb92471458b523067"
I20260608 13:02:29.538554  9799 raft_consensus.cc:2468] T e0b383cf97ad4239be9bdfef0b77dbc8 P 6731d1690a714482a699fd8fee91a87d [term 1 FOLLOWER]: Leader election vote request: Granting yes vote for candidate 6cbc4dde9e224843ab83851487230ce4 in term 1.
I20260608 13:02:29.549969  9995 ts_tablet_manager.cc:1403] T 5b23b9cfb84a43a8ad2e9db74dc57a9f P 3e01b6bf8654473eb92471458b523067: Time spent bootstrapping tablet: real 0.073s	user 0.017s	sys 0.025s
I20260608 13:02:29.550067  9993 ts_tablet_manager.cc:1403] T 869902bd4d384c2087449fc1b857f0ef P 6731d1690a714482a699fd8fee91a87d: Time spent bootstrapping tablet: real 0.140s	user 0.032s	sys 0.016s
I20260608 13:02:29.539530  9994 ts_tablet_manager.cc:1403] T 9ac2e1cb328b49b099c97e6b2d7d8451 P 6cbc4dde9e224843ab83851487230ce4: Time spent bootstrapping tablet: real 0.077s	user 0.021s	sys 0.003s
I20260608 13:02:29.551616  9913 leader_election.cc:304] T e0b383cf97ad4239be9bdfef0b77dbc8 P 6cbc4dde9e224843ab83851487230ce4 [CANDIDATE]: Term 1 election: Election decided. Result: candidate won. Election summary: received 2 responses out of 3 voters: 2 yes votes; 0 no votes. yes voters: 6731d1690a714482a699fd8fee91a87d, 6cbc4dde9e224843ab83851487230ce4; no voters: 
W20260608 13:02:29.552664  9913 leader_election.cc:343] T e0b383cf97ad4239be9bdfef0b77dbc8 P 6cbc4dde9e224843ab83851487230ce4 [CANDIDATE]: Term 1 election: Tablet error from VoteRequest() call to peer 3e01b6bf8654473eb92471458b523067 (127.8.234.194:35809): Illegal state: must be running to vote when last-logged opid is not known
I20260608 13:02:29.553570 10023 raft_consensus.cc:2804] T e0b383cf97ad4239be9bdfef0b77dbc8 P 6cbc4dde9e224843ab83851487230ce4 [term 1 FOLLOWER]: Leader election won for term 1
I20260608 13:02:29.558442 10023 raft_consensus.cc:697] T e0b383cf97ad4239be9bdfef0b77dbc8 P 6cbc4dde9e224843ab83851487230ce4 [term 1 LEADER]: Becoming Leader. State: Replica: 6cbc4dde9e224843ab83851487230ce4, State: Running, Role: LEADER
I20260608 13:02:29.546666 10000 leader_election.cc:290] T e0b383cf97ad4239be9bdfef0b77dbc8 P 6cbc4dde9e224843ab83851487230ce4 [CANDIDATE]: Term 1 election: Requested vote from peers 6731d1690a714482a699fd8fee91a87d (127.8.234.193:46175), 3e01b6bf8654473eb92471458b523067 (127.8.234.194:35809)
I20260608 13:02:29.559367 10023 consensus_queue.cc:237] T e0b383cf97ad4239be9bdfef0b77dbc8 P 6cbc4dde9e224843ab83851487230ce4 [LEADER]: Queue going to LEADER mode. State: All replicated index: 0, Majority replicated index: 0, Committed index: 0, Last appended: 0.0, Last appended by leader: 0, Current term: 1, Majority size: 2, State: 0, Mode: LEADER, active raft config: opid_index: -1 OBSOLETE_local: false peers { permanent_uuid: "6731d1690a714482a699fd8fee91a87d" member_type: VOTER last_known_addr { host: "127.8.234.193" port: 46175 } } peers { permanent_uuid: "3e01b6bf8654473eb92471458b523067" member_type: VOTER last_known_addr { host: "127.8.234.194" port: 35809 } } peers { permanent_uuid: "6cbc4dde9e224843ab83851487230ce4" member_type: VOTER last_known_addr { host: "127.8.234.195" port: 45579 } }
I20260608 13:02:29.555591  9995 raft_consensus.cc:359] T 5b23b9cfb84a43a8ad2e9db74dc57a9f P 3e01b6bf8654473eb92471458b523067 [term 0 FOLLOWER]: Replica starting. Triggering 0 pending ops. Active config: opid_index: -1 OBSOLETE_local: false peers { permanent_uuid: "6731d1690a714482a699fd8fee91a87d" member_type: VOTER last_known_addr { host: "127.8.234.193" port: 46175 } } peers { permanent_uuid: "3e01b6bf8654473eb92471458b523067" member_type: VOTER last_known_addr { host: "127.8.234.194" port: 35809 } } peers { permanent_uuid: "6cbc4dde9e224843ab83851487230ce4" member_type: VOTER last_known_addr { host: "127.8.234.195" port: 45579 } }
I20260608 13:02:29.554348  9993 raft_consensus.cc:359] T 869902bd4d384c2087449fc1b857f0ef P 6731d1690a714482a699fd8fee91a87d [term 0 FOLLOWER]: Replica starting. Triggering 0 pending ops. Active config: opid_index: -1 OBSOLETE_local: false peers { permanent_uuid: "6731d1690a714482a699fd8fee91a87d" member_type: VOTER last_known_addr { host: "127.8.234.193" port: 46175 } } peers { permanent_uuid: "3e01b6bf8654473eb92471458b523067" member_type: VOTER last_known_addr { host: "127.8.234.194" port: 35809 } } peers { permanent_uuid: "6cbc4dde9e224843ab83851487230ce4" member_type: VOTER last_known_addr { host: "127.8.234.195" port: 45579 } }
I20260608 13:02:29.563279  9995 raft_consensus.cc:385] T 5b23b9cfb84a43a8ad2e9db74dc57a9f P 3e01b6bf8654473eb92471458b523067 [term 0 FOLLOWER]: Consensus starting up: Expiring failure detector timer to make a prompt election more likely
I20260608 13:02:29.563436  9993 raft_consensus.cc:385] T 869902bd4d384c2087449fc1b857f0ef P 6731d1690a714482a699fd8fee91a87d [term 0 FOLLOWER]: Consensus starting up: Expiring failure detector timer to make a prompt election more likely
I20260608 13:02:29.563696  9995 raft_consensus.cc:740] T 5b23b9cfb84a43a8ad2e9db74dc57a9f P 3e01b6bf8654473eb92471458b523067 [term 0 FOLLOWER]: Becoming Follower/Learner. State: Replica: 3e01b6bf8654473eb92471458b523067, State: Initialized, Role: FOLLOWER
I20260608 13:02:29.563992  9993 raft_consensus.cc:740] T 869902bd4d384c2087449fc1b857f0ef P 6731d1690a714482a699fd8fee91a87d [term 0 FOLLOWER]: Becoming Follower/Learner. State: Replica: 6731d1690a714482a699fd8fee91a87d, State: Initialized, Role: FOLLOWER
I20260608 13:02:29.564539  9696 catalog_manager.cc:5696] T 869902bd4d384c2087449fc1b857f0ef P 6cbc4dde9e224843ab83851487230ce4 reported cstate change: term changed from 0 to 1, leader changed from <none> to 6cbc4dde9e224843ab83851487230ce4 (127.8.234.195). New cstate: current_term: 1 leader_uuid: "6cbc4dde9e224843ab83851487230ce4" committed_config { opid_index: -1 OBSOLETE_local: false peers { permanent_uuid: "6731d1690a714482a699fd8fee91a87d" member_type: VOTER last_known_addr { host: "127.8.234.193" port: 46175 } health_report { overall_health: UNKNOWN } } peers { permanent_uuid: "3e01b6bf8654473eb92471458b523067" member_type: VOTER last_known_addr { host: "127.8.234.194" port: 35809 } health_report { overall_health: UNKNOWN } } peers { permanent_uuid: "6cbc4dde9e224843ab83851487230ce4" member_type: VOTER last_known_addr { host: "127.8.234.195" port: 45579 } health_report { overall_health: HEALTHY } } }
I20260608 13:02:29.565137  9994 raft_consensus.cc:359] T 9ac2e1cb328b49b099c97e6b2d7d8451 P 6cbc4dde9e224843ab83851487230ce4 [term 0 FOLLOWER]: Replica starting. Triggering 0 pending ops. Active config: opid_index: -1 OBSOLETE_local: false peers { permanent_uuid: "6731d1690a714482a699fd8fee91a87d" member_type: VOTER last_known_addr { host: "127.8.234.193" port: 46175 } } peers { permanent_uuid: "3e01b6bf8654473eb92471458b523067" member_type: VOTER last_known_addr { host: "127.8.234.194" port: 35809 } } peers { permanent_uuid: "6cbc4dde9e224843ab83851487230ce4" member_type: VOTER last_known_addr { host: "127.8.234.195" port: 45579 } }
I20260608 13:02:29.567519  9994 raft_consensus.cc:385] T 9ac2e1cb328b49b099c97e6b2d7d8451 P 6cbc4dde9e224843ab83851487230ce4 [term 0 FOLLOWER]: Consensus starting up: Expiring failure detector timer to make a prompt election more likely
I20260608 13:02:29.567893  9994 raft_consensus.cc:740] T 9ac2e1cb328b49b099c97e6b2d7d8451 P 6cbc4dde9e224843ab83851487230ce4 [term 0 FOLLOWER]: Becoming Follower/Learner. State: Replica: 6cbc4dde9e224843ab83851487230ce4, State: Initialized, Role: FOLLOWER
I20260608 13:02:29.565127  9995 consensus_queue.cc:260] T 5b23b9cfb84a43a8ad2e9db74dc57a9f P 3e01b6bf8654473eb92471458b523067 [NON_LEADER]: Queue going to NON_LEADER mode. State: All replicated index: 0, Majority replicated index: 0, Committed index: 0, Last appended: 0.0, Last appended by leader: 0, Current term: 0, Majority size: -1, State: 0, Mode: NON_LEADER, active raft config: opid_index: -1 OBSOLETE_local: false peers { permanent_uuid: "6731d1690a714482a699fd8fee91a87d" member_type: VOTER last_known_addr { host: "127.8.234.193" port: 46175 } } peers { permanent_uuid: "3e01b6bf8654473eb92471458b523067" member_type: VOTER last_known_addr { host: "127.8.234.194" port: 35809 } } peers { permanent_uuid: "6cbc4dde9e224843ab83851487230ce4" member_type: VOTER last_known_addr { host: "127.8.234.195" port: 45579 } }
I20260608 13:02:29.565153  9993 consensus_queue.cc:260] T 869902bd4d384c2087449fc1b857f0ef P 6731d1690a714482a699fd8fee91a87d [NON_LEADER]: Queue going to NON_LEADER mode. State: All replicated index: 0, Majority replicated index: 0, Committed index: 0, Last appended: 0.0, Last appended by leader: 0, Current term: 0, Majority size: -1, State: 0, Mode: NON_LEADER, active raft config: opid_index: -1 OBSOLETE_local: false peers { permanent_uuid: "6731d1690a714482a699fd8fee91a87d" member_type: VOTER last_known_addr { host: "127.8.234.193" port: 46175 } } peers { permanent_uuid: "3e01b6bf8654473eb92471458b523067" member_type: VOTER last_known_addr { host: "127.8.234.194" port: 35809 } } peers { permanent_uuid: "6cbc4dde9e224843ab83851487230ce4" member_type: VOTER last_known_addr { host: "127.8.234.195" port: 45579 } }
I20260608 13:02:29.571389  9995 ts_tablet_manager.cc:1434] T 5b23b9cfb84a43a8ad2e9db74dc57a9f P 3e01b6bf8654473eb92471458b523067: Time spent starting tablet: real 0.021s	user 0.010s	sys 0.001s
I20260608 13:02:29.573305  9995 tablet_bootstrap.cc:492] T 90325a462d6a4182b1b68809ee5dba7d P 3e01b6bf8654473eb92471458b523067: Bootstrap starting.
