I20260608 13:04:32.581157 13569 tablet_copy_service.cc:161] P 91387c85b27e4068ac3dbcb780269273: Beginning new tablet copy session on tablet 10a7f0c1ec6647dba9ff8a818596c943 from peer 0b6b81964c2e4246a43691ff1224fd4a at {username='slave'} at 127.0.0.1:50470: session id = 0b6b81964c2e4246a43691ff1224fd4a-10a7f0c1ec6647dba9ff8a818596c943
I20260608 13:04:32.587366 14154 ts_tablet_manager.cc:933] T 0cb2859c100d4343af91e77b7550da47 P e0a809c5f8414c11ba583728c206dab5: Initiating tablet copy from peer 3614cf8dbcf14a358b1d037858beacee (127.8.195.3:36553)
I20260608 13:04:32.589321 14154 tablet_copy_client.cc:323] T 0cb2859c100d4343af91e77b7550da47 P e0a809c5f8414c11ba583728c206dab5: tablet copy: Beginning tablet copy session from remote peer at address 127.8.195.3:36553
I20260608 13:04:32.590651 13569 tablet_copy_source_session.cc:215] T 10a7f0c1ec6647dba9ff8a818596c943 P 91387c85b27e4068ac3dbcb780269273: Tablet Copy: opened 0 blocks and 1 log segments
I20260608 13:04:32.600672 14151 data_dirs.cc:400] Could only allocate 1 dirs of requested 3 for tablet 10a7f0c1ec6647dba9ff8a818596c943. 1 dirs total, 0 dirs full, 0 dirs failed
I20260608 13:04:32.609828 13643 tablet_copy_service.cc:140] P 3614cf8dbcf14a358b1d037858beacee: Received BeginTabletCopySession request for tablet 0cb2859c100d4343af91e77b7550da47 from peer e0a809c5f8414c11ba583728c206dab5 ({username='slave'} at 127.0.0.1:58544)
I20260608 13:04:32.610462 13643 tablet_copy_service.cc:161] P 3614cf8dbcf14a358b1d037858beacee: Beginning new tablet copy session on tablet 0cb2859c100d4343af91e77b7550da47 from peer e0a809c5f8414c11ba583728c206dab5 at {username='slave'} at 127.0.0.1:58544: session id = e0a809c5f8414c11ba583728c206dab5-0cb2859c100d4343af91e77b7550da47
I20260608 13:04:32.619302 13643 tablet_copy_source_session.cc:215] T 0cb2859c100d4343af91e77b7550da47 P 3614cf8dbcf14a358b1d037858beacee: Tablet Copy: opened 0 blocks and 1 log segments
I20260608 13:04:32.622956 14151 tablet_copy_client.cc:806] T 10a7f0c1ec6647dba9ff8a818596c943 P 0b6b81964c2e4246a43691ff1224fd4a: tablet copy: Starting download of 0 data blocks...
I20260608 13:04:32.623718 14151 tablet_copy_client.cc:670] T 10a7f0c1ec6647dba9ff8a818596c943 P 0b6b81964c2e4246a43691ff1224fd4a: tablet copy: Starting download of 1 WAL segments...
I20260608 13:04:32.623811 14154 data_dirs.cc:400] Could only allocate 1 dirs of requested 3 for tablet 0cb2859c100d4343af91e77b7550da47. 1 dirs total, 0 dirs full, 0 dirs failed
I20260608 13:04:32.628880 14152 tablet_copy_client.cc:1025] T 10a7f0c1ec6647dba9ff8a818596c943 P 0b6b81964c2e4246a43691ff1224fd4a: tablet copy: Injecting latency into file download: 2000
I20260608 13:04:32.637591 14154 tablet_copy_client.cc:806] T 0cb2859c100d4343af91e77b7550da47 P e0a809c5f8414c11ba583728c206dab5: tablet copy: Starting download of 0 data blocks...
I20260608 13:04:32.638389 14154 tablet_copy_client.cc:670] T 0cb2859c100d4343af91e77b7550da47 P e0a809c5f8414c11ba583728c206dab5: tablet copy: Starting download of 1 WAL segments...
I20260608 13:04:32.643159 14155 tablet_copy_client.cc:1025] T 0cb2859c100d4343af91e77b7550da47 P e0a809c5f8414c11ba583728c206dab5: tablet copy: Injecting latency into file download: 2000
I20260608 13:04:32.672427 14158 ts_tablet_manager.cc:933] T a96b19df34754c4bbe0f695d78f47320 P e0a809c5f8414c11ba583728c206dab5: Initiating tablet copy from peer 91387c85b27e4068ac3dbcb780269273 (127.8.195.2:33345)
I20260608 13:04:32.674199 14158 tablet_copy_client.cc:323] T a96b19df34754c4bbe0f695d78f47320 P e0a809c5f8414c11ba583728c206dab5: tablet copy: Beginning tablet copy session from remote peer at address 127.8.195.2:33345
I20260608 13:04:32.682752 14160 ts_tablet_manager.cc:933] T 61cdafc25d8a4b1982fbf39a12614b99 P 0b6b81964c2e4246a43691ff1224fd4a: Initiating tablet copy from peer f2c17ef4af99498f834ffb500aa8475c (127.8.195.1:36051)
I20260608 13:04:32.684893 14160 tablet_copy_client.cc:323] T 61cdafc25d8a4b1982fbf39a12614b99 P 0b6b81964c2e4246a43691ff1224fd4a: tablet copy: Beginning tablet copy session from remote peer at address 127.8.195.1:36051
I20260608 13:04:32.685505 13569 tablet_copy_service.cc:140] P 91387c85b27e4068ac3dbcb780269273: Received BeginTabletCopySession request for tablet a96b19df34754c4bbe0f695d78f47320 from peer e0a809c5f8414c11ba583728c206dab5 ({username='slave'} at 127.0.0.1:50472)
I20260608 13:04:32.686197 13569 tablet_copy_service.cc:161] P 91387c85b27e4068ac3dbcb780269273: Beginning new tablet copy session on tablet a96b19df34754c4bbe0f695d78f47320 from peer e0a809c5f8414c11ba583728c206dab5 at {username='slave'} at 127.0.0.1:50472: session id = e0a809c5f8414c11ba583728c206dab5-a96b19df34754c4bbe0f695d78f47320
I20260608 13:04:32.699476 13569 tablet_copy_source_session.cc:215] T a96b19df34754c4bbe0f695d78f47320 P 91387c85b27e4068ac3dbcb780269273: Tablet Copy: opened 0 blocks and 1 log segments
I20260608 13:04:32.703826 14158 data_dirs.cc:400] Could only allocate 1 dirs of requested 3 for tablet a96b19df34754c4bbe0f695d78f47320. 1 dirs total, 0 dirs full, 0 dirs failed
I20260608 13:04:32.708300 13494 tablet_copy_service.cc:140] P f2c17ef4af99498f834ffb500aa8475c: Received BeginTabletCopySession request for tablet 61cdafc25d8a4b1982fbf39a12614b99 from peer 0b6b81964c2e4246a43691ff1224fd4a ({username='slave'} at 127.0.0.1:54190)
I20260608 13:04:32.709065 13494 tablet_copy_service.cc:161] P f2c17ef4af99498f834ffb500aa8475c: Beginning new tablet copy session on tablet 61cdafc25d8a4b1982fbf39a12614b99 from peer 0b6b81964c2e4246a43691ff1224fd4a at {username='slave'} at 127.0.0.1:54190: session id = 0b6b81964c2e4246a43691ff1224fd4a-61cdafc25d8a4b1982fbf39a12614b99
I20260608 13:04:32.719633 13494 tablet_copy_source_session.cc:215] T 61cdafc25d8a4b1982fbf39a12614b99 P f2c17ef4af99498f834ffb500aa8475c: Tablet Copy: opened 0 blocks and 1 log segments
I20260608 13:04:32.723786 14160 data_dirs.cc:400] Could only allocate 1 dirs of requested 3 for tablet 61cdafc25d8a4b1982fbf39a12614b99. 1 dirs total, 0 dirs full, 0 dirs failed
I20260608 13:04:32.724086 14158 tablet_copy_client.cc:806] T a96b19df34754c4bbe0f695d78f47320 P e0a809c5f8414c11ba583728c206dab5: tablet copy: Starting download of 0 data blocks...
I20260608 13:04:32.724705 14158 tablet_copy_client.cc:670] T a96b19df34754c4bbe0f695d78f47320 P e0a809c5f8414c11ba583728c206dab5: tablet copy: Starting download of 1 WAL segments...
I20260608 13:04:32.732858 14163 ts_tablet_manager.cc:933] T b103e772f04d46068d6fb93d4ba725c9 P a3271f31d2704297b6b95ec4e306daaf: Initiating tablet copy from peer 3614cf8dbcf14a358b1d037858beacee (127.8.195.3:36553)
I20260608 13:04:32.735226 14159 tablet_copy_client.cc:1025] T a96b19df34754c4bbe0f695d78f47320 P e0a809c5f8414c11ba583728c206dab5: tablet copy: Injecting latency into file download: 2000
I20260608 13:04:32.737856 14163 tablet_copy_client.cc:323] T b103e772f04d46068d6fb93d4ba725c9 P a3271f31d2704297b6b95ec4e306daaf: tablet copy: Beginning tablet copy session from remote peer at address 127.8.195.3:36553
I20260608 13:04:32.749374 13643 tablet_copy_service.cc:140] P 3614cf8dbcf14a358b1d037858beacee: Received BeginTabletCopySession request for tablet b103e772f04d46068d6fb93d4ba725c9 from peer a3271f31d2704297b6b95ec4e306daaf ({username='slave'} at 127.0.0.1:58548)
I20260608 13:04:32.750058 13643 tablet_copy_service.cc:161] P 3614cf8dbcf14a358b1d037858beacee: Beginning new tablet copy session on tablet b103e772f04d46068d6fb93d4ba725c9 from peer a3271f31d2704297b6b95ec4e306daaf at {username='slave'} at 127.0.0.1:58548: session id = a3271f31d2704297b6b95ec4e306daaf-b103e772f04d46068d6fb93d4ba725c9
I20260608 13:04:32.750137 14160 tablet_copy_client.cc:806] T 61cdafc25d8a4b1982fbf39a12614b99 P 0b6b81964c2e4246a43691ff1224fd4a: tablet copy: Starting download of 0 data blocks...
I20260608 13:04:32.750903 14160 tablet_copy_client.cc:670] T 61cdafc25d8a4b1982fbf39a12614b99 P 0b6b81964c2e4246a43691ff1224fd4a: tablet copy: Starting download of 1 WAL segments...
I20260608 13:04:32.757126 14161 tablet_copy_client.cc:1025] T 61cdafc25d8a4b1982fbf39a12614b99 P 0b6b81964c2e4246a43691ff1224fd4a: tablet copy: Injecting latency into file download: 2000
I20260608 13:04:32.758498 13643 tablet_copy_source_session.cc:215] T b103e772f04d46068d6fb93d4ba725c9 P 3614cf8dbcf14a358b1d037858beacee: Tablet Copy: opened 0 blocks and 1 log segments
I20260608 13:04:32.761396 14163 data_dirs.cc:400] Could only allocate 1 dirs of requested 3 for tablet b103e772f04d46068d6fb93d4ba725c9. 1 dirs total, 0 dirs full, 0 dirs failed
I20260608 13:04:32.773140 14163 tablet_copy_client.cc:806] T b103e772f04d46068d6fb93d4ba725c9 P a3271f31d2704297b6b95ec4e306daaf: tablet copy: Starting download of 0 data blocks...
I20260608 13:04:32.773838 14163 tablet_copy_client.cc:670] T b103e772f04d46068d6fb93d4ba725c9 P a3271f31d2704297b6b95ec4e306daaf: tablet copy: Starting download of 1 WAL segments...
I20260608 13:04:32.778087 14164 tablet_copy_client.cc:1025] T b103e772f04d46068d6fb93d4ba725c9 P a3271f31d2704297b6b95ec4e306daaf: tablet copy: Injecting latency into file download: 2000
I20260608 13:04:34.529408 14148 tablet_copy_client.cc:538] T 84d56d6d35ac4a6b8fa3a6a24988a10b P a3271f31d2704297b6b95ec4e306daaf: tablet copy: Tablet Copy complete. Replacing tablet superblock.
I20260608 13:04:34.536676 14148 tablet_bootstrap.cc:492] T 84d56d6d35ac4a6b8fa3a6a24988a10b P a3271f31d2704297b6b95ec4e306daaf: Bootstrap starting.
I20260608 13:04:34.629874 14151 tablet_copy_client.cc:538] T 10a7f0c1ec6647dba9ff8a818596c943 P 0b6b81964c2e4246a43691ff1224fd4a: tablet copy: Tablet Copy complete. Replacing tablet superblock.
I20260608 13:04:34.639951 14151 tablet_bootstrap.cc:492] T 10a7f0c1ec6647dba9ff8a818596c943 P 0b6b81964c2e4246a43691ff1224fd4a: Bootstrap starting.
I20260608 13:04:34.643983 14154 tablet_copy_client.cc:538] T 0cb2859c100d4343af91e77b7550da47 P e0a809c5f8414c11ba583728c206dab5: tablet copy: Tablet Copy complete. Replacing tablet superblock.
I20260608 13:04:34.668840 14154 tablet_bootstrap.cc:492] T 0cb2859c100d4343af91e77b7550da47 P e0a809c5f8414c11ba583728c206dab5: Bootstrap starting.
I20260608 13:04:34.671717 14148 tablet_bootstrap.cc:492] T 84d56d6d35ac4a6b8fa3a6a24988a10b P a3271f31d2704297b6b95ec4e306daaf: Bootstrap replayed 1/1 log segments. Stats: ops{read=26 overwritten=0 applied=26 ignored=0} inserts{seen=107 ignored=0} mutations{seen=0 ignored=0} orphaned_commits=0. Pending: 0 replicates
I20260608 13:04:34.672801 14148 tablet_bootstrap.cc:492] T 84d56d6d35ac4a6b8fa3a6a24988a10b P a3271f31d2704297b6b95ec4e306daaf: Bootstrap complete.
I20260608 13:04:34.673658 14148 ts_tablet_manager.cc:1403] T 84d56d6d35ac4a6b8fa3a6a24988a10b P a3271f31d2704297b6b95ec4e306daaf: Time spent bootstrapping tablet: real 0.137s	user 0.125s	sys 0.013s
I20260608 13:04:34.677259 14148 raft_consensus.cc:359] T 84d56d6d35ac4a6b8fa3a6a24988a10b P a3271f31d2704297b6b95ec4e306daaf [term 1 LEARNER]: Replica starting. Triggering 0 pending ops. Active config: opid_index: 26 OBSOLETE_local: false peers { permanent_uuid: "f2c17ef4af99498f834ffb500aa8475c" member_type: VOTER last_known_addr { host: "127.8.195.1" port: 36051 } attrs { replace: true } } peers { permanent_uuid: "91387c85b27e4068ac3dbcb780269273" member_type: VOTER last_known_addr { host: "127.8.195.2" port: 33345 } } peers { permanent_uuid: "3614cf8dbcf14a358b1d037858beacee" member_type: VOTER last_known_addr { host: "127.8.195.3" port: 36553 } } peers { permanent_uuid: "a3271f31d2704297b6b95ec4e306daaf" member_type: NON_VOTER last_known_addr { host: "127.8.195.5" port: 42981 } attrs { promote: true } }
I20260608 13:04:34.678579 14148 raft_consensus.cc:740] T 84d56d6d35ac4a6b8fa3a6a24988a10b P a3271f31d2704297b6b95ec4e306daaf [term 1 LEARNER]: Becoming Follower/Learner. State: Replica: a3271f31d2704297b6b95ec4e306daaf, State: Initialized, Role: LEARNER
I20260608 13:04:34.679281 14148 consensus_queue.cc:260] T 84d56d6d35ac4a6b8fa3a6a24988a10b P a3271f31d2704297b6b95ec4e306daaf [NON_LEADER]: Queue going to NON_LEADER mode. State: All replicated index: 0, Majority replicated index: 0, Committed index: 26, Last appended: 1.26, Last appended by leader: 26, Current term: 0, Majority size: -1, State: 0, Mode: NON_LEADER, active raft config: opid_index: 26 OBSOLETE_local: false peers { permanent_uuid: "f2c17ef4af99498f834ffb500aa8475c" member_type: VOTER last_known_addr { host: "127.8.195.1" port: 36051 } attrs { replace: true } } peers { permanent_uuid: "91387c85b27e4068ac3dbcb780269273" member_type: VOTER last_known_addr { host: "127.8.195.2" port: 33345 } } peers { permanent_uuid: "3614cf8dbcf14a358b1d037858beacee" member_type: VOTER last_known_addr { host: "127.8.195.3" port: 36553 } } peers { permanent_uuid: "a3271f31d2704297b6b95ec4e306daaf" member_type: NON_VOTER last_known_addr { host: "127.8.195.5" port: 42981 } attrs { promote: true } }
I20260608 13:04:34.707110 14148 ts_tablet_manager.cc:1434] T 84d56d6d35ac4a6b8fa3a6a24988a10b P a3271f31d2704297b6b95ec4e306daaf: Time spent starting tablet: real 0.033s	user 0.024s	sys 0.008s
I20260608 13:04:34.711138 13569 tablet_copy_service.cc:342] P 91387c85b27e4068ac3dbcb780269273: Request end of tablet copy session a3271f31d2704297b6b95ec4e306daaf-84d56d6d35ac4a6b8fa3a6a24988a10b received from {username='slave'} at 127.0.0.1:50468
I20260608 13:04:34.711683 13569 tablet_copy_service.cc:434] P 91387c85b27e4068ac3dbcb780269273: ending tablet copy session a3271f31d2704297b6b95ec4e306daaf-84d56d6d35ac4a6b8fa3a6a24988a10b on tablet 84d56d6d35ac4a6b8fa3a6a24988a10b with peer a3271f31d2704297b6b95ec4e306daaf
I20260608 13:04:34.736398 14158 tablet_copy_client.cc:538] T a96b19df34754c4bbe0f695d78f47320 P e0a809c5f8414c11ba583728c206dab5: tablet copy: Tablet Copy complete. Replacing tablet superblock.
I20260608 13:04:34.747498 14158 tablet_bootstrap.cc:492] T a96b19df34754c4bbe0f695d78f47320 P e0a809c5f8414c11ba583728c206dab5: Bootstrap starting.
I20260608 13:04:34.758028 14160 tablet_copy_client.cc:538] T 61cdafc25d8a4b1982fbf39a12614b99 P 0b6b81964c2e4246a43691ff1224fd4a: tablet copy: Tablet Copy complete. Replacing tablet superblock.
I20260608 13:04:34.769596 14160 tablet_bootstrap.cc:492] T 61cdafc25d8a4b1982fbf39a12614b99 P 0b6b81964c2e4246a43691ff1224fd4a: Bootstrap starting.
I20260608 13:04:34.778993 14163 tablet_copy_client.cc:538] T b103e772f04d46068d6fb93d4ba725c9 P a3271f31d2704297b6b95ec4e306daaf: tablet copy: Tablet Copy complete. Replacing tablet superblock.
I20260608 13:04:34.788507 14163 tablet_bootstrap.cc:492] T b103e772f04d46068d6fb93d4ba725c9 P a3271f31d2704297b6b95ec4e306daaf: Bootstrap starting.
I20260608 13:04:34.877489 14151 tablet_bootstrap.cc:492] T 10a7f0c1ec6647dba9ff8a818596c943 P 0b6b81964c2e4246a43691ff1224fd4a: Bootstrap replayed 1/1 log segments. Stats: ops{read=26 overwritten=0 applied=26 ignored=0} inserts{seen=101 ignored=0} mutations{seen=0 ignored=0} orphaned_commits=0. Pending: 0 replicates
I20260608 13:04:34.878593 14151 tablet_bootstrap.cc:492] T 10a7f0c1ec6647dba9ff8a818596c943 P 0b6b81964c2e4246a43691ff1224fd4a: Bootstrap complete.
I20260608 13:04:34.879326 14151 ts_tablet_manager.cc:1403] T 10a7f0c1ec6647dba9ff8a818596c943 P 0b6b81964c2e4246a43691ff1224fd4a: Time spent bootstrapping tablet: real 0.240s	user 0.145s	sys 0.027s
I20260608 13:04:34.882455 14151 raft_consensus.cc:359] T 10a7f0c1ec6647dba9ff8a818596c943 P 0b6b81964c2e4246a43691ff1224fd4a [term 1 LEARNER]: Replica starting. Triggering 0 pending ops. Active config: opid_index: 26 OBSOLETE_local: false peers { permanent_uuid: "f2c17ef4af99498f834ffb500aa8475c" member_type: VOTER last_known_addr { host: "127.8.195.1" port: 36051 } } peers { permanent_uuid: "91387c85b27e4068ac3dbcb780269273" member_type: VOTER last_known_addr { host: "127.8.195.2" port: 33345 } } peers { permanent_uuid: "3614cf8dbcf14a358b1d037858beacee" member_type: VOTER last_known_addr { host: "127.8.195.3" port: 36553 } attrs { replace: true } } peers { permanent_uuid: "0b6b81964c2e4246a43691ff1224fd4a" member_type: NON_VOTER last_known_addr { host: "127.8.195.4" port: 46539 } attrs { promote: true } }
I20260608 13:04:34.883294 14151 raft_consensus.cc:740] T 10a7f0c1ec6647dba9ff8a818596c943 P 0b6b81964c2e4246a43691ff1224fd4a [term 1 LEARNER]: Becoming Follower/Learner. State: Replica: 0b6b81964c2e4246a43691ff1224fd4a, State: Initialized, Role: LEARNER
I20260608 13:04:34.883970 14151 consensus_queue.cc:260] T 10a7f0c1ec6647dba9ff8a818596c943 P 0b6b81964c2e4246a43691ff1224fd4a [NON_LEADER]: Queue going to NON_LEADER mode. State: All replicated index: 0, Majority replicated index: 0, Committed index: 26, Last appended: 1.26, Last appended by leader: 26, Current term: 0, Majority size: -1, State: 0, Mode: NON_LEADER, active raft config: opid_index: 26 OBSOLETE_local: false peers { permanent_uuid: "f2c17ef4af99498f834ffb500aa8475c" member_type: VOTER last_known_addr { host: "127.8.195.1" port: 36051 } } peers { permanent_uuid: "91387c85b27e4068ac3dbcb780269273" member_type: VOTER last_known_addr { host: "127.8.195.2" port: 33345 } } peers { permanent_uuid: "3614cf8dbcf14a358b1d037858beacee" member_type: VOTER last_known_addr { host: "127.8.195.3" port: 36553 } attrs { replace: true } } peers { permanent_uuid: "0b6b81964c2e4246a43691ff1224fd4a" member_type: NON_VOTER last_known_addr { host: "127.8.195.4" port: 46539 } attrs { promote: true } }
I20260608 13:04:34.904656 14151 ts_tablet_manager.cc:1434] T 10a7f0c1ec6647dba9ff8a818596c943 P 0b6b81964c2e4246a43691ff1224fd4a: Time spent starting tablet: real 0.025s	user 0.008s	sys 0.016s
I20260608 13:04:34.908195 13569 tablet_copy_service.cc:342] P 91387c85b27e4068ac3dbcb780269273: Request end of tablet copy session 0b6b81964c2e4246a43691ff1224fd4a-10a7f0c1ec6647dba9ff8a818596c943 received from {username='slave'} at 127.0.0.1:50470
I20260608 13:04:34.908686 13569 tablet_copy_service.cc:434] P 91387c85b27e4068ac3dbcb780269273: ending tablet copy session 0b6b81964c2e4246a43691ff1224fd4a-10a7f0c1ec6647dba9ff8a818596c943 on tablet 10a7f0c1ec6647dba9ff8a818596c943 with peer 0b6b81964c2e4246a43691ff1224fd4a
I20260608 13:04:34.945797 14154 tablet_bootstrap.cc:492] T 0cb2859c100d4343af91e77b7550da47 P e0a809c5f8414c11ba583728c206dab5: Bootstrap replayed 1/1 log segments. Stats: ops{read=26 overwritten=0 applied=26 ignored=0} inserts{seen=116 ignored=0} mutations{seen=0 ignored=0} orphaned_commits=0. Pending: 0 replicates
I20260608 13:04:34.946889 14154 tablet_bootstrap.cc:492] T 0cb2859c100d4343af91e77b7550da47 P e0a809c5f8414c11ba583728c206dab5: Bootstrap complete.
I20260608 13:04:34.947633 14154 ts_tablet_manager.cc:1403] T 0cb2859c100d4343af91e77b7550da47 P e0a809c5f8414c11ba583728c206dab5: Time spent bootstrapping tablet: real 0.279s	user 0.162s	sys 0.020s
I20260608 13:04:34.950711 14154 raft_consensus.cc:359] T 0cb2859c100d4343af91e77b7550da47 P e0a809c5f8414c11ba583728c206dab5 [term 1 LEARNER]: Replica starting. Triggering 0 pending ops. Active config: opid_index: 26 OBSOLETE_local: false peers { permanent_uuid: "f2c17ef4af99498f834ffb500aa8475c" member_type: VOTER last_known_addr { host: "127.8.195.1" port: 36051 } } peers { permanent_uuid: "91387c85b27e4068ac3dbcb780269273" member_type: VOTER last_known_addr { host: "127.8.195.2" port: 33345 } attrs { replace: true } } peers { permanent_uuid: "3614cf8dbcf14a358b1d037858beacee" member_type: VOTER last_known_addr { host: "127.8.195.3" port: 36553 } } peers { permanent_uuid: "e0a809c5f8414c11ba583728c206dab5" member_type: NON_VOTER last_known_addr { host: "127.8.195.6" port: 34295 } attrs { promote: true } }
I20260608 13:04:34.951557 14154 raft_consensus.cc:740] T 0cb2859c100d4343af91e77b7550da47 P e0a809c5f8414c11ba583728c206dab5 [term 1 LEARNER]: Becoming Follower/Learner. State: Replica: e0a809c5f8414c11ba583728c206dab5, State: Initialized, Role: LEARNER
I20260608 13:04:34.952245 14154 consensus_queue.cc:260] T 0cb2859c100d4343af91e77b7550da47 P e0a809c5f8414c11ba583728c206dab5 [NON_LEADER]: Queue going to NON_LEADER mode. State: All replicated index: 0, Majority replicated index: 0, Committed index: 26, Last appended: 1.26, Last appended by leader: 26, Current term: 0, Majority size: -1, State: 0, Mode: NON_LEADER, active raft config: opid_index: 26 OBSOLETE_local: false peers { permanent_uuid: "f2c17ef4af99498f834ffb500aa8475c" member_type: VOTER last_known_addr { host: "127.8.195.1" port: 36051 } } peers { permanent_uuid: "91387c85b27e4068ac3dbcb780269273" member_type: VOTER last_known_addr { host: "127.8.195.2" port: 33345 } attrs { replace: true } } peers { permanent_uuid: "3614cf8dbcf14a358b1d037858beacee" member_type: VOTER last_known_addr { host: "127.8.195.3" port: 36553 } } peers { permanent_uuid: "e0a809c5f8414c11ba583728c206dab5" member_type: NON_VOTER last_known_addr { host: "127.8.195.6" port: 34295 } attrs { promote: true } }
I20260608 13:04:34.973508 14154 ts_tablet_manager.cc:1434] T 0cb2859c100d4343af91e77b7550da47 P e0a809c5f8414c11ba583728c206dab5: Time spent starting tablet: real 0.025s	user 0.013s	sys 0.010s
I20260608 13:04:34.977360 13643 tablet_copy_service.cc:342] P 3614cf8dbcf14a358b1d037858beacee: Request end of tablet copy session e0a809c5f8414c11ba583728c206dab5-0cb2859c100d4343af91e77b7550da47 received from {username='slave'} at 127.0.0.1:58544
I20260608 13:04:34.977892 13643 tablet_copy_service.cc:434] P 3614cf8dbcf14a358b1d037858beacee: ending tablet copy session e0a809c5f8414c11ba583728c206dab5-0cb2859c100d4343af91e77b7550da47 on tablet 0cb2859c100d4343af91e77b7550da47 with peer e0a809c5f8414c11ba583728c206dab5
I20260608 13:04:35.030516 14003 raft_consensus.cc:1217] T 84d56d6d35ac4a6b8fa3a6a24988a10b P a3271f31d2704297b6b95ec4e306daaf [term 1 LEARNER]: Deduplicated request from leader. Original: 1.25->[1.26-1.26]   Dedup: 1.26->[]
I20260608 13:04:35.054847 14158 tablet_bootstrap.cc:492] T a96b19df34754c4bbe0f695d78f47320 P e0a809c5f8414c11ba583728c206dab5: Bootstrap replayed 1/1 log segments. Stats: ops{read=26 overwritten=0 applied=26 ignored=0} inserts{seen=87 ignored=0} mutations{seen=0 ignored=0} orphaned_commits=0. Pending: 0 replicates
I20260608 13:04:35.055846 14158 tablet_bootstrap.cc:492] T a96b19df34754c4bbe0f695d78f47320 P e0a809c5f8414c11ba583728c206dab5: Bootstrap complete.
I20260608 13:04:35.056568 14158 ts_tablet_manager.cc:1403] T a96b19df34754c4bbe0f695d78f47320 P e0a809c5f8414c11ba583728c206dab5: Time spent bootstrapping tablet: real 0.309s	user 0.157s	sys 0.018s
I20260608 13:04:35.059906 14158 raft_consensus.cc:359] T a96b19df34754c4bbe0f695d78f47320 P e0a809c5f8414c11ba583728c206dab5 [term 1 LEARNER]: Replica starting. Triggering 0 pending ops. Active config: opid_index: 26 OBSOLETE_local: false peers { permanent_uuid: "f2c17ef4af99498f834ffb500aa8475c" member_type: VOTER last_known_addr { host: "127.8.195.1" port: 36051 } attrs { replace: true } } peers { permanent_uuid: "91387c85b27e4068ac3dbcb780269273" member_type: VOTER last_known_addr { host: "127.8.195.2" port: 33345 } } peers { permanent_uuid: "3614cf8dbcf14a358b1d037858beacee" member_type: VOTER last_known_addr { host: "127.8.195.3" port: 36553 } } peers { permanent_uuid: "e0a809c5f8414c11ba583728c206dab5" member_type: NON_VOTER last_known_addr { host: "127.8.195.6" port: 34295 } attrs { promote: true } }
I20260608 13:04:35.060743 14158 raft_consensus.cc:740] T a96b19df34754c4bbe0f695d78f47320 P e0a809c5f8414c11ba583728c206dab5 [term 1 LEARNER]: Becoming Follower/Learner. State: Replica: e0a809c5f8414c11ba583728c206dab5, State: Initialized, Role: LEARNER
I20260608 13:04:35.061408 14158 consensus_queue.cc:260] T a96b19df34754c4bbe0f695d78f47320 P e0a809c5f8414c11ba583728c206dab5 [NON_LEADER]: Queue going to NON_LEADER mode. State: All replicated index: 0, Majority replicated index: 0, Committed index: 26, Last appended: 1.26, Last appended by leader: 26, Current term: 0, Majority size: -1, State: 0, Mode: NON_LEADER, active raft config: opid_index: 26 OBSOLETE_local: false peers { permanent_uuid: "f2c17ef4af99498f834ffb500aa8475c" member_type: VOTER last_known_addr { host: "127.8.195.1" port: 36051 } attrs { replace: true } } peers { permanent_uuid: "91387c85b27e4068ac3dbcb780269273" member_type: VOTER last_known_addr { host: "127.8.195.2" port: 33345 } } peers { permanent_uuid: "3614cf8dbcf14a358b1d037858beacee" member_type: VOTER last_known_addr { host: "127.8.195.3" port: 36553 } } peers { permanent_uuid: "e0a809c5f8414c11ba583728c206dab5" member_type: NON_VOTER last_known_addr { host: "127.8.195.6" port: 34295 } attrs { promote: true } }
I20260608 13:04:35.063946 14158 ts_tablet_manager.cc:1434] T a96b19df34754c4bbe0f695d78f47320 P e0a809c5f8414c11ba583728c206dab5: Time spent starting tablet: real 0.007s	user 0.005s	sys 0.000s
I20260608 13:04:35.065946 13569 tablet_copy_service.cc:342] P 91387c85b27e4068ac3dbcb780269273: Request end of tablet copy session e0a809c5f8414c11ba583728c206dab5-a96b19df34754c4bbe0f695d78f47320 received from {username='slave'} at 127.0.0.1:50472
I20260608 13:04:35.066431 13569 tablet_copy_service.cc:434] P 91387c85b27e4068ac3dbcb780269273: ending tablet copy session e0a809c5f8414c11ba583728c206dab5-a96b19df34754c4bbe0f695d78f47320 on tablet a96b19df34754c4bbe0f695d78f47320 with peer e0a809c5f8414c11ba583728c206dab5
I20260608 13:04:35.086493 14160 tablet_bootstrap.cc:492] T 61cdafc25d8a4b1982fbf39a12614b99 P 0b6b81964c2e4246a43691ff1224fd4a: Bootstrap replayed 1/1 log segments. Stats: ops{read=26 overwritten=0 applied=26 ignored=0} inserts{seen=95 ignored=0} mutations{seen=0 ignored=0} orphaned_commits=0. Pending: 0 replicates
I20260608 13:04:35.087694 14160 tablet_bootstrap.cc:492] T 61cdafc25d8a4b1982fbf39a12614b99 P 0b6b81964c2e4246a43691ff1224fd4a: Bootstrap complete.
I20260608 13:04:35.088460 14160 ts_tablet_manager.cc:1403] T 61cdafc25d8a4b1982fbf39a12614b99 P 0b6b81964c2e4246a43691ff1224fd4a: Time spent bootstrapping tablet: real 0.319s	user 0.141s	sys 0.021s
I20260608 13:04:35.091539 14160 raft_consensus.cc:359] T 61cdafc25d8a4b1982fbf39a12614b99 P 0b6b81964c2e4246a43691ff1224fd4a [term 1 LEARNER]: Replica starting. Triggering 0 pending ops. Active config: opid_index: 26 OBSOLETE_local: false peers { permanent_uuid: "f2c17ef4af99498f834ffb500aa8475c" member_type: VOTER last_known_addr { host: "127.8.195.1" port: 36051 } } peers { permanent_uuid: "91387c85b27e4068ac3dbcb780269273" member_type: VOTER last_known_addr { host: "127.8.195.2" port: 33345 } } peers { permanent_uuid: "3614cf8dbcf14a358b1d037858beacee" member_type: VOTER last_known_addr { host: "127.8.195.3" port: 36553 } attrs { replace: true } } peers { permanent_uuid: "0b6b81964c2e4246a43691ff1224fd4a" member_type: NON_VOTER last_known_addr { host: "127.8.195.4" port: 46539 } attrs { promote: true } }
I20260608 13:04:35.092376 14160 raft_consensus.cc:740] T 61cdafc25d8a4b1982fbf39a12614b99 P 0b6b81964c2e4246a43691ff1224fd4a [term 1 LEARNER]: Becoming Follower/Learner. State: Replica: 0b6b81964c2e4246a43691ff1224fd4a, State: Initialized, Role: LEARNER
I20260608 13:04:35.093081 14160 consensus_queue.cc:260] T 61cdafc25d8a4b1982fbf39a12614b99 P 0b6b81964c2e4246a43691ff1224fd4a [NON_LEADER]: Queue going to NON_LEADER mode. State: All replicated index: 0, Majority replicated index: 0, Committed index: 26, Last appended: 1.26, Last appended by leader: 26, Current term: 0, Majority size: -1, State: 0, Mode: NON_LEADER, active raft config: opid_index: 26 OBSOLETE_local: false peers { permanent_uuid: "f2c17ef4af99498f834ffb500aa8475c" member_type: VOTER last_known_addr { host: "127.8.195.1" port: 36051 } } peers { permanent_uuid: "91387c85b27e4068ac3dbcb780269273" member_type: VOTER last_known_addr { host: "127.8.195.2" port: 33345 } } peers { permanent_uuid: "3614cf8dbcf14a358b1d037858beacee" member_type: VOTER last_known_addr { host: "127.8.195.3" port: 36553 } attrs { replace: true } } peers { permanent_uuid: "0b6b81964c2e4246a43691ff1224fd4a" member_type: NON_VOTER last_known_addr { host: "127.8.195.4" port: 46539 } attrs { promote: true } }
I20260608 13:04:35.095111 13928 raft_consensus.cc:1217] T 10a7f0c1ec6647dba9ff8a818596c943 P 0b6b81964c2e4246a43691ff1224fd4a [term 1 LEARNER]: Deduplicated request from leader. Original: 1.25->[1.26-1.26]   Dedup: 1.26->[]
I20260608 13:04:35.095369 14160 ts_tablet_manager.cc:1434] T 61cdafc25d8a4b1982fbf39a12614b99 P 0b6b81964c2e4246a43691ff1224fd4a: Time spent starting tablet: real 0.007s	user 0.005s	sys 0.000s
I20260608 13:04:35.099545 14163 tablet_bootstrap.cc:492] T b103e772f04d46068d6fb93d4ba725c9 P a3271f31d2704297b6b95ec4e306daaf: Bootstrap replayed 1/1 log segments. Stats: ops{read=26 overwritten=0 applied=26 ignored=0} inserts{seen=101 ignored=0} mutations{seen=0 ignored=0} orphaned_commits=0. Pending: 0 replicates
I20260608 13:04:35.099606 13494 tablet_copy_service.cc:342] P f2c17ef4af99498f834ffb500aa8475c: Request end of tablet copy session 0b6b81964c2e4246a43691ff1224fd4a-61cdafc25d8a4b1982fbf39a12614b99 received from {username='slave'} at 127.0.0.1:54190
I20260608 13:04:35.100369 13494 tablet_copy_service.cc:434] P f2c17ef4af99498f834ffb500aa8475c: ending tablet copy session 0b6b81964c2e4246a43691ff1224fd4a-61cdafc25d8a4b1982fbf39a12614b99 on tablet 61cdafc25d8a4b1982fbf39a12614b99 with peer 0b6b81964c2e4246a43691ff1224fd4a
I20260608 13:04:35.100885 14163 tablet_bootstrap.cc:492] T b103e772f04d46068d6fb93d4ba725c9 P a3271f31d2704297b6b95ec4e306daaf: Bootstrap complete.
I20260608 13:04:35.102118 14163 ts_tablet_manager.cc:1403] T b103e772f04d46068d6fb93d4ba725c9 P a3271f31d2704297b6b95ec4e306daaf: Time spent bootstrapping tablet: real 0.314s	user 0.146s	sys 0.030s
I20260608 13:04:35.106427 14163 raft_consensus.cc:359] T b103e772f04d46068d6fb93d4ba725c9 P a3271f31d2704297b6b95ec4e306daaf [term 1 LEARNER]: Replica starting. Triggering 0 pending ops. Active config: opid_index: 26 OBSOLETE_local: false peers { permanent_uuid: "f2c17ef4af99498f834ffb500aa8475c" member_type: VOTER last_known_addr { host: "127.8.195.1" port: 36051 } } peers { permanent_uuid: "91387c85b27e4068ac3dbcb780269273" member_type: VOTER last_known_addr { host: "127.8.195.2" port: 33345 } attrs { replace: true } } peers { permanent_uuid: "3614cf8dbcf14a358b1d037858beacee" member_type: VOTER last_known_addr { host: "127.8.195.3" port: 36553 } } peers { permanent_uuid: "a3271f31d2704297b6b95ec4e306daaf" member_type: NON_VOTER last_known_addr { host: "127.8.195.5" port: 42981 } attrs { promote: true } }
I20260608 13:04:35.107290 14163 raft_consensus.cc:740] T b103e772f04d46068d6fb93d4ba725c9 P a3271f31d2704297b6b95ec4e306daaf [term 1 LEARNER]: Becoming Follower/Learner. State: Replica: a3271f31d2704297b6b95ec4e306daaf, State: Initialized, Role: LEARNER
I20260608 13:04:35.107875 14163 consensus_queue.cc:260] T b103e772f04d46068d6fb93d4ba725c9 P a3271f31d2704297b6b95ec4e306daaf [NON_LEADER]: Queue going to NON_LEADER mode. State: All replicated index: 0, Majority replicated index: 0, Committed index: 26, Last appended: 1.26, Last appended by leader: 26, Current term: 0, Majority size: -1, State: 0, Mode: NON_LEADER, active raft config: opid_index: 26 OBSOLETE_local: false peers { permanent_uuid: "f2c17ef4af99498f834ffb500aa8475c" member_type: VOTER last_known_addr { host: "127.8.195.1" port: 36051 } } peers { permanent_uuid: "91387c85b27e4068ac3dbcb780269273" member_type: VOTER last_known_addr { host: "127.8.195.2" port: 33345 } attrs { replace: true } } peers { permanent_uuid: "3614cf8dbcf14a358b1d037858beacee" member_type: VOTER last_known_addr { host: "127.8.195.3" port: 36553 } } peers { permanent_uuid: "a3271f31d2704297b6b95ec4e306daaf" member_type: NON_VOTER last_known_addr { host: "127.8.195.5" port: 42981 } attrs { promote: true } }
I20260608 13:04:35.110196 14163 ts_tablet_manager.cc:1434] T b103e772f04d46068d6fb93d4ba725c9 P a3271f31d2704297b6b95ec4e306daaf: Time spent starting tablet: real 0.008s	user 0.003s	sys 0.000s
I20260608 13:04:35.112315 13643 tablet_copy_service.cc:342] P 3614cf8dbcf14a358b1d037858beacee: Request end of tablet copy session a3271f31d2704297b6b95ec4e306daaf-b103e772f04d46068d6fb93d4ba725c9 received from {username='slave'} at 127.0.0.1:58548
I20260608 13:04:35.112767 13643 tablet_copy_service.cc:434] P 3614cf8dbcf14a358b1d037858beacee: ending tablet copy session a3271f31d2704297b6b95ec4e306daaf-b103e772f04d46068d6fb93d4ba725c9 on tablet b103e772f04d46068d6fb93d4ba725c9 with peer a3271f31d2704297b6b95ec4e306daaf
I20260608 13:04:35.244194 13928 raft_consensus.cc:1217] T 61cdafc25d8a4b1982fbf39a12614b99 P 0b6b81964c2e4246a43691ff1224fd4a [term 1 LEARNER]: Deduplicated request from leader. Original: 1.25->[1.26-1.26]   Dedup: 1.26->[]
I20260608 13:04:35.323966 14003 raft_consensus.cc:1217] T b103e772f04d46068d6fb93d4ba725c9 P a3271f31d2704297b6b95ec4e306daaf [term 1 LEARNER]: Deduplicated request from leader. Original: 1.25->[1.26-1.26]   Dedup: 1.26->[]
I20260608 13:04:35.359509 14077 raft_consensus.cc:1217] T a96b19df34754c4bbe0f695d78f47320 P e0a809c5f8414c11ba583728c206dab5 [term 1 LEARNER]: Deduplicated request from leader. Original: 1.25->[1.26-1.26]   Dedup: 1.26->[]
I20260608 13:04:35.409056 14077 raft_consensus.cc:1217] T 0cb2859c100d4343af91e77b7550da47 P e0a809c5f8414c11ba583728c206dab5 [term 1 LEARNER]: Deduplicated request from leader. Original: 1.25->[1.26-1.26]   Dedup: 1.26->[]
I20260608 13:04:35.552433 14181 raft_consensus.cc:1064] T 84d56d6d35ac4a6b8fa3a6a24988a10b P 91387c85b27e4068ac3dbcb780269273: attempting to promote NON_VOTER a3271f31d2704297b6b95ec4e306daaf to VOTER
I20260608 13:04:35.555562 14181 consensus_queue.cc:237] T 84d56d6d35ac4a6b8fa3a6a24988a10b P 91387c85b27e4068ac3dbcb780269273 [LEADER]: Queue going to LEADER mode. State: All replicated index: 0, Majority replicated index: 26, Committed index: 26, Last appended: 1.26, Last appended by leader: 0, Current term: 1, Majority size: 3, State: 0, Mode: LEADER, active raft config: opid_index: 27 OBSOLETE_local: false peers { permanent_uuid: "f2c17ef4af99498f834ffb500aa8475c" member_type: VOTER last_known_addr { host: "127.8.195.1" port: 36051 } attrs { replace: true } } peers { permanent_uuid: "91387c85b27e4068ac3dbcb780269273" member_type: VOTER last_known_addr { host: "127.8.195.2" port: 33345 } } peers { permanent_uuid: "3614cf8dbcf14a358b1d037858beacee" member_type: VOTER last_known_addr { host: "127.8.195.3" port: 36553 } } peers { permanent_uuid: "a3271f31d2704297b6b95ec4e306daaf" member_type: VOTER last_known_addr { host: "127.8.195.5" port: 42981 } attrs { promote: false } }
I20260608 13:04:35.564190 13480 raft_consensus.cc:1275] T 84d56d6d35ac4a6b8fa3a6a24988a10b P f2c17ef4af99498f834ffb500aa8475c [term 1 FOLLOWER]: Refusing update from remote peer 91387c85b27e4068ac3dbcb780269273: Log matching property violated. Preceding OpId in replica: term: 1 index: 26. Preceding OpId from leader: term: 1 index: 27. (index mismatch)
I20260608 13:04:35.565135 14003 raft_consensus.cc:1275] T 84d56d6d35ac4a6b8fa3a6a24988a10b P a3271f31d2704297b6b95ec4e306daaf [term 1 LEARNER]: Refusing update from remote peer 91387c85b27e4068ac3dbcb780269273: Log matching property violated. Preceding OpId in replica: term: 1 index: 26. Preceding OpId from leader: term: 1 index: 27. (index mismatch)
I20260608 13:04:35.565500 13630 raft_consensus.cc:1275] T 84d56d6d35ac4a6b8fa3a6a24988a10b P 3614cf8dbcf14a358b1d037858beacee [term 1 FOLLOWER]: Refusing update from remote peer 91387c85b27e4068ac3dbcb780269273: Log matching property violated. Preceding OpId in replica: term: 1 index: 26. Preceding OpId from leader: term: 1 index: 27. (index mismatch)
I20260608 13:04:35.566232 14183 consensus_queue.cc:1048] T 84d56d6d35ac4a6b8fa3a6a24988a10b P 91387c85b27e4068ac3dbcb780269273 [LEADER]: Connected to new peer: Peer: permanent_uuid: "f2c17ef4af99498f834ffb500aa8475c" member_type: VOTER last_known_addr { host: "127.8.195.1" port: 36051 } attrs { replace: true }, Status: LMP_MISMATCH, Last received: 0.0, Next index: 27, Last known committed idx: 26, Time since last communication: 0.001s
I20260608 13:04:35.567509 14170 consensus_queue.cc:1048] T 84d56d6d35ac4a6b8fa3a6a24988a10b P 91387c85b27e4068ac3dbcb780269273 [LEADER]: Connected to new peer: Peer: permanent_uuid: "a3271f31d2704297b6b95ec4e306daaf" member_type: VOTER last_known_addr { host: "127.8.195.5" port: 42981 } attrs { promote: false }, Status: LMP_MISMATCH, Last received: 0.0, Next index: 27, Last known committed idx: 26, Time since last communication: 0.000s
I20260608 13:04:35.569379 14105 consensus_queue.cc:1048] T 84d56d6d35ac4a6b8fa3a6a24988a10b P 91387c85b27e4068ac3dbcb780269273 [LEADER]: Connected to new peer: Peer: permanent_uuid: "3614cf8dbcf14a358b1d037858beacee" member_type: VOTER last_known_addr { host: "127.8.195.3" port: 36553 }, Status: LMP_MISMATCH, Last received: 0.0, Next index: 27, Last known committed idx: 26, Time since last communication: 0.002s
I20260608 13:04:35.587639 14105 raft_consensus.cc:2955] T 84d56d6d35ac4a6b8fa3a6a24988a10b P 91387c85b27e4068ac3dbcb780269273 [term 1 LEADER]: Committing config change with OpId 1.27: config changed from index 26 to 27, a3271f31d2704297b6b95ec4e306daaf (127.8.195.5) changed from NON_VOTER to VOTER. New config: { opid_index: 27 OBSOLETE_local: false peers { permanent_uuid: "f2c17ef4af99498f834ffb500aa8475c" member_type: VOTER last_known_addr { host: "127.8.195.1" port: 36051 } attrs { replace: true } } peers { permanent_uuid: "91387c85b27e4068ac3dbcb780269273" member_type: VOTER last_known_addr { host: "127.8.195.2" port: 33345 } } peers { permanent_uuid: "3614cf8dbcf14a358b1d037858beacee" member_type: VOTER last_known_addr { host: "127.8.195.3" port: 36553 } } peers { permanent_uuid: "a3271f31d2704297b6b95ec4e306daaf" member_type: VOTER last_known_addr { host: "127.8.195.5" port: 42981 } attrs { promote: false } } }
I20260608 13:04:35.589692 14003 raft_consensus.cc:2955] T 84d56d6d35ac4a6b8fa3a6a24988a10b P a3271f31d2704297b6b95ec4e306daaf [term 1 FOLLOWER]: Committing config change with OpId 1.27: config changed from index 26 to 27, a3271f31d2704297b6b95ec4e306daaf (127.8.195.5) changed from NON_VOTER to VOTER. New config: { opid_index: 27 OBSOLETE_local: false peers { permanent_uuid: "f2c17ef4af99498f834ffb500aa8475c" member_type: VOTER last_known_addr { host: "127.8.195.1" port: 36051 } attrs { replace: true } } peers { permanent_uuid: "91387c85b27e4068ac3dbcb780269273" member_type: VOTER last_known_addr { host: "127.8.195.2" port: 33345 } } peers { permanent_uuid: "3614cf8dbcf14a358b1d037858beacee" member_type: VOTER last_known_addr { host: "127.8.195.3" port: 36553 } } peers { permanent_uuid: "a3271f31d2704297b6b95ec4e306daaf" member_type: VOTER last_known_addr { host: "127.8.195.5" port: 42981 } attrs { promote: false } } }
I20260608 13:04:35.591463 13477 raft_consensus.cc:2955] T 84d56d6d35ac4a6b8fa3a6a24988a10b P f2c17ef4af99498f834ffb500aa8475c [term 1 FOLLOWER]: Committing config change with OpId 1.27: config changed from index 26 to 27, a3271f31d2704297b6b95ec4e306daaf (127.8.195.5) changed from NON_VOTER to VOTER. New config: { opid_index: 27 OBSOLETE_local: false peers { permanent_uuid: "f2c17ef4af99498f834ffb500aa8475c" member_type: VOTER last_known_addr { host: "127.8.195.1" port: 36051 } attrs { replace: true } } peers { permanent_uuid: "91387c85b27e4068ac3dbcb780269273" member_type: VOTER last_known_addr { host: "127.8.195.2" port: 33345 } } peers { permanent_uuid: "3614cf8dbcf14a358b1d037858beacee" member_type: VOTER last_known_addr { host: "127.8.195.3" port: 36553 } } peers { permanent_uuid: "a3271f31d2704297b6b95ec4e306daaf" member_type: VOTER last_known_addr { host: "127.8.195.5" port: 42981 } attrs { promote: false } } }
I20260608 13:04:35.601613 13630 raft_consensus.cc:2955] T 84d56d6d35ac4a6b8fa3a6a24988a10b P 3614cf8dbcf14a358b1d037858beacee [term 1 FOLLOWER]: Committing config change with OpId 1.27: config changed from index 26 to 27, a3271f31d2704297b6b95ec4e306daaf (127.8.195.5) changed from NON_VOTER to VOTER. New config: { opid_index: 27 OBSOLETE_local: false peers { permanent_uuid: "f2c17ef4af99498f834ffb500aa8475c" member_type: VOTER last_known_addr { host: "127.8.195.1" port: 36051 } attrs { replace: true } } peers { permanent_uuid: "91387c85b27e4068ac3dbcb780269273" member_type: VOTER last_known_addr { host: "127.8.195.2" port: 33345 } } peers { permanent_uuid: "3614cf8dbcf14a358b1d037858beacee" member_type: VOTER last_known_addr { host: "127.8.195.3" port: 36553 } } peers { permanent_uuid: "a3271f31d2704297b6b95ec4e306daaf" member_type: VOTER last_known_addr { host: "127.8.195.5" port: 42981 } attrs { promote: false } } }
I20260608 13:04:35.605067 13380 catalog_manager.cc:5696] T 84d56d6d35ac4a6b8fa3a6a24988a10b P a3271f31d2704297b6b95ec4e306daaf reported cstate change: config changed from index 26 to 27, a3271f31d2704297b6b95ec4e306daaf (127.8.195.5) changed from NON_VOTER to VOTER. New cstate: current_term: 1 leader_uuid: "91387c85b27e4068ac3dbcb780269273" committed_config { opid_index: 27 OBSOLETE_local: false peers { permanent_uuid: "f2c17ef4af99498f834ffb500aa8475c" member_type: VOTER last_known_addr { host: "127.8.195.1" port: 36051 } attrs { replace: true } } peers { permanent_uuid: "91387c85b27e4068ac3dbcb780269273" member_type: VOTER last_known_addr { host: "127.8.195.2" port: 33345 } } peers { permanent_uuid: "3614cf8dbcf14a358b1d037858beacee" member_type: VOTER last_known_addr { host: "127.8.195.3" port: 36553 } } peers { permanent_uuid: "a3271f31d2704297b6b95ec4e306daaf" member_type: VOTER last_known_addr { host: "127.8.195.5" port: 42981 } attrs { promote: false } } }
I20260608 13:04:35.638234 13555 consensus_queue.cc:237] T 84d56d6d35ac4a6b8fa3a6a24988a10b P 91387c85b27e4068ac3dbcb780269273 [LEADER]: Queue going to LEADER mode. State: All replicated index: 0, Majority replicated index: 27, Committed index: 27, Last appended: 1.27, Last appended by leader: 0, Current term: 1, Majority size: 2, State: 0, Mode: LEADER, active raft config: opid_index: 28 OBSOLETE_local: false peers { permanent_uuid: "91387c85b27e4068ac3dbcb780269273" member_type: VOTER last_known_addr { host: "127.8.195.2" port: 33345 } } peers { permanent_uuid: "3614cf8dbcf14a358b1d037858beacee" member_type: VOTER last_known_addr { host: "127.8.195.3" port: 36553 } } peers { permanent_uuid: "a3271f31d2704297b6b95ec4e306daaf" member_type: VOTER last_known_addr { host: "127.8.195.5" port: 42981 } attrs { promote: false } }
I20260608 13:04:35.644398 14003 raft_consensus.cc:1275] T 84d56d6d35ac4a6b8fa3a6a24988a10b P a3271f31d2704297b6b95ec4e306daaf [term 1 FOLLOWER]: Refusing update from remote peer 91387c85b27e4068ac3dbcb780269273: Log matching property violated. Preceding OpId in replica: term: 1 index: 27. Preceding OpId from leader: term: 1 index: 28. (index mismatch)
I20260608 13:04:35.645094 13630 raft_consensus.cc:1275] T 84d56d6d35ac4a6b8fa3a6a24988a10b P 3614cf8dbcf14a358b1d037858beacee [term 1 FOLLOWER]: Refusing update from remote peer 91387c85b27e4068ac3dbcb780269273: Log matching property violated. Preceding OpId in replica: term: 1 index: 27. Preceding OpId from leader: term: 1 index: 28. (index mismatch)
I20260608 13:04:35.646303 14181 consensus_queue.cc:1048] T 84d56d6d35ac4a6b8fa3a6a24988a10b P 91387c85b27e4068ac3dbcb780269273 [LEADER]: Connected to new peer: Peer: permanent_uuid: "a3271f31d2704297b6b95ec4e306daaf" member_type: VOTER last_known_addr { host: "127.8.195.5" port: 42981 } attrs { promote: false }, Status: LMP_MISMATCH, Last received: 0.0, Next index: 28, Last known committed idx: 27, Time since last communication: 0.000s
I20260608 13:04:35.647276 14170 consensus_queue.cc:1048] T 84d56d6d35ac4a6b8fa3a6a24988a10b P 91387c85b27e4068ac3dbcb780269273 [LEADER]: Connected to new peer: Peer: permanent_uuid: "3614cf8dbcf14a358b1d037858beacee" member_type: VOTER last_known_addr { host: "127.8.195.3" port: 36553 }, Status: LMP_MISMATCH, Last received: 0.0, Next index: 28, Last known committed idx: 27, Time since last communication: 0.000s
I20260608 13:04:35.654031 14170 raft_consensus.cc:2955] T 84d56d6d35ac4a6b8fa3a6a24988a10b P 91387c85b27e4068ac3dbcb780269273 [term 1 LEADER]: Committing config change with OpId 1.28: config changed from index 27 to 28, VOTER f2c17ef4af99498f834ffb500aa8475c (127.8.195.1) evicted. New config: { opid_index: 28 OBSOLETE_local: false peers { permanent_uuid: "91387c85b27e4068ac3dbcb780269273" member_type: VOTER last_known_addr { host: "127.8.195.2" port: 33345 } } peers { permanent_uuid: "3614cf8dbcf14a358b1d037858beacee" member_type: VOTER last_known_addr { host: "127.8.195.3" port: 36553 } } peers { permanent_uuid: "a3271f31d2704297b6b95ec4e306daaf" member_type: VOTER last_known_addr { host: "127.8.195.5" port: 42981 } attrs { promote: false } } }
I20260608 13:04:35.657855 13630 raft_consensus.cc:2955] T 84d56d6d35ac4a6b8fa3a6a24988a10b P 3614cf8dbcf14a358b1d037858beacee [term 1 FOLLOWER]: Committing config change with OpId 1.28: config changed from index 27 to 28, VOTER f2c17ef4af99498f834ffb500aa8475c (127.8.195.1) evicted. New config: { opid_index: 28 OBSOLETE_local: false peers { permanent_uuid: "91387c85b27e4068ac3dbcb780269273" member_type: VOTER last_known_addr { host: "127.8.195.2" port: 33345 } } peers { permanent_uuid: "3614cf8dbcf14a358b1d037858beacee" member_type: VOTER last_known_addr { host: "127.8.195.3" port: 36553 } } peers { permanent_uuid: "a3271f31d2704297b6b95ec4e306daaf" member_type: VOTER last_known_addr { host: "127.8.195.5" port: 42981 } attrs { promote: false } } }
I20260608 13:04:35.659010 14003 raft_consensus.cc:2955] T 84d56d6d35ac4a6b8fa3a6a24988a10b P a3271f31d2704297b6b95ec4e306daaf [term 1 FOLLOWER]: Committing config change with OpId 1.28: config changed from index 27 to 28, VOTER f2c17ef4af99498f834ffb500aa8475c (127.8.195.1) evicted. New config: { opid_index: 28 OBSOLETE_local: false peers { permanent_uuid: "91387c85b27e4068ac3dbcb780269273" member_type: VOTER last_known_addr { host: "127.8.195.2" port: 33345 } } peers { permanent_uuid: "3614cf8dbcf14a358b1d037858beacee" member_type: VOTER last_known_addr { host: "127.8.195.3" port: 36553 } } peers { permanent_uuid: "a3271f31d2704297b6b95ec4e306daaf" member_type: VOTER last_known_addr { host: "127.8.195.5" port: 42981 } attrs { promote: false } } }
I20260608 13:04:35.669891 13369 catalog_manager.cc:5209] ChangeConfig:REMOVE_PEER RPC for tablet 84d56d6d35ac4a6b8fa3a6a24988a10b with cas_config_opid_index 27: ChangeConfig:REMOVE_PEER succeeded (attempt 1)
I20260608 13:04:35.675969 14183 raft_consensus.cc:1064] T 10a7f0c1ec6647dba9ff8a818596c943 P 91387c85b27e4068ac3dbcb780269273: attempting to promote NON_VOTER 0b6b81964c2e4246a43691ff1224fd4a to VOTER
I20260608 13:04:35.678866 14183 consensus_queue.cc:237] T 10a7f0c1ec6647dba9ff8a818596c943 P 91387c85b27e4068ac3dbcb780269273 [LEADER]: Queue going to LEADER mode. State: All replicated index: 0, Majority replicated index: 26, Committed index: 26, Last appended: 1.26, Last appended by leader: 0, Current term: 1, Majority size: 3, State: 0, Mode: LEADER, active raft config: opid_index: 27 OBSOLETE_local: false peers { permanent_uuid: "f2c17ef4af99498f834ffb500aa8475c" member_type: VOTER last_known_addr { host: "127.8.195.1" port: 36051 } } peers { permanent_uuid: "91387c85b27e4068ac3dbcb780269273" member_type: VOTER last_known_addr { host: "127.8.195.2" port: 33345 } } peers { permanent_uuid: "3614cf8dbcf14a358b1d037858beacee" member_type: VOTER last_known_addr { host: "127.8.195.3" port: 36553 } attrs { replace: true } } peers { permanent_uuid: "0b6b81964c2e4246a43691ff1224fd4a" member_type: VOTER last_known_addr { host: "127.8.195.4" port: 46539 } attrs { promote: false } }
I20260608 13:04:35.675251 13374 catalog_manager.cc:5696] T 84d56d6d35ac4a6b8fa3a6a24988a10b P 3614cf8dbcf14a358b1d037858beacee reported cstate change: config changed from index 27 to 28, VOTER f2c17ef4af99498f834ffb500aa8475c (127.8.195.1) evicted. New cstate: current_term: 1 leader_uuid: "91387c85b27e4068ac3dbcb780269273" committed_config { opid_index: 28 OBSOLETE_local: false peers { permanent_uuid: "91387c85b27e4068ac3dbcb780269273" member_type: VOTER last_known_addr { host: "127.8.195.2" port: 33345 } } peers { permanent_uuid: "3614cf8dbcf14a358b1d037858beacee" member_type: VOTER last_known_addr { host: "127.8.195.3" port: 36553 } } peers { permanent_uuid: "a3271f31d2704297b6b95ec4e306daaf" member_type: VOTER last_known_addr { host: "127.8.195.5" port: 42981 } attrs { promote: false } } }
I20260608 13:04:35.687114 13928 raft_consensus.cc:1275] T 10a7f0c1ec6647dba9ff8a818596c943 P 0b6b81964c2e4246a43691ff1224fd4a [term 1 LEARNER]: Refusing update from remote peer 91387c85b27e4068ac3dbcb780269273: Log matching property violated. Preceding OpId in replica: term: 1 index: 26. Preceding OpId from leader: term: 1 index: 27. (index mismatch)
I20260608 13:04:35.688033 13630 raft_consensus.cc:1275] T 10a7f0c1ec6647dba9ff8a818596c943 P 3614cf8dbcf14a358b1d037858beacee [term 1 FOLLOWER]: Refusing update from remote peer 91387c85b27e4068ac3dbcb780269273: Log matching property violated. Preceding OpId in replica: term: 1 index: 26. Preceding OpId from leader: term: 1 index: 27. (index mismatch)
I20260608 13:04:35.688416 13477 raft_consensus.cc:1275] T 10a7f0c1ec6647dba9ff8a818596c943 P f2c17ef4af99498f834ffb500aa8475c [term 1 FOLLOWER]: Refusing update from remote peer 91387c85b27e4068ac3dbcb780269273: Log matching property violated. Preceding OpId in replica: term: 1 index: 26. Preceding OpId from leader: term: 1 index: 27. (index mismatch)
I20260608 13:04:35.692390 14181 consensus_queue.cc:1048] T 10a7f0c1ec6647dba9ff8a818596c943 P 91387c85b27e4068ac3dbcb780269273 [LEADER]: Connected to new peer: Peer: permanent_uuid: "f2c17ef4af99498f834ffb500aa8475c" member_type: VOTER last_known_addr { host: "127.8.195.1" port: 36051 }, Status: LMP_MISMATCH, Last received: 0.0, Next index: 27, Last known committed idx: 26, Time since last communication: 0.000s
