I20260608 13:03:31.968642 12350 tablet_service.cc:1511] Processing CreateTablet for tablet 070cb8d2a1614543888ecf9c5e6b15cc (DEFAULT_TABLE table=range_aware_rebalance_new_range [id=1fc0f47722f140199928c74d002e4bb1]), partition=HASH (key) PARTITION 6, RANGE (key) PARTITION 10 <= VALUES < 20
I20260608 13:03:31.969270 12404 tablet_bootstrap.cc:654] T e8f801533d9944e3a13caf65a18326df P 8d7f5a4c262f483ea8bb991420263fe6: Neither blocks nor log segments found. Creating new log.
I20260608 13:03:31.970316 12350 data_dirs.cc:400] Could only allocate 1 dirs of requested 3 for tablet 070cb8d2a1614543888ecf9c5e6b15cc. 1 dirs total, 0 dirs full, 0 dirs failed
I20260608 13:03:31.972196 12349 tablet_service.cc:1511] Processing CreateTablet for tablet 24861299971149efb2f80074f2ac35f2 (DEFAULT_TABLE table=range_aware_rebalance_new_range [id=1fc0f47722f140199928c74d002e4bb1]), partition=HASH (key) PARTITION 7, RANGE (key) PARTITION 10 <= VALUES < 20
I20260608 13:03:31.972679 12355 tablet_service.cc:1511] Processing CreateTablet for tablet e93c28c612ba493388235d47689ea98e (DEFAULT_TABLE table=range_aware_rebalance_new_range [id=1fc0f47722f140199928c74d002e4bb1]), partition=HASH (key) PARTITION 1, RANGE (key) PARTITION 10 <= VALUES < 20
I20260608 13:03:31.973536 12353 tablet_service.cc:1511] Processing CreateTablet for tablet 3bd7fd632cfa4440bcd0b3342cdb276a (DEFAULT_TABLE table=range_aware_rebalance_new_range [id=1fc0f47722f140199928c74d002e4bb1]), partition=HASH (key) PARTITION 3, RANGE (key) PARTITION 10 <= VALUES < 20
I20260608 13:03:31.963114 12354 tablet_service.cc:1511] Processing CreateTablet for tablet b76f085b22ee4a53a19692a032de361b (DEFAULT_TABLE table=range_aware_rebalance_new_range [id=1fc0f47722f140199928c74d002e4bb1]), partition=HASH (key) PARTITION 2, RANGE (key) PARTITION 10 <= VALUES < 20
I20260608 13:03:31.975032 12351 tablet_service.cc:1511] Processing CreateTablet for tablet fa1ca85e9bad4dfab3c199b06db86de3 (DEFAULT_TABLE table=range_aware_rebalance_new_range [id=1fc0f47722f140199928c74d002e4bb1]), partition=HASH (key) PARTITION 5, RANGE (key) PARTITION 10 <= VALUES < 20
W20260608 13:03:31.979894 11943 outbound_call.cc:321] RPC callback for RPC call kudu.tserver.TabletServerAdminService.CreateTablet -> {remote=127.8.220.194:35581, user_credentials={real_user=slave}} blocked reactor thread for 70991.1us
I20260608 13:03:31.980551 12349 data_dirs.cc:400] Could only allocate 1 dirs of requested 3 for tablet 24861299971149efb2f80074f2ac35f2. 1 dirs total, 0 dirs full, 0 dirs failed
I20260608 13:03:31.981383 12353 data_dirs.cc:400] Could only allocate 1 dirs of requested 3 for tablet 3bd7fd632cfa4440bcd0b3342cdb276a. 1 dirs total, 0 dirs full, 0 dirs failed
I20260608 13:03:31.984236 12355 data_dirs.cc:400] Could only allocate 1 dirs of requested 3 for tablet e93c28c612ba493388235d47689ea98e. 1 dirs total, 0 dirs full, 0 dirs failed
W20260608 13:03:31.984426 12005 auto_rebalancer.cc:259] Could not retrieve cluster info: Service unavailable: Tablet not running
I20260608 13:03:31.992076 12354 data_dirs.cc:400] Could only allocate 1 dirs of requested 3 for tablet b76f085b22ee4a53a19692a032de361b. 1 dirs total, 0 dirs full, 0 dirs failed
I20260608 13:03:31.996096 12351 data_dirs.cc:400] Could only allocate 1 dirs of requested 3 for tablet fa1ca85e9bad4dfab3c199b06db86de3. 1 dirs total, 0 dirs full, 0 dirs failed
I20260608 13:03:32.006976 12406 tablet_bootstrap.cc:492] T 24861299971149efb2f80074f2ac35f2 P 8e37920d0aa64d45a2a27864548bd6c5: Bootstrap starting.
I20260608 13:03:32.017894 12403 tablet_bootstrap.cc:492] T e93c28c612ba493388235d47689ea98e P b2779470ef83495f814e42fbd643a3d7: No bootstrap required, opened a new log
I20260608 13:03:32.018460 12403 ts_tablet_manager.cc:1403] T e93c28c612ba493388235d47689ea98e P b2779470ef83495f814e42fbd643a3d7: Time spent bootstrapping tablet: real 0.141s	user 0.012s	sys 0.007s
I20260608 13:03:32.021675 12405 tablet_bootstrap.cc:654] T e8f801533d9944e3a13caf65a18326df P c103e78f7084463592bd14bc70bf8814: Neither blocks nor log segments found. Creating new log.
I20260608 13:03:32.028826 12403 raft_consensus.cc:359] T e93c28c612ba493388235d47689ea98e P b2779470ef83495f814e42fbd643a3d7 [term 0 FOLLOWER]: Replica starting. Triggering 0 pending ops. Active config: opid_index: -1 OBSOLETE_local: false peers { permanent_uuid: "8e37920d0aa64d45a2a27864548bd6c5" member_type: VOTER last_known_addr { host: "127.8.220.196" port: 38125 } } peers { permanent_uuid: "b2779470ef83495f814e42fbd643a3d7" member_type: VOTER last_known_addr { host: "127.8.220.195" port: 36191 } } peers { permanent_uuid: "c103e78f7084463592bd14bc70bf8814" member_type: VOTER last_known_addr { host: "127.8.220.193" port: 36697 } }
I20260608 13:03:32.029932 12403 raft_consensus.cc:385] T e93c28c612ba493388235d47689ea98e P b2779470ef83495f814e42fbd643a3d7 [term 0 FOLLOWER]: Consensus starting up: Expiring failure detector timer to make a prompt election more likely
I20260608 13:03:32.032814 12403 raft_consensus.cc:740] T e93c28c612ba493388235d47689ea98e P b2779470ef83495f814e42fbd643a3d7 [term 0 FOLLOWER]: Becoming Follower/Learner. State: Replica: b2779470ef83495f814e42fbd643a3d7, State: Initialized, Role: FOLLOWER
I20260608 13:03:32.034083 12403 consensus_queue.cc:260] T e93c28c612ba493388235d47689ea98e P b2779470ef83495f814e42fbd643a3d7 [NON_LEADER]: Queue going to NON_LEADER mode. State: All replicated index: 0, Majority replicated index: 0, Committed index: 0, Last appended: 0.0, Last appended by leader: 0, Current term: 0, Majority size: -1, State: 0, Mode: NON_LEADER, active raft config: opid_index: -1 OBSOLETE_local: false peers { permanent_uuid: "8e37920d0aa64d45a2a27864548bd6c5" member_type: VOTER last_known_addr { host: "127.8.220.196" port: 38125 } } peers { permanent_uuid: "b2779470ef83495f814e42fbd643a3d7" member_type: VOTER last_known_addr { host: "127.8.220.195" port: 36191 } } peers { permanent_uuid: "c103e78f7084463592bd14bc70bf8814" member_type: VOTER last_known_addr { host: "127.8.220.193" port: 36697 } }
I20260608 13:03:32.036909 12403 ts_tablet_manager.cc:1434] T e93c28c612ba493388235d47689ea98e P b2779470ef83495f814e42fbd643a3d7: Time spent starting tablet: real 0.018s	user 0.003s	sys 0.004s
I20260608 13:03:32.038034 12403 tablet_bootstrap.cc:492] T b76f085b22ee4a53a19692a032de361b P b2779470ef83495f814e42fbd643a3d7: Bootstrap starting.
I20260608 13:03:32.044935 12406 tablet_bootstrap.cc:654] T 24861299971149efb2f80074f2ac35f2 P 8e37920d0aa64d45a2a27864548bd6c5: Neither blocks nor log segments found. Creating new log.
I20260608 13:03:32.049623 12404 tablet_bootstrap.cc:492] T e8f801533d9944e3a13caf65a18326df P 8d7f5a4c262f483ea8bb991420263fe6: No bootstrap required, opened a new log
I20260608 13:03:32.050374 12404 ts_tablet_manager.cc:1403] T e8f801533d9944e3a13caf65a18326df P 8d7f5a4c262f483ea8bb991420263fe6: Time spent bootstrapping tablet: real 0.142s	user 0.013s	sys 0.011s
I20260608 13:03:32.055333 12404 raft_consensus.cc:359] T e8f801533d9944e3a13caf65a18326df P 8d7f5a4c262f483ea8bb991420263fe6 [term 0 FOLLOWER]: Replica starting. Triggering 0 pending ops. Active config: opid_index: -1 OBSOLETE_local: false peers { permanent_uuid: "8e37920d0aa64d45a2a27864548bd6c5" member_type: VOTER last_known_addr { host: "127.8.220.196" port: 38125 } } peers { permanent_uuid: "c103e78f7084463592bd14bc70bf8814" member_type: VOTER last_known_addr { host: "127.8.220.193" port: 36697 } } peers { permanent_uuid: "8d7f5a4c262f483ea8bb991420263fe6" member_type: VOTER last_known_addr { host: "127.8.220.194" port: 35581 } }
I20260608 13:03:32.056232 12403 tablet_bootstrap.cc:654] T b76f085b22ee4a53a19692a032de361b P b2779470ef83495f814e42fbd643a3d7: Neither blocks nor log segments found. Creating new log.
I20260608 13:03:32.056439 12404 raft_consensus.cc:385] T e8f801533d9944e3a13caf65a18326df P 8d7f5a4c262f483ea8bb991420263fe6 [term 0 FOLLOWER]: Consensus starting up: Expiring failure detector timer to make a prompt election more likely
I20260608 13:03:32.062934 12404 raft_consensus.cc:740] T e8f801533d9944e3a13caf65a18326df P 8d7f5a4c262f483ea8bb991420263fe6 [term 0 FOLLOWER]: Becoming Follower/Learner. State: Replica: 8d7f5a4c262f483ea8bb991420263fe6, State: Initialized, Role: FOLLOWER
I20260608 13:03:32.063834 12404 consensus_queue.cc:260] T e8f801533d9944e3a13caf65a18326df P 8d7f5a4c262f483ea8bb991420263fe6 [NON_LEADER]: Queue going to NON_LEADER mode. State: All replicated index: 0, Majority replicated index: 0, Committed index: 0, Last appended: 0.0, Last appended by leader: 0, Current term: 0, Majority size: -1, State: 0, Mode: NON_LEADER, active raft config: opid_index: -1 OBSOLETE_local: false peers { permanent_uuid: "8e37920d0aa64d45a2a27864548bd6c5" member_type: VOTER last_known_addr { host: "127.8.220.196" port: 38125 } } peers { permanent_uuid: "c103e78f7084463592bd14bc70bf8814" member_type: VOTER last_known_addr { host: "127.8.220.193" port: 36697 } } peers { permanent_uuid: "8d7f5a4c262f483ea8bb991420263fe6" member_type: VOTER last_known_addr { host: "127.8.220.194" port: 35581 } }
I20260608 13:03:32.066641 12404 ts_tablet_manager.cc:1434] T e8f801533d9944e3a13caf65a18326df P 8d7f5a4c262f483ea8bb991420263fe6: Time spent starting tablet: real 0.016s	user 0.006s	sys 0.006s
I20260608 13:03:32.068216 12404 tablet_bootstrap.cc:492] T 3bd7fd632cfa4440bcd0b3342cdb276a P 8d7f5a4c262f483ea8bb991420263fe6: Bootstrap starting.
I20260608 13:03:32.076548 12406 tablet_bootstrap.cc:492] T 24861299971149efb2f80074f2ac35f2 P 8e37920d0aa64d45a2a27864548bd6c5: No bootstrap required, opened a new log
I20260608 13:03:32.077180 12406 ts_tablet_manager.cc:1403] T 24861299971149efb2f80074f2ac35f2 P 8e37920d0aa64d45a2a27864548bd6c5: Time spent bootstrapping tablet: real 0.071s	user 0.027s	sys 0.000s
I20260608 13:03:32.081113 12406 raft_consensus.cc:359] T 24861299971149efb2f80074f2ac35f2 P 8e37920d0aa64d45a2a27864548bd6c5 [term 0 FOLLOWER]: Replica starting. Triggering 0 pending ops. Active config: opid_index: -1 OBSOLETE_local: false peers { permanent_uuid: "b2779470ef83495f814e42fbd643a3d7" member_type: VOTER last_known_addr { host: "127.8.220.195" port: 36191 } } peers { permanent_uuid: "c103e78f7084463592bd14bc70bf8814" member_type: VOTER last_known_addr { host: "127.8.220.193" port: 36697 } } peers { permanent_uuid: "8e37920d0aa64d45a2a27864548bd6c5" member_type: VOTER last_known_addr { host: "127.8.220.196" port: 38125 } }
I20260608 13:03:32.082393 12406 raft_consensus.cc:385] T 24861299971149efb2f80074f2ac35f2 P 8e37920d0aa64d45a2a27864548bd6c5 [term 0 FOLLOWER]: Consensus starting up: Expiring failure detector timer to make a prompt election more likely
I20260608 13:03:32.082850 12406 raft_consensus.cc:740] T 24861299971149efb2f80074f2ac35f2 P 8e37920d0aa64d45a2a27864548bd6c5 [term 0 FOLLOWER]: Becoming Follower/Learner. State: Replica: 8e37920d0aa64d45a2a27864548bd6c5, State: Initialized, Role: FOLLOWER
I20260608 13:03:32.083964 12406 consensus_queue.cc:260] T 24861299971149efb2f80074f2ac35f2 P 8e37920d0aa64d45a2a27864548bd6c5 [NON_LEADER]: Queue going to NON_LEADER mode. State: All replicated index: 0, Majority replicated index: 0, Committed index: 0, Last appended: 0.0, Last appended by leader: 0, Current term: 0, Majority size: -1, State: 0, Mode: NON_LEADER, active raft config: opid_index: -1 OBSOLETE_local: false peers { permanent_uuid: "b2779470ef83495f814e42fbd643a3d7" member_type: VOTER last_known_addr { host: "127.8.220.195" port: 36191 } } peers { permanent_uuid: "c103e78f7084463592bd14bc70bf8814" member_type: VOTER last_known_addr { host: "127.8.220.193" port: 36697 } } peers { permanent_uuid: "8e37920d0aa64d45a2a27864548bd6c5" member_type: VOTER last_known_addr { host: "127.8.220.196" port: 38125 } }
I20260608 13:03:32.084940 12405 tablet_bootstrap.cc:492] T e8f801533d9944e3a13caf65a18326df P c103e78f7084463592bd14bc70bf8814: No bootstrap required, opened a new log
I20260608 13:03:32.085844 12405 ts_tablet_manager.cc:1403] T e8f801533d9944e3a13caf65a18326df P c103e78f7084463592bd14bc70bf8814: Time spent bootstrapping tablet: real 0.223s	user 0.017s	sys 0.015s
I20260608 13:03:32.087108 12404 tablet_bootstrap.cc:654] T 3bd7fd632cfa4440bcd0b3342cdb276a P 8d7f5a4c262f483ea8bb991420263fe6: Neither blocks nor log segments found. Creating new log.
I20260608 13:03:32.090164 12405 raft_consensus.cc:359] T e8f801533d9944e3a13caf65a18326df P c103e78f7084463592bd14bc70bf8814 [term 0 FOLLOWER]: Replica starting. Triggering 0 pending ops. Active config: opid_index: -1 OBSOLETE_local: false peers { permanent_uuid: "8e37920d0aa64d45a2a27864548bd6c5" member_type: VOTER last_known_addr { host: "127.8.220.196" port: 38125 } } peers { permanent_uuid: "c103e78f7084463592bd14bc70bf8814" member_type: VOTER last_known_addr { host: "127.8.220.193" port: 36697 } } peers { permanent_uuid: "8d7f5a4c262f483ea8bb991420263fe6" member_type: VOTER last_known_addr { host: "127.8.220.194" port: 35581 } }
I20260608 13:03:32.091318 12405 raft_consensus.cc:385] T e8f801533d9944e3a13caf65a18326df P c103e78f7084463592bd14bc70bf8814 [term 0 FOLLOWER]: Consensus starting up: Expiring failure detector timer to make a prompt election more likely
I20260608 13:03:32.091795 12405 raft_consensus.cc:740] T e8f801533d9944e3a13caf65a18326df P c103e78f7084463592bd14bc70bf8814 [term 0 FOLLOWER]: Becoming Follower/Learner. State: Replica: c103e78f7084463592bd14bc70bf8814, State: Initialized, Role: FOLLOWER
I20260608 13:03:32.093146 12405 consensus_queue.cc:260] T e8f801533d9944e3a13caf65a18326df P c103e78f7084463592bd14bc70bf8814 [NON_LEADER]: Queue going to NON_LEADER mode. State: All replicated index: 0, Majority replicated index: 0, Committed index: 0, Last appended: 0.0, Last appended by leader: 0, Current term: 0, Majority size: -1, State: 0, Mode: NON_LEADER, active raft config: opid_index: -1 OBSOLETE_local: false peers { permanent_uuid: "8e37920d0aa64d45a2a27864548bd6c5" member_type: VOTER last_known_addr { host: "127.8.220.196" port: 38125 } } peers { permanent_uuid: "c103e78f7084463592bd14bc70bf8814" member_type: VOTER last_known_addr { host: "127.8.220.193" port: 36697 } } peers { permanent_uuid: "8d7f5a4c262f483ea8bb991420263fe6" member_type: VOTER last_known_addr { host: "127.8.220.194" port: 35581 } }
I20260608 13:03:32.109990 12403 tablet_bootstrap.cc:492] T b76f085b22ee4a53a19692a032de361b P b2779470ef83495f814e42fbd643a3d7: No bootstrap required, opened a new log
I20260608 13:03:32.110530 12403 ts_tablet_manager.cc:1403] T b76f085b22ee4a53a19692a032de361b P b2779470ef83495f814e42fbd643a3d7: Time spent bootstrapping tablet: real 0.073s	user 0.023s	sys 0.019s
I20260608 13:03:32.110952 12405 ts_tablet_manager.cc:1434] T e8f801533d9944e3a13caf65a18326df P c103e78f7084463592bd14bc70bf8814: Time spent starting tablet: real 0.025s	user 0.005s	sys 0.003s
I20260608 13:03:32.112166 12405 tablet_bootstrap.cc:492] T 27c2cde2a6fa41b499a788363ac61805 P c103e78f7084463592bd14bc70bf8814: Bootstrap starting.
I20260608 13:03:32.113142 12393 heartbeater.cc:499] Master 127.8.220.254:38469 was elected leader, sending a full tablet report...
I20260608 13:03:32.113914 12403 raft_consensus.cc:359] T b76f085b22ee4a53a19692a032de361b P b2779470ef83495f814e42fbd643a3d7 [term 0 FOLLOWER]: Replica starting. Triggering 0 pending ops. Active config: opid_index: -1 OBSOLETE_local: false peers { permanent_uuid: "8d7f5a4c262f483ea8bb991420263fe6" member_type: VOTER last_known_addr { host: "127.8.220.194" port: 35581 } } peers { permanent_uuid: "b2779470ef83495f814e42fbd643a3d7" member_type: VOTER last_known_addr { host: "127.8.220.195" port: 36191 } } peers { permanent_uuid: "8e37920d0aa64d45a2a27864548bd6c5" member_type: VOTER last_known_addr { host: "127.8.220.196" port: 38125 } }
I20260608 13:03:32.114615 12403 raft_consensus.cc:385] T b76f085b22ee4a53a19692a032de361b P b2779470ef83495f814e42fbd643a3d7 [term 0 FOLLOWER]: Consensus starting up: Expiring failure detector timer to make a prompt election more likely
I20260608 13:03:32.114951 12403 raft_consensus.cc:740] T b76f085b22ee4a53a19692a032de361b P b2779470ef83495f814e42fbd643a3d7 [term 0 FOLLOWER]: Becoming Follower/Learner. State: Replica: b2779470ef83495f814e42fbd643a3d7, State: Initialized, Role: FOLLOWER
I20260608 13:03:32.115783 12403 consensus_queue.cc:260] T b76f085b22ee4a53a19692a032de361b P b2779470ef83495f814e42fbd643a3d7 [NON_LEADER]: Queue going to NON_LEADER mode. State: All replicated index: 0, Majority replicated index: 0, Committed index: 0, Last appended: 0.0, Last appended by leader: 0, Current term: 0, Majority size: -1, State: 0, Mode: NON_LEADER, active raft config: opid_index: -1 OBSOLETE_local: false peers { permanent_uuid: "8d7f5a4c262f483ea8bb991420263fe6" member_type: VOTER last_known_addr { host: "127.8.220.194" port: 35581 } } peers { permanent_uuid: "b2779470ef83495f814e42fbd643a3d7" member_type: VOTER last_known_addr { host: "127.8.220.195" port: 36191 } } peers { permanent_uuid: "8e37920d0aa64d45a2a27864548bd6c5" member_type: VOTER last_known_addr { host: "127.8.220.196" port: 38125 } }
I20260608 13:03:32.117990 12403 ts_tablet_manager.cc:1434] T b76f085b22ee4a53a19692a032de361b P b2779470ef83495f814e42fbd643a3d7: Time spent starting tablet: real 0.007s	user 0.007s	sys 0.000s
I20260608 13:03:32.118999 12403 tablet_bootstrap.cc:492] T 27c2cde2a6fa41b499a788363ac61805 P b2779470ef83495f814e42fbd643a3d7: Bootstrap starting.
I20260608 13:03:32.124891 12406 ts_tablet_manager.cc:1434] T 24861299971149efb2f80074f2ac35f2 P 8e37920d0aa64d45a2a27864548bd6c5: Time spent starting tablet: real 0.047s	user 0.015s	sys 0.012s
I20260608 13:03:32.125985 12406 tablet_bootstrap.cc:492] T 070cb8d2a1614543888ecf9c5e6b15cc P 8e37920d0aa64d45a2a27864548bd6c5: Bootstrap starting.
I20260608 13:03:32.126936 12405 tablet_bootstrap.cc:654] T 27c2cde2a6fa41b499a788363ac61805 P c103e78f7084463592bd14bc70bf8814: Neither blocks nor log segments found. Creating new log.
I20260608 13:03:32.132414 12403 tablet_bootstrap.cc:654] T 27c2cde2a6fa41b499a788363ac61805 P b2779470ef83495f814e42fbd643a3d7: Neither blocks nor log segments found. Creating new log.
I20260608 13:03:32.135267 12406 tablet_bootstrap.cc:654] T 070cb8d2a1614543888ecf9c5e6b15cc P 8e37920d0aa64d45a2a27864548bd6c5: Neither blocks nor log segments found. Creating new log.
I20260608 13:03:32.138145 12404 tablet_bootstrap.cc:492] T 3bd7fd632cfa4440bcd0b3342cdb276a P 8d7f5a4c262f483ea8bb991420263fe6: No bootstrap required, opened a new log
I20260608 13:03:32.139015 12404 ts_tablet_manager.cc:1403] T 3bd7fd632cfa4440bcd0b3342cdb276a P 8d7f5a4c262f483ea8bb991420263fe6: Time spent bootstrapping tablet: real 0.071s	user 0.007s	sys 0.008s
I20260608 13:03:32.144412 12404 raft_consensus.cc:359] T 3bd7fd632cfa4440bcd0b3342cdb276a P 8d7f5a4c262f483ea8bb991420263fe6 [term 0 FOLLOWER]: Replica starting. Triggering 0 pending ops. Active config: opid_index: -1 OBSOLETE_local: false peers { permanent_uuid: "8e37920d0aa64d45a2a27864548bd6c5" member_type: VOTER last_known_addr { host: "127.8.220.196" port: 38125 } } peers { permanent_uuid: "8d7f5a4c262f483ea8bb991420263fe6" member_type: VOTER last_known_addr { host: "127.8.220.194" port: 35581 } } peers { permanent_uuid: "c103e78f7084463592bd14bc70bf8814" member_type: VOTER last_known_addr { host: "127.8.220.193" port: 36697 } }
I20260608 13:03:32.149168 12404 raft_consensus.cc:385] T 3bd7fd632cfa4440bcd0b3342cdb276a P 8d7f5a4c262f483ea8bb991420263fe6 [term 0 FOLLOWER]: Consensus starting up: Expiring failure detector timer to make a prompt election more likely
I20260608 13:03:32.153872 12404 raft_consensus.cc:740] T 3bd7fd632cfa4440bcd0b3342cdb276a P 8d7f5a4c262f483ea8bb991420263fe6 [term 0 FOLLOWER]: Becoming Follower/Learner. State: Replica: 8d7f5a4c262f483ea8bb991420263fe6, State: Initialized, Role: FOLLOWER
I20260608 13:03:32.162739 12403 tablet_bootstrap.cc:492] T 27c2cde2a6fa41b499a788363ac61805 P b2779470ef83495f814e42fbd643a3d7: No bootstrap required, opened a new log
I20260608 13:03:32.163126 12406 tablet_bootstrap.cc:492] T 070cb8d2a1614543888ecf9c5e6b15cc P 8e37920d0aa64d45a2a27864548bd6c5: No bootstrap required, opened a new log
I20260608 13:03:32.163411 12403 ts_tablet_manager.cc:1403] T 27c2cde2a6fa41b499a788363ac61805 P b2779470ef83495f814e42fbd643a3d7: Time spent bootstrapping tablet: real 0.045s	user 0.021s	sys 0.007s
I20260608 13:03:32.163671 12406 ts_tablet_manager.cc:1403] T 070cb8d2a1614543888ecf9c5e6b15cc P 8e37920d0aa64d45a2a27864548bd6c5: Time spent bootstrapping tablet: real 0.038s	user 0.018s	sys 0.014s
I20260608 13:03:32.165032 12405 tablet_bootstrap.cc:492] T 27c2cde2a6fa41b499a788363ac61805 P c103e78f7084463592bd14bc70bf8814: No bootstrap required, opened a new log
I20260608 13:03:32.165560 12405 ts_tablet_manager.cc:1403] T 27c2cde2a6fa41b499a788363ac61805 P c103e78f7084463592bd14bc70bf8814: Time spent bootstrapping tablet: real 0.054s	user 0.019s	sys 0.001s
I20260608 13:03:32.166879 12403 raft_consensus.cc:359] T 27c2cde2a6fa41b499a788363ac61805 P b2779470ef83495f814e42fbd643a3d7 [term 0 FOLLOWER]: Replica starting. Triggering 0 pending ops. Active config: opid_index: -1 OBSOLETE_local: false peers { permanent_uuid: "c103e78f7084463592bd14bc70bf8814" member_type: VOTER last_known_addr { host: "127.8.220.193" port: 36697 } } peers { permanent_uuid: "b2779470ef83495f814e42fbd643a3d7" member_type: VOTER last_known_addr { host: "127.8.220.195" port: 36191 } } peers { permanent_uuid: "8e37920d0aa64d45a2a27864548bd6c5" member_type: VOTER last_known_addr { host: "127.8.220.196" port: 38125 } }
I20260608 13:03:32.167094 12406 raft_consensus.cc:359] T 070cb8d2a1614543888ecf9c5e6b15cc P 8e37920d0aa64d45a2a27864548bd6c5 [term 0 FOLLOWER]: Replica starting. Triggering 0 pending ops. Active config: opid_index: -1 OBSOLETE_local: false peers { permanent_uuid: "8d7f5a4c262f483ea8bb991420263fe6" member_type: VOTER last_known_addr { host: "127.8.220.194" port: 35581 } } peers { permanent_uuid: "8e37920d0aa64d45a2a27864548bd6c5" member_type: VOTER last_known_addr { host: "127.8.220.196" port: 38125 } } peers { permanent_uuid: "c103e78f7084463592bd14bc70bf8814" member_type: VOTER last_known_addr { host: "127.8.220.193" port: 36697 } }
I20260608 13:03:32.167733 12403 raft_consensus.cc:385] T 27c2cde2a6fa41b499a788363ac61805 P b2779470ef83495f814e42fbd643a3d7 [term 0 FOLLOWER]: Consensus starting up: Expiring failure detector timer to make a prompt election more likely
I20260608 13:03:32.167804 12406 raft_consensus.cc:385] T 070cb8d2a1614543888ecf9c5e6b15cc P 8e37920d0aa64d45a2a27864548bd6c5 [term 0 FOLLOWER]: Consensus starting up: Expiring failure detector timer to make a prompt election more likely
I20260608 13:03:32.168195 12403 raft_consensus.cc:740] T 27c2cde2a6fa41b499a788363ac61805 P b2779470ef83495f814e42fbd643a3d7 [term 0 FOLLOWER]: Becoming Follower/Learner. State: Replica: b2779470ef83495f814e42fbd643a3d7, State: Initialized, Role: FOLLOWER
I20260608 13:03:32.168275 12406 raft_consensus.cc:740] T 070cb8d2a1614543888ecf9c5e6b15cc P 8e37920d0aa64d45a2a27864548bd6c5 [term 0 FOLLOWER]: Becoming Follower/Learner. State: Replica: 8e37920d0aa64d45a2a27864548bd6c5, State: Initialized, Role: FOLLOWER
I20260608 13:03:32.168519 11957 catalog_manager.cc:6241] T 00000000000000000000000000000000 P 87f343758e7b451fa4c001017c9ed472: range_aware_rebalance_new_range [id=1fc0f47722f140199928c74d002e4bb1] alter complete (version 0)
I20260608 13:03:32.169184 12403 consensus_queue.cc:260] T 27c2cde2a6fa41b499a788363ac61805 P b2779470ef83495f814e42fbd643a3d7 [NON_LEADER]: Queue going to NON_LEADER mode. State: All replicated index: 0, Majority replicated index: 0, Committed index: 0, Last appended: 0.0, Last appended by leader: 0, Current term: 0, Majority size: -1, State: 0, Mode: NON_LEADER, active raft config: opid_index: -1 OBSOLETE_local: false peers { permanent_uuid: "c103e78f7084463592bd14bc70bf8814" member_type: VOTER last_known_addr { host: "127.8.220.193" port: 36697 } } peers { permanent_uuid: "b2779470ef83495f814e42fbd643a3d7" member_type: VOTER last_known_addr { host: "127.8.220.195" port: 36191 } } peers { permanent_uuid: "8e37920d0aa64d45a2a27864548bd6c5" member_type: VOTER last_known_addr { host: "127.8.220.196" port: 38125 } }
I20260608 13:03:32.169437 12405 raft_consensus.cc:359] T 27c2cde2a6fa41b499a788363ac61805 P c103e78f7084463592bd14bc70bf8814 [term 0 FOLLOWER]: Replica starting. Triggering 0 pending ops. Active config: opid_index: -1 OBSOLETE_local: false peers { permanent_uuid: "c103e78f7084463592bd14bc70bf8814" member_type: VOTER last_known_addr { host: "127.8.220.193" port: 36697 } } peers { permanent_uuid: "b2779470ef83495f814e42fbd643a3d7" member_type: VOTER last_known_addr { host: "127.8.220.195" port: 36191 } } peers { permanent_uuid: "8e37920d0aa64d45a2a27864548bd6c5" member_type: VOTER last_known_addr { host: "127.8.220.196" port: 38125 } }
I20260608 13:03:32.169276 12406 consensus_queue.cc:260] T 070cb8d2a1614543888ecf9c5e6b15cc P 8e37920d0aa64d45a2a27864548bd6c5 [NON_LEADER]: Queue going to NON_LEADER mode. State: All replicated index: 0, Majority replicated index: 0, Committed index: 0, Last appended: 0.0, Last appended by leader: 0, Current term: 0, Majority size: -1, State: 0, Mode: NON_LEADER, active raft config: opid_index: -1 OBSOLETE_local: false peers { permanent_uuid: "8d7f5a4c262f483ea8bb991420263fe6" member_type: VOTER last_known_addr { host: "127.8.220.194" port: 35581 } } peers { permanent_uuid: "8e37920d0aa64d45a2a27864548bd6c5" member_type: VOTER last_known_addr { host: "127.8.220.196" port: 38125 } } peers { permanent_uuid: "c103e78f7084463592bd14bc70bf8814" member_type: VOTER last_known_addr { host: "127.8.220.193" port: 36697 } }
I20260608 13:03:32.170323 12405 raft_consensus.cc:385] T 27c2cde2a6fa41b499a788363ac61805 P c103e78f7084463592bd14bc70bf8814 [term 0 FOLLOWER]: Consensus starting up: Expiring failure detector timer to make a prompt election more likely
I20260608 13:03:32.170680 12405 raft_consensus.cc:740] T 27c2cde2a6fa41b499a788363ac61805 P c103e78f7084463592bd14bc70bf8814 [term 0 FOLLOWER]: Becoming Follower/Learner. State: Replica: c103e78f7084463592bd14bc70bf8814, State: Initialized, Role: FOLLOWER
I20260608 13:03:32.157039 12404 consensus_queue.cc:260] T 3bd7fd632cfa4440bcd0b3342cdb276a P 8d7f5a4c262f483ea8bb991420263fe6 [NON_LEADER]: Queue going to NON_LEADER mode. State: All replicated index: 0, Majority replicated index: 0, Committed index: 0, Last appended: 0.0, Last appended by leader: 0, Current term: 0, Majority size: -1, State: 0, Mode: NON_LEADER, active raft config: opid_index: -1 OBSOLETE_local: false peers { permanent_uuid: "8e37920d0aa64d45a2a27864548bd6c5" member_type: VOTER last_known_addr { host: "127.8.220.196" port: 38125 } } peers { permanent_uuid: "8d7f5a4c262f483ea8bb991420263fe6" member_type: VOTER last_known_addr { host: "127.8.220.194" port: 35581 } } peers { permanent_uuid: "c103e78f7084463592bd14bc70bf8814" member_type: VOTER last_known_addr { host: "127.8.220.193" port: 36697 } }
I20260608 13:03:32.171913 12403 ts_tablet_manager.cc:1434] T 27c2cde2a6fa41b499a788363ac61805 P b2779470ef83495f814e42fbd643a3d7: Time spent starting tablet: real 0.008s	user 0.005s	sys 0.003s
I20260608 13:03:32.173336 12403 tablet_bootstrap.cc:492] T fa1ca85e9bad4dfab3c199b06db86de3 P b2779470ef83495f814e42fbd643a3d7: Bootstrap starting.
I20260608 13:03:32.181981 12403 tablet_bootstrap.cc:654] T fa1ca85e9bad4dfab3c199b06db86de3 P b2779470ef83495f814e42fbd643a3d7: Neither blocks nor log segments found. Creating new log.
I20260608 13:03:32.183740 12405 consensus_queue.cc:260] T 27c2cde2a6fa41b499a788363ac61805 P c103e78f7084463592bd14bc70bf8814 [NON_LEADER]: Queue going to NON_LEADER mode. State: All replicated index: 0, Majority replicated index: 0, Committed index: 0, Last appended: 0.0, Last appended by leader: 0, Current term: 0, Majority size: -1, State: 0, Mode: NON_LEADER, active raft config: opid_index: -1 OBSOLETE_local: false peers { permanent_uuid: "c103e78f7084463592bd14bc70bf8814" member_type: VOTER last_known_addr { host: "127.8.220.193" port: 36697 } } peers { permanent_uuid: "b2779470ef83495f814e42fbd643a3d7" member_type: VOTER last_known_addr { host: "127.8.220.195" port: 36191 } } peers { permanent_uuid: "8e37920d0aa64d45a2a27864548bd6c5" member_type: VOTER last_known_addr { host: "127.8.220.196" port: 38125 } }
I20260608 13:03:32.185022 12406 ts_tablet_manager.cc:1434] T 070cb8d2a1614543888ecf9c5e6b15cc P 8e37920d0aa64d45a2a27864548bd6c5: Time spent starting tablet: real 0.021s	user 0.007s	sys 0.000s
I20260608 13:03:32.190239 12404 ts_tablet_manager.cc:1434] T 3bd7fd632cfa4440bcd0b3342cdb276a P 8d7f5a4c262f483ea8bb991420263fe6: Time spent starting tablet: real 0.050s	user 0.011s	sys 0.004s
I20260608 13:03:32.191439 12404 tablet_bootstrap.cc:492] T b76f085b22ee4a53a19692a032de361b P 8d7f5a4c262f483ea8bb991420263fe6: Bootstrap starting.
I20260608 13:03:32.203732 12405 ts_tablet_manager.cc:1434] T 27c2cde2a6fa41b499a788363ac61805 P c103e78f7084463592bd14bc70bf8814: Time spent starting tablet: real 0.038s	user 0.015s	sys 0.001s
I20260608 13:03:32.204252 12406 tablet_bootstrap.cc:492] T 27c2cde2a6fa41b499a788363ac61805 P 8e37920d0aa64d45a2a27864548bd6c5: Bootstrap starting.
I20260608 13:03:32.204836 12405 tablet_bootstrap.cc:492] T 3bd7fd632cfa4440bcd0b3342cdb276a P c103e78f7084463592bd14bc70bf8814: Bootstrap starting.
I20260608 13:03:32.215548 12403 tablet_bootstrap.cc:492] T fa1ca85e9bad4dfab3c199b06db86de3 P b2779470ef83495f814e42fbd643a3d7: No bootstrap required, opened a new log
I20260608 13:03:32.216153 12403 ts_tablet_manager.cc:1403] T fa1ca85e9bad4dfab3c199b06db86de3 P b2779470ef83495f814e42fbd643a3d7: Time spent bootstrapping tablet: real 0.043s	user 0.017s	sys 0.022s
I20260608 13:03:32.216691 12404 tablet_bootstrap.cc:654] T b76f085b22ee4a53a19692a032de361b P 8d7f5a4c262f483ea8bb991420263fe6: Neither blocks nor log segments found. Creating new log.
I20260608 13:03:32.219638 12403 raft_consensus.cc:359] T fa1ca85e9bad4dfab3c199b06db86de3 P b2779470ef83495f814e42fbd643a3d7 [term 0 FOLLOWER]: Replica starting. Triggering 0 pending ops. Active config: opid_index: -1 OBSOLETE_local: false peers { permanent_uuid: "8e37920d0aa64d45a2a27864548bd6c5" member_type: VOTER last_known_addr { host: "127.8.220.196" port: 38125 } } peers { permanent_uuid: "8d7f5a4c262f483ea8bb991420263fe6" member_type: VOTER last_known_addr { host: "127.8.220.194" port: 35581 } } peers { permanent_uuid: "b2779470ef83495f814e42fbd643a3d7" member_type: VOTER last_known_addr { host: "127.8.220.195" port: 36191 } }
I20260608 13:03:32.220465 12403 raft_consensus.cc:385] T fa1ca85e9bad4dfab3c199b06db86de3 P b2779470ef83495f814e42fbd643a3d7 [term 0 FOLLOWER]: Consensus starting up: Expiring failure detector timer to make a prompt election more likely
I20260608 13:03:32.220798 12403 raft_consensus.cc:740] T fa1ca85e9bad4dfab3c199b06db86de3 P b2779470ef83495f814e42fbd643a3d7 [term 0 FOLLOWER]: Becoming Follower/Learner. State: Replica: b2779470ef83495f814e42fbd643a3d7, State: Initialized, Role: FOLLOWER
I20260608 13:03:32.221607 12403 consensus_queue.cc:260] T fa1ca85e9bad4dfab3c199b06db86de3 P b2779470ef83495f814e42fbd643a3d7 [NON_LEADER]: Queue going to NON_LEADER mode. State: All replicated index: 0, Majority replicated index: 0, Committed index: 0, Last appended: 0.0, Last appended by leader: 0, Current term: 0, Majority size: -1, State: 0, Mode: NON_LEADER, active raft config: opid_index: -1 OBSOLETE_local: false peers { permanent_uuid: "8e37920d0aa64d45a2a27864548bd6c5" member_type: VOTER last_known_addr { host: "127.8.220.196" port: 38125 } } peers { permanent_uuid: "8d7f5a4c262f483ea8bb991420263fe6" member_type: VOTER last_known_addr { host: "127.8.220.194" port: 35581 } } peers { permanent_uuid: "b2779470ef83495f814e42fbd643a3d7" member_type: VOTER last_known_addr { host: "127.8.220.195" port: 36191 } }
I20260608 13:03:32.223374 12405 tablet_bootstrap.cc:654] T 3bd7fd632cfa4440bcd0b3342cdb276a P c103e78f7084463592bd14bc70bf8814: Neither blocks nor log segments found. Creating new log.
I20260608 13:03:32.225646 12406 tablet_bootstrap.cc:654] T 27c2cde2a6fa41b499a788363ac61805 P 8e37920d0aa64d45a2a27864548bd6c5: Neither blocks nor log segments found. Creating new log.
I20260608 13:03:32.227916 12403 ts_tablet_manager.cc:1434] T fa1ca85e9bad4dfab3c199b06db86de3 P b2779470ef83495f814e42fbd643a3d7: Time spent starting tablet: real 0.011s	user 0.004s	sys 0.004s
I20260608 13:03:32.229254 12403 tablet_bootstrap.cc:492] T 24861299971149efb2f80074f2ac35f2 P b2779470ef83495f814e42fbd643a3d7: Bootstrap starting.
I20260608 13:03:32.233322 12404 tablet_bootstrap.cc:492] T b76f085b22ee4a53a19692a032de361b P 8d7f5a4c262f483ea8bb991420263fe6: No bootstrap required, opened a new log
I20260608 13:03:32.233363 12405 tablet_bootstrap.cc:492] T 3bd7fd632cfa4440bcd0b3342cdb276a P c103e78f7084463592bd14bc70bf8814: No bootstrap required, opened a new log
I20260608 13:03:32.234344 12405 ts_tablet_manager.cc:1403] T 3bd7fd632cfa4440bcd0b3342cdb276a P c103e78f7084463592bd14bc70bf8814: Time spent bootstrapping tablet: real 0.030s	user 0.012s	sys 0.003s
I20260608 13:03:32.235916 12403 tablet_bootstrap.cc:654] T 24861299971149efb2f80074f2ac35f2 P b2779470ef83495f814e42fbd643a3d7: Neither blocks nor log segments found. Creating new log.
I20260608 13:03:32.237646 12404 ts_tablet_manager.cc:1403] T b76f085b22ee4a53a19692a032de361b P 8d7f5a4c262f483ea8bb991420263fe6: Time spent bootstrapping tablet: real 0.046s	user 0.009s	sys 0.005s
I20260608 13:03:32.242426 12404 raft_consensus.cc:359] T b76f085b22ee4a53a19692a032de361b P 8d7f5a4c262f483ea8bb991420263fe6 [term 0 FOLLOWER]: Replica starting. Triggering 0 pending ops. Active config: opid_index: -1 OBSOLETE_local: false peers { permanent_uuid: "8d7f5a4c262f483ea8bb991420263fe6" member_type: VOTER last_known_addr { host: "127.8.220.194" port: 35581 } } peers { permanent_uuid: "b2779470ef83495f814e42fbd643a3d7" member_type: VOTER last_known_addr { host: "127.8.220.195" port: 36191 } } peers { permanent_uuid: "8e37920d0aa64d45a2a27864548bd6c5" member_type: VOTER last_known_addr { host: "127.8.220.196" port: 38125 } }
I20260608 13:03:32.247038 12405 raft_consensus.cc:359] T 3bd7fd632cfa4440bcd0b3342cdb276a P c103e78f7084463592bd14bc70bf8814 [term 0 FOLLOWER]: Replica starting. Triggering 0 pending ops. Active config: opid_index: -1 OBSOLETE_local: false peers { permanent_uuid: "8e37920d0aa64d45a2a27864548bd6c5" member_type: VOTER last_known_addr { host: "127.8.220.196" port: 38125 } } peers { permanent_uuid: "8d7f5a4c262f483ea8bb991420263fe6" member_type: VOTER last_known_addr { host: "127.8.220.194" port: 35581 } } peers { permanent_uuid: "c103e78f7084463592bd14bc70bf8814" member_type: VOTER last_known_addr { host: "127.8.220.193" port: 36697 } }
I20260608 13:03:32.248202 12404 raft_consensus.cc:385] T b76f085b22ee4a53a19692a032de361b P 8d7f5a4c262f483ea8bb991420263fe6 [term 0 FOLLOWER]: Consensus starting up: Expiring failure detector timer to make a prompt election more likely
I20260608 13:03:32.248819 12404 raft_consensus.cc:740] T b76f085b22ee4a53a19692a032de361b P 8d7f5a4c262f483ea8bb991420263fe6 [term 0 FOLLOWER]: Becoming Follower/Learner. State: Replica: 8d7f5a4c262f483ea8bb991420263fe6, State: Initialized, Role: FOLLOWER
I20260608 13:03:32.250730 12404 consensus_queue.cc:260] T b76f085b22ee4a53a19692a032de361b P 8d7f5a4c262f483ea8bb991420263fe6 [NON_LEADER]: Queue going to NON_LEADER mode. State: All replicated index: 0, Majority replicated index: 0, Committed index: 0, Last appended: 0.0, Last appended by leader: 0, Current term: 0, Majority size: -1, State: 0, Mode: NON_LEADER, active raft config: opid_index: -1 OBSOLETE_local: false peers { permanent_uuid: "8d7f5a4c262f483ea8bb991420263fe6" member_type: VOTER last_known_addr { host: "127.8.220.194" port: 35581 } } peers { permanent_uuid: "b2779470ef83495f814e42fbd643a3d7" member_type: VOTER last_known_addr { host: "127.8.220.195" port: 36191 } } peers { permanent_uuid: "8e37920d0aa64d45a2a27864548bd6c5" member_type: VOTER last_known_addr { host: "127.8.220.196" port: 38125 } }
I20260608 13:03:32.258315 12405 raft_consensus.cc:385] T 3bd7fd632cfa4440bcd0b3342cdb276a P c103e78f7084463592bd14bc70bf8814 [term 0 FOLLOWER]: Consensus starting up: Expiring failure detector timer to make a prompt election more likely
I20260608 13:03:32.258808 12405 raft_consensus.cc:740] T 3bd7fd632cfa4440bcd0b3342cdb276a P c103e78f7084463592bd14bc70bf8814 [term 0 FOLLOWER]: Becoming Follower/Learner. State: Replica: c103e78f7084463592bd14bc70bf8814, State: Initialized, Role: FOLLOWER
I20260608 13:03:32.259704 12405 consensus_queue.cc:260] T 3bd7fd632cfa4440bcd0b3342cdb276a P c103e78f7084463592bd14bc70bf8814 [NON_LEADER]: Queue going to NON_LEADER mode. State: All replicated index: 0, Majority replicated index: 0, Committed index: 0, Last appended: 0.0, Last appended by leader: 0, Current term: 0, Majority size: -1, State: 0, Mode: NON_LEADER, active raft config: opid_index: -1 OBSOLETE_local: false peers { permanent_uuid: "8e37920d0aa64d45a2a27864548bd6c5" member_type: VOTER last_known_addr { host: "127.8.220.196" port: 38125 } } peers { permanent_uuid: "8d7f5a4c262f483ea8bb991420263fe6" member_type: VOTER last_known_addr { host: "127.8.220.194" port: 35581 } } peers { permanent_uuid: "c103e78f7084463592bd14bc70bf8814" member_type: VOTER last_known_addr { host: "127.8.220.193" port: 36697 } }
I20260608 13:03:32.262511 12405 ts_tablet_manager.cc:1434] T 3bd7fd632cfa4440bcd0b3342cdb276a P c103e78f7084463592bd14bc70bf8814: Time spent starting tablet: real 0.028s	user 0.005s	sys 0.003s
I20260608 13:03:32.263816 12405 tablet_bootstrap.cc:492] T e93c28c612ba493388235d47689ea98e P c103e78f7084463592bd14bc70bf8814: Bootstrap starting.
I20260608 13:03:32.264999 12404 ts_tablet_manager.cc:1434] T b76f085b22ee4a53a19692a032de361b P 8d7f5a4c262f483ea8bb991420263fe6: Time spent starting tablet: real 0.027s	user 0.010s	sys 0.000s
I20260608 13:03:32.265856 12403 tablet_bootstrap.cc:492] T 24861299971149efb2f80074f2ac35f2 P b2779470ef83495f814e42fbd643a3d7: No bootstrap required, opened a new log
I20260608 13:03:32.266233 12404 tablet_bootstrap.cc:492] T fa1ca85e9bad4dfab3c199b06db86de3 P 8d7f5a4c262f483ea8bb991420263fe6: Bootstrap starting.
I20260608 13:03:32.266532 12403 ts_tablet_manager.cc:1403] T 24861299971149efb2f80074f2ac35f2 P b2779470ef83495f814e42fbd643a3d7: Time spent bootstrapping tablet: real 0.037s	user 0.020s	sys 0.017s
I20260608 13:03:32.270097 12403 raft_consensus.cc:359] T 24861299971149efb2f80074f2ac35f2 P b2779470ef83495f814e42fbd643a3d7 [term 0 FOLLOWER]: Replica starting. Triggering 0 pending ops. Active config: opid_index: -1 OBSOLETE_local: false peers { permanent_uuid: "b2779470ef83495f814e42fbd643a3d7" member_type: VOTER last_known_addr { host: "127.8.220.195" port: 36191 } } peers { permanent_uuid: "c103e78f7084463592bd14bc70bf8814" member_type: VOTER last_known_addr { host: "127.8.220.193" port: 36697 } } peers { permanent_uuid: "8e37920d0aa64d45a2a27864548bd6c5" member_type: VOTER last_known_addr { host: "127.8.220.196" port: 38125 } }
I20260608 13:03:32.271258 12403 raft_consensus.cc:385] T 24861299971149efb2f80074f2ac35f2 P b2779470ef83495f814e42fbd643a3d7 [term 0 FOLLOWER]: Consensus starting up: Expiring failure detector timer to make a prompt election more likely
I20260608 13:03:32.271768 12403 raft_consensus.cc:740] T 24861299971149efb2f80074f2ac35f2 P b2779470ef83495f814e42fbd643a3d7 [term 0 FOLLOWER]: Becoming Follower/Learner. State: Replica: b2779470ef83495f814e42fbd643a3d7, State: Initialized, Role: FOLLOWER
I20260608 13:03:32.272795 12403 consensus_queue.cc:260] T 24861299971149efb2f80074f2ac35f2 P b2779470ef83495f814e42fbd643a3d7 [NON_LEADER]: Queue going to NON_LEADER mode. State: All replicated index: 0, Majority replicated index: 0, Committed index: 0, Last appended: 0.0, Last appended by leader: 0, Current term: 0, Majority size: -1, State: 0, Mode: NON_LEADER, active raft config: opid_index: -1 OBSOLETE_local: false peers { permanent_uuid: "b2779470ef83495f814e42fbd643a3d7" member_type: VOTER last_known_addr { host: "127.8.220.195" port: 36191 } } peers { permanent_uuid: "c103e78f7084463592bd14bc70bf8814" member_type: VOTER last_known_addr { host: "127.8.220.193" port: 36697 } } peers { permanent_uuid: "8e37920d0aa64d45a2a27864548bd6c5" member_type: VOTER last_known_addr { host: "127.8.220.196" port: 38125 } }
I20260608 13:03:32.274539 12405 tablet_bootstrap.cc:654] T e93c28c612ba493388235d47689ea98e P c103e78f7084463592bd14bc70bf8814: Neither blocks nor log segments found. Creating new log.
I20260608 13:03:32.278120 12403 ts_tablet_manager.cc:1434] T 24861299971149efb2f80074f2ac35f2 P b2779470ef83495f814e42fbd643a3d7: Time spent starting tablet: real 0.011s	user 0.004s	sys 0.003s
I20260608 13:03:32.279049 12404 tablet_bootstrap.cc:654] T fa1ca85e9bad4dfab3c199b06db86de3 P 8d7f5a4c262f483ea8bb991420263fe6: Neither blocks nor log segments found. Creating new log.
I20260608 13:03:32.280645 12406 tablet_bootstrap.cc:492] T 27c2cde2a6fa41b499a788363ac61805 P 8e37920d0aa64d45a2a27864548bd6c5: No bootstrap required, opened a new log
I20260608 13:03:32.281270 12406 ts_tablet_manager.cc:1403] T 27c2cde2a6fa41b499a788363ac61805 P 8e37920d0aa64d45a2a27864548bd6c5: Time spent bootstrapping tablet: real 0.077s	user 0.012s	sys 0.022s
I20260608 13:03:32.285022 12406 raft_consensus.cc:359] T 27c2cde2a6fa41b499a788363ac61805 P 8e37920d0aa64d45a2a27864548bd6c5 [term 0 FOLLOWER]: Replica starting. Triggering 0 pending ops. Active config: opid_index: -1 OBSOLETE_local: false peers { permanent_uuid: "c103e78f7084463592bd14bc70bf8814" member_type: VOTER last_known_addr { host: "127.8.220.193" port: 36697 } } peers { permanent_uuid: "b2779470ef83495f814e42fbd643a3d7" member_type: VOTER last_known_addr { host: "127.8.220.195" port: 36191 } } peers { permanent_uuid: "8e37920d0aa64d45a2a27864548bd6c5" member_type: VOTER last_known_addr { host: "127.8.220.196" port: 38125 } }
I20260608 13:03:32.286113 12406 raft_consensus.cc:385] T 27c2cde2a6fa41b499a788363ac61805 P 8e37920d0aa64d45a2a27864548bd6c5 [term 0 FOLLOWER]: Consensus starting up: Expiring failure detector timer to make a prompt election more likely
I20260608 13:03:32.286562 12406 raft_consensus.cc:740] T 27c2cde2a6fa41b499a788363ac61805 P 8e37920d0aa64d45a2a27864548bd6c5 [term 0 FOLLOWER]: Becoming Follower/Learner. State: Replica: 8e37920d0aa64d45a2a27864548bd6c5, State: Initialized, Role: FOLLOWER
I20260608 13:03:32.287910 12406 consensus_queue.cc:260] T 27c2cde2a6fa41b499a788363ac61805 P 8e37920d0aa64d45a2a27864548bd6c5 [NON_LEADER]: Queue going to NON_LEADER mode. State: All replicated index: 0, Majority replicated index: 0, Committed index: 0, Last appended: 0.0, Last appended by leader: 0, Current term: 0, Majority size: -1, State: 0, Mode: NON_LEADER, active raft config: opid_index: -1 OBSOLETE_local: false peers { permanent_uuid: "c103e78f7084463592bd14bc70bf8814" member_type: VOTER last_known_addr { host: "127.8.220.193" port: 36697 } } peers { permanent_uuid: "b2779470ef83495f814e42fbd643a3d7" member_type: VOTER last_known_addr { host: "127.8.220.195" port: 36191 } } peers { permanent_uuid: "8e37920d0aa64d45a2a27864548bd6c5" member_type: VOTER last_known_addr { host: "127.8.220.196" port: 38125 } }
I20260608 13:03:32.290679 12405 tablet_bootstrap.cc:492] T e93c28c612ba493388235d47689ea98e P c103e78f7084463592bd14bc70bf8814: No bootstrap required, opened a new log
I20260608 13:03:32.292305 12412 raft_consensus.cc:493] T 070cb8d2a1614543888ecf9c5e6b15cc P 8e37920d0aa64d45a2a27864548bd6c5 [term 0 FOLLOWER]: Starting pre-election (no leader contacted us within the election timeout)
I20260608 13:03:32.293118 12412 raft_consensus.cc:515] T 070cb8d2a1614543888ecf9c5e6b15cc P 8e37920d0aa64d45a2a27864548bd6c5 [term 0 FOLLOWER]: Starting pre-election with config: opid_index: -1 OBSOLETE_local: false peers { permanent_uuid: "8d7f5a4c262f483ea8bb991420263fe6" member_type: VOTER last_known_addr { host: "127.8.220.194" port: 35581 } } peers { permanent_uuid: "8e37920d0aa64d45a2a27864548bd6c5" member_type: VOTER last_known_addr { host: "127.8.220.196" port: 38125 } } peers { permanent_uuid: "c103e78f7084463592bd14bc70bf8814" member_type: VOTER last_known_addr { host: "127.8.220.193" port: 36697 } }
I20260608 13:03:32.309499 12405 ts_tablet_manager.cc:1403] T e93c28c612ba493388235d47689ea98e P c103e78f7084463592bd14bc70bf8814: Time spent bootstrapping tablet: real 0.046s	user 0.008s	sys 0.025s
I20260608 13:03:32.310761 12412 leader_election.cc:290] T 070cb8d2a1614543888ecf9c5e6b15cc P 8e37920d0aa64d45a2a27864548bd6c5 [CANDIDATE]: Term 1 pre-election: Requested pre-vote from peers 8d7f5a4c262f483ea8bb991420263fe6 (127.8.220.194:35581), c103e78f7084463592bd14bc70bf8814 (127.8.220.193:36697)
I20260608 13:03:32.318241 12406 ts_tablet_manager.cc:1434] T 27c2cde2a6fa41b499a788363ac61805 P 8e37920d0aa64d45a2a27864548bd6c5: Time spent starting tablet: real 0.037s	user 0.011s	sys 0.000s
I20260608 13:03:32.322113 12406 tablet_bootstrap.cc:492] T e8f801533d9944e3a13caf65a18326df P 8e37920d0aa64d45a2a27864548bd6c5: Bootstrap starting.
I20260608 13:03:32.341251 12271 raft_consensus.cc:493] T e8f801533d9944e3a13caf65a18326df P c103e78f7084463592bd14bc70bf8814 [term 0 FOLLOWER]: Starting pre-election (no leader contacted us within the election timeout)
I20260608 13:03:32.342348 12406 tablet_bootstrap.cc:654] T e8f801533d9944e3a13caf65a18326df P 8e37920d0aa64d45a2a27864548bd6c5: Neither blocks nor log segments found. Creating new log.
I20260608 13:03:32.342113 12271 raft_consensus.cc:515] T e8f801533d9944e3a13caf65a18326df P c103e78f7084463592bd14bc70bf8814 [term 0 FOLLOWER]: Starting pre-election with config: opid_index: -1 OBSOLETE_local: false peers { permanent_uuid: "8e37920d0aa64d45a2a27864548bd6c5" member_type: VOTER last_known_addr { host: "127.8.220.196" port: 38125 } } peers { permanent_uuid: "c103e78f7084463592bd14bc70bf8814" member_type: VOTER last_known_addr { host: "127.8.220.193" port: 36697 } } peers { permanent_uuid: "8d7f5a4c262f483ea8bb991420263fe6" member_type: VOTER last_known_addr { host: "127.8.220.194" port: 35581 } }
I20260608 13:03:32.341344 12404 tablet_bootstrap.cc:492] T fa1ca85e9bad4dfab3c199b06db86de3 P 8d7f5a4c262f483ea8bb991420263fe6: No bootstrap required, opened a new log
I20260608 13:03:32.342808 12405 raft_consensus.cc:359] T e93c28c612ba493388235d47689ea98e P c103e78f7084463592bd14bc70bf8814 [term 0 FOLLOWER]: Replica starting. Triggering 0 pending ops. Active config: opid_index: -1 OBSOLETE_local: false peers { permanent_uuid: "8e37920d0aa64d45a2a27864548bd6c5" member_type: VOTER last_known_addr { host: "127.8.220.196" port: 38125 } } peers { permanent_uuid: "b2779470ef83495f814e42fbd643a3d7" member_type: VOTER last_known_addr { host: "127.8.220.195" port: 36191 } } peers { permanent_uuid: "c103e78f7084463592bd14bc70bf8814" member_type: VOTER last_known_addr { host: "127.8.220.193" port: 36697 } }
I20260608 13:03:32.344039 12404 ts_tablet_manager.cc:1403] T fa1ca85e9bad4dfab3c199b06db86de3 P 8d7f5a4c262f483ea8bb991420263fe6: Time spent bootstrapping tablet: real 0.078s	user 0.012s	sys 0.002s
I20260608 13:03:32.344007 12405 raft_consensus.cc:385] T e93c28c612ba493388235d47689ea98e P c103e78f7084463592bd14bc70bf8814 [term 0 FOLLOWER]: Consensus starting up: Expiring failure detector timer to make a prompt election more likely
I20260608 13:03:32.347059 12271 leader_election.cc:290] T e8f801533d9944e3a13caf65a18326df P c103e78f7084463592bd14bc70bf8814 [CANDIDATE]: Term 1 pre-election: Requested pre-vote from peers 8e37920d0aa64d45a2a27864548bd6c5 (127.8.220.196:38125), 8d7f5a4c262f483ea8bb991420263fe6 (127.8.220.194:35581)
I20260608 13:03:32.345523 12405 raft_consensus.cc:740] T e93c28c612ba493388235d47689ea98e P c103e78f7084463592bd14bc70bf8814 [term 0 FOLLOWER]: Becoming Follower/Learner. State: Replica: c103e78f7084463592bd14bc70bf8814, State: Initialized, Role: FOLLOWER
I20260608 13:03:32.349937 12405 consensus_queue.cc:260] T e93c28c612ba493388235d47689ea98e P c103e78f7084463592bd14bc70bf8814 [NON_LEADER]: Queue going to NON_LEADER mode. State: All replicated index: 0, Majority replicated index: 0, Committed index: 0, Last appended: 0.0, Last appended by leader: 0, Current term: 0, Majority size: -1, State: 0, Mode: NON_LEADER, active raft config: opid_index: -1 OBSOLETE_local: false peers { permanent_uuid: "8e37920d0aa64d45a2a27864548bd6c5" member_type: VOTER last_known_addr { host: "127.8.220.196" port: 38125 } } peers { permanent_uuid: "b2779470ef83495f814e42fbd643a3d7" member_type: VOTER last_known_addr { host: "127.8.220.195" port: 36191 } } peers { permanent_uuid: "c103e78f7084463592bd14bc70bf8814" member_type: VOTER last_known_addr { host: "127.8.220.193" port: 36697 } }
I20260608 13:03:32.354555 12404 raft_consensus.cc:359] T fa1ca85e9bad4dfab3c199b06db86de3 P 8d7f5a4c262f483ea8bb991420263fe6 [term 0 FOLLOWER]: Replica starting. Triggering 0 pending ops. Active config: opid_index: -1 OBSOLETE_local: false peers { permanent_uuid: "8e37920d0aa64d45a2a27864548bd6c5" member_type: VOTER last_known_addr { host: "127.8.220.196" port: 38125 } } peers { permanent_uuid: "8d7f5a4c262f483ea8bb991420263fe6" member_type: VOTER last_known_addr { host: "127.8.220.194" port: 35581 } } peers { permanent_uuid: "b2779470ef83495f814e42fbd643a3d7" member_type: VOTER last_known_addr { host: "127.8.220.195" port: 36191 } }
I20260608 13:03:32.355746 12404 raft_consensus.cc:385] T fa1ca85e9bad4dfab3c199b06db86de3 P 8d7f5a4c262f483ea8bb991420263fe6 [term 0 FOLLOWER]: Consensus starting up: Expiring failure detector timer to make a prompt election more likely
I20260608 13:03:32.356215 12404 raft_consensus.cc:740] T fa1ca85e9bad4dfab3c199b06db86de3 P 8d7f5a4c262f483ea8bb991420263fe6 [term 0 FOLLOWER]: Becoming Follower/Learner. State: Replica: 8d7f5a4c262f483ea8bb991420263fe6, State: Initialized, Role: FOLLOWER
