I20260608 12:39:00.424808  1296 ts_tablet_manager.cc:1434] T 15bb73a752084cc19eb8013a19929e88 P 72bfee1aafb346adb627ac8c8a136848: Time spent starting tablet: real 0.012s	user 0.006s	sys 0.000s
I20260608 12:39:00.426177  1296 tablet_bootstrap.cc:492] T 574d51a5d2134faaabbababda7077588 P 72bfee1aafb346adb627ac8c8a136848: Bootstrap starting.
I20260608 12:39:00.427386  1251 raft_consensus.cc:2468] T e67623b353b44d1ebfb12ba89a71a460 P 87e794d7171c4e80b76fa0a2a7145ba2 [term 1 FOLLOWER]: Leader election vote request: Granting yes vote for candidate 72bfee1aafb346adb627ac8c8a136848 in term 1.
I20260608 12:39:00.428785  1143 leader_election.cc:304] T e67623b353b44d1ebfb12ba89a71a460 P 72bfee1aafb346adb627ac8c8a136848 [CANDIDATE]: Term 1 election: Election decided. Result: candidate won. Election summary: received 3 responses out of 3 voters: 2 yes votes; 1 no votes. yes voters: 72bfee1aafb346adb627ac8c8a136848, 87e794d7171c4e80b76fa0a2a7145ba2; no voters: 90a163dfba0f42afa1d7d2aadce5a27d
I20260608 12:39:00.429762  1300 raft_consensus.cc:2804] T e67623b353b44d1ebfb12ba89a71a460 P 72bfee1aafb346adb627ac8c8a136848 [term 1 FOLLOWER]: Leader election won for term 1
I20260608 12:39:00.433907  1298 tablet_bootstrap.cc:492] T 0c6c671b9e7e4bae89dae6035b045edd P 87e794d7171c4e80b76fa0a2a7145ba2: No bootstrap required, opened a new log
I20260608 12:39:00.434608  1298 ts_tablet_manager.cc:1403] T 0c6c671b9e7e4bae89dae6035b045edd P 87e794d7171c4e80b76fa0a2a7145ba2: Time spent bootstrapping tablet: real 0.064s	user 0.011s	sys 0.005s
I20260608 12:39:00.438282  1298 raft_consensus.cc:359] T 0c6c671b9e7e4bae89dae6035b045edd P 87e794d7171c4e80b76fa0a2a7145ba2 [term 0 FOLLOWER]: Replica starting. Triggering 0 pending ops. Active config: opid_index: -1 OBSOLETE_local: false peers { permanent_uuid: "90a163dfba0f42afa1d7d2aadce5a27d" member_type: VOTER last_known_addr { host: "127.0.107.193" port: 44825 } } peers { permanent_uuid: "72bfee1aafb346adb627ac8c8a136848" member_type: VOTER last_known_addr { host: "127.0.107.194" port: 40639 } } peers { permanent_uuid: "87e794d7171c4e80b76fa0a2a7145ba2" member_type: VOTER last_known_addr { host: "127.0.107.195" port: 34249 } }
I20260608 12:39:00.438974  1298 raft_consensus.cc:385] T 0c6c671b9e7e4bae89dae6035b045edd P 87e794d7171c4e80b76fa0a2a7145ba2 [term 0 FOLLOWER]: Consensus starting up: Expiring failure detector timer to make a prompt election more likely
I20260608 12:39:00.439266  1298 raft_consensus.cc:740] T 0c6c671b9e7e4bae89dae6035b045edd P 87e794d7171c4e80b76fa0a2a7145ba2 [term 0 FOLLOWER]: Becoming Follower/Learner. State: Replica: 87e794d7171c4e80b76fa0a2a7145ba2, State: Initialized, Role: FOLLOWER
I20260608 12:39:00.441824  1304 raft_consensus.cc:493] T 3f45abd5cd344a75ab5903577269fe4b P 87e794d7171c4e80b76fa0a2a7145ba2 [term 0 FOLLOWER]: Starting pre-election (no leader contacted us within the election timeout)
I20260608 12:39:00.442581  1304 raft_consensus.cc:515] T 3f45abd5cd344a75ab5903577269fe4b P 87e794d7171c4e80b76fa0a2a7145ba2 [term 0 FOLLOWER]: Starting pre-election with config: opid_index: -1 OBSOLETE_local: false peers { permanent_uuid: "90a163dfba0f42afa1d7d2aadce5a27d" member_type: VOTER last_known_addr { host: "127.0.107.193" port: 44825 } } peers { permanent_uuid: "72bfee1aafb346adb627ac8c8a136848" member_type: VOTER last_known_addr { host: "127.0.107.194" port: 40639 } } peers { permanent_uuid: "87e794d7171c4e80b76fa0a2a7145ba2" member_type: VOTER last_known_addr { host: "127.0.107.195" port: 34249 } }
I20260608 12:39:00.416409  1297 tablet_bootstrap.cc:654] T e67623b353b44d1ebfb12ba89a71a460 P 90a163dfba0f42afa1d7d2aadce5a27d: Neither blocks nor log segments found. Creating new log.
I20260608 12:39:00.442786   997 catalog_manager.cc:5696] T 31a7cfa5599e47d59063aa2c906b254b P 90a163dfba0f42afa1d7d2aadce5a27d reported cstate change: term changed from 0 to 1, leader changed from <none> to 90a163dfba0f42afa1d7d2aadce5a27d (127.0.107.193). New cstate: current_term: 1 leader_uuid: "90a163dfba0f42afa1d7d2aadce5a27d" committed_config { opid_index: -1 OBSOLETE_local: false peers { permanent_uuid: "90a163dfba0f42afa1d7d2aadce5a27d" member_type: VOTER last_known_addr { host: "127.0.107.193" port: 44825 } health_report { overall_health: HEALTHY } } peers { permanent_uuid: "87e794d7171c4e80b76fa0a2a7145ba2" member_type: VOTER last_known_addr { host: "127.0.107.195" port: 34249 } health_report { overall_health: UNKNOWN } } peers { permanent_uuid: "72bfee1aafb346adb627ac8c8a136848" member_type: VOTER last_known_addr { host: "127.0.107.194" port: 40639 } health_report { overall_health: UNKNOWN } } }
I20260608 12:39:00.444712  1296 tablet_bootstrap.cc:654] T 574d51a5d2134faaabbababda7077588 P 72bfee1aafb346adb627ac8c8a136848: Neither blocks nor log segments found. Creating new log.
I20260608 12:39:00.448160  1298 consensus_queue.cc:260] T 0c6c671b9e7e4bae89dae6035b045edd P 87e794d7171c4e80b76fa0a2a7145ba2 [NON_LEADER]: Queue going to NON_LEADER mode. State: All replicated index: 0, Majority replicated index: 0, Committed index: 0, Last appended: 0.0, Last appended by leader: 0, Current term: 0, Majority size: -1, State: 0, Mode: NON_LEADER, active raft config: opid_index: -1 OBSOLETE_local: false peers { permanent_uuid: "90a163dfba0f42afa1d7d2aadce5a27d" member_type: VOTER last_known_addr { host: "127.0.107.193" port: 44825 } } peers { permanent_uuid: "72bfee1aafb346adb627ac8c8a136848" member_type: VOTER last_known_addr { host: "127.0.107.194" port: 40639 } } peers { permanent_uuid: "87e794d7171c4e80b76fa0a2a7145ba2" member_type: VOTER last_known_addr { host: "127.0.107.195" port: 34249 } }
I20260608 12:39:00.448573  1320 raft_consensus.cc:515] T 0c6c671b9e7e4bae89dae6035b045edd P 90a163dfba0f42afa1d7d2aadce5a27d [term 1 FOLLOWER]: Starting leader election with config: opid_index: -1 OBSOLETE_local: false peers { permanent_uuid: "90a163dfba0f42afa1d7d2aadce5a27d" member_type: VOTER last_known_addr { host: "127.0.107.193" port: 44825 } } peers { permanent_uuid: "72bfee1aafb346adb627ac8c8a136848" member_type: VOTER last_known_addr { host: "127.0.107.194" port: 40639 } } peers { permanent_uuid: "87e794d7171c4e80b76fa0a2a7145ba2" member_type: VOTER last_known_addr { host: "127.0.107.195" port: 34249 } }
I20260608 12:39:00.453399  1320 leader_election.cc:290] T 0c6c671b9e7e4bae89dae6035b045edd P 90a163dfba0f42afa1d7d2aadce5a27d [CANDIDATE]: Term 1 election: Requested vote from peers 72bfee1aafb346adb627ac8c8a136848 (127.0.107.194:40639), 87e794d7171c4e80b76fa0a2a7145ba2 (127.0.107.195:34249)
I20260608 12:39:00.454224  1177 tablet_service.cc:1917] Received RequestConsensusVote() RPC: tablet_id: "0c6c671b9e7e4bae89dae6035b045edd" candidate_uuid: "90a163dfba0f42afa1d7d2aadce5a27d" candidate_term: 1 candidate_status { last_received { term: 0 index: 0 } } ignore_live_leader: false dest_uuid: "72bfee1aafb346adb627ac8c8a136848"
I20260608 12:39:00.455009  1177 raft_consensus.cc:3060] T 0c6c671b9e7e4bae89dae6035b045edd P 72bfee1aafb346adb627ac8c8a136848 [term 0 FOLLOWER]: Advancing to term 1
I20260608 12:39:00.455968  1304 leader_election.cc:290] T 3f45abd5cd344a75ab5903577269fe4b P 87e794d7171c4e80b76fa0a2a7145ba2 [CANDIDATE]: Term 1 pre-election: Requested pre-vote from peers 90a163dfba0f42afa1d7d2aadce5a27d (127.0.107.193:44825), 72bfee1aafb346adb627ac8c8a136848 (127.0.107.194:40639)
I20260608 12:39:00.463958  1177 raft_consensus.cc:2468] T 0c6c671b9e7e4bae89dae6035b045edd P 72bfee1aafb346adb627ac8c8a136848 [term 1 FOLLOWER]: Leader election vote request: Granting yes vote for candidate 90a163dfba0f42afa1d7d2aadce5a27d in term 1.
I20260608 12:39:00.465337  1067 leader_election.cc:304] T 0c6c671b9e7e4bae89dae6035b045edd P 90a163dfba0f42afa1d7d2aadce5a27d [CANDIDATE]: Term 1 election: Election decided. Result: candidate won. Election summary: received 2 responses out of 3 voters: 2 yes votes; 0 no votes. yes voters: 72bfee1aafb346adb627ac8c8a136848, 90a163dfba0f42afa1d7d2aadce5a27d; no voters: 
I20260608 12:39:00.466336  1320 raft_consensus.cc:2804] T 0c6c671b9e7e4bae89dae6035b045edd P 90a163dfba0f42afa1d7d2aadce5a27d [term 1 FOLLOWER]: Leader election won for term 1
I20260608 12:39:00.466830  1320 raft_consensus.cc:697] T 0c6c671b9e7e4bae89dae6035b045edd P 90a163dfba0f42afa1d7d2aadce5a27d [term 1 LEADER]: Becoming Leader. State: Replica: 90a163dfba0f42afa1d7d2aadce5a27d, State: Running, Role: LEADER
I20260608 12:39:00.467829  1251 tablet_service.cc:1917] Received RequestConsensusVote() RPC: tablet_id: "0c6c671b9e7e4bae89dae6035b045edd" candidate_uuid: "90a163dfba0f42afa1d7d2aadce5a27d" candidate_term: 1 candidate_status { last_received { term: 0 index: 0 } } ignore_live_leader: false dest_uuid: "87e794d7171c4e80b76fa0a2a7145ba2"
I20260608 12:39:00.468420  1251 raft_consensus.cc:3060] T 0c6c671b9e7e4bae89dae6035b045edd P 87e794d7171c4e80b76fa0a2a7145ba2 [term 0 FOLLOWER]: Advancing to term 1
I20260608 12:39:00.470970  1297 tablet_bootstrap.cc:492] T e67623b353b44d1ebfb12ba89a71a460 P 90a163dfba0f42afa1d7d2aadce5a27d: No bootstrap required, opened a new log
I20260608 12:39:00.471530  1297 ts_tablet_manager.cc:1403] T e67623b353b44d1ebfb12ba89a71a460 P 90a163dfba0f42afa1d7d2aadce5a27d: Time spent bootstrapping tablet: real 0.080s	user 0.012s	sys 0.014s
I20260608 12:39:00.468030  1320 consensus_queue.cc:237] T 0c6c671b9e7e4bae89dae6035b045edd P 90a163dfba0f42afa1d7d2aadce5a27d [LEADER]: Queue going to LEADER mode. State: All replicated index: 0, Majority replicated index: 0, Committed index: 0, Last appended: 0.0, Last appended by leader: 0, Current term: 1, Majority size: 2, State: 0, Mode: LEADER, active raft config: opid_index: -1 OBSOLETE_local: false peers { permanent_uuid: "90a163dfba0f42afa1d7d2aadce5a27d" member_type: VOTER last_known_addr { host: "127.0.107.193" port: 44825 } } peers { permanent_uuid: "72bfee1aafb346adb627ac8c8a136848" member_type: VOTER last_known_addr { host: "127.0.107.194" port: 40639 } } peers { permanent_uuid: "87e794d7171c4e80b76fa0a2a7145ba2" member_type: VOTER last_known_addr { host: "127.0.107.195" port: 34249 } }
I20260608 12:39:00.475319  1297 raft_consensus.cc:359] T e67623b353b44d1ebfb12ba89a71a460 P 90a163dfba0f42afa1d7d2aadce5a27d [term 0 FOLLOWER]: Replica starting. Triggering 0 pending ops. Active config: opid_index: -1 OBSOLETE_local: false peers { permanent_uuid: "90a163dfba0f42afa1d7d2aadce5a27d" member_type: VOTER last_known_addr { host: "127.0.107.193" port: 44825 } } peers { permanent_uuid: "72bfee1aafb346adb627ac8c8a136848" member_type: VOTER last_known_addr { host: "127.0.107.194" port: 40639 } } peers { permanent_uuid: "87e794d7171c4e80b76fa0a2a7145ba2" member_type: VOTER last_known_addr { host: "127.0.107.195" port: 34249 } }
I20260608 12:39:00.475973  1330 raft_consensus.cc:493] T 024c924b398842bca1917f48d716429b P 87e794d7171c4e80b76fa0a2a7145ba2 [term 0 FOLLOWER]: Starting pre-election (no leader contacted us within the election timeout)
I20260608 12:39:00.476179  1297 raft_consensus.cc:385] T e67623b353b44d1ebfb12ba89a71a460 P 90a163dfba0f42afa1d7d2aadce5a27d [term 0 FOLLOWER]: Consensus starting up: Expiring failure detector timer to make a prompt election more likely
I20260608 12:39:00.476677  1297 raft_consensus.cc:740] T e67623b353b44d1ebfb12ba89a71a460 P 90a163dfba0f42afa1d7d2aadce5a27d [term 0 FOLLOWER]: Becoming Follower/Learner. State: Replica: 90a163dfba0f42afa1d7d2aadce5a27d, State: Initialized, Role: FOLLOWER
I20260608 12:39:00.476948  1298 ts_tablet_manager.cc:1434] T 0c6c671b9e7e4bae89dae6035b045edd P 87e794d7171c4e80b76fa0a2a7145ba2: Time spent starting tablet: real 0.042s	user 0.014s	sys 0.002s
I20260608 12:39:00.478508  1300 raft_consensus.cc:697] T e67623b353b44d1ebfb12ba89a71a460 P 72bfee1aafb346adb627ac8c8a136848 [term 1 LEADER]: Becoming Leader. State: Replica: 72bfee1aafb346adb627ac8c8a136848, State: Running, Role: LEADER
I20260608 12:39:00.479326  1298 tablet_bootstrap.cc:492] T 34c1b63102c9437194e68cd28ae2022c P 87e794d7171c4e80b76fa0a2a7145ba2: Bootstrap starting.
I20260608 12:39:00.479414  1297 consensus_queue.cc:260] T e67623b353b44d1ebfb12ba89a71a460 P 90a163dfba0f42afa1d7d2aadce5a27d [NON_LEADER]: Queue going to NON_LEADER mode. State: All replicated index: 0, Majority replicated index: 0, Committed index: 0, Last appended: 0.0, Last appended by leader: 0, Current term: 0, Majority size: -1, State: 0, Mode: NON_LEADER, active raft config: opid_index: -1 OBSOLETE_local: false peers { permanent_uuid: "90a163dfba0f42afa1d7d2aadce5a27d" member_type: VOTER last_known_addr { host: "127.0.107.193" port: 44825 } } peers { permanent_uuid: "72bfee1aafb346adb627ac8c8a136848" member_type: VOTER last_known_addr { host: "127.0.107.194" port: 40639 } } peers { permanent_uuid: "87e794d7171c4e80b76fa0a2a7145ba2" member_type: VOTER last_known_addr { host: "127.0.107.195" port: 34249 } }
I20260608 12:39:00.479688  1300 consensus_queue.cc:237] T e67623b353b44d1ebfb12ba89a71a460 P 72bfee1aafb346adb627ac8c8a136848 [LEADER]: Queue going to LEADER mode. State: All replicated index: 0, Majority replicated index: 0, Committed index: 0, Last appended: 0.0, Last appended by leader: 0, Current term: 1, Majority size: 2, State: 0, Mode: LEADER, active raft config: opid_index: -1 OBSOLETE_local: false peers { permanent_uuid: "90a163dfba0f42afa1d7d2aadce5a27d" member_type: VOTER last_known_addr { host: "127.0.107.193" port: 44825 } } peers { permanent_uuid: "72bfee1aafb346adb627ac8c8a136848" member_type: VOTER last_known_addr { host: "127.0.107.194" port: 40639 } } peers { permanent_uuid: "87e794d7171c4e80b76fa0a2a7145ba2" member_type: VOTER last_known_addr { host: "127.0.107.195" port: 34249 } }
I20260608 12:39:00.483394  1297 ts_tablet_manager.cc:1434] T e67623b353b44d1ebfb12ba89a71a460 P 90a163dfba0f42afa1d7d2aadce5a27d: Time spent starting tablet: real 0.012s	user 0.008s	sys 0.000s
I20260608 12:39:00.484694  1297 tablet_bootstrap.cc:492] T 15bb73a752084cc19eb8013a19929e88 P 90a163dfba0f42afa1d7d2aadce5a27d: Bootstrap starting.
I20260608 12:39:00.486032  1304 raft_consensus.cc:493] T 15bb73a752084cc19eb8013a19929e88 P 87e794d7171c4e80b76fa0a2a7145ba2 [term 0 FOLLOWER]: Starting pre-election (no leader contacted us within the election timeout)
I20260608 12:39:00.491942  1251 raft_consensus.cc:2468] T 0c6c671b9e7e4bae89dae6035b045edd P 87e794d7171c4e80b76fa0a2a7145ba2 [term 1 FOLLOWER]: Leader election vote request: Granting yes vote for candidate 90a163dfba0f42afa1d7d2aadce5a27d in term 1.
I20260608 12:39:00.487412  1304 raft_consensus.cc:515] T 15bb73a752084cc19eb8013a19929e88 P 87e794d7171c4e80b76fa0a2a7145ba2 [term 0 FOLLOWER]: Starting pre-election with config: opid_index: -1 OBSOLETE_local: false peers { permanent_uuid: "90a163dfba0f42afa1d7d2aadce5a27d" member_type: VOTER last_known_addr { host: "127.0.107.193" port: 44825 } } peers { permanent_uuid: "72bfee1aafb346adb627ac8c8a136848" member_type: VOTER last_known_addr { host: "127.0.107.194" port: 40639 } } peers { permanent_uuid: "87e794d7171c4e80b76fa0a2a7145ba2" member_type: VOTER last_known_addr { host: "127.0.107.195" port: 34249 } }
I20260608 12:39:00.493270  1102 tablet_service.cc:1917] Received RequestConsensusVote() RPC: tablet_id: "3f45abd5cd344a75ab5903577269fe4b" candidate_uuid: "87e794d7171c4e80b76fa0a2a7145ba2" candidate_term: 1 candidate_status { last_received { term: 0 index: 0 } } ignore_live_leader: false dest_uuid: "90a163dfba0f42afa1d7d2aadce5a27d" is_pre_election: true
I20260608 12:39:00.494020  1102 raft_consensus.cc:2468] T 3f45abd5cd344a75ab5903577269fe4b P 90a163dfba0f42afa1d7d2aadce5a27d [term 0 FOLLOWER]: Leader pre-election vote request: Granting yes vote for candidate 87e794d7171c4e80b76fa0a2a7145ba2 in term 0.
I20260608 12:39:00.495579  1304 leader_election.cc:290] T 15bb73a752084cc19eb8013a19929e88 P 87e794d7171c4e80b76fa0a2a7145ba2 [CANDIDATE]: Term 1 pre-election: Requested pre-vote from peers 90a163dfba0f42afa1d7d2aadce5a27d (127.0.107.193:44825), 72bfee1aafb346adb627ac8c8a136848 (127.0.107.194:40639)
I20260608 12:39:00.497624  1102 tablet_service.cc:1917] Received RequestConsensusVote() RPC: tablet_id: "15bb73a752084cc19eb8013a19929e88" candidate_uuid: "87e794d7171c4e80b76fa0a2a7145ba2" candidate_term: 1 candidate_status { last_received { term: 0 index: 0 } } ignore_live_leader: false dest_uuid: "90a163dfba0f42afa1d7d2aadce5a27d" is_pre_election: true
I20260608 12:39:00.476548  1330 raft_consensus.cc:515] T 024c924b398842bca1917f48d716429b P 87e794d7171c4e80b76fa0a2a7145ba2 [term 0 FOLLOWER]: Starting pre-election with config: opid_index: -1 OBSOLETE_local: false peers { permanent_uuid: "90a163dfba0f42afa1d7d2aadce5a27d" member_type: VOTER last_known_addr { host: "127.0.107.193" port: 44825 } } peers { permanent_uuid: "72bfee1aafb346adb627ac8c8a136848" member_type: VOTER last_known_addr { host: "127.0.107.194" port: 40639 } } peers { permanent_uuid: "87e794d7171c4e80b76fa0a2a7145ba2" member_type: VOTER last_known_addr { host: "127.0.107.195" port: 34249 } }
I20260608 12:39:00.497618  1214 leader_election.cc:304] T 3f45abd5cd344a75ab5903577269fe4b P 87e794d7171c4e80b76fa0a2a7145ba2 [CANDIDATE]: Term 1 pre-election: Election decided. Result: candidate won. Election summary: received 2 responses out of 3 voters: 2 yes votes; 0 no votes. yes voters: 87e794d7171c4e80b76fa0a2a7145ba2, 90a163dfba0f42afa1d7d2aadce5a27d; no voters: 
W20260608 12:39:00.502830  1214 leader_election.cc:343] T 15bb73a752084cc19eb8013a19929e88 P 87e794d7171c4e80b76fa0a2a7145ba2 [CANDIDATE]: Term 1 pre-election: Tablet error from VoteRequest() call to peer 90a163dfba0f42afa1d7d2aadce5a27d (127.0.107.193:44825): Illegal state: must be running to vote when last-logged opid is not known
I20260608 12:39:00.503845  1304 raft_consensus.cc:2804] T 3f45abd5cd344a75ab5903577269fe4b P 87e794d7171c4e80b76fa0a2a7145ba2 [term 0 FOLLOWER]: Leader pre-election won for term 1
I20260608 12:39:00.504495  1304 raft_consensus.cc:493] T 3f45abd5cd344a75ab5903577269fe4b P 87e794d7171c4e80b76fa0a2a7145ba2 [term 0 FOLLOWER]: Starting leader election (no leader contacted us within the election timeout)
I20260608 12:39:00.505054  1304 raft_consensus.cc:3060] T 3f45abd5cd344a75ab5903577269fe4b P 87e794d7171c4e80b76fa0a2a7145ba2 [term 0 FOLLOWER]: Advancing to term 1
I20260608 12:39:00.509488  1296 tablet_bootstrap.cc:492] T 574d51a5d2134faaabbababda7077588 P 72bfee1aafb346adb627ac8c8a136848: No bootstrap required, opened a new log
I20260608 12:39:00.509975  1296 ts_tablet_manager.cc:1403] T 574d51a5d2134faaabbababda7077588 P 72bfee1aafb346adb627ac8c8a136848: Time spent bootstrapping tablet: real 0.084s	user 0.020s	sys 0.003s
I20260608 12:39:00.510165  1102 tablet_service.cc:1917] Received RequestConsensusVote() RPC: tablet_id: "024c924b398842bca1917f48d716429b" candidate_uuid: "87e794d7171c4e80b76fa0a2a7145ba2" candidate_term: 1 candidate_status { last_received { term: 0 index: 0 } } ignore_live_leader: false dest_uuid: "90a163dfba0f42afa1d7d2aadce5a27d" is_pre_election: true
I20260608 12:39:00.511281  1102 raft_consensus.cc:2468] T 024c924b398842bca1917f48d716429b P 90a163dfba0f42afa1d7d2aadce5a27d [term 0 FOLLOWER]: Leader pre-election vote request: Granting yes vote for candidate 87e794d7171c4e80b76fa0a2a7145ba2 in term 0.
I20260608 12:39:00.513160  1330 leader_election.cc:290] T 024c924b398842bca1917f48d716429b P 87e794d7171c4e80b76fa0a2a7145ba2 [CANDIDATE]: Term 1 pre-election: Requested pre-vote from peers 90a163dfba0f42afa1d7d2aadce5a27d (127.0.107.193:44825), 72bfee1aafb346adb627ac8c8a136848 (127.0.107.194:40639)
I20260608 12:39:00.513660  1296 raft_consensus.cc:359] T 574d51a5d2134faaabbababda7077588 P 72bfee1aafb346adb627ac8c8a136848 [term 0 FOLLOWER]: Replica starting. Triggering 0 pending ops. Active config: opid_index: -1 OBSOLETE_local: false peers { permanent_uuid: "90a163dfba0f42afa1d7d2aadce5a27d" member_type: VOTER last_known_addr { host: "127.0.107.193" port: 44825 } } peers { permanent_uuid: "72bfee1aafb346adb627ac8c8a136848" member_type: VOTER last_known_addr { host: "127.0.107.194" port: 40639 } } peers { permanent_uuid: "87e794d7171c4e80b76fa0a2a7145ba2" member_type: VOTER last_known_addr { host: "127.0.107.195" port: 34249 } }
I20260608 12:39:00.514214  1296 raft_consensus.cc:385] T 574d51a5d2134faaabbababda7077588 P 72bfee1aafb346adb627ac8c8a136848 [term 0 FOLLOWER]: Consensus starting up: Expiring failure detector timer to make a prompt election more likely
I20260608 12:39:00.514430  1214 leader_election.cc:304] T 024c924b398842bca1917f48d716429b P 87e794d7171c4e80b76fa0a2a7145ba2 [CANDIDATE]: Term 1 pre-election: Election decided. Result: candidate won. Election summary: received 2 responses out of 3 voters: 2 yes votes; 0 no votes. yes voters: 87e794d7171c4e80b76fa0a2a7145ba2, 90a163dfba0f42afa1d7d2aadce5a27d; no voters: 
I20260608 12:39:00.514457  1296 raft_consensus.cc:740] T 574d51a5d2134faaabbababda7077588 P 72bfee1aafb346adb627ac8c8a136848 [term 0 FOLLOWER]: Becoming Follower/Learner. State: Replica: 72bfee1aafb346adb627ac8c8a136848, State: Initialized, Role: FOLLOWER
I20260608 12:39:00.518985  1177 tablet_service.cc:1917] Received RequestConsensusVote() RPC: tablet_id: "3f45abd5cd344a75ab5903577269fe4b" candidate_uuid: "87e794d7171c4e80b76fa0a2a7145ba2" candidate_term: 1 candidate_status { last_received { term: 0 index: 0 } } ignore_live_leader: false dest_uuid: "72bfee1aafb346adb627ac8c8a136848" is_pre_election: true
I20260608 12:39:00.518795  1296 consensus_queue.cc:260] T 574d51a5d2134faaabbababda7077588 P 72bfee1aafb346adb627ac8c8a136848 [NON_LEADER]: Queue going to NON_LEADER mode. State: All replicated index: 0, Majority replicated index: 0, Committed index: 0, Last appended: 0.0, Last appended by leader: 0, Current term: 0, Majority size: -1, State: 0, Mode: NON_LEADER, active raft config: opid_index: -1 OBSOLETE_local: false peers { permanent_uuid: "90a163dfba0f42afa1d7d2aadce5a27d" member_type: VOTER last_known_addr { host: "127.0.107.193" port: 44825 } } peers { permanent_uuid: "72bfee1aafb346adb627ac8c8a136848" member_type: VOTER last_known_addr { host: "127.0.107.194" port: 40639 } } peers { permanent_uuid: "87e794d7171c4e80b76fa0a2a7145ba2" member_type: VOTER last_known_addr { host: "127.0.107.195" port: 34249 } }
I20260608 12:39:00.519631  1177 raft_consensus.cc:2468] T 3f45abd5cd344a75ab5903577269fe4b P 72bfee1aafb346adb627ac8c8a136848 [term 0 FOLLOWER]: Leader pre-election vote request: Granting yes vote for candidate 87e794d7171c4e80b76fa0a2a7145ba2 in term 0.
I20260608 12:39:00.519985  1330 raft_consensus.cc:2804] T 024c924b398842bca1917f48d716429b P 87e794d7171c4e80b76fa0a2a7145ba2 [term 0 FOLLOWER]: Leader pre-election won for term 1
I20260608 12:39:00.520308  1297 tablet_bootstrap.cc:654] T 15bb73a752084cc19eb8013a19929e88 P 90a163dfba0f42afa1d7d2aadce5a27d: Neither blocks nor log segments found. Creating new log.
I20260608 12:39:00.520432  1330 raft_consensus.cc:493] T 024c924b398842bca1917f48d716429b P 87e794d7171c4e80b76fa0a2a7145ba2 [term 0 FOLLOWER]: Starting leader election (no leader contacted us within the election timeout)
I20260608 12:39:00.521661  1176 tablet_service.cc:1917] Received RequestConsensusVote() RPC: tablet_id: "15bb73a752084cc19eb8013a19929e88" candidate_uuid: "87e794d7171c4e80b76fa0a2a7145ba2" candidate_term: 1 candidate_status { last_received { term: 0 index: 0 } } ignore_live_leader: false dest_uuid: "72bfee1aafb346adb627ac8c8a136848" is_pre_election: true
I20260608 12:39:00.523370  1175 tablet_service.cc:1917] Received RequestConsensusVote() RPC: tablet_id: "024c924b398842bca1917f48d716429b" candidate_uuid: "87e794d7171c4e80b76fa0a2a7145ba2" candidate_term: 1 candidate_status { last_received { term: 0 index: 0 } } ignore_live_leader: false dest_uuid: "72bfee1aafb346adb627ac8c8a136848" is_pre_election: true
I20260608 12:39:00.523553  1176 raft_consensus.cc:2468] T 15bb73a752084cc19eb8013a19929e88 P 72bfee1aafb346adb627ac8c8a136848 [term 0 FOLLOWER]: Leader pre-election vote request: Granting yes vote for candidate 87e794d7171c4e80b76fa0a2a7145ba2 in term 0.
I20260608 12:39:00.524156  1175 raft_consensus.cc:2468] T 024c924b398842bca1917f48d716429b P 72bfee1aafb346adb627ac8c8a136848 [term 0 FOLLOWER]: Leader pre-election vote request: Granting yes vote for candidate 87e794d7171c4e80b76fa0a2a7145ba2 in term 0.
I20260608 12:39:00.526436  1216 leader_election.cc:304] T 15bb73a752084cc19eb8013a19929e88 P 87e794d7171c4e80b76fa0a2a7145ba2 [CANDIDATE]: Term 1 pre-election: Election decided. Result: candidate won. Election summary: received 3 responses out of 3 voters: 2 yes votes; 1 no votes. yes voters: 72bfee1aafb346adb627ac8c8a136848, 87e794d7171c4e80b76fa0a2a7145ba2; no voters: 90a163dfba0f42afa1d7d2aadce5a27d
I20260608 12:39:00.524168  1330 raft_consensus.cc:3060] T 024c924b398842bca1917f48d716429b P 87e794d7171c4e80b76fa0a2a7145ba2 [term 0 FOLLOWER]: Advancing to term 1
I20260608 12:39:00.526535  1000 catalog_manager.cc:5696] T e67623b353b44d1ebfb12ba89a71a460 P 72bfee1aafb346adb627ac8c8a136848 reported cstate change: term changed from 0 to 1, leader changed from <none> to 72bfee1aafb346adb627ac8c8a136848 (127.0.107.194). New cstate: current_term: 1 leader_uuid: "72bfee1aafb346adb627ac8c8a136848" committed_config { opid_index: -1 OBSOLETE_local: false peers { permanent_uuid: "90a163dfba0f42afa1d7d2aadce5a27d" member_type: VOTER last_known_addr { host: "127.0.107.193" port: 44825 } health_report { overall_health: UNKNOWN } } peers { permanent_uuid: "72bfee1aafb346adb627ac8c8a136848" member_type: VOTER last_known_addr { host: "127.0.107.194" port: 40639 } health_report { overall_health: HEALTHY } } peers { permanent_uuid: "87e794d7171c4e80b76fa0a2a7145ba2" member_type: VOTER last_known_addr { host: "127.0.107.195" port: 34249 } health_report { overall_health: UNKNOWN } } }
I20260608 12:39:00.534041  1296 ts_tablet_manager.cc:1434] T 574d51a5d2134faaabbababda7077588 P 72bfee1aafb346adb627ac8c8a136848: Time spent starting tablet: real 0.024s	user 0.006s	sys 0.001s
I20260608 12:39:00.535539  1296 tablet_bootstrap.cc:492] T 34c1b63102c9437194e68cd28ae2022c P 72bfee1aafb346adb627ac8c8a136848: Bootstrap starting.
I20260608 12:39:00.544500  1337 raft_consensus.cc:2804] T 15bb73a752084cc19eb8013a19929e88 P 87e794d7171c4e80b76fa0a2a7145ba2 [term 0 FOLLOWER]: Leader pre-election won for term 1
I20260608 12:39:00.547456  1298 tablet_bootstrap.cc:654] T 34c1b63102c9437194e68cd28ae2022c P 87e794d7171c4e80b76fa0a2a7145ba2: Neither blocks nor log segments found. Creating new log.
I20260608 12:39:00.545197  1337 raft_consensus.cc:493] T 15bb73a752084cc19eb8013a19929e88 P 87e794d7171c4e80b76fa0a2a7145ba2 [term 0 FOLLOWER]: Starting leader election (no leader contacted us within the election timeout)
I20260608 12:39:00.548518   997 catalog_manager.cc:5696] T 0c6c671b9e7e4bae89dae6035b045edd P 90a163dfba0f42afa1d7d2aadce5a27d reported cstate change: term changed from 0 to 1, leader changed from <none> to 90a163dfba0f42afa1d7d2aadce5a27d (127.0.107.193). New cstate: current_term: 1 leader_uuid: "90a163dfba0f42afa1d7d2aadce5a27d" committed_config { opid_index: -1 OBSOLETE_local: false peers { permanent_uuid: "90a163dfba0f42afa1d7d2aadce5a27d" member_type: VOTER last_known_addr { host: "127.0.107.193" port: 44825 } health_report { overall_health: HEALTHY } } peers { permanent_uuid: "72bfee1aafb346adb627ac8c8a136848" member_type: VOTER last_known_addr { host: "127.0.107.194" port: 40639 } health_report { overall_health: UNKNOWN } } peers { permanent_uuid: "87e794d7171c4e80b76fa0a2a7145ba2" member_type: VOTER last_known_addr { host: "127.0.107.195" port: 34249 } health_report { overall_health: UNKNOWN } } }
I20260608 12:39:00.552069  1304 raft_consensus.cc:515] T 3f45abd5cd344a75ab5903577269fe4b P 87e794d7171c4e80b76fa0a2a7145ba2 [term 1 FOLLOWER]: Starting leader election with config: opid_index: -1 OBSOLETE_local: false peers { permanent_uuid: "90a163dfba0f42afa1d7d2aadce5a27d" member_type: VOTER last_known_addr { host: "127.0.107.193" port: 44825 } } peers { permanent_uuid: "72bfee1aafb346adb627ac8c8a136848" member_type: VOTER last_known_addr { host: "127.0.107.194" port: 40639 } } peers { permanent_uuid: "87e794d7171c4e80b76fa0a2a7145ba2" member_type: VOTER last_known_addr { host: "127.0.107.195" port: 34249 } }
I20260608 12:39:00.549587  1337 raft_consensus.cc:3060] T 15bb73a752084cc19eb8013a19929e88 P 87e794d7171c4e80b76fa0a2a7145ba2 [term 0 FOLLOWER]: Advancing to term 1
I20260608 12:39:00.553850  1330 raft_consensus.cc:515] T 024c924b398842bca1917f48d716429b P 87e794d7171c4e80b76fa0a2a7145ba2 [term 1 FOLLOWER]: Starting leader election with config: opid_index: -1 OBSOLETE_local: false peers { permanent_uuid: "90a163dfba0f42afa1d7d2aadce5a27d" member_type: VOTER last_known_addr { host: "127.0.107.193" port: 44825 } } peers { permanent_uuid: "72bfee1aafb346adb627ac8c8a136848" member_type: VOTER last_known_addr { host: "127.0.107.194" port: 40639 } } peers { permanent_uuid: "87e794d7171c4e80b76fa0a2a7145ba2" member_type: VOTER last_known_addr { host: "127.0.107.195" port: 34249 } }
I20260608 12:39:00.555660  1102 tablet_service.cc:1917] Received RequestConsensusVote() RPC: tablet_id: "3f45abd5cd344a75ab5903577269fe4b" candidate_uuid: "87e794d7171c4e80b76fa0a2a7145ba2" candidate_term: 1 candidate_status { last_received { term: 0 index: 0 } } ignore_live_leader: false dest_uuid: "90a163dfba0f42afa1d7d2aadce5a27d"
I20260608 12:39:00.556483  1102 raft_consensus.cc:3060] T 3f45abd5cd344a75ab5903577269fe4b P 90a163dfba0f42afa1d7d2aadce5a27d [term 0 FOLLOWER]: Advancing to term 1
I20260608 12:39:00.557303  1175 tablet_service.cc:1917] Received RequestConsensusVote() RPC: tablet_id: "3f45abd5cd344a75ab5903577269fe4b" candidate_uuid: "87e794d7171c4e80b76fa0a2a7145ba2" candidate_term: 1 candidate_status { last_received { term: 0 index: 0 } } ignore_live_leader: false dest_uuid: "72bfee1aafb346adb627ac8c8a136848"
I20260608 12:39:00.557886  1175 raft_consensus.cc:3060] T 3f45abd5cd344a75ab5903577269fe4b P 72bfee1aafb346adb627ac8c8a136848 [term 0 FOLLOWER]: Advancing to term 1
I20260608 12:39:00.555744  1304 leader_election.cc:290] T 3f45abd5cd344a75ab5903577269fe4b P 87e794d7171c4e80b76fa0a2a7145ba2 [CANDIDATE]: Term 1 election: Requested vote from peers 90a163dfba0f42afa1d7d2aadce5a27d (127.0.107.193:44825), 72bfee1aafb346adb627ac8c8a136848 (127.0.107.194:40639)
I20260608 12:39:00.559573  1296 tablet_bootstrap.cc:654] T 34c1b63102c9437194e68cd28ae2022c P 72bfee1aafb346adb627ac8c8a136848: Neither blocks nor log segments found. Creating new log.
I20260608 12:39:00.567039  1101 tablet_service.cc:1917] Received RequestConsensusVote() RPC: tablet_id: "024c924b398842bca1917f48d716429b" candidate_uuid: "87e794d7171c4e80b76fa0a2a7145ba2" candidate_term: 1 candidate_status { last_received { term: 0 index: 0 } } ignore_live_leader: false dest_uuid: "90a163dfba0f42afa1d7d2aadce5a27d"
I20260608 12:39:00.568285  1101 raft_consensus.cc:3060] T 024c924b398842bca1917f48d716429b P 90a163dfba0f42afa1d7d2aadce5a27d [term 0 FOLLOWER]: Advancing to term 1
I20260608 12:39:00.569247  1102 raft_consensus.cc:2468] T 3f45abd5cd344a75ab5903577269fe4b P 90a163dfba0f42afa1d7d2aadce5a27d [term 1 FOLLOWER]: Leader election vote request: Granting yes vote for candidate 87e794d7171c4e80b76fa0a2a7145ba2 in term 1.
I20260608 12:39:00.571382  1214 leader_election.cc:304] T 3f45abd5cd344a75ab5903577269fe4b P 87e794d7171c4e80b76fa0a2a7145ba2 [CANDIDATE]: Term 1 election: Election decided. Result: candidate won. Election summary: received 2 responses out of 3 voters: 2 yes votes; 0 no votes. yes voters: 87e794d7171c4e80b76fa0a2a7145ba2, 90a163dfba0f42afa1d7d2aadce5a27d; no voters: 
I20260608 12:39:00.572834  1304 raft_consensus.cc:2804] T 3f45abd5cd344a75ab5903577269fe4b P 87e794d7171c4e80b76fa0a2a7145ba2 [term 1 FOLLOWER]: Leader election won for term 1
I20260608 12:39:00.575028  1330 leader_election.cc:290] T 024c924b398842bca1917f48d716429b P 87e794d7171c4e80b76fa0a2a7145ba2 [CANDIDATE]: Term 1 election: Requested vote from peers 90a163dfba0f42afa1d7d2aadce5a27d (127.0.107.193:44825), 72bfee1aafb346adb627ac8c8a136848 (127.0.107.194:40639)
I20260608 12:39:00.578994  1101 raft_consensus.cc:2468] T 024c924b398842bca1917f48d716429b P 90a163dfba0f42afa1d7d2aadce5a27d [term 1 FOLLOWER]: Leader election vote request: Granting yes vote for candidate 87e794d7171c4e80b76fa0a2a7145ba2 in term 1.
I20260608 12:39:00.580195  1214 leader_election.cc:304] T 024c924b398842bca1917f48d716429b P 87e794d7171c4e80b76fa0a2a7145ba2 [CANDIDATE]: Term 1 election: Election decided. Result: candidate won. Election summary: received 2 responses out of 3 voters: 2 yes votes; 0 no votes. yes voters: 87e794d7171c4e80b76fa0a2a7145ba2, 90a163dfba0f42afa1d7d2aadce5a27d; no voters: 
I20260608 12:39:00.581081  1337 raft_consensus.cc:515] T 15bb73a752084cc19eb8013a19929e88 P 87e794d7171c4e80b76fa0a2a7145ba2 [term 1 FOLLOWER]: Starting leader election with config: opid_index: -1 OBSOLETE_local: false peers { permanent_uuid: "90a163dfba0f42afa1d7d2aadce5a27d" member_type: VOTER last_known_addr { host: "127.0.107.193" port: 44825 } } peers { permanent_uuid: "72bfee1aafb346adb627ac8c8a136848" member_type: VOTER last_known_addr { host: "127.0.107.194" port: 40639 } } peers { permanent_uuid: "87e794d7171c4e80b76fa0a2a7145ba2" member_type: VOTER last_known_addr { host: "127.0.107.195" port: 34249 } }
I20260608 12:39:00.582845  1330 raft_consensus.cc:2804] T 024c924b398842bca1917f48d716429b P 87e794d7171c4e80b76fa0a2a7145ba2 [term 1 FOLLOWER]: Leader election won for term 1
I20260608 12:39:00.589207  1330 raft_consensus.cc:697] T 024c924b398842bca1917f48d716429b P 87e794d7171c4e80b76fa0a2a7145ba2 [term 1 LEADER]: Becoming Leader. State: Replica: 87e794d7171c4e80b76fa0a2a7145ba2, State: Running, Role: LEADER
I20260608 12:39:00.589640  1176 tablet_service.cc:1917] Received RequestConsensusVote() RPC: tablet_id: "024c924b398842bca1917f48d716429b" candidate_uuid: "87e794d7171c4e80b76fa0a2a7145ba2" candidate_term: 1 candidate_status { last_received { term: 0 index: 0 } } ignore_live_leader: false dest_uuid: "72bfee1aafb346adb627ac8c8a136848"
I20260608 12:39:00.585911  1298 tablet_bootstrap.cc:492] T 34c1b63102c9437194e68cd28ae2022c P 87e794d7171c4e80b76fa0a2a7145ba2: No bootstrap required, opened a new log
I20260608 12:39:00.590937  1176 raft_consensus.cc:3060] T 024c924b398842bca1917f48d716429b P 72bfee1aafb346adb627ac8c8a136848 [term 0 FOLLOWER]: Advancing to term 1
I20260608 12:39:00.590826  1298 ts_tablet_manager.cc:1403] T 34c1b63102c9437194e68cd28ae2022c P 87e794d7171c4e80b76fa0a2a7145ba2: Time spent bootstrapping tablet: real 0.112s	user 0.018s	sys 0.005s
I20260608 12:39:00.592614  1330 consensus_queue.cc:237] T 024c924b398842bca1917f48d716429b P 87e794d7171c4e80b76fa0a2a7145ba2 [LEADER]: Queue going to LEADER mode. State: All replicated index: 0, Majority replicated index: 0, Committed index: 0, Last appended: 0.0, Last appended by leader: 0, Current term: 1, Majority size: 2, State: 0, Mode: LEADER, active raft config: opid_index: -1 OBSOLETE_local: false peers { permanent_uuid: "90a163dfba0f42afa1d7d2aadce5a27d" member_type: VOTER last_known_addr { host: "127.0.107.193" port: 44825 } } peers { permanent_uuid: "72bfee1aafb346adb627ac8c8a136848" member_type: VOTER last_known_addr { host: "127.0.107.194" port: 40639 } } peers { permanent_uuid: "87e794d7171c4e80b76fa0a2a7145ba2" member_type: VOTER last_known_addr { host: "127.0.107.195" port: 34249 } }
I20260608 12:39:00.593365  1177 tablet_service.cc:1917] Received RequestConsensusVote() RPC: tablet_id: "15bb73a752084cc19eb8013a19929e88" candidate_uuid: "87e794d7171c4e80b76fa0a2a7145ba2" candidate_term: 1 candidate_status { last_received { term: 0 index: 0 } } ignore_live_leader: false dest_uuid: "72bfee1aafb346adb627ac8c8a136848"
I20260608 12:39:00.594151  1297 tablet_bootstrap.cc:492] T 15bb73a752084cc19eb8013a19929e88 P 90a163dfba0f42afa1d7d2aadce5a27d: No bootstrap required, opened a new log
I20260608 12:39:00.594177  1177 raft_consensus.cc:3060] T 15bb73a752084cc19eb8013a19929e88 P 72bfee1aafb346adb627ac8c8a136848 [term 0 FOLLOWER]: Advancing to term 1
I20260608 12:39:00.590606  1175 raft_consensus.cc:2468] T 3f45abd5cd344a75ab5903577269fe4b P 72bfee1aafb346adb627ac8c8a136848 [term 1 FOLLOWER]: Leader election vote request: Granting yes vote for candidate 87e794d7171c4e80b76fa0a2a7145ba2 in term 1.
I20260608 12:39:00.592173  1102 tablet_service.cc:1917] Received RequestConsensusVote() RPC: tablet_id: "15bb73a752084cc19eb8013a19929e88" candidate_uuid: "87e794d7171c4e80b76fa0a2a7145ba2" candidate_term: 1 candidate_status { last_received { term: 0 index: 0 } } ignore_live_leader: false dest_uuid: "90a163dfba0f42afa1d7d2aadce5a27d"
W20260608 12:39:00.597782  1214 leader_election.cc:343] T 15bb73a752084cc19eb8013a19929e88 P 87e794d7171c4e80b76fa0a2a7145ba2 [CANDIDATE]: Term 1 election: Tablet error from VoteRequest() call to peer 90a163dfba0f42afa1d7d2aadce5a27d (127.0.107.193:44825): Illegal state: must be running to vote when last-logged opid is not known
I20260608 12:39:00.592307  1337 leader_election.cc:290] T 15bb73a752084cc19eb8013a19929e88 P 87e794d7171c4e80b76fa0a2a7145ba2 [CANDIDATE]: Term 1 election: Requested vote from peers 90a163dfba0f42afa1d7d2aadce5a27d (127.0.107.193:44825), 72bfee1aafb346adb627ac8c8a136848 (127.0.107.194:40639)
I20260608 12:39:00.599253  1297 ts_tablet_manager.cc:1403] T 15bb73a752084cc19eb8013a19929e88 P 90a163dfba0f42afa1d7d2aadce5a27d: Time spent bootstrapping tablet: real 0.115s	user 0.010s	sys 0.010s
I20260608 12:39:00.603087  1298 raft_consensus.cc:359] T 34c1b63102c9437194e68cd28ae2022c P 87e794d7171c4e80b76fa0a2a7145ba2 [term 0 FOLLOWER]: Replica starting. Triggering 0 pending ops. Active config: opid_index: -1 OBSOLETE_local: false peers { permanent_uuid: "90a163dfba0f42afa1d7d2aadce5a27d" member_type: VOTER last_known_addr { host: "127.0.107.193" port: 44825 } } peers { permanent_uuid: "72bfee1aafb346adb627ac8c8a136848" member_type: VOTER last_known_addr { host: "127.0.107.194" port: 40639 } } peers { permanent_uuid: "87e794d7171c4e80b76fa0a2a7145ba2" member_type: VOTER last_known_addr { host: "127.0.107.195" port: 34249 } }
I20260608 12:39:00.604241  1298 raft_consensus.cc:385] T 34c1b63102c9437194e68cd28ae2022c P 87e794d7171c4e80b76fa0a2a7145ba2 [term 0 FOLLOWER]: Consensus starting up: Expiring failure detector timer to make a prompt election more likely
I20260608 12:39:00.604429  1177 raft_consensus.cc:2468] T 15bb73a752084cc19eb8013a19929e88 P 72bfee1aafb346adb627ac8c8a136848 [term 1 FOLLOWER]: Leader election vote request: Granting yes vote for candidate 87e794d7171c4e80b76fa0a2a7145ba2 in term 1.
I20260608 12:39:00.607599  1296 tablet_bootstrap.cc:492] T 34c1b63102c9437194e68cd28ae2022c P 72bfee1aafb346adb627ac8c8a136848: No bootstrap required, opened a new log
I20260608 12:39:00.608119  1296 ts_tablet_manager.cc:1403] T 34c1b63102c9437194e68cd28ae2022c P 72bfee1aafb346adb627ac8c8a136848: Time spent bootstrapping tablet: real 0.073s	user 0.017s	sys 0.004s
I20260608 12:39:00.607676  1216 leader_election.cc:304] T 15bb73a752084cc19eb8013a19929e88 P 87e794d7171c4e80b76fa0a2a7145ba2 [CANDIDATE]: Term 1 election: Election decided. Result: candidate won. Election summary: received 3 responses out of 3 voters: 2 yes votes; 1 no votes. yes voters: 72bfee1aafb346adb627ac8c8a136848, 87e794d7171c4e80b76fa0a2a7145ba2; no voters: 90a163dfba0f42afa1d7d2aadce5a27d
I20260608 12:39:00.607481  1176 raft_consensus.cc:2468] T 024c924b398842bca1917f48d716429b P 72bfee1aafb346adb627ac8c8a136848 [term 1 FOLLOWER]: Leader election vote request: Granting yes vote for candidate 87e794d7171c4e80b76fa0a2a7145ba2 in term 1.
I20260608 12:39:00.604537  1298 raft_consensus.cc:740] T 34c1b63102c9437194e68cd28ae2022c P 87e794d7171c4e80b76fa0a2a7145ba2 [term 0 FOLLOWER]: Becoming Follower/Learner. State: Replica: 87e794d7171c4e80b76fa0a2a7145ba2, State: Initialized, Role: FOLLOWER
I20260608 12:39:00.609062  1337 raft_consensus.cc:2804] T 15bb73a752084cc19eb8013a19929e88 P 87e794d7171c4e80b76fa0a2a7145ba2 [term 1 FOLLOWER]: Leader election won for term 1
I20260608 12:39:00.609531  1298 consensus_queue.cc:260] T 34c1b63102c9437194e68cd28ae2022c P 87e794d7171c4e80b76fa0a2a7145ba2 [NON_LEADER]: Queue going to NON_LEADER mode. State: All replicated index: 0, Majority replicated index: 0, Committed index: 0, Last appended: 0.0, Last appended by leader: 0, Current term: 0, Majority size: -1, State: 0, Mode: NON_LEADER, active raft config: opid_index: -1 OBSOLETE_local: false peers { permanent_uuid: "90a163dfba0f42afa1d7d2aadce5a27d" member_type: VOTER last_known_addr { host: "127.0.107.193" port: 44825 } } peers { permanent_uuid: "72bfee1aafb346adb627ac8c8a136848" member_type: VOTER last_known_addr { host: "127.0.107.194" port: 40639 } } peers { permanent_uuid: "87e794d7171c4e80b76fa0a2a7145ba2" member_type: VOTER last_known_addr { host: "127.0.107.195" port: 34249 } }
I20260608 12:39:00.608342  1297 raft_consensus.cc:359] T 15bb73a752084cc19eb8013a19929e88 P 90a163dfba0f42afa1d7d2aadce5a27d [term 0 FOLLOWER]: Replica starting. Triggering 0 pending ops. Active config: opid_index: -1 OBSOLETE_local: false peers { permanent_uuid: "90a163dfba0f42afa1d7d2aadce5a27d" member_type: VOTER last_known_addr { host: "127.0.107.193" port: 44825 } } peers { permanent_uuid: "72bfee1aafb346adb627ac8c8a136848" member_type: VOTER last_known_addr { host: "127.0.107.194" port: 40639 } } peers { permanent_uuid: "87e794d7171c4e80b76fa0a2a7145ba2" member_type: VOTER last_known_addr { host: "127.0.107.195" port: 34249 } }
I20260608 12:39:00.611755  1304 raft_consensus.cc:697] T 3f45abd5cd344a75ab5903577269fe4b P 87e794d7171c4e80b76fa0a2a7145ba2 [term 1 LEADER]: Becoming Leader. State: Replica: 87e794d7171c4e80b76fa0a2a7145ba2, State: Running, Role: LEADER
I20260608 12:39:00.613202  1296 raft_consensus.cc:359] T 34c1b63102c9437194e68cd28ae2022c P 72bfee1aafb346adb627ac8c8a136848 [term 0 FOLLOWER]: Replica starting. Triggering 0 pending ops. Active config: opid_index: -1 OBSOLETE_local: false peers { permanent_uuid: "90a163dfba0f42afa1d7d2aadce5a27d" member_type: VOTER last_known_addr { host: "127.0.107.193" port: 44825 } } peers { permanent_uuid: "72bfee1aafb346adb627ac8c8a136848" member_type: VOTER last_known_addr { host: "127.0.107.194" port: 40639 } } peers { permanent_uuid: "87e794d7171c4e80b76fa0a2a7145ba2" member_type: VOTER last_known_addr { host: "127.0.107.195" port: 34249 } }
I20260608 12:39:00.611583  1337 raft_consensus.cc:697] T 15bb73a752084cc19eb8013a19929e88 P 87e794d7171c4e80b76fa0a2a7145ba2 [term 1 LEADER]: Becoming Leader. State: Replica: 87e794d7171c4e80b76fa0a2a7145ba2, State: Running, Role: LEADER
I20260608 12:39:00.614193  1296 raft_consensus.cc:385] T 34c1b63102c9437194e68cd28ae2022c P 72bfee1aafb346adb627ac8c8a136848 [term 0 FOLLOWER]: Consensus starting up: Expiring failure detector timer to make a prompt election more likely
I20260608 12:39:00.613765  1304 consensus_queue.cc:237] T 3f45abd5cd344a75ab5903577269fe4b P 87e794d7171c4e80b76fa0a2a7145ba2 [LEADER]: Queue going to LEADER mode. State: All replicated index: 0, Majority replicated index: 0, Committed index: 0, Last appended: 0.0, Last appended by leader: 0, Current term: 1, Majority size: 2, State: 0, Mode: LEADER, active raft config: opid_index: -1 OBSOLETE_local: false peers { permanent_uuid: "90a163dfba0f42afa1d7d2aadce5a27d" member_type: VOTER last_known_addr { host: "127.0.107.193" port: 44825 } } peers { permanent_uuid: "72bfee1aafb346adb627ac8c8a136848" member_type: VOTER last_known_addr { host: "127.0.107.194" port: 40639 } } peers { permanent_uuid: "87e794d7171c4e80b76fa0a2a7145ba2" member_type: VOTER last_known_addr { host: "127.0.107.195" port: 34249 } }
I20260608 12:39:00.614565  1296 raft_consensus.cc:740] T 34c1b63102c9437194e68cd28ae2022c P 72bfee1aafb346adb627ac8c8a136848 [term 0 FOLLOWER]: Becoming Follower/Learner. State: Replica: 72bfee1aafb346adb627ac8c8a136848, State: Initialized, Role: FOLLOWER
I20260608 12:39:00.614962  1337 consensus_queue.cc:237] T 15bb73a752084cc19eb8013a19929e88 P 87e794d7171c4e80b76fa0a2a7145ba2 [LEADER]: Queue going to LEADER mode. State: All replicated index: 0, Majority replicated index: 0, Committed index: 0, Last appended: 0.0, Last appended by leader: 0, Current term: 1, Majority size: 2, State: 0, Mode: LEADER, active raft config: opid_index: -1 OBSOLETE_local: false peers { permanent_uuid: "90a163dfba0f42afa1d7d2aadce5a27d" member_type: VOTER last_known_addr { host: "127.0.107.193" port: 44825 } } peers { permanent_uuid: "72bfee1aafb346adb627ac8c8a136848" member_type: VOTER last_known_addr { host: "127.0.107.194" port: 40639 } } peers { permanent_uuid: "87e794d7171c4e80b76fa0a2a7145ba2" member_type: VOTER last_known_addr { host: "127.0.107.195" port: 34249 } }
I20260608 12:39:00.615461  1296 consensus_queue.cc:260] T 34c1b63102c9437194e68cd28ae2022c P 72bfee1aafb346adb627ac8c8a136848 [NON_LEADER]: Queue going to NON_LEADER mode. State: All replicated index: 0, Majority replicated index: 0, Committed index: 0, Last appended: 0.0, Last appended by leader: 0, Current term: 0, Majority size: -1, State: 0, Mode: NON_LEADER, active raft config: opid_index: -1 OBSOLETE_local: false peers { permanent_uuid: "90a163dfba0f42afa1d7d2aadce5a27d" member_type: VOTER last_known_addr { host: "127.0.107.193" port: 44825 } } peers { permanent_uuid: "72bfee1aafb346adb627ac8c8a136848" member_type: VOTER last_known_addr { host: "127.0.107.194" port: 40639 } } peers { permanent_uuid: "87e794d7171c4e80b76fa0a2a7145ba2" member_type: VOTER last_known_addr { host: "127.0.107.195" port: 34249 } }
I20260608 12:39:00.615973  1298 ts_tablet_manager.cc:1434] T 34c1b63102c9437194e68cd28ae2022c P 87e794d7171c4e80b76fa0a2a7145ba2: Time spent starting tablet: real 0.024s	user 0.009s	sys 0.003s
I20260608 12:39:00.617122  1298 tablet_bootstrap.cc:492] T 574d51a5d2134faaabbababda7077588 P 87e794d7171c4e80b76fa0a2a7145ba2: Bootstrap starting.
I20260608 12:39:00.613144  1297 raft_consensus.cc:385] T 15bb73a752084cc19eb8013a19929e88 P 90a163dfba0f42afa1d7d2aadce5a27d [term 0 FOLLOWER]: Consensus starting up: Expiring failure detector timer to make a prompt election more likely
I20260608 12:39:00.617478  1296 ts_tablet_manager.cc:1434] T 34c1b63102c9437194e68cd28ae2022c P 72bfee1aafb346adb627ac8c8a136848: Time spent starting tablet: real 0.009s	user 0.007s	sys 0.001s
I20260608 12:39:00.617681  1297 raft_consensus.cc:740] T 15bb73a752084cc19eb8013a19929e88 P 90a163dfba0f42afa1d7d2aadce5a27d [term 0 FOLLOWER]: Becoming Follower/Learner. State: Replica: 90a163dfba0f42afa1d7d2aadce5a27d, State: Initialized, Role: FOLLOWER
I20260608 12:39:00.621264  1297 consensus_queue.cc:260] T 15bb73a752084cc19eb8013a19929e88 P 90a163dfba0f42afa1d7d2aadce5a27d [NON_LEADER]: Queue going to NON_LEADER mode. State: All replicated index: 0, Majority replicated index: 0, Committed index: 0, Last appended: 0.0, Last appended by leader: 0, Current term: 0, Majority size: -1, State: 0, Mode: NON_LEADER, active raft config: opid_index: -1 OBSOLETE_local: false peers { permanent_uuid: "90a163dfba0f42afa1d7d2aadce5a27d" member_type: VOTER last_known_addr { host: "127.0.107.193" port: 44825 } } peers { permanent_uuid: "72bfee1aafb346adb627ac8c8a136848" member_type: VOTER last_known_addr { host: "127.0.107.194" port: 40639 } } peers { permanent_uuid: "87e794d7171c4e80b76fa0a2a7145ba2" member_type: VOTER last_known_addr { host: "127.0.107.195" port: 34249 } }
I20260608 12:39:00.631225  1298 tablet_bootstrap.cc:654] T 574d51a5d2134faaabbababda7077588 P 87e794d7171c4e80b76fa0a2a7145ba2: Neither blocks nor log segments found. Creating new log.
I20260608 12:39:00.639948  1297 ts_tablet_manager.cc:1434] T 15bb73a752084cc19eb8013a19929e88 P 90a163dfba0f42afa1d7d2aadce5a27d: Time spent starting tablet: real 0.040s	user 0.005s	sys 0.002s
I20260608 12:39:00.643283  1297 tablet_bootstrap.cc:492] T 34c1b63102c9437194e68cd28ae2022c P 90a163dfba0f42afa1d7d2aadce5a27d: Bootstrap starting.
I20260608 12:39:00.653141  1297 tablet_bootstrap.cc:654] T 34c1b63102c9437194e68cd28ae2022c P 90a163dfba0f42afa1d7d2aadce5a27d: Neither blocks nor log segments found. Creating new log.
I20260608 12:39:00.652060   997 catalog_manager.cc:5696] T 3f45abd5cd344a75ab5903577269fe4b P 87e794d7171c4e80b76fa0a2a7145ba2 reported cstate change: term changed from 0 to 1, leader changed from <none> to 87e794d7171c4e80b76fa0a2a7145ba2 (127.0.107.195). New cstate: current_term: 1 leader_uuid: "87e794d7171c4e80b76fa0a2a7145ba2" committed_config { opid_index: -1 OBSOLETE_local: false peers { permanent_uuid: "90a163dfba0f42afa1d7d2aadce5a27d" member_type: VOTER last_known_addr { host: "127.0.107.193" port: 44825 } health_report { overall_health: UNKNOWN } } peers { permanent_uuid: "72bfee1aafb346adb627ac8c8a136848" member_type: VOTER last_known_addr { host: "127.0.107.194" port: 40639 } health_report { overall_health: UNKNOWN } } peers { permanent_uuid: "87e794d7171c4e80b76fa0a2a7145ba2" member_type: VOTER last_known_addr { host: "127.0.107.195" port: 34249 } health_report { overall_health: HEALTHY } } }
I20260608 12:39:00.669684  1320 raft_consensus.cc:493] T e67623b353b44d1ebfb12ba89a71a460 P 90a163dfba0f42afa1d7d2aadce5a27d [term 0 FOLLOWER]: Starting pre-election (no leader contacted us within the election timeout)
I20260608 12:39:00.670389  1297 tablet_bootstrap.cc:492] T 34c1b63102c9437194e68cd28ae2022c P 90a163dfba0f42afa1d7d2aadce5a27d: No bootstrap required, opened a new log
