I20260608 13:03:56.255753 12987 raft_consensus.cc:515] T 97dc8f413879448e95c0802a677c8674 P 98345f0971684864a8d43748409f8b92 [term 0 FOLLOWER]: Starting pre-election with config: opid_index: -1 OBSOLETE_local: false peers { permanent_uuid: "98345f0971684864a8d43748409f8b92" member_type: VOTER last_known_addr { host: "127.8.30.129" port: 38263 } } peers { permanent_uuid: "fe22b998c47c4827b1f41bbe4693810f" member_type: VOTER last_known_addr { host: "127.8.30.130" port: 43373 } } peers { permanent_uuid: "f43e7240b8804747a200b8b5e80fbcee" member_type: VOTER last_known_addr { host: "127.8.30.131" port: 34353 } }
I20260608 13:03:56.256348 12898 leader_election.cc:304] T 32096dd5b7e1464fa564f0d37df2d362 P f43e7240b8804747a200b8b5e80fbcee [CANDIDATE]: Term 1 pre-election: Election decided. Result: candidate won. Election summary: received 2 responses out of 3 voters: 2 yes votes; 0 no votes. yes voters: 98345f0971684864a8d43748409f8b92, f43e7240b8804747a200b8b5e80fbcee; no voters: 
I20260608 13:03:56.257236 12985 raft_consensus.cc:2804] T 32096dd5b7e1464fa564f0d37df2d362 P f43e7240b8804747a200b8b5e80fbcee [term 0 FOLLOWER]: Leader pre-election won for term 1
I20260608 13:03:56.257601 12985 raft_consensus.cc:493] T 32096dd5b7e1464fa564f0d37df2d362 P f43e7240b8804747a200b8b5e80fbcee [term 0 FOLLOWER]: Starting leader election (no leader contacted us within the election timeout)
I20260608 13:03:56.257864 13003 raft_consensus.cc:493] T 855344b44979425780aca9da4ca74524 P fe22b998c47c4827b1f41bbe4693810f [term 0 FOLLOWER]: Starting pre-election (no leader contacted us within the election timeout)
I20260608 13:03:56.258435 13003 raft_consensus.cc:515] T 855344b44979425780aca9da4ca74524 P fe22b998c47c4827b1f41bbe4693810f [term 0 FOLLOWER]: Starting pre-election with config: opid_index: -1 OBSOLETE_local: false peers { permanent_uuid: "fe22b998c47c4827b1f41bbe4693810f" member_type: VOTER last_known_addr { host: "127.8.30.130" port: 43373 } } peers { permanent_uuid: "98345f0971684864a8d43748409f8b92" member_type: VOTER last_known_addr { host: "127.8.30.129" port: 38263 } } peers { permanent_uuid: "f43e7240b8804747a200b8b5e80fbcee" member_type: VOTER last_known_addr { host: "127.8.30.131" port: 34353 } }
I20260608 13:03:56.257966 12985 raft_consensus.cc:3060] T 32096dd5b7e1464fa564f0d37df2d362 P f43e7240b8804747a200b8b5e80fbcee [term 0 FOLLOWER]: Advancing to term 1
I20260608 13:03:56.249904 13022 leader_election.cc:290] T 32096dd5b7e1464fa564f0d37df2d362 P f43e7240b8804747a200b8b5e80fbcee [CANDIDATE]: Term 1 pre-election: Requested pre-vote from peers 98345f0971684864a8d43748409f8b92 (127.8.30.129:38263), fe22b998c47c4827b1f41bbe4693810f (127.8.30.130:43373)
I20260608 13:03:56.259873 12932 tablet_service.cc:1917] Received RequestConsensusVote() RPC: tablet_id: "97dc8f413879448e95c0802a677c8674" candidate_uuid: "98345f0971684864a8d43748409f8b92" candidate_term: 1 candidate_status { last_received { term: 0 index: 0 } } ignore_live_leader: false dest_uuid: "f43e7240b8804747a200b8b5e80fbcee" is_pre_election: true
I20260608 13:03:56.260138 12859 tablet_service.cc:1917] Received RequestConsensusVote() RPC: tablet_id: "97dc8f413879448e95c0802a677c8674" candidate_uuid: "98345f0971684864a8d43748409f8b92" candidate_term: 1 candidate_status { last_received { term: 0 index: 0 } } ignore_live_leader: false dest_uuid: "fe22b998c47c4827b1f41bbe4693810f" is_pre_election: true
I20260608 13:03:56.260538 12932 raft_consensus.cc:2468] T 97dc8f413879448e95c0802a677c8674 P f43e7240b8804747a200b8b5e80fbcee [term 0 FOLLOWER]: Leader pre-election vote request: Granting yes vote for candidate 98345f0971684864a8d43748409f8b92 in term 0.
I20260608 13:03:56.261145 12987 leader_election.cc:290] T 97dc8f413879448e95c0802a677c8674 P 98345f0971684864a8d43748409f8b92 [CANDIDATE]: Term 1 pre-election: Requested pre-vote from peers fe22b998c47c4827b1f41bbe4693810f (127.8.30.130:43373), f43e7240b8804747a200b8b5e80fbcee (127.8.30.131:34353)
I20260608 13:03:56.261830 12859 raft_consensus.cc:2468] T 97dc8f413879448e95c0802a677c8674 P fe22b998c47c4827b1f41bbe4693810f [term 0 FOLLOWER]: Leader pre-election vote request: Granting yes vote for candidate 98345f0971684864a8d43748409f8b92 in term 0.
I20260608 13:03:56.262133 12748 leader_election.cc:304] T 97dc8f413879448e95c0802a677c8674 P 98345f0971684864a8d43748409f8b92 [CANDIDATE]: Term 1 pre-election: Election decided. Result: candidate won. Election summary: received 2 responses out of 3 voters: 2 yes votes; 0 no votes. yes voters: 98345f0971684864a8d43748409f8b92, f43e7240b8804747a200b8b5e80fbcee; no voters: 
I20260608 13:03:56.262631 12979 raft_consensus.cc:740] T c677ce73b8b14bc0b070cc83d47e690c P f43e7240b8804747a200b8b5e80fbcee [term 0 FOLLOWER]: Becoming Follower/Learner. State: Replica: f43e7240b8804747a200b8b5e80fbcee, State: Initialized, Role: FOLLOWER
I20260608 13:03:56.263298 12987 raft_consensus.cc:2804] T 97dc8f413879448e95c0802a677c8674 P 98345f0971684864a8d43748409f8b92 [term 0 FOLLOWER]: Leader pre-election won for term 1
I20260608 13:03:56.263743 12987 raft_consensus.cc:493] T 97dc8f413879448e95c0802a677c8674 P 98345f0971684864a8d43748409f8b92 [term 0 FOLLOWER]: Starting leader election (no leader contacted us within the election timeout)
I20260608 13:03:56.263530 12979 consensus_queue.cc:260] T c677ce73b8b14bc0b070cc83d47e690c P f43e7240b8804747a200b8b5e80fbcee [NON_LEADER]: Queue going to NON_LEADER mode. State: All replicated index: 0, Majority replicated index: 0, Committed index: 0, Last appended: 0.0, Last appended by leader: 0, Current term: 0, Majority size: -1, State: 0, Mode: NON_LEADER, active raft config: opid_index: -1 OBSOLETE_local: false peers { permanent_uuid: "98345f0971684864a8d43748409f8b92" member_type: VOTER last_known_addr { host: "127.8.30.129" port: 38263 } } peers { permanent_uuid: "fe22b998c47c4827b1f41bbe4693810f" member_type: VOTER last_known_addr { host: "127.8.30.130" port: 43373 } } peers { permanent_uuid: "f43e7240b8804747a200b8b5e80fbcee" member_type: VOTER last_known_addr { host: "127.8.30.131" port: 34353 } }
I20260608 13:03:56.264180 12987 raft_consensus.cc:3060] T 97dc8f413879448e95c0802a677c8674 P 98345f0971684864a8d43748409f8b92 [term 0 FOLLOWER]: Advancing to term 1
I20260608 13:03:56.261726 13003 leader_election.cc:290] T 855344b44979425780aca9da4ca74524 P fe22b998c47c4827b1f41bbe4693810f [CANDIDATE]: Term 1 pre-election: Requested pre-vote from peers 98345f0971684864a8d43748409f8b92 (127.8.30.129:38263), f43e7240b8804747a200b8b5e80fbcee (127.8.30.131:34353)
I20260608 13:03:56.264950 12784 tablet_service.cc:1917] Received RequestConsensusVote() RPC: tablet_id: "855344b44979425780aca9da4ca74524" candidate_uuid: "fe22b998c47c4827b1f41bbe4693810f" candidate_term: 1 candidate_status { last_received { term: 0 index: 0 } } ignore_live_leader: false dest_uuid: "98345f0971684864a8d43748409f8b92" is_pre_election: true
I20260608 13:03:56.266006 12784 raft_consensus.cc:2468] T 855344b44979425780aca9da4ca74524 P 98345f0971684864a8d43748409f8b92 [term 0 FOLLOWER]: Leader pre-election vote request: Granting yes vote for candidate fe22b998c47c4827b1f41bbe4693810f in term 0.
I20260608 13:03:56.266795 12985 raft_consensus.cc:515] T 32096dd5b7e1464fa564f0d37df2d362 P f43e7240b8804747a200b8b5e80fbcee [term 1 FOLLOWER]: Starting leader election with config: opid_index: -1 OBSOLETE_local: false peers { permanent_uuid: "98345f0971684864a8d43748409f8b92" member_type: VOTER last_known_addr { host: "127.8.30.129" port: 38263 } } peers { permanent_uuid: "fe22b998c47c4827b1f41bbe4693810f" member_type: VOTER last_known_addr { host: "127.8.30.130" port: 43373 } } peers { permanent_uuid: "f43e7240b8804747a200b8b5e80fbcee" member_type: VOTER last_known_addr { host: "127.8.30.131" port: 34353 } }
I20260608 13:03:56.267254 12824 leader_election.cc:304] T 855344b44979425780aca9da4ca74524 P fe22b998c47c4827b1f41bbe4693810f [CANDIDATE]: Term 1 pre-election: Election decided. Result: candidate won. Election summary: received 2 responses out of 3 voters: 2 yes votes; 0 no votes. yes voters: 98345f0971684864a8d43748409f8b92, fe22b998c47c4827b1f41bbe4693810f; no voters: 
I20260608 13:03:56.268705 12979 ts_tablet_manager.cc:1434] T c677ce73b8b14bc0b070cc83d47e690c P f43e7240b8804747a200b8b5e80fbcee: Time spent starting tablet: real 0.017s	user 0.006s	sys 0.000s
I20260608 13:03:56.264950 12932 tablet_service.cc:1917] Received RequestConsensusVote() RPC: tablet_id: "855344b44979425780aca9da4ca74524" candidate_uuid: "fe22b998c47c4827b1f41bbe4693810f" candidate_term: 1 candidate_status { last_received { term: 0 index: 0 } } ignore_live_leader: false dest_uuid: "f43e7240b8804747a200b8b5e80fbcee" is_pre_election: true
I20260608 13:03:56.269532 12932 raft_consensus.cc:2468] T 855344b44979425780aca9da4ca74524 P f43e7240b8804747a200b8b5e80fbcee [term 0 FOLLOWER]: Leader pre-election vote request: Granting yes vote for candidate fe22b998c47c4827b1f41bbe4693810f in term 0.
I20260608 13:03:56.269665 12784 tablet_service.cc:1917] Received RequestConsensusVote() RPC: tablet_id: "32096dd5b7e1464fa564f0d37df2d362" candidate_uuid: "f43e7240b8804747a200b8b5e80fbcee" candidate_term: 1 candidate_status { last_received { term: 0 index: 0 } } ignore_live_leader: false dest_uuid: "98345f0971684864a8d43748409f8b92"
I20260608 13:03:56.270303 12784 raft_consensus.cc:3060] T 32096dd5b7e1464fa564f0d37df2d362 P 98345f0971684864a8d43748409f8b92 [term 0 FOLLOWER]: Advancing to term 1
I20260608 13:03:56.271502 13003 raft_consensus.cc:2804] T 855344b44979425780aca9da4ca74524 P fe22b998c47c4827b1f41bbe4693810f [term 0 FOLLOWER]: Leader pre-election won for term 1
I20260608 13:03:56.271955 13003 raft_consensus.cc:493] T 855344b44979425780aca9da4ca74524 P fe22b998c47c4827b1f41bbe4693810f [term 0 FOLLOWER]: Starting leader election (no leader contacted us within the election timeout)
I20260608 13:03:56.272354 13003 raft_consensus.cc:3060] T 855344b44979425780aca9da4ca74524 P fe22b998c47c4827b1f41bbe4693810f [term 0 FOLLOWER]: Advancing to term 1
I20260608 13:03:56.272729 12987 raft_consensus.cc:515] T 97dc8f413879448e95c0802a677c8674 P 98345f0971684864a8d43748409f8b92 [term 1 FOLLOWER]: Starting leader election with config: opid_index: -1 OBSOLETE_local: false peers { permanent_uuid: "98345f0971684864a8d43748409f8b92" member_type: VOTER last_known_addr { host: "127.8.30.129" port: 38263 } } peers { permanent_uuid: "fe22b998c47c4827b1f41bbe4693810f" member_type: VOTER last_known_addr { host: "127.8.30.130" port: 43373 } } peers { permanent_uuid: "f43e7240b8804747a200b8b5e80fbcee" member_type: VOTER last_known_addr { host: "127.8.30.131" port: 34353 } }
I20260608 13:03:56.273519 12859 tablet_service.cc:1917] Received RequestConsensusVote() RPC: tablet_id: "32096dd5b7e1464fa564f0d37df2d362" candidate_uuid: "f43e7240b8804747a200b8b5e80fbcee" candidate_term: 1 candidate_status { last_received { term: 0 index: 0 } } ignore_live_leader: false dest_uuid: "fe22b998c47c4827b1f41bbe4693810f"
I20260608 13:03:56.274119 12859 raft_consensus.cc:3060] T 32096dd5b7e1464fa564f0d37df2d362 P fe22b998c47c4827b1f41bbe4693810f [term 0 FOLLOWER]: Advancing to term 1
I20260608 13:03:56.276816 12987 leader_election.cc:290] T 97dc8f413879448e95c0802a677c8674 P 98345f0971684864a8d43748409f8b92 [CANDIDATE]: Term 1 election: Requested vote from peers fe22b998c47c4827b1f41bbe4693810f (127.8.30.130:43373), f43e7240b8804747a200b8b5e80fbcee (127.8.30.131:34353)
I20260608 13:03:56.277043 12784 raft_consensus.cc:2468] T 32096dd5b7e1464fa564f0d37df2d362 P 98345f0971684864a8d43748409f8b92 [term 1 FOLLOWER]: Leader election vote request: Granting yes vote for candidate f43e7240b8804747a200b8b5e80fbcee in term 1.
I20260608 13:03:56.278167 12898 leader_election.cc:304] T 32096dd5b7e1464fa564f0d37df2d362 P f43e7240b8804747a200b8b5e80fbcee [CANDIDATE]: Term 1 election: Election decided. Result: candidate won. Election summary: received 2 responses out of 3 voters: 2 yes votes; 0 no votes. yes voters: 98345f0971684864a8d43748409f8b92, f43e7240b8804747a200b8b5e80fbcee; no voters: 
I20260608 13:03:56.278229 12932 tablet_service.cc:1917] Received RequestConsensusVote() RPC: tablet_id: "97dc8f413879448e95c0802a677c8674" candidate_uuid: "98345f0971684864a8d43748409f8b92" candidate_term: 1 candidate_status { last_received { term: 0 index: 0 } } ignore_live_leader: false dest_uuid: "f43e7240b8804747a200b8b5e80fbcee"
I20260608 13:03:56.279165 12932 raft_consensus.cc:3060] T 97dc8f413879448e95c0802a677c8674 P f43e7240b8804747a200b8b5e80fbcee [term 0 FOLLOWER]: Advancing to term 1
I20260608 13:03:56.279230 13022 raft_consensus.cc:2804] T 32096dd5b7e1464fa564f0d37df2d362 P f43e7240b8804747a200b8b5e80fbcee [term 1 FOLLOWER]: Leader election won for term 1
I20260608 13:03:56.279965 13022 raft_consensus.cc:697] T 32096dd5b7e1464fa564f0d37df2d362 P f43e7240b8804747a200b8b5e80fbcee [term 1 LEADER]: Becoming Leader. State: Replica: f43e7240b8804747a200b8b5e80fbcee, State: Running, Role: LEADER
I20260608 13:03:56.280913 13022 consensus_queue.cc:237] T 32096dd5b7e1464fa564f0d37df2d362 P f43e7240b8804747a200b8b5e80fbcee [LEADER]: Queue going to LEADER mode. State: All replicated index: 0, Majority replicated index: 0, Committed index: 0, Last appended: 0.0, Last appended by leader: 0, Current term: 1, Majority size: 2, State: 0, Mode: LEADER, active raft config: opid_index: -1 OBSOLETE_local: false peers { permanent_uuid: "98345f0971684864a8d43748409f8b92" member_type: VOTER last_known_addr { host: "127.8.30.129" port: 38263 } } peers { permanent_uuid: "fe22b998c47c4827b1f41bbe4693810f" member_type: VOTER last_known_addr { host: "127.8.30.130" port: 43373 } } peers { permanent_uuid: "f43e7240b8804747a200b8b5e80fbcee" member_type: VOTER last_known_addr { host: "127.8.30.131" port: 34353 } }
I20260608 13:03:56.281350 12859 raft_consensus.cc:2468] T 32096dd5b7e1464fa564f0d37df2d362 P fe22b998c47c4827b1f41bbe4693810f [term 1 FOLLOWER]: Leader election vote request: Granting yes vote for candidate f43e7240b8804747a200b8b5e80fbcee in term 1.
I20260608 13:03:56.283581 12859 tablet_service.cc:1917] Received RequestConsensusVote() RPC: tablet_id: "97dc8f413879448e95c0802a677c8674" candidate_uuid: "98345f0971684864a8d43748409f8b92" candidate_term: 1 candidate_status { last_received { term: 0 index: 0 } } ignore_live_leader: false dest_uuid: "fe22b998c47c4827b1f41bbe4693810f"
I20260608 13:03:56.284114 12859 raft_consensus.cc:3060] T 97dc8f413879448e95c0802a677c8674 P fe22b998c47c4827b1f41bbe4693810f [term 0 FOLLOWER]: Advancing to term 1
I20260608 13:03:56.270880 12981 ts_tablet_manager.cc:1434] T 7afd05d0d58241b483e4ebf924912f1a P 98345f0971684864a8d43748409f8b92: Time spent starting tablet: real 0.034s	user 0.002s	sys 0.004s
I20260608 13:03:56.291457 12985 leader_election.cc:290] T 32096dd5b7e1464fa564f0d37df2d362 P f43e7240b8804747a200b8b5e80fbcee [CANDIDATE]: Term 1 election: Requested vote from peers 98345f0971684864a8d43748409f8b92 (127.8.30.129:38263), fe22b998c47c4827b1f41bbe4693810f (127.8.30.130:43373)
I20260608 13:03:56.296106 12932 raft_consensus.cc:2468] T 97dc8f413879448e95c0802a677c8674 P f43e7240b8804747a200b8b5e80fbcee [term 1 FOLLOWER]: Leader election vote request: Granting yes vote for candidate 98345f0971684864a8d43748409f8b92 in term 1.
I20260608 13:03:56.298082 12859 raft_consensus.cc:2468] T 97dc8f413879448e95c0802a677c8674 P fe22b998c47c4827b1f41bbe4693810f [term 1 FOLLOWER]: Leader election vote request: Granting yes vote for candidate 98345f0971684864a8d43748409f8b92 in term 1.
I20260608 13:03:56.299372 12748 leader_election.cc:304] T 97dc8f413879448e95c0802a677c8674 P 98345f0971684864a8d43748409f8b92 [CANDIDATE]: Term 1 election: Election decided. Result: candidate won. Election summary: received 2 responses out of 3 voters: 2 yes votes; 0 no votes. yes voters: 98345f0971684864a8d43748409f8b92, f43e7240b8804747a200b8b5e80fbcee; no voters: 
I20260608 13:03:56.297583 13003 raft_consensus.cc:515] T 855344b44979425780aca9da4ca74524 P fe22b998c47c4827b1f41bbe4693810f [term 1 FOLLOWER]: Starting leader election with config: opid_index: -1 OBSOLETE_local: false peers { permanent_uuid: "fe22b998c47c4827b1f41bbe4693810f" member_type: VOTER last_known_addr { host: "127.8.30.130" port: 43373 } } peers { permanent_uuid: "98345f0971684864a8d43748409f8b92" member_type: VOTER last_known_addr { host: "127.8.30.129" port: 38263 } } peers { permanent_uuid: "f43e7240b8804747a200b8b5e80fbcee" member_type: VOTER last_known_addr { host: "127.8.30.131" port: 34353 } }
I20260608 13:03:56.300770 12987 raft_consensus.cc:2804] T 97dc8f413879448e95c0802a677c8674 P 98345f0971684864a8d43748409f8b92 [term 1 FOLLOWER]: Leader election won for term 1
I20260608 13:03:56.301254 12987 raft_consensus.cc:697] T 97dc8f413879448e95c0802a677c8674 P 98345f0971684864a8d43748409f8b92 [term 1 LEADER]: Becoming Leader. State: Replica: 98345f0971684864a8d43748409f8b92, State: Running, Role: LEADER
I20260608 13:03:56.301684 13003 leader_election.cc:290] T 855344b44979425780aca9da4ca74524 P fe22b998c47c4827b1f41bbe4693810f [CANDIDATE]: Term 1 election: Requested vote from peers 98345f0971684864a8d43748409f8b92 (127.8.30.129:38263), f43e7240b8804747a200b8b5e80fbcee (127.8.30.131:34353)
I20260608 13:03:56.302130 12987 consensus_queue.cc:237] T 97dc8f413879448e95c0802a677c8674 P 98345f0971684864a8d43748409f8b92 [LEADER]: Queue going to LEADER mode. State: All replicated index: 0, Majority replicated index: 0, Committed index: 0, Last appended: 0.0, Last appended by leader: 0, Current term: 1, Majority size: 2, State: 0, Mode: LEADER, active raft config: opid_index: -1 OBSOLETE_local: false peers { permanent_uuid: "98345f0971684864a8d43748409f8b92" member_type: VOTER last_known_addr { host: "127.8.30.129" port: 38263 } } peers { permanent_uuid: "fe22b998c47c4827b1f41bbe4693810f" member_type: VOTER last_known_addr { host: "127.8.30.130" port: 43373 } } peers { permanent_uuid: "f43e7240b8804747a200b8b5e80fbcee" member_type: VOTER last_known_addr { host: "127.8.30.131" port: 34353 } }
I20260608 13:03:56.302976 12933 tablet_service.cc:1917] Received RequestConsensusVote() RPC: tablet_id: "855344b44979425780aca9da4ca74524" candidate_uuid: "fe22b998c47c4827b1f41bbe4693810f" candidate_term: 1 candidate_status { last_received { term: 0 index: 0 } } ignore_live_leader: false dest_uuid: "f43e7240b8804747a200b8b5e80fbcee"
I20260608 13:03:56.305191 12933 raft_consensus.cc:3060] T 855344b44979425780aca9da4ca74524 P f43e7240b8804747a200b8b5e80fbcee [term 0 FOLLOWER]: Advancing to term 1
I20260608 13:03:56.303262 12978 tablet_bootstrap.cc:492] T eba5f565c2f04e1baf43a677f0df48e1 P fe22b998c47c4827b1f41bbe4693810f: No bootstrap required, opened a new log
I20260608 13:03:56.304388 12784 tablet_service.cc:1917] Received RequestConsensusVote() RPC: tablet_id: "855344b44979425780aca9da4ca74524" candidate_uuid: "fe22b998c47c4827b1f41bbe4693810f" candidate_term: 1 candidate_status { last_received { term: 0 index: 0 } } ignore_live_leader: false dest_uuid: "98345f0971684864a8d43748409f8b92"
I20260608 13:03:56.296372 12981 tablet_bootstrap.cc:492] T c677ce73b8b14bc0b070cc83d47e690c P 98345f0971684864a8d43748409f8b92: Bootstrap starting.
I20260608 13:03:56.307314 12784 raft_consensus.cc:3060] T 855344b44979425780aca9da4ca74524 P 98345f0971684864a8d43748409f8b92 [term 0 FOLLOWER]: Advancing to term 1
I20260608 13:03:56.311597 12933 raft_consensus.cc:2468] T 855344b44979425780aca9da4ca74524 P f43e7240b8804747a200b8b5e80fbcee [term 1 FOLLOWER]: Leader election vote request: Granting yes vote for candidate fe22b998c47c4827b1f41bbe4693810f in term 1.
I20260608 13:03:56.311583 12679 catalog_manager.cc:5696] T 32096dd5b7e1464fa564f0d37df2d362 P f43e7240b8804747a200b8b5e80fbcee reported cstate change: term changed from 0 to 1, leader changed from <none> to f43e7240b8804747a200b8b5e80fbcee (127.8.30.131). New cstate: current_term: 1 leader_uuid: "f43e7240b8804747a200b8b5e80fbcee" committed_config { opid_index: -1 OBSOLETE_local: false peers { permanent_uuid: "98345f0971684864a8d43748409f8b92" member_type: VOTER last_known_addr { host: "127.8.30.129" port: 38263 } health_report { overall_health: UNKNOWN } } peers { permanent_uuid: "fe22b998c47c4827b1f41bbe4693810f" member_type: VOTER last_known_addr { host: "127.8.30.130" port: 43373 } health_report { overall_health: UNKNOWN } } peers { permanent_uuid: "f43e7240b8804747a200b8b5e80fbcee" member_type: VOTER last_known_addr { host: "127.8.30.131" port: 34353 } health_report { overall_health: HEALTHY } } }
I20260608 13:03:56.313246 12823 leader_election.cc:304] T 855344b44979425780aca9da4ca74524 P fe22b998c47c4827b1f41bbe4693810f [CANDIDATE]: Term 1 election: Election decided. Result: candidate won. Election summary: received 2 responses out of 3 voters: 2 yes votes; 0 no votes. yes voters: f43e7240b8804747a200b8b5e80fbcee, fe22b998c47c4827b1f41bbe4693810f; no voters: 
I20260608 13:03:56.313997 12982 raft_consensus.cc:493] T c3879668df8147d0a0d0242e9614fa15 P fe22b998c47c4827b1f41bbe4693810f [term 0 FOLLOWER]: Starting pre-election (no leader contacted us within the election timeout)
I20260608 13:03:56.314388 12981 tablet_bootstrap.cc:654] T c677ce73b8b14bc0b070cc83d47e690c P 98345f0971684864a8d43748409f8b92: Neither blocks nor log segments found. Creating new log.
I20260608 13:03:56.314772 12784 raft_consensus.cc:2468] T 855344b44979425780aca9da4ca74524 P 98345f0971684864a8d43748409f8b92 [term 1 FOLLOWER]: Leader election vote request: Granting yes vote for candidate fe22b998c47c4827b1f41bbe4693810f in term 1.
I20260608 13:03:56.314539 12982 raft_consensus.cc:515] T c3879668df8147d0a0d0242e9614fa15 P fe22b998c47c4827b1f41bbe4693810f [term 0 FOLLOWER]: Starting pre-election with config: opid_index: -1 OBSOLETE_local: false peers { permanent_uuid: "98345f0971684864a8d43748409f8b92" member_type: VOTER last_known_addr { host: "127.8.30.129" port: 38263 } } peers { permanent_uuid: "fe22b998c47c4827b1f41bbe4693810f" member_type: VOTER last_known_addr { host: "127.8.30.130" port: 43373 } } peers { permanent_uuid: "f43e7240b8804747a200b8b5e80fbcee" member_type: VOTER last_known_addr { host: "127.8.30.131" port: 34353 } }
I20260608 13:03:56.316018 12978 ts_tablet_manager.cc:1403] T eba5f565c2f04e1baf43a677f0df48e1 P fe22b998c47c4827b1f41bbe4693810f: Time spent bootstrapping tablet: real 0.095s	user 0.022s	sys 0.022s
I20260608 13:03:56.316905 13003 raft_consensus.cc:2804] T 855344b44979425780aca9da4ca74524 P fe22b998c47c4827b1f41bbe4693810f [term 1 FOLLOWER]: Leader election won for term 1
I20260608 13:03:56.317380 12982 leader_election.cc:290] T c3879668df8147d0a0d0242e9614fa15 P fe22b998c47c4827b1f41bbe4693810f [CANDIDATE]: Term 1 pre-election: Requested pre-vote from peers 98345f0971684864a8d43748409f8b92 (127.8.30.129:38263), f43e7240b8804747a200b8b5e80fbcee (127.8.30.131:34353)
I20260608 13:03:56.319864 12978 raft_consensus.cc:359] T eba5f565c2f04e1baf43a677f0df48e1 P fe22b998c47c4827b1f41bbe4693810f [term 0 FOLLOWER]: Replica starting. Triggering 0 pending ops. Active config: opid_index: -1 OBSOLETE_local: false peers { permanent_uuid: "98345f0971684864a8d43748409f8b92" member_type: VOTER last_known_addr { host: "127.8.30.129" port: 38263 } } peers { permanent_uuid: "fe22b998c47c4827b1f41bbe4693810f" member_type: VOTER last_known_addr { host: "127.8.30.130" port: 43373 } } peers { permanent_uuid: "f43e7240b8804747a200b8b5e80fbcee" member_type: VOTER last_known_addr { host: "127.8.30.131" port: 34353 } }
I20260608 13:03:56.320214 12784 tablet_service.cc:1917] Received RequestConsensusVote() RPC: tablet_id: "c3879668df8147d0a0d0242e9614fa15" candidate_uuid: "fe22b998c47c4827b1f41bbe4693810f" candidate_term: 1 candidate_status { last_received { term: 0 index: 0 } } ignore_live_leader: false dest_uuid: "98345f0971684864a8d43748409f8b92" is_pre_election: true
I20260608 13:03:56.320537 12978 raft_consensus.cc:385] T eba5f565c2f04e1baf43a677f0df48e1 P fe22b998c47c4827b1f41bbe4693810f [term 0 FOLLOWER]: Consensus starting up: Expiring failure detector timer to make a prompt election more likely
I20260608 13:03:56.320811 12978 raft_consensus.cc:740] T eba5f565c2f04e1baf43a677f0df48e1 P fe22b998c47c4827b1f41bbe4693810f [term 0 FOLLOWER]: Becoming Follower/Learner. State: Replica: fe22b998c47c4827b1f41bbe4693810f, State: Initialized, Role: FOLLOWER
I20260608 13:03:56.321529 12978 consensus_queue.cc:260] T eba5f565c2f04e1baf43a677f0df48e1 P fe22b998c47c4827b1f41bbe4693810f [NON_LEADER]: Queue going to NON_LEADER mode. State: All replicated index: 0, Majority replicated index: 0, Committed index: 0, Last appended: 0.0, Last appended by leader: 0, Current term: 0, Majority size: -1, State: 0, Mode: NON_LEADER, active raft config: opid_index: -1 OBSOLETE_local: false peers { permanent_uuid: "98345f0971684864a8d43748409f8b92" member_type: VOTER last_known_addr { host: "127.8.30.129" port: 38263 } } peers { permanent_uuid: "fe22b998c47c4827b1f41bbe4693810f" member_type: VOTER last_known_addr { host: "127.8.30.130" port: 43373 } } peers { permanent_uuid: "f43e7240b8804747a200b8b5e80fbcee" member_type: VOTER last_known_addr { host: "127.8.30.131" port: 34353 } }
I20260608 13:03:56.323779 12978 ts_tablet_manager.cc:1434] T eba5f565c2f04e1baf43a677f0df48e1 P fe22b998c47c4827b1f41bbe4693810f: Time spent starting tablet: real 0.008s	user 0.006s	sys 0.000s
I20260608 13:03:56.317390 13003 raft_consensus.cc:697] T 855344b44979425780aca9da4ca74524 P fe22b998c47c4827b1f41bbe4693810f [term 1 LEADER]: Becoming Leader. State: Replica: fe22b998c47c4827b1f41bbe4693810f, State: Running, Role: LEADER
I20260608 13:03:56.325726 12933 tablet_service.cc:1917] Received RequestConsensusVote() RPC: tablet_id: "c3879668df8147d0a0d0242e9614fa15" candidate_uuid: "fe22b998c47c4827b1f41bbe4693810f" candidate_term: 1 candidate_status { last_received { term: 0 index: 0 } } ignore_live_leader: false dest_uuid: "f43e7240b8804747a200b8b5e80fbcee" is_pre_election: true
I20260608 13:03:56.325868 13003 consensus_queue.cc:237] T 855344b44979425780aca9da4ca74524 P fe22b998c47c4827b1f41bbe4693810f [LEADER]: Queue going to LEADER mode. State: All replicated index: 0, Majority replicated index: 0, Committed index: 0, Last appended: 0.0, Last appended by leader: 0, Current term: 1, Majority size: 2, State: 0, Mode: LEADER, active raft config: opid_index: -1 OBSOLETE_local: false peers { permanent_uuid: "fe22b998c47c4827b1f41bbe4693810f" member_type: VOTER last_known_addr { host: "127.8.30.130" port: 43373 } } peers { permanent_uuid: "98345f0971684864a8d43748409f8b92" member_type: VOTER last_known_addr { host: "127.8.30.129" port: 38263 } } peers { permanent_uuid: "f43e7240b8804747a200b8b5e80fbcee" member_type: VOTER last_known_addr { host: "127.8.30.131" port: 34353 } }
I20260608 13:03:56.326325 12933 raft_consensus.cc:2468] T c3879668df8147d0a0d0242e9614fa15 P f43e7240b8804747a200b8b5e80fbcee [term 0 FOLLOWER]: Leader pre-election vote request: Granting yes vote for candidate fe22b998c47c4827b1f41bbe4693810f in term 0.
W20260608 13:03:56.326500 12824 leader_election.cc:343] T c3879668df8147d0a0d0242e9614fa15 P fe22b998c47c4827b1f41bbe4693810f [CANDIDATE]: Term 1 pre-election: Tablet error from VoteRequest() call to peer 98345f0971684864a8d43748409f8b92 (127.8.30.129:38263): Illegal state: must be running to vote when last-logged opid is not known
I20260608 13:03:56.327978 12823 leader_election.cc:304] T c3879668df8147d0a0d0242e9614fa15 P fe22b998c47c4827b1f41bbe4693810f [CANDIDATE]: Term 1 pre-election: Election decided. Result: candidate won. Election summary: received 3 responses out of 3 voters: 2 yes votes; 1 no votes. yes voters: f43e7240b8804747a200b8b5e80fbcee, fe22b998c47c4827b1f41bbe4693810f; no voters: 98345f0971684864a8d43748409f8b92
I20260608 13:03:56.329475 12982 raft_consensus.cc:2804] T c3879668df8147d0a0d0242e9614fa15 P fe22b998c47c4827b1f41bbe4693810f [term 0 FOLLOWER]: Leader pre-election won for term 1
I20260608 13:03:56.329856 12982 raft_consensus.cc:493] T c3879668df8147d0a0d0242e9614fa15 P fe22b998c47c4827b1f41bbe4693810f [term 0 FOLLOWER]: Starting leader election (no leader contacted us within the election timeout)
I20260608 13:03:56.330189 12982 raft_consensus.cc:3060] T c3879668df8147d0a0d0242e9614fa15 P fe22b998c47c4827b1f41bbe4693810f [term 0 FOLLOWER]: Advancing to term 1
I20260608 13:03:56.334719 12981 tablet_bootstrap.cc:492] T c677ce73b8b14bc0b070cc83d47e690c P 98345f0971684864a8d43748409f8b92: No bootstrap required, opened a new log
I20260608 13:03:56.335207 12981 ts_tablet_manager.cc:1403] T c677ce73b8b14bc0b070cc83d47e690c P 98345f0971684864a8d43748409f8b92: Time spent bootstrapping tablet: real 0.039s	user 0.010s	sys 0.002s
I20260608 13:03:56.333936 12680 catalog_manager.cc:5696] T 97dc8f413879448e95c0802a677c8674 P 98345f0971684864a8d43748409f8b92 reported cstate change: term changed from 0 to 1, leader changed from <none> to 98345f0971684864a8d43748409f8b92 (127.8.30.129). New cstate: current_term: 1 leader_uuid: "98345f0971684864a8d43748409f8b92" committed_config { opid_index: -1 OBSOLETE_local: false peers { permanent_uuid: "98345f0971684864a8d43748409f8b92" member_type: VOTER last_known_addr { host: "127.8.30.129" port: 38263 } health_report { overall_health: HEALTHY } } peers { permanent_uuid: "fe22b998c47c4827b1f41bbe4693810f" member_type: VOTER last_known_addr { host: "127.8.30.130" port: 43373 } health_report { overall_health: UNKNOWN } } peers { permanent_uuid: "f43e7240b8804747a200b8b5e80fbcee" member_type: VOTER last_known_addr { host: "127.8.30.131" port: 34353 } health_report { overall_health: UNKNOWN } } }
I20260608 13:03:56.337270 12981 raft_consensus.cc:359] T c677ce73b8b14bc0b070cc83d47e690c P 98345f0971684864a8d43748409f8b92 [term 0 FOLLOWER]: Replica starting. Triggering 0 pending ops. Active config: opid_index: -1 OBSOLETE_local: false peers { permanent_uuid: "98345f0971684864a8d43748409f8b92" member_type: VOTER last_known_addr { host: "127.8.30.129" port: 38263 } } peers { permanent_uuid: "fe22b998c47c4827b1f41bbe4693810f" member_type: VOTER last_known_addr { host: "127.8.30.130" port: 43373 } } peers { permanent_uuid: "f43e7240b8804747a200b8b5e80fbcee" member_type: VOTER last_known_addr { host: "127.8.30.131" port: 34353 } }
I20260608 13:03:56.337744 12981 raft_consensus.cc:385] T c677ce73b8b14bc0b070cc83d47e690c P 98345f0971684864a8d43748409f8b92 [term 0 FOLLOWER]: Consensus starting up: Expiring failure detector timer to make a prompt election more likely
I20260608 13:03:56.337553 12987 consensus_queue.cc:1048] T 211b4eadcea549d2aa05b92cb2f2e633 P 98345f0971684864a8d43748409f8b92 [LEADER]: Connected to new peer: Peer: permanent_uuid: "fe22b998c47c4827b1f41bbe4693810f" member_type: VOTER last_known_addr { host: "127.8.30.130" port: 43373 }, Status: LMP_MISMATCH, Last received: 0.0, Next index: 1, Last known committed idx: 0, Time since last communication: 0.000s
I20260608 13:03:56.338006 12981 raft_consensus.cc:740] T c677ce73b8b14bc0b070cc83d47e690c P 98345f0971684864a8d43748409f8b92 [term 0 FOLLOWER]: Becoming Follower/Learner. State: Replica: 98345f0971684864a8d43748409f8b92, State: Initialized, Role: FOLLOWER
I20260608 13:03:56.338656 12981 consensus_queue.cc:260] T c677ce73b8b14bc0b070cc83d47e690c P 98345f0971684864a8d43748409f8b92 [NON_LEADER]: Queue going to NON_LEADER mode. State: All replicated index: 0, Majority replicated index: 0, Committed index: 0, Last appended: 0.0, Last appended by leader: 0, Current term: 0, Majority size: -1, State: 0, Mode: NON_LEADER, active raft config: opid_index: -1 OBSOLETE_local: false peers { permanent_uuid: "98345f0971684864a8d43748409f8b92" member_type: VOTER last_known_addr { host: "127.8.30.129" port: 38263 } } peers { permanent_uuid: "fe22b998c47c4827b1f41bbe4693810f" member_type: VOTER last_known_addr { host: "127.8.30.130" port: 43373 } } peers { permanent_uuid: "f43e7240b8804747a200b8b5e80fbcee" member_type: VOTER last_known_addr { host: "127.8.30.131" port: 34353 } }
I20260608 13:03:56.341089 12981 ts_tablet_manager.cc:1434] T c677ce73b8b14bc0b070cc83d47e690c P 98345f0971684864a8d43748409f8b92: Time spent starting tablet: real 0.006s	user 0.006s	sys 0.000s
I20260608 13:03:56.342094 12981 tablet_bootstrap.cc:492] T 289ad0b18b544cb6b78a41011888c418 P 98345f0971684864a8d43748409f8b92: Bootstrap starting.
I20260608 13:03:56.347251 12981 tablet_bootstrap.cc:654] T 289ad0b18b544cb6b78a41011888c418 P 98345f0971684864a8d43748409f8b92: Neither blocks nor log segments found. Creating new log.
I20260608 13:03:56.348449 12982 raft_consensus.cc:515] T c3879668df8147d0a0d0242e9614fa15 P fe22b998c47c4827b1f41bbe4693810f [term 1 FOLLOWER]: Starting leader election with config: opid_index: -1 OBSOLETE_local: false peers { permanent_uuid: "98345f0971684864a8d43748409f8b92" member_type: VOTER last_known_addr { host: "127.8.30.129" port: 38263 } } peers { permanent_uuid: "fe22b998c47c4827b1f41bbe4693810f" member_type: VOTER last_known_addr { host: "127.8.30.130" port: 43373 } } peers { permanent_uuid: "f43e7240b8804747a200b8b5e80fbcee" member_type: VOTER last_known_addr { host: "127.8.30.131" port: 34353 } }
I20260608 13:03:56.352330 12981 tablet_bootstrap.cc:492] T 289ad0b18b544cb6b78a41011888c418 P 98345f0971684864a8d43748409f8b92: No bootstrap required, opened a new log
I20260608 13:03:56.353096 12982 leader_election.cc:290] T c3879668df8147d0a0d0242e9614fa15 P fe22b998c47c4827b1f41bbe4693810f [CANDIDATE]: Term 1 election: Requested vote from peers 98345f0971684864a8d43748409f8b92 (127.8.30.129:38263), f43e7240b8804747a200b8b5e80fbcee (127.8.30.131:34353)
I20260608 13:03:56.353256 13001 consensus_queue.cc:1048] T 211b4eadcea549d2aa05b92cb2f2e633 P 98345f0971684864a8d43748409f8b92 [LEADER]: Connected to new peer: Peer: permanent_uuid: "f43e7240b8804747a200b8b5e80fbcee" member_type: VOTER last_known_addr { host: "127.8.30.131" port: 34353 }, Status: LMP_MISMATCH, Last received: 0.0, Next index: 1, Last known committed idx: 0, Time since last communication: 0.001s
I20260608 13:03:56.353740 12784 tablet_service.cc:1917] Received RequestConsensusVote() RPC: tablet_id: "c3879668df8147d0a0d0242e9614fa15" candidate_uuid: "fe22b998c47c4827b1f41bbe4693810f" candidate_term: 1 candidate_status { last_received { term: 0 index: 0 } } ignore_live_leader: false dest_uuid: "98345f0971684864a8d43748409f8b92"
W20260608 13:03:56.355633 12824 leader_election.cc:343] T c3879668df8147d0a0d0242e9614fa15 P fe22b998c47c4827b1f41bbe4693810f [CANDIDATE]: Term 1 election: Tablet error from VoteRequest() call to peer 98345f0971684864a8d43748409f8b92 (127.8.30.129:38263): Illegal state: must be running to vote when last-logged opid is not known
I20260608 13:03:56.356375 12932 tablet_service.cc:1917] Received RequestConsensusVote() RPC: tablet_id: "c3879668df8147d0a0d0242e9614fa15" candidate_uuid: "fe22b998c47c4827b1f41bbe4693810f" candidate_term: 1 candidate_status { last_received { term: 0 index: 0 } } ignore_live_leader: false dest_uuid: "f43e7240b8804747a200b8b5e80fbcee"
I20260608 13:03:56.356961 12932 raft_consensus.cc:3060] T c3879668df8147d0a0d0242e9614fa15 P f43e7240b8804747a200b8b5e80fbcee [term 0 FOLLOWER]: Advancing to term 1
I20260608 13:03:56.357967 12981 ts_tablet_manager.cc:1403] T 289ad0b18b544cb6b78a41011888c418 P 98345f0971684864a8d43748409f8b92: Time spent bootstrapping tablet: real 0.016s	user 0.010s	sys 0.000s
I20260608 13:03:56.365811 12932 raft_consensus.cc:2468] T c3879668df8147d0a0d0242e9614fa15 P f43e7240b8804747a200b8b5e80fbcee [term 1 FOLLOWER]: Leader election vote request: Granting yes vote for candidate fe22b998c47c4827b1f41bbe4693810f in term 1.
I20260608 13:03:56.367306 12823 leader_election.cc:304] T c3879668df8147d0a0d0242e9614fa15 P fe22b998c47c4827b1f41bbe4693810f [CANDIDATE]: Term 1 election: Election decided. Result: candidate won. Election summary: received 3 responses out of 3 voters: 2 yes votes; 1 no votes. yes voters: f43e7240b8804747a200b8b5e80fbcee, fe22b998c47c4827b1f41bbe4693810f; no voters: 98345f0971684864a8d43748409f8b92
I20260608 13:03:56.369813 12679 catalog_manager.cc:5696] T 855344b44979425780aca9da4ca74524 P fe22b998c47c4827b1f41bbe4693810f reported cstate change: term changed from 0 to 1, leader changed from <none> to fe22b998c47c4827b1f41bbe4693810f (127.8.30.130). New cstate: current_term: 1 leader_uuid: "fe22b998c47c4827b1f41bbe4693810f" committed_config { opid_index: -1 OBSOLETE_local: false peers { permanent_uuid: "fe22b998c47c4827b1f41bbe4693810f" member_type: VOTER last_known_addr { host: "127.8.30.130" port: 43373 } health_report { overall_health: HEALTHY } } peers { permanent_uuid: "98345f0971684864a8d43748409f8b92" member_type: VOTER last_known_addr { host: "127.8.30.129" port: 38263 } health_report { overall_health: UNKNOWN } } peers { permanent_uuid: "f43e7240b8804747a200b8b5e80fbcee" member_type: VOTER last_known_addr { host: "127.8.30.131" port: 34353 } health_report { overall_health: UNKNOWN } } }
I20260608 13:03:56.372458 13003 raft_consensus.cc:2804] T c3879668df8147d0a0d0242e9614fa15 P fe22b998c47c4827b1f41bbe4693810f [term 1 FOLLOWER]: Leader election won for term 1
I20260608 13:03:56.373240 13003 raft_consensus.cc:697] T c3879668df8147d0a0d0242e9614fa15 P fe22b998c47c4827b1f41bbe4693810f [term 1 LEADER]: Becoming Leader. State: Replica: fe22b998c47c4827b1f41bbe4693810f, State: Running, Role: LEADER
I20260608 13:03:56.374213 13003 consensus_queue.cc:237] T c3879668df8147d0a0d0242e9614fa15 P fe22b998c47c4827b1f41bbe4693810f [LEADER]: Queue going to LEADER mode. State: All replicated index: 0, Majority replicated index: 0, Committed index: 0, Last appended: 0.0, Last appended by leader: 0, Current term: 1, Majority size: 2, State: 0, Mode: LEADER, active raft config: opid_index: -1 OBSOLETE_local: false peers { permanent_uuid: "98345f0971684864a8d43748409f8b92" member_type: VOTER last_known_addr { host: "127.8.30.129" port: 38263 } } peers { permanent_uuid: "fe22b998c47c4827b1f41bbe4693810f" member_type: VOTER last_known_addr { host: "127.8.30.130" port: 43373 } } peers { permanent_uuid: "f43e7240b8804747a200b8b5e80fbcee" member_type: VOTER last_known_addr { host: "127.8.30.131" port: 34353 } }
I20260608 13:03:56.386140 12981 raft_consensus.cc:359] T 289ad0b18b544cb6b78a41011888c418 P 98345f0971684864a8d43748409f8b92 [term 0 FOLLOWER]: Replica starting. Triggering 0 pending ops. Active config: opid_index: -1 OBSOLETE_local: false peers { permanent_uuid: "98345f0971684864a8d43748409f8b92" member_type: VOTER last_known_addr { host: "127.8.30.129" port: 38263 } } peers { permanent_uuid: "fe22b998c47c4827b1f41bbe4693810f" member_type: VOTER last_known_addr { host: "127.8.30.130" port: 43373 } } peers { permanent_uuid: "f43e7240b8804747a200b8b5e80fbcee" member_type: VOTER last_known_addr { host: "127.8.30.131" port: 34353 } }
I20260608 13:03:56.386981 12981 raft_consensus.cc:385] T 289ad0b18b544cb6b78a41011888c418 P 98345f0971684864a8d43748409f8b92 [term 0 FOLLOWER]: Consensus starting up: Expiring failure detector timer to make a prompt election more likely
I20260608 13:03:56.387297 12981 raft_consensus.cc:740] T 289ad0b18b544cb6b78a41011888c418 P 98345f0971684864a8d43748409f8b92 [term 0 FOLLOWER]: Becoming Follower/Learner. State: Replica: 98345f0971684864a8d43748409f8b92, State: Initialized, Role: FOLLOWER
I20260608 13:03:56.388170 12981 consensus_queue.cc:260] T 289ad0b18b544cb6b78a41011888c418 P 98345f0971684864a8d43748409f8b92 [NON_LEADER]: Queue going to NON_LEADER mode. State: All replicated index: 0, Majority replicated index: 0, Committed index: 0, Last appended: 0.0, Last appended by leader: 0, Current term: 0, Majority size: -1, State: 0, Mode: NON_LEADER, active raft config: opid_index: -1 OBSOLETE_local: false peers { permanent_uuid: "98345f0971684864a8d43748409f8b92" member_type: VOTER last_known_addr { host: "127.8.30.129" port: 38263 } } peers { permanent_uuid: "fe22b998c47c4827b1f41bbe4693810f" member_type: VOTER last_known_addr { host: "127.8.30.130" port: 43373 } } peers { permanent_uuid: "f43e7240b8804747a200b8b5e80fbcee" member_type: VOTER last_known_addr { host: "127.8.30.131" port: 34353 } }
I20260608 13:03:56.391027 12981 ts_tablet_manager.cc:1434] T 289ad0b18b544cb6b78a41011888c418 P 98345f0971684864a8d43748409f8b92: Time spent starting tablet: real 0.028s	user 0.005s	sys 0.002s
I20260608 13:03:56.392050 12981 tablet_bootstrap.cc:492] T eba5f565c2f04e1baf43a677f0df48e1 P 98345f0971684864a8d43748409f8b92: Bootstrap starting.
I20260608 13:03:56.393654 13005 raft_consensus.cc:493] T c677ce73b8b14bc0b070cc83d47e690c P 98345f0971684864a8d43748409f8b92 [term 0 FOLLOWER]: Starting pre-election (no leader contacted us within the election timeout)
I20260608 13:03:56.394165 13005 raft_consensus.cc:515] T c677ce73b8b14bc0b070cc83d47e690c P 98345f0971684864a8d43748409f8b92 [term 0 FOLLOWER]: Starting pre-election with config: opid_index: -1 OBSOLETE_local: false peers { permanent_uuid: "98345f0971684864a8d43748409f8b92" member_type: VOTER last_known_addr { host: "127.8.30.129" port: 38263 } } peers { permanent_uuid: "fe22b998c47c4827b1f41bbe4693810f" member_type: VOTER last_known_addr { host: "127.8.30.130" port: 43373 } } peers { permanent_uuid: "f43e7240b8804747a200b8b5e80fbcee" member_type: VOTER last_known_addr { host: "127.8.30.131" port: 34353 } }
I20260608 13:03:56.396421 13005 leader_election.cc:290] T c677ce73b8b14bc0b070cc83d47e690c P 98345f0971684864a8d43748409f8b92 [CANDIDATE]: Term 1 pre-election: Requested pre-vote from peers fe22b998c47c4827b1f41bbe4693810f (127.8.30.130:43373), f43e7240b8804747a200b8b5e80fbcee (127.8.30.131:34353)
I20260608 13:03:56.398036 12859 tablet_service.cc:1917] Received RequestConsensusVote() RPC: tablet_id: "c677ce73b8b14bc0b070cc83d47e690c" candidate_uuid: "98345f0971684864a8d43748409f8b92" candidate_term: 1 candidate_status { last_received { term: 0 index: 0 } } ignore_live_leader: false dest_uuid: "fe22b998c47c4827b1f41bbe4693810f" is_pre_election: true
I20260608 13:03:56.398339 12933 tablet_service.cc:1917] Received RequestConsensusVote() RPC: tablet_id: "c677ce73b8b14bc0b070cc83d47e690c" candidate_uuid: "98345f0971684864a8d43748409f8b92" candidate_term: 1 candidate_status { last_received { term: 0 index: 0 } } ignore_live_leader: false dest_uuid: "f43e7240b8804747a200b8b5e80fbcee" is_pre_election: true
I20260608 13:03:56.398768 12859 raft_consensus.cc:2468] T c677ce73b8b14bc0b070cc83d47e690c P fe22b998c47c4827b1f41bbe4693810f [term 0 FOLLOWER]: Leader pre-election vote request: Granting yes vote for candidate 98345f0971684864a8d43748409f8b92 in term 0.
I20260608 13:03:56.399156 12933 raft_consensus.cc:2468] T c677ce73b8b14bc0b070cc83d47e690c P f43e7240b8804747a200b8b5e80fbcee [term 0 FOLLOWER]: Leader pre-election vote request: Granting yes vote for candidate 98345f0971684864a8d43748409f8b92 in term 0.
I20260608 13:03:56.400292 12750 leader_election.cc:304] T c677ce73b8b14bc0b070cc83d47e690c P 98345f0971684864a8d43748409f8b92 [CANDIDATE]: Term 1 pre-election: Election decided. Result: candidate won. Election summary: received 2 responses out of 3 voters: 2 yes votes; 0 no votes. yes voters: 98345f0971684864a8d43748409f8b92, fe22b998c47c4827b1f41bbe4693810f; no voters: 
I20260608 13:03:56.400926 13005 raft_consensus.cc:2804] T c677ce73b8b14bc0b070cc83d47e690c P 98345f0971684864a8d43748409f8b92 [term 0 FOLLOWER]: Leader pre-election won for term 1
I20260608 13:03:56.401268 13005 raft_consensus.cc:493] T c677ce73b8b14bc0b070cc83d47e690c P 98345f0971684864a8d43748409f8b92 [term 0 FOLLOWER]: Starting leader election (no leader contacted us within the election timeout)
I20260608 13:03:56.401603 13005 raft_consensus.cc:3060] T c677ce73b8b14bc0b070cc83d47e690c P 98345f0971684864a8d43748409f8b92 [term 0 FOLLOWER]: Advancing to term 1
I20260608 13:03:56.401885 12981 tablet_bootstrap.cc:654] T eba5f565c2f04e1baf43a677f0df48e1 P 98345f0971684864a8d43748409f8b92: Neither blocks nor log segments found. Creating new log.
I20260608 13:03:56.409366 12981 tablet_bootstrap.cc:492] T eba5f565c2f04e1baf43a677f0df48e1 P 98345f0971684864a8d43748409f8b92: No bootstrap required, opened a new log
I20260608 13:03:56.408988 13005 raft_consensus.cc:515] T c677ce73b8b14bc0b070cc83d47e690c P 98345f0971684864a8d43748409f8b92 [term 1 FOLLOWER]: Starting leader election with config: opid_index: -1 OBSOLETE_local: false peers { permanent_uuid: "98345f0971684864a8d43748409f8b92" member_type: VOTER last_known_addr { host: "127.8.30.129" port: 38263 } } peers { permanent_uuid: "fe22b998c47c4827b1f41bbe4693810f" member_type: VOTER last_known_addr { host: "127.8.30.130" port: 43373 } } peers { permanent_uuid: "f43e7240b8804747a200b8b5e80fbcee" member_type: VOTER last_known_addr { host: "127.8.30.131" port: 34353 } }
I20260608 13:03:56.409801 12981 ts_tablet_manager.cc:1403] T eba5f565c2f04e1baf43a677f0df48e1 P 98345f0971684864a8d43748409f8b92: Time spent bootstrapping tablet: real 0.018s	user 0.009s	sys 0.003s
I20260608 13:03:56.409147 12679 catalog_manager.cc:5696] T c3879668df8147d0a0d0242e9614fa15 P fe22b998c47c4827b1f41bbe4693810f reported cstate change: term changed from 0 to 1, leader changed from <none> to fe22b998c47c4827b1f41bbe4693810f (127.8.30.130). New cstate: current_term: 1 leader_uuid: "fe22b998c47c4827b1f41bbe4693810f" committed_config { opid_index: -1 OBSOLETE_local: false peers { permanent_uuid: "98345f0971684864a8d43748409f8b92" member_type: VOTER last_known_addr { host: "127.8.30.129" port: 38263 } health_report { overall_health: UNKNOWN } } peers { permanent_uuid: "fe22b998c47c4827b1f41bbe4693810f" member_type: VOTER last_known_addr { host: "127.8.30.130" port: 43373 } health_report { overall_health: HEALTHY } } peers { permanent_uuid: "f43e7240b8804747a200b8b5e80fbcee" member_type: VOTER last_known_addr { host: "127.8.30.131" port: 34353 } health_report { overall_health: UNKNOWN } } }
I20260608 13:03:56.411341 13005 leader_election.cc:290] T c677ce73b8b14bc0b070cc83d47e690c P 98345f0971684864a8d43748409f8b92 [CANDIDATE]: Term 1 election: Requested vote from peers fe22b998c47c4827b1f41bbe4693810f (127.8.30.130:43373), f43e7240b8804747a200b8b5e80fbcee (127.8.30.131:34353)
I20260608 13:03:56.412179 12859 tablet_service.cc:1917] Received RequestConsensusVote() RPC: tablet_id: "c677ce73b8b14bc0b070cc83d47e690c" candidate_uuid: "98345f0971684864a8d43748409f8b92" candidate_term: 1 candidate_status { last_received { term: 0 index: 0 } } ignore_live_leader: false dest_uuid: "fe22b998c47c4827b1f41bbe4693810f"
I20260608 13:03:56.412480 12981 raft_consensus.cc:359] T eba5f565c2f04e1baf43a677f0df48e1 P 98345f0971684864a8d43748409f8b92 [term 0 FOLLOWER]: Replica starting. Triggering 0 pending ops. Active config: opid_index: -1 OBSOLETE_local: false peers { permanent_uuid: "98345f0971684864a8d43748409f8b92" member_type: VOTER last_known_addr { host: "127.8.30.129" port: 38263 } } peers { permanent_uuid: "fe22b998c47c4827b1f41bbe4693810f" member_type: VOTER last_known_addr { host: "127.8.30.130" port: 43373 } } peers { permanent_uuid: "f43e7240b8804747a200b8b5e80fbcee" member_type: VOTER last_known_addr { host: "127.8.30.131" port: 34353 } }
I20260608 13:03:56.412882 12859 raft_consensus.cc:3060] T c677ce73b8b14bc0b070cc83d47e690c P fe22b998c47c4827b1f41bbe4693810f [term 0 FOLLOWER]: Advancing to term 1
I20260608 13:03:56.413205 12981 raft_consensus.cc:385] T eba5f565c2f04e1baf43a677f0df48e1 P 98345f0971684864a8d43748409f8b92 [term 0 FOLLOWER]: Consensus starting up: Expiring failure detector timer to make a prompt election more likely
I20260608 13:03:56.413503 12981 raft_consensus.cc:740] T eba5f565c2f04e1baf43a677f0df48e1 P 98345f0971684864a8d43748409f8b92 [term 0 FOLLOWER]: Becoming Follower/Learner. State: Replica: 98345f0971684864a8d43748409f8b92, State: Initialized, Role: FOLLOWER
I20260608 13:03:56.414412 12981 consensus_queue.cc:260] T eba5f565c2f04e1baf43a677f0df48e1 P 98345f0971684864a8d43748409f8b92 [NON_LEADER]: Queue going to NON_LEADER mode. State: All replicated index: 0, Majority replicated index: 0, Committed index: 0, Last appended: 0.0, Last appended by leader: 0, Current term: 0, Majority size: -1, State: 0, Mode: NON_LEADER, active raft config: opid_index: -1 OBSOLETE_local: false peers { permanent_uuid: "98345f0971684864a8d43748409f8b92" member_type: VOTER last_known_addr { host: "127.8.30.129" port: 38263 } } peers { permanent_uuid: "fe22b998c47c4827b1f41bbe4693810f" member_type: VOTER last_known_addr { host: "127.8.30.130" port: 43373 } } peers { permanent_uuid: "f43e7240b8804747a200b8b5e80fbcee" member_type: VOTER last_known_addr { host: "127.8.30.131" port: 34353 } }
I20260608 13:03:56.413654 12933 tablet_service.cc:1917] Received RequestConsensusVote() RPC: tablet_id: "c677ce73b8b14bc0b070cc83d47e690c" candidate_uuid: "98345f0971684864a8d43748409f8b92" candidate_term: 1 candidate_status { last_received { term: 0 index: 0 } } ignore_live_leader: false dest_uuid: "f43e7240b8804747a200b8b5e80fbcee"
I20260608 13:03:56.415468 12933 raft_consensus.cc:3060] T c677ce73b8b14bc0b070cc83d47e690c P f43e7240b8804747a200b8b5e80fbcee [term 0 FOLLOWER]: Advancing to term 1
I20260608 13:03:56.416448 12981 ts_tablet_manager.cc:1434] T eba5f565c2f04e1baf43a677f0df48e1 P 98345f0971684864a8d43748409f8b92: Time spent starting tablet: real 0.006s	user 0.007s	sys 0.000s
I20260608 13:03:56.420055 12981 tablet_bootstrap.cc:492] T c3879668df8147d0a0d0242e9614fa15 P 98345f0971684864a8d43748409f8b92: Bootstrap starting.
I20260608 13:03:56.424091 13003 consensus_queue.cc:1048] T c2c45393b20a4342a713b2a7802dc9d7 P fe22b998c47c4827b1f41bbe4693810f [LEADER]: Connected to new peer: Peer: permanent_uuid: "f43e7240b8804747a200b8b5e80fbcee" member_type: VOTER last_known_addr { host: "127.8.30.131" port: 34353 }, Status: LMP_MISMATCH, Last received: 0.0, Next index: 1, Last known committed idx: 0, Time since last communication: 0.000s
