I20260608 13:03:51.892652  1734 tablet_service.cc:1917] Received RequestConsensusVote() RPC: tablet_id: "f355b05fb4674d90b1060e8fe65806b2" candidate_uuid: "3370dc74d4ea4561a24bdcbfb875d4cc" candidate_term: 1 candidate_status { last_received { term: 0 index: 0 } } ignore_live_leader: false dest_uuid: "30db33996e18492e8ba0e450298b7210" is_pre_election: true
W20260608 13:03:51.894806  1625 leader_election.cc:343] T f355b05fb4674d90b1060e8fe65806b2 P 3370dc74d4ea4561a24bdcbfb875d4cc [CANDIDATE]: Term 1 pre-election: Tablet error from VoteRequest() call to peer 30db33996e18492e8ba0e450298b7210 (127.28.224.131:36021): Illegal state: must be running to vote when last-logged opid is not known
I20260608 13:03:51.897883  1785 raft_consensus.cc:493] T 456c8c0d632e4213812c3674db63806c P 3370dc74d4ea4561a24bdcbfb875d4cc [term 0 FOLLOWER]: Starting pre-election (no leader contacted us within the election timeout)
I20260608 13:03:51.898427  1785 raft_consensus.cc:515] T 456c8c0d632e4213812c3674db63806c P 3370dc74d4ea4561a24bdcbfb875d4cc [term 0 FOLLOWER]: Starting pre-election with config: opid_index: -1 OBSOLETE_local: false peers { permanent_uuid: "8d984f987f6b43b0acbdfbb7a009c8f2" member_type: VOTER last_known_addr { host: "127.28.224.129" port: 41969 } } peers { permanent_uuid: "3370dc74d4ea4561a24bdcbfb875d4cc" member_type: VOTER last_known_addr { host: "127.28.224.130" port: 38829 } } peers { permanent_uuid: "30db33996e18492e8ba0e450298b7210" member_type: VOTER last_known_addr { host: "127.28.224.131" port: 36021 } }
I20260608 13:03:51.898439  1778 tablet_bootstrap.cc:492] T a037e70fc23c466499a01a4017ad5943 P 3370dc74d4ea4561a24bdcbfb875d4cc: No bootstrap required, opened a new log
I20260608 13:03:51.900400  1778 ts_tablet_manager.cc:1403] T a037e70fc23c466499a01a4017ad5943 P 3370dc74d4ea4561a24bdcbfb875d4cc: Time spent bootstrapping tablet: real 0.077s	user 0.020s	sys 0.013s
I20260608 13:03:51.900918  1780 tablet_bootstrap.cc:492] T f355b05fb4674d90b1060e8fe65806b2 P 30db33996e18492e8ba0e450298b7210: No bootstrap required, opened a new log
I20260608 13:03:51.901472  1780 ts_tablet_manager.cc:1403] T f355b05fb4674d90b1060e8fe65806b2 P 30db33996e18492e8ba0e450298b7210: Time spent bootstrapping tablet: real 0.027s	user 0.011s	sys 0.012s
I20260608 13:03:51.902184  1779 tablet_bootstrap.cc:492] T a4c25381efe2407695cf66e2c46dab83 P 8d984f987f6b43b0acbdfbb7a009c8f2: No bootstrap required, opened a new log
I20260608 13:03:51.902341  1734 tablet_service.cc:1917] Received RequestConsensusVote() RPC: tablet_id: "456c8c0d632e4213812c3674db63806c" candidate_uuid: "3370dc74d4ea4561a24bdcbfb875d4cc" candidate_term: 1 candidate_status { last_received { term: 0 index: 0 } } ignore_live_leader: false dest_uuid: "30db33996e18492e8ba0e450298b7210" is_pre_election: true
I20260608 13:03:51.902871  1779 ts_tablet_manager.cc:1403] T a4c25381efe2407695cf66e2c46dab83 P 8d984f987f6b43b0acbdfbb7a009c8f2: Time spent bootstrapping tablet: real 0.044s	user 0.018s	sys 0.000s
I20260608 13:03:51.903628  1778 raft_consensus.cc:359] T a037e70fc23c466499a01a4017ad5943 P 3370dc74d4ea4561a24bdcbfb875d4cc [term 0 FOLLOWER]: Replica starting. Triggering 0 pending ops. Active config: opid_index: -1 OBSOLETE_local: false peers { permanent_uuid: "8d984f987f6b43b0acbdfbb7a009c8f2" member_type: VOTER last_known_addr { host: "127.28.224.129" port: 41969 } } peers { permanent_uuid: "3370dc74d4ea4561a24bdcbfb875d4cc" member_type: VOTER last_known_addr { host: "127.28.224.130" port: 38829 } } peers { permanent_uuid: "30db33996e18492e8ba0e450298b7210" member_type: VOTER last_known_addr { host: "127.28.224.131" port: 36021 } }
W20260608 13:03:51.904078  1625 leader_election.cc:343] T 456c8c0d632e4213812c3674db63806c P 3370dc74d4ea4561a24bdcbfb875d4cc [CANDIDATE]: Term 1 pre-election: Tablet error from VoteRequest() call to peer 30db33996e18492e8ba0e450298b7210 (127.28.224.131:36021): Illegal state: must be running to vote when last-logged opid is not known
I20260608 13:03:51.904425  1778 raft_consensus.cc:385] T a037e70fc23c466499a01a4017ad5943 P 3370dc74d4ea4561a24bdcbfb875d4cc [term 0 FOLLOWER]: Consensus starting up: Expiring failure detector timer to make a prompt election more likely
I20260608 13:03:51.904711  1785 leader_election.cc:290] T 456c8c0d632e4213812c3674db63806c P 3370dc74d4ea4561a24bdcbfb875d4cc [CANDIDATE]: Term 1 pre-election: Requested pre-vote from peers 8d984f987f6b43b0acbdfbb7a009c8f2 (127.28.224.129:41969), 30db33996e18492e8ba0e450298b7210 (127.28.224.131:36021)
I20260608 13:03:51.904760  1778 raft_consensus.cc:740] T a037e70fc23c466499a01a4017ad5943 P 3370dc74d4ea4561a24bdcbfb875d4cc [term 0 FOLLOWER]: Becoming Follower/Learner. State: Replica: 3370dc74d4ea4561a24bdcbfb875d4cc, State: Initialized, Role: FOLLOWER
I20260608 13:03:51.905706  1784 raft_consensus.cc:493] T 74fc84b24b4f4ca9809de1cdd4eab3ae P 30db33996e18492e8ba0e450298b7210 [term 0 FOLLOWER]: Starting pre-election (no leader contacted us within the election timeout)
I20260608 13:03:51.905776  1778 consensus_queue.cc:260] T a037e70fc23c466499a01a4017ad5943 P 3370dc74d4ea4561a24bdcbfb875d4cc [NON_LEADER]: Queue going to NON_LEADER mode. State: All replicated index: 0, Majority replicated index: 0, Committed index: 0, Last appended: 0.0, Last appended by leader: 0, Current term: 0, Majority size: -1, State: 0, Mode: NON_LEADER, active raft config: opid_index: -1 OBSOLETE_local: false peers { permanent_uuid: "8d984f987f6b43b0acbdfbb7a009c8f2" member_type: VOTER last_known_addr { host: "127.28.224.129" port: 41969 } } peers { permanent_uuid: "3370dc74d4ea4561a24bdcbfb875d4cc" member_type: VOTER last_known_addr { host: "127.28.224.130" port: 38829 } } peers { permanent_uuid: "30db33996e18492e8ba0e450298b7210" member_type: VOTER last_known_addr { host: "127.28.224.131" port: 36021 } }
I20260608 13:03:51.906345  1784 raft_consensus.cc:515] T 74fc84b24b4f4ca9809de1cdd4eab3ae P 30db33996e18492e8ba0e450298b7210 [term 0 FOLLOWER]: Starting pre-election with config: opid_index: -1 OBSOLETE_local: false peers { permanent_uuid: "8d984f987f6b43b0acbdfbb7a009c8f2" member_type: VOTER last_known_addr { host: "127.28.224.129" port: 41969 } } peers { permanent_uuid: "3370dc74d4ea4561a24bdcbfb875d4cc" member_type: VOTER last_known_addr { host: "127.28.224.130" port: 38829 } } peers { permanent_uuid: "30db33996e18492e8ba0e450298b7210" member_type: VOTER last_known_addr { host: "127.28.224.131" port: 36021 } }
I20260608 13:03:51.908093  1778 ts_tablet_manager.cc:1434] T a037e70fc23c466499a01a4017ad5943 P 3370dc74d4ea4561a24bdcbfb875d4cc: Time spent starting tablet: real 0.007s	user 0.007s	sys 0.000s
I20260608 13:03:51.909294  1778 tablet_bootstrap.cc:492] T fc79b9def0c449c98357f7fc79057239 P 3370dc74d4ea4561a24bdcbfb875d4cc: Bootstrap starting.
I20260608 13:03:51.913496  1780 raft_consensus.cc:359] T f355b05fb4674d90b1060e8fe65806b2 P 30db33996e18492e8ba0e450298b7210 [term 0 FOLLOWER]: Replica starting. Triggering 0 pending ops. Active config: opid_index: -1 OBSOLETE_local: false peers { permanent_uuid: "8d984f987f6b43b0acbdfbb7a009c8f2" member_type: VOTER last_known_addr { host: "127.28.224.129" port: 41969 } } peers { permanent_uuid: "3370dc74d4ea4561a24bdcbfb875d4cc" member_type: VOTER last_known_addr { host: "127.28.224.130" port: 38829 } } peers { permanent_uuid: "30db33996e18492e8ba0e450298b7210" member_type: VOTER last_known_addr { host: "127.28.224.131" port: 36021 } }
I20260608 13:03:51.914404  1780 raft_consensus.cc:385] T f355b05fb4674d90b1060e8fe65806b2 P 30db33996e18492e8ba0e450298b7210 [term 0 FOLLOWER]: Consensus starting up: Expiring failure detector timer to make a prompt election more likely
I20260608 13:03:51.914767  1780 raft_consensus.cc:740] T f355b05fb4674d90b1060e8fe65806b2 P 30db33996e18492e8ba0e450298b7210 [term 0 FOLLOWER]: Becoming Follower/Learner. State: Replica: 30db33996e18492e8ba0e450298b7210, State: Initialized, Role: FOLLOWER
I20260608 13:03:51.915916  1780 consensus_queue.cc:260] T f355b05fb4674d90b1060e8fe65806b2 P 30db33996e18492e8ba0e450298b7210 [NON_LEADER]: Queue going to NON_LEADER mode. State: All replicated index: 0, Majority replicated index: 0, Committed index: 0, Last appended: 0.0, Last appended by leader: 0, Current term: 0, Majority size: -1, State: 0, Mode: NON_LEADER, active raft config: opid_index: -1 OBSOLETE_local: false peers { permanent_uuid: "8d984f987f6b43b0acbdfbb7a009c8f2" member_type: VOTER last_known_addr { host: "127.28.224.129" port: 41969 } } peers { permanent_uuid: "3370dc74d4ea4561a24bdcbfb875d4cc" member_type: VOTER last_known_addr { host: "127.28.224.130" port: 38829 } } peers { permanent_uuid: "30db33996e18492e8ba0e450298b7210" member_type: VOTER last_known_addr { host: "127.28.224.131" port: 36021 } }
I20260608 13:03:51.917044  1778 tablet_bootstrap.cc:654] T fc79b9def0c449c98357f7fc79057239 P 3370dc74d4ea4561a24bdcbfb875d4cc: Neither blocks nor log segments found. Creating new log.
I20260608 13:03:51.921240  1784 leader_election.cc:290] T 74fc84b24b4f4ca9809de1cdd4eab3ae P 30db33996e18492e8ba0e450298b7210 [CANDIDATE]: Term 1 pre-election: Requested pre-vote from peers 8d984f987f6b43b0acbdfbb7a009c8f2 (127.28.224.129:41969), 3370dc74d4ea4561a24bdcbfb875d4cc (127.28.224.130:38829)
I20260608 13:03:51.906718  1779 raft_consensus.cc:359] T a4c25381efe2407695cf66e2c46dab83 P 8d984f987f6b43b0acbdfbb7a009c8f2 [term 0 FOLLOWER]: Replica starting. Triggering 0 pending ops. Active config: opid_index: -1 OBSOLETE_local: false peers { permanent_uuid: "8d984f987f6b43b0acbdfbb7a009c8f2" member_type: VOTER last_known_addr { host: "127.28.224.129" port: 41969 } } peers { permanent_uuid: "3370dc74d4ea4561a24bdcbfb875d4cc" member_type: VOTER last_known_addr { host: "127.28.224.130" port: 38829 } } peers { permanent_uuid: "30db33996e18492e8ba0e450298b7210" member_type: VOTER last_known_addr { host: "127.28.224.131" port: 36021 } }
I20260608 13:03:51.926525  1779 raft_consensus.cc:385] T a4c25381efe2407695cf66e2c46dab83 P 8d984f987f6b43b0acbdfbb7a009c8f2 [term 0 FOLLOWER]: Consensus starting up: Expiring failure detector timer to make a prompt election more likely
I20260608 13:03:51.926982  1779 raft_consensus.cc:740] T a4c25381efe2407695cf66e2c46dab83 P 8d984f987f6b43b0acbdfbb7a009c8f2 [term 0 FOLLOWER]: Becoming Follower/Learner. State: Replica: 8d984f987f6b43b0acbdfbb7a009c8f2, State: Initialized, Role: FOLLOWER
I20260608 13:03:51.936383  1779 consensus_queue.cc:260] T a4c25381efe2407695cf66e2c46dab83 P 8d984f987f6b43b0acbdfbb7a009c8f2 [NON_LEADER]: Queue going to NON_LEADER mode. State: All replicated index: 0, Majority replicated index: 0, Committed index: 0, Last appended: 0.0, Last appended by leader: 0, Current term: 0, Majority size: -1, State: 0, Mode: NON_LEADER, active raft config: opid_index: -1 OBSOLETE_local: false peers { permanent_uuid: "8d984f987f6b43b0acbdfbb7a009c8f2" member_type: VOTER last_known_addr { host: "127.28.224.129" port: 41969 } } peers { permanent_uuid: "3370dc74d4ea4561a24bdcbfb875d4cc" member_type: VOTER last_known_addr { host: "127.28.224.130" port: 38829 } } peers { permanent_uuid: "30db33996e18492e8ba0e450298b7210" member_type: VOTER last_known_addr { host: "127.28.224.131" port: 36021 } }
I20260608 13:03:51.943019  1786 raft_consensus.cc:493] T c18e997f825848ac84ebc1d1a8848c52 P 8d984f987f6b43b0acbdfbb7a009c8f2 [term 0 FOLLOWER]: Starting pre-election (no leader contacted us within the election timeout)
I20260608 13:03:51.943650  1786 raft_consensus.cc:515] T c18e997f825848ac84ebc1d1a8848c52 P 8d984f987f6b43b0acbdfbb7a009c8f2 [term 0 FOLLOWER]: Starting pre-election with config: opid_index: -1 OBSOLETE_local: false peers { permanent_uuid: "8d984f987f6b43b0acbdfbb7a009c8f2" member_type: VOTER last_known_addr { host: "127.28.224.129" port: 41969 } } peers { permanent_uuid: "3370dc74d4ea4561a24bdcbfb875d4cc" member_type: VOTER last_known_addr { host: "127.28.224.130" port: 38829 } } peers { permanent_uuid: "30db33996e18492e8ba0e450298b7210" member_type: VOTER last_known_addr { host: "127.28.224.131" port: 36021 } }
I20260608 13:03:51.950304  1786 leader_election.cc:290] T c18e997f825848ac84ebc1d1a8848c52 P 8d984f987f6b43b0acbdfbb7a009c8f2 [CANDIDATE]: Term 1 pre-election: Requested pre-vote from peers 3370dc74d4ea4561a24bdcbfb875d4cc (127.28.224.130:38829), 30db33996e18492e8ba0e450298b7210 (127.28.224.131:36021)
I20260608 13:03:51.955744  1779 ts_tablet_manager.cc:1434] T a4c25381efe2407695cf66e2c46dab83 P 8d984f987f6b43b0acbdfbb7a009c8f2: Time spent starting tablet: real 0.052s	user 0.006s	sys 0.002s
I20260608 13:03:51.957031  1779 tablet_bootstrap.cc:492] T acb33c94fc6e4b4db3df20c53b354cfe P 8d984f987f6b43b0acbdfbb7a009c8f2: Bootstrap starting.
I20260608 13:03:51.974401  1734 tablet_service.cc:1917] Received RequestConsensusVote() RPC: tablet_id: "c18e997f825848ac84ebc1d1a8848c52" candidate_uuid: "8d984f987f6b43b0acbdfbb7a009c8f2" candidate_term: 1 candidate_status { last_received { term: 0 index: 0 } } ignore_live_leader: false dest_uuid: "30db33996e18492e8ba0e450298b7210" is_pre_election: true
I20260608 13:03:51.976284  1785 raft_consensus.cc:493] T 485043b0b45848ab89850b4c0e6527b7 P 3370dc74d4ea4561a24bdcbfb875d4cc [term 0 FOLLOWER]: Starting pre-election (no leader contacted us within the election timeout)
W20260608 13:03:51.977002  1550 leader_election.cc:343] T c18e997f825848ac84ebc1d1a8848c52 P 8d984f987f6b43b0acbdfbb7a009c8f2 [CANDIDATE]: Term 1 pre-election: Tablet error from VoteRequest() call to peer 30db33996e18492e8ba0e450298b7210 (127.28.224.131:36021): Illegal state: must be running to vote when last-logged opid is not known
I20260608 13:03:51.977079  1785 raft_consensus.cc:515] T 485043b0b45848ab89850b4c0e6527b7 P 3370dc74d4ea4561a24bdcbfb875d4cc [term 0 FOLLOWER]: Starting pre-election with config: opid_index: -1 OBSOLETE_local: false peers { permanent_uuid: "8d984f987f6b43b0acbdfbb7a009c8f2" member_type: VOTER last_known_addr { host: "127.28.224.129" port: 41969 } } peers { permanent_uuid: "3370dc74d4ea4561a24bdcbfb875d4cc" member_type: VOTER last_known_addr { host: "127.28.224.130" port: 38829 } } peers { permanent_uuid: "30db33996e18492e8ba0e450298b7210" member_type: VOTER last_known_addr { host: "127.28.224.131" port: 36021 } }
I20260608 13:03:51.982282  1779 tablet_bootstrap.cc:654] T acb33c94fc6e4b4db3df20c53b354cfe P 8d984f987f6b43b0acbdfbb7a009c8f2: Neither blocks nor log segments found. Creating new log.
I20260608 13:03:51.984787  1734 tablet_service.cc:1917] Received RequestConsensusVote() RPC: tablet_id: "485043b0b45848ab89850b4c0e6527b7" candidate_uuid: "3370dc74d4ea4561a24bdcbfb875d4cc" candidate_term: 1 candidate_status { last_received { term: 0 index: 0 } } ignore_live_leader: false dest_uuid: "30db33996e18492e8ba0e450298b7210" is_pre_election: true
W20260608 13:03:51.986583  1625 leader_election.cc:343] T 485043b0b45848ab89850b4c0e6527b7 P 3370dc74d4ea4561a24bdcbfb875d4cc [CANDIDATE]: Term 1 pre-election: Tablet error from VoteRequest() call to peer 30db33996e18492e8ba0e450298b7210 (127.28.224.131:36021): Illegal state: must be running to vote when last-logged opid is not known
I20260608 13:03:51.987573  1785 leader_election.cc:290] T 485043b0b45848ab89850b4c0e6527b7 P 3370dc74d4ea4561a24bdcbfb875d4cc [CANDIDATE]: Term 1 pre-election: Requested pre-vote from peers 8d984f987f6b43b0acbdfbb7a009c8f2 (127.28.224.129:41969), 30db33996e18492e8ba0e450298b7210 (127.28.224.131:36021)
I20260608 13:03:51.986586  1780 ts_tablet_manager.cc:1434] T f355b05fb4674d90b1060e8fe65806b2 P 30db33996e18492e8ba0e450298b7210: Time spent starting tablet: real 0.085s	user 0.040s	sys 0.036s
I20260608 13:03:51.989960  1780 tablet_bootstrap.cc:492] T 456c8c0d632e4213812c3674db63806c P 30db33996e18492e8ba0e450298b7210: Bootstrap starting.
I20260608 13:03:51.997556  1585 tablet_service.cc:1917] Received RequestConsensusVote() RPC: tablet_id: "f355b05fb4674d90b1060e8fe65806b2" candidate_uuid: "3370dc74d4ea4561a24bdcbfb875d4cc" candidate_term: 1 candidate_status { last_received { term: 0 index: 0 } } ignore_live_leader: false dest_uuid: "8d984f987f6b43b0acbdfbb7a009c8f2" is_pre_election: true
I20260608 13:03:51.997951  1780 tablet_bootstrap.cc:654] T 456c8c0d632e4213812c3674db63806c P 30db33996e18492e8ba0e450298b7210: Neither blocks nor log segments found. Creating new log.
I20260608 13:03:51.998713  1778 tablet_bootstrap.cc:492] T fc79b9def0c449c98357f7fc79057239 P 3370dc74d4ea4561a24bdcbfb875d4cc: No bootstrap required, opened a new log
I20260608 13:03:51.999346  1778 ts_tablet_manager.cc:1403] T fc79b9def0c449c98357f7fc79057239 P 3370dc74d4ea4561a24bdcbfb875d4cc: Time spent bootstrapping tablet: real 0.090s	user 0.023s	sys 0.040s
I20260608 13:03:52.000383  1585 tablet_service.cc:1917] Received RequestConsensusVote() RPC: tablet_id: "456c8c0d632e4213812c3674db63806c" candidate_uuid: "3370dc74d4ea4561a24bdcbfb875d4cc" candidate_term: 1 candidate_status { last_received { term: 0 index: 0 } } ignore_live_leader: false dest_uuid: "8d984f987f6b43b0acbdfbb7a009c8f2" is_pre_election: true
I20260608 13:03:52.001150  1585 raft_consensus.cc:2468] T 456c8c0d632e4213812c3674db63806c P 8d984f987f6b43b0acbdfbb7a009c8f2 [term 0 FOLLOWER]: Leader pre-election vote request: Granting yes vote for candidate 3370dc74d4ea4561a24bdcbfb875d4cc in term 0.
I20260608 13:03:52.005270  1778 raft_consensus.cc:359] T fc79b9def0c449c98357f7fc79057239 P 3370dc74d4ea4561a24bdcbfb875d4cc [term 0 FOLLOWER]: Replica starting. Triggering 0 pending ops. Active config: opid_index: -1 OBSOLETE_local: false peers { permanent_uuid: "8d984f987f6b43b0acbdfbb7a009c8f2" member_type: VOTER last_known_addr { host: "127.28.224.129" port: 41969 } } peers { permanent_uuid: "3370dc74d4ea4561a24bdcbfb875d4cc" member_type: VOTER last_known_addr { host: "127.28.224.130" port: 38829 } } peers { permanent_uuid: "30db33996e18492e8ba0e450298b7210" member_type: VOTER last_known_addr { host: "127.28.224.131" port: 36021 } }
I20260608 13:03:52.006116  1778 raft_consensus.cc:385] T fc79b9def0c449c98357f7fc79057239 P 3370dc74d4ea4561a24bdcbfb875d4cc [term 0 FOLLOWER]: Consensus starting up: Expiring failure detector timer to make a prompt election more likely
I20260608 13:03:52.006028  1585 tablet_service.cc:1917] Received RequestConsensusVote() RPC: tablet_id: "485043b0b45848ab89850b4c0e6527b7" candidate_uuid: "3370dc74d4ea4561a24bdcbfb875d4cc" candidate_term: 1 candidate_status { last_received { term: 0 index: 0 } } ignore_live_leader: false dest_uuid: "8d984f987f6b43b0acbdfbb7a009c8f2" is_pre_election: true
I20260608 13:03:52.009835  1660 tablet_service.cc:1917] Received RequestConsensusVote() RPC: tablet_id: "74fc84b24b4f4ca9809de1cdd4eab3ae" candidate_uuid: "30db33996e18492e8ba0e450298b7210" candidate_term: 1 candidate_status { last_received { term: 0 index: 0 } } ignore_live_leader: false dest_uuid: "3370dc74d4ea4561a24bdcbfb875d4cc" is_pre_election: true
I20260608 13:03:52.014899  1778 raft_consensus.cc:740] T fc79b9def0c449c98357f7fc79057239 P 3370dc74d4ea4561a24bdcbfb875d4cc [term 0 FOLLOWER]: Becoming Follower/Learner. State: Replica: 3370dc74d4ea4561a24bdcbfb875d4cc, State: Initialized, Role: FOLLOWER
W20260608 13:03:52.016346  1697 leader_election.cc:343] T 74fc84b24b4f4ca9809de1cdd4eab3ae P 30db33996e18492e8ba0e450298b7210 [CANDIDATE]: Term 1 pre-election: Tablet error from VoteRequest() call to peer 3370dc74d4ea4561a24bdcbfb875d4cc (127.28.224.130:38829): Illegal state: must be running to vote when last-logged opid is not known
I20260608 13:03:52.015995  1778 consensus_queue.cc:260] T fc79b9def0c449c98357f7fc79057239 P 3370dc74d4ea4561a24bdcbfb875d4cc [NON_LEADER]: Queue going to NON_LEADER mode. State: All replicated index: 0, Majority replicated index: 0, Committed index: 0, Last appended: 0.0, Last appended by leader: 0, Current term: 0, Majority size: -1, State: 0, Mode: NON_LEADER, active raft config: opid_index: -1 OBSOLETE_local: false peers { permanent_uuid: "8d984f987f6b43b0acbdfbb7a009c8f2" member_type: VOTER last_known_addr { host: "127.28.224.129" port: 41969 } } peers { permanent_uuid: "3370dc74d4ea4561a24bdcbfb875d4cc" member_type: VOTER last_known_addr { host: "127.28.224.130" port: 38829 } } peers { permanent_uuid: "30db33996e18492e8ba0e450298b7210" member_type: VOTER last_known_addr { host: "127.28.224.131" port: 36021 } }
W20260608 13:03:52.019079  1624 leader_election.cc:343] T f355b05fb4674d90b1060e8fe65806b2 P 3370dc74d4ea4561a24bdcbfb875d4cc [CANDIDATE]: Term 1 pre-election: Tablet error from VoteRequest() call to peer 8d984f987f6b43b0acbdfbb7a009c8f2 (127.28.224.129:41969): Illegal state: must be running to vote when last-logged opid is not known
I20260608 13:03:52.019075  1778 ts_tablet_manager.cc:1434] T fc79b9def0c449c98357f7fc79057239 P 3370dc74d4ea4561a24bdcbfb875d4cc: Time spent starting tablet: real 0.019s	user 0.017s	sys 0.000s
I20260608 13:03:52.019838  1624 leader_election.cc:304] T f355b05fb4674d90b1060e8fe65806b2 P 3370dc74d4ea4561a24bdcbfb875d4cc [CANDIDATE]: Term 1 pre-election: Election decided. Result: candidate lost. Election summary: received 3 responses out of 3 voters: 1 yes votes; 2 no votes. yes voters: 3370dc74d4ea4561a24bdcbfb875d4cc; no voters: 30db33996e18492e8ba0e450298b7210, 8d984f987f6b43b0acbdfbb7a009c8f2
I20260608 13:03:52.021061  1778 tablet_bootstrap.cc:492] T 497a7eed1cc644719be830060f305dcd P 3370dc74d4ea4561a24bdcbfb875d4cc: Bootstrap starting.
I20260608 13:03:52.021166  1785 raft_consensus.cc:2749] T f355b05fb4674d90b1060e8fe65806b2 P 3370dc74d4ea4561a24bdcbfb875d4cc [term 0 FOLLOWER]: Leader pre-election lost for term 1. Reason: could not achieve majority
I20260608 13:03:52.022706  1624 leader_election.cc:304] T 456c8c0d632e4213812c3674db63806c P 3370dc74d4ea4561a24bdcbfb875d4cc [CANDIDATE]: Term 1 pre-election: Election decided. Result: candidate won. Election summary: received 3 responses out of 3 voters: 2 yes votes; 1 no votes. yes voters: 3370dc74d4ea4561a24bdcbfb875d4cc, 8d984f987f6b43b0acbdfbb7a009c8f2; no voters: 30db33996e18492e8ba0e450298b7210
I20260608 13:03:52.023942  1785 raft_consensus.cc:2804] T 456c8c0d632e4213812c3674db63806c P 3370dc74d4ea4561a24bdcbfb875d4cc [term 0 FOLLOWER]: Leader pre-election won for term 1
I20260608 13:03:52.024094  1779 tablet_bootstrap.cc:492] T acb33c94fc6e4b4db3df20c53b354cfe P 8d984f987f6b43b0acbdfbb7a009c8f2: No bootstrap required, opened a new log
I20260608 13:03:52.024375  1785 raft_consensus.cc:493] T 456c8c0d632e4213812c3674db63806c P 3370dc74d4ea4561a24bdcbfb875d4cc [term 0 FOLLOWER]: Starting leader election (no leader contacted us within the election timeout)
I20260608 13:03:52.024744  1779 ts_tablet_manager.cc:1403] T acb33c94fc6e4b4db3df20c53b354cfe P 8d984f987f6b43b0acbdfbb7a009c8f2: Time spent bootstrapping tablet: real 0.068s	user 0.010s	sys 0.005s
I20260608 13:03:52.024806  1785 raft_consensus.cc:3060] T 456c8c0d632e4213812c3674db63806c P 3370dc74d4ea4561a24bdcbfb875d4cc [term 0 FOLLOWER]: Advancing to term 1
I20260608 13:03:52.029029  1778 tablet_bootstrap.cc:654] T 497a7eed1cc644719be830060f305dcd P 3370dc74d4ea4561a24bdcbfb875d4cc: Neither blocks nor log segments found. Creating new log.
I20260608 13:03:52.028805  1779 raft_consensus.cc:359] T acb33c94fc6e4b4db3df20c53b354cfe P 8d984f987f6b43b0acbdfbb7a009c8f2 [term 0 FOLLOWER]: Replica starting. Triggering 0 pending ops. Active config: opid_index: -1 OBSOLETE_local: false peers { permanent_uuid: "8d984f987f6b43b0acbdfbb7a009c8f2" member_type: VOTER last_known_addr { host: "127.28.224.129" port: 41969 } } peers { permanent_uuid: "30db33996e18492e8ba0e450298b7210" member_type: VOTER last_known_addr { host: "127.28.224.131" port: 36021 } } peers { permanent_uuid: "3370dc74d4ea4561a24bdcbfb875d4cc" member_type: VOTER last_known_addr { host: "127.28.224.130" port: 38829 } }
I20260608 13:03:52.029729  1779 raft_consensus.cc:385] T acb33c94fc6e4b4db3df20c53b354cfe P 8d984f987f6b43b0acbdfbb7a009c8f2 [term 0 FOLLOWER]: Consensus starting up: Expiring failure detector timer to make a prompt election more likely
I20260608 13:03:52.030123  1779 raft_consensus.cc:740] T acb33c94fc6e4b4db3df20c53b354cfe P 8d984f987f6b43b0acbdfbb7a009c8f2 [term 0 FOLLOWER]: Becoming Follower/Learner. State: Replica: 8d984f987f6b43b0acbdfbb7a009c8f2, State: Initialized, Role: FOLLOWER
I20260608 13:03:52.031177  1779 consensus_queue.cc:260] T acb33c94fc6e4b4db3df20c53b354cfe P 8d984f987f6b43b0acbdfbb7a009c8f2 [NON_LEADER]: Queue going to NON_LEADER mode. State: All replicated index: 0, Majority replicated index: 0, Committed index: 0, Last appended: 0.0, Last appended by leader: 0, Current term: 0, Majority size: -1, State: 0, Mode: NON_LEADER, active raft config: opid_index: -1 OBSOLETE_local: false peers { permanent_uuid: "8d984f987f6b43b0acbdfbb7a009c8f2" member_type: VOTER last_known_addr { host: "127.28.224.129" port: 41969 } } peers { permanent_uuid: "30db33996e18492e8ba0e450298b7210" member_type: VOTER last_known_addr { host: "127.28.224.131" port: 36021 } } peers { permanent_uuid: "3370dc74d4ea4561a24bdcbfb875d4cc" member_type: VOTER last_known_addr { host: "127.28.224.130" port: 38829 } }
I20260608 13:03:52.033257  1785 raft_consensus.cc:515] T 456c8c0d632e4213812c3674db63806c P 3370dc74d4ea4561a24bdcbfb875d4cc [term 1 FOLLOWER]: Starting leader election with config: opid_index: -1 OBSOLETE_local: false peers { permanent_uuid: "8d984f987f6b43b0acbdfbb7a009c8f2" member_type: VOTER last_known_addr { host: "127.28.224.129" port: 41969 } } peers { permanent_uuid: "3370dc74d4ea4561a24bdcbfb875d4cc" member_type: VOTER last_known_addr { host: "127.28.224.130" port: 38829 } } peers { permanent_uuid: "30db33996e18492e8ba0e450298b7210" member_type: VOTER last_known_addr { host: "127.28.224.131" port: 36021 } }
I20260608 13:03:52.033735  1803 raft_consensus.cc:493] T f355b05fb4674d90b1060e8fe65806b2 P 30db33996e18492e8ba0e450298b7210 [term 0 FOLLOWER]: Starting pre-election (no leader contacted us within the election timeout)
I20260608 13:03:52.034325  1803 raft_consensus.cc:515] T f355b05fb4674d90b1060e8fe65806b2 P 30db33996e18492e8ba0e450298b7210 [term 0 FOLLOWER]: Starting pre-election with config: opid_index: -1 OBSOLETE_local: false peers { permanent_uuid: "8d984f987f6b43b0acbdfbb7a009c8f2" member_type: VOTER last_known_addr { host: "127.28.224.129" port: 41969 } } peers { permanent_uuid: "3370dc74d4ea4561a24bdcbfb875d4cc" member_type: VOTER last_known_addr { host: "127.28.224.130" port: 38829 } } peers { permanent_uuid: "30db33996e18492e8ba0e450298b7210" member_type: VOTER last_known_addr { host: "127.28.224.131" port: 36021 } }
W20260608 13:03:52.035799  1624 leader_election.cc:343] T 485043b0b45848ab89850b4c0e6527b7 P 3370dc74d4ea4561a24bdcbfb875d4cc [CANDIDATE]: Term 1 pre-election: Tablet error from VoteRequest() call to peer 8d984f987f6b43b0acbdfbb7a009c8f2 (127.28.224.129:41969): Illegal state: must be running to vote when last-logged opid is not known
I20260608 13:03:52.036326  1624 leader_election.cc:304] T 485043b0b45848ab89850b4c0e6527b7 P 3370dc74d4ea4561a24bdcbfb875d4cc [CANDIDATE]: Term 1 pre-election: Election decided. Result: candidate lost. Election summary: received 3 responses out of 3 voters: 1 yes votes; 2 no votes. yes voters: 3370dc74d4ea4561a24bdcbfb875d4cc; no voters: 30db33996e18492e8ba0e450298b7210, 8d984f987f6b43b0acbdfbb7a009c8f2
I20260608 13:03:52.037240  1803 leader_election.cc:290] T f355b05fb4674d90b1060e8fe65806b2 P 30db33996e18492e8ba0e450298b7210 [CANDIDATE]: Term 1 pre-election: Requested pre-vote from peers 8d984f987f6b43b0acbdfbb7a009c8f2 (127.28.224.129:41969), 3370dc74d4ea4561a24bdcbfb875d4cc (127.28.224.130:38829)
I20260608 13:03:52.037240  1786 raft_consensus.cc:493] T a4c25381efe2407695cf66e2c46dab83 P 8d984f987f6b43b0acbdfbb7a009c8f2 [term 0 FOLLOWER]: Starting pre-election (no leader contacted us within the election timeout)
I20260608 13:03:52.037844  1585 tablet_service.cc:1917] Received RequestConsensusVote() RPC: tablet_id: "74fc84b24b4f4ca9809de1cdd4eab3ae" candidate_uuid: "30db33996e18492e8ba0e450298b7210" candidate_term: 1 candidate_status { last_received { term: 0 index: 0 } } ignore_live_leader: false dest_uuid: "8d984f987f6b43b0acbdfbb7a009c8f2" is_pre_election: true
I20260608 13:03:52.038228  1786 raft_consensus.cc:515] T a4c25381efe2407695cf66e2c46dab83 P 8d984f987f6b43b0acbdfbb7a009c8f2 [term 0 FOLLOWER]: Starting pre-election with config: opid_index: -1 OBSOLETE_local: false peers { permanent_uuid: "8d984f987f6b43b0acbdfbb7a009c8f2" member_type: VOTER last_known_addr { host: "127.28.224.129" port: 41969 } } peers { permanent_uuid: "3370dc74d4ea4561a24bdcbfb875d4cc" member_type: VOTER last_known_addr { host: "127.28.224.130" port: 38829 } } peers { permanent_uuid: "30db33996e18492e8ba0e450298b7210" member_type: VOTER last_known_addr { host: "127.28.224.131" port: 36021 } }
I20260608 13:03:52.038854  1779 ts_tablet_manager.cc:1434] T acb33c94fc6e4b4db3df20c53b354cfe P 8d984f987f6b43b0acbdfbb7a009c8f2: Time spent starting tablet: real 0.014s	user 0.010s	sys 0.000s
I20260608 13:03:52.039985  1779 tablet_bootstrap.cc:492] T 74fc84b24b4f4ca9809de1cdd4eab3ae P 8d984f987f6b43b0acbdfbb7a009c8f2: Bootstrap starting.
I20260608 13:03:52.041719  1734 tablet_service.cc:1917] Received RequestConsensusVote() RPC: tablet_id: "a4c25381efe2407695cf66e2c46dab83" candidate_uuid: "8d984f987f6b43b0acbdfbb7a009c8f2" candidate_term: 1 candidate_status { last_received { term: 0 index: 0 } } ignore_live_leader: false dest_uuid: "30db33996e18492e8ba0e450298b7210" is_pre_election: true
I20260608 13:03:52.042408  1734 raft_consensus.cc:2468] T a4c25381efe2407695cf66e2c46dab83 P 30db33996e18492e8ba0e450298b7210 [term 0 FOLLOWER]: Leader pre-election vote request: Granting yes vote for candidate 8d984f987f6b43b0acbdfbb7a009c8f2 in term 0.
I20260608 13:03:52.042925  1780 tablet_bootstrap.cc:492] T 456c8c0d632e4213812c3674db63806c P 30db33996e18492e8ba0e450298b7210: No bootstrap required, opened a new log
I20260608 13:03:52.043643  1780 ts_tablet_manager.cc:1403] T 456c8c0d632e4213812c3674db63806c P 30db33996e18492e8ba0e450298b7210: Time spent bootstrapping tablet: real 0.054s	user 0.023s	sys 0.004s
I20260608 13:03:52.044071  1550 leader_election.cc:304] T a4c25381efe2407695cf66e2c46dab83 P 8d984f987f6b43b0acbdfbb7a009c8f2 [CANDIDATE]: Term 1 pre-election: Election decided. Result: candidate won. Election summary: received 2 responses out of 3 voters: 2 yes votes; 0 no votes. yes voters: 30db33996e18492e8ba0e450298b7210, 8d984f987f6b43b0acbdfbb7a009c8f2; no voters: 
I20260608 13:03:52.044209  1734 tablet_service.cc:1917] Received RequestConsensusVote() RPC: tablet_id: "456c8c0d632e4213812c3674db63806c" candidate_uuid: "3370dc74d4ea4561a24bdcbfb875d4cc" candidate_term: 1 candidate_status { last_received { term: 0 index: 0 } } ignore_live_leader: false dest_uuid: "30db33996e18492e8ba0e450298b7210"
I20260608 13:03:52.045454  1786 leader_election.cc:290] T a4c25381efe2407695cf66e2c46dab83 P 8d984f987f6b43b0acbdfbb7a009c8f2 [CANDIDATE]: Term 1 pre-election: Requested pre-vote from peers 3370dc74d4ea4561a24bdcbfb875d4cc (127.28.224.130:38829), 30db33996e18492e8ba0e450298b7210 (127.28.224.131:36021)
I20260608 13:03:52.046027  1786 raft_consensus.cc:2804] T a4c25381efe2407695cf66e2c46dab83 P 8d984f987f6b43b0acbdfbb7a009c8f2 [term 0 FOLLOWER]: Leader pre-election won for term 1
I20260608 13:03:52.046360  1786 raft_consensus.cc:493] T a4c25381efe2407695cf66e2c46dab83 P 8d984f987f6b43b0acbdfbb7a009c8f2 [term 0 FOLLOWER]: Starting leader election (no leader contacted us within the election timeout)
W20260608 13:03:52.046726  1625 leader_election.cc:343] T 456c8c0d632e4213812c3674db63806c P 3370dc74d4ea4561a24bdcbfb875d4cc [CANDIDATE]: Term 1 election: Tablet error from VoteRequest() call to peer 30db33996e18492e8ba0e450298b7210 (127.28.224.131:36021): Illegal state: must be running to vote when last-logged opid is not known
I20260608 13:03:52.046865  1785 leader_election.cc:290] T 456c8c0d632e4213812c3674db63806c P 3370dc74d4ea4561a24bdcbfb875d4cc [CANDIDATE]: Term 1 election: Requested vote from peers 8d984f987f6b43b0acbdfbb7a009c8f2 (127.28.224.129:41969), 30db33996e18492e8ba0e450298b7210 (127.28.224.131:36021)
I20260608 13:03:52.046730  1786 raft_consensus.cc:3060] T a4c25381efe2407695cf66e2c46dab83 P 8d984f987f6b43b0acbdfbb7a009c8f2 [term 0 FOLLOWER]: Advancing to term 1
I20260608 13:03:52.047117  1780 raft_consensus.cc:359] T 456c8c0d632e4213812c3674db63806c P 30db33996e18492e8ba0e450298b7210 [term 0 FOLLOWER]: Replica starting. Triggering 0 pending ops. Active config: opid_index: -1 OBSOLETE_local: false peers { permanent_uuid: "8d984f987f6b43b0acbdfbb7a009c8f2" member_type: VOTER last_known_addr { host: "127.28.224.129" port: 41969 } } peers { permanent_uuid: "3370dc74d4ea4561a24bdcbfb875d4cc" member_type: VOTER last_known_addr { host: "127.28.224.130" port: 38829 } } peers { permanent_uuid: "30db33996e18492e8ba0e450298b7210" member_type: VOTER last_known_addr { host: "127.28.224.131" port: 36021 } }
I20260608 13:03:52.047640  1785 raft_consensus.cc:2749] T 485043b0b45848ab89850b4c0e6527b7 P 3370dc74d4ea4561a24bdcbfb875d4cc [term 0 FOLLOWER]: Leader pre-election lost for term 1. Reason: could not achieve majority
I20260608 13:03:52.047888  1780 raft_consensus.cc:385] T 456c8c0d632e4213812c3674db63806c P 30db33996e18492e8ba0e450298b7210 [term 0 FOLLOWER]: Consensus starting up: Expiring failure detector timer to make a prompt election more likely
I20260608 13:03:52.048331  1780 raft_consensus.cc:740] T 456c8c0d632e4213812c3674db63806c P 30db33996e18492e8ba0e450298b7210 [term 0 FOLLOWER]: Becoming Follower/Learner. State: Replica: 30db33996e18492e8ba0e450298b7210, State: Initialized, Role: FOLLOWER
I20260608 13:03:52.049237  1780 consensus_queue.cc:260] T 456c8c0d632e4213812c3674db63806c P 30db33996e18492e8ba0e450298b7210 [NON_LEADER]: Queue going to NON_LEADER mode. State: All replicated index: 0, Majority replicated index: 0, Committed index: 0, Last appended: 0.0, Last appended by leader: 0, Current term: 0, Majority size: -1, State: 0, Mode: NON_LEADER, active raft config: opid_index: -1 OBSOLETE_local: false peers { permanent_uuid: "8d984f987f6b43b0acbdfbb7a009c8f2" member_type: VOTER last_known_addr { host: "127.28.224.129" port: 41969 } } peers { permanent_uuid: "3370dc74d4ea4561a24bdcbfb875d4cc" member_type: VOTER last_known_addr { host: "127.28.224.130" port: 38829 } } peers { permanent_uuid: "30db33996e18492e8ba0e450298b7210" member_type: VOTER last_known_addr { host: "127.28.224.131" port: 36021 } }
I20260608 13:03:52.053480  1660 tablet_service.cc:1917] Received RequestConsensusVote() RPC: tablet_id: "f355b05fb4674d90b1060e8fe65806b2" candidate_uuid: "30db33996e18492e8ba0e450298b7210" candidate_term: 1 candidate_status { last_received { term: 0 index: 0 } } ignore_live_leader: false dest_uuid: "3370dc74d4ea4561a24bdcbfb875d4cc" is_pre_election: true
I20260608 13:03:52.054097  1659 tablet_service.cc:1917] Received RequestConsensusVote() RPC: tablet_id: "c18e997f825848ac84ebc1d1a8848c52" candidate_uuid: "8d984f987f6b43b0acbdfbb7a009c8f2" candidate_term: 1 candidate_status { last_received { term: 0 index: 0 } } ignore_live_leader: false dest_uuid: "3370dc74d4ea4561a24bdcbfb875d4cc" is_pre_election: true
I20260608 13:03:52.054319  1660 raft_consensus.cc:2468] T f355b05fb4674d90b1060e8fe65806b2 P 3370dc74d4ea4561a24bdcbfb875d4cc [term 0 FOLLOWER]: Leader pre-election vote request: Granting yes vote for candidate 30db33996e18492e8ba0e450298b7210 in term 0.
I20260608 13:03:52.055789  1697 leader_election.cc:304] T f355b05fb4674d90b1060e8fe65806b2 P 30db33996e18492e8ba0e450298b7210 [CANDIDATE]: Term 1 pre-election: Election decided. Result: candidate won. Election summary: received 2 responses out of 3 voters: 2 yes votes; 0 no votes. yes voters: 30db33996e18492e8ba0e450298b7210, 3370dc74d4ea4561a24bdcbfb875d4cc; no voters: 
I20260608 13:03:52.056353  1585 tablet_service.cc:1917] Received RequestConsensusVote() RPC: tablet_id: "456c8c0d632e4213812c3674db63806c" candidate_uuid: "3370dc74d4ea4561a24bdcbfb875d4cc" candidate_term: 1 candidate_status { last_received { term: 0 index: 0 } } ignore_live_leader: false dest_uuid: "8d984f987f6b43b0acbdfbb7a009c8f2"
I20260608 13:03:52.056849  1784 raft_consensus.cc:2804] T f355b05fb4674d90b1060e8fe65806b2 P 30db33996e18492e8ba0e450298b7210 [term 0 FOLLOWER]: Leader pre-election won for term 1
I20260608 13:03:52.056991  1585 raft_consensus.cc:3060] T 456c8c0d632e4213812c3674db63806c P 8d984f987f6b43b0acbdfbb7a009c8f2 [term 0 FOLLOWER]: Advancing to term 1
I20260608 13:03:52.057384  1784 raft_consensus.cc:493] T f355b05fb4674d90b1060e8fe65806b2 P 30db33996e18492e8ba0e450298b7210 [term 0 FOLLOWER]: Starting leader election (no leader contacted us within the election timeout)
I20260608 13:03:52.057858  1784 raft_consensus.cc:3060] T f355b05fb4674d90b1060e8fe65806b2 P 30db33996e18492e8ba0e450298b7210 [term 0 FOLLOWER]: Advancing to term 1
I20260608 13:03:52.059466  1780 ts_tablet_manager.cc:1434] T 456c8c0d632e4213812c3674db63806c P 30db33996e18492e8ba0e450298b7210: Time spent starting tablet: real 0.015s	user 0.009s	sys 0.000s
I20260608 13:03:52.061048  1780 tablet_bootstrap.cc:492] T 497a7eed1cc644719be830060f305dcd P 30db33996e18492e8ba0e450298b7210: Bootstrap starting.
I20260608 13:03:52.064620  1778 tablet_bootstrap.cc:492] T 497a7eed1cc644719be830060f305dcd P 3370dc74d4ea4561a24bdcbfb875d4cc: No bootstrap required, opened a new log
I20260608 13:03:52.065258  1778 ts_tablet_manager.cc:1403] T 497a7eed1cc644719be830060f305dcd P 3370dc74d4ea4561a24bdcbfb875d4cc: Time spent bootstrapping tablet: real 0.045s	user 0.013s	sys 0.000s
I20260608 13:03:52.066264  1784 raft_consensus.cc:515] T f355b05fb4674d90b1060e8fe65806b2 P 30db33996e18492e8ba0e450298b7210 [term 1 FOLLOWER]: Starting leader election with config: opid_index: -1 OBSOLETE_local: false peers { permanent_uuid: "8d984f987f6b43b0acbdfbb7a009c8f2" member_type: VOTER last_known_addr { host: "127.28.224.129" port: 41969 } } peers { permanent_uuid: "3370dc74d4ea4561a24bdcbfb875d4cc" member_type: VOTER last_known_addr { host: "127.28.224.130" port: 38829 } } peers { permanent_uuid: "30db33996e18492e8ba0e450298b7210" member_type: VOTER last_known_addr { host: "127.28.224.131" port: 36021 } }
I20260608 13:03:52.068228  1780 tablet_bootstrap.cc:654] T 497a7eed1cc644719be830060f305dcd P 30db33996e18492e8ba0e450298b7210: Neither blocks nor log segments found. Creating new log.
W20260608 13:03:52.069314  1698 leader_election.cc:343] T 74fc84b24b4f4ca9809de1cdd4eab3ae P 30db33996e18492e8ba0e450298b7210 [CANDIDATE]: Term 1 pre-election: Tablet error from VoteRequest() call to peer 8d984f987f6b43b0acbdfbb7a009c8f2 (127.28.224.129:41969): Illegal state: must be running to vote when last-logged opid is not known
I20260608 13:03:52.069972  1698 leader_election.cc:304] T 74fc84b24b4f4ca9809de1cdd4eab3ae P 30db33996e18492e8ba0e450298b7210 [CANDIDATE]: Term 1 pre-election: Election decided. Result: candidate lost. Election summary: received 3 responses out of 3 voters: 1 yes votes; 2 no votes. yes voters: 30db33996e18492e8ba0e450298b7210; no voters: 3370dc74d4ea4561a24bdcbfb875d4cc, 8d984f987f6b43b0acbdfbb7a009c8f2
I20260608 13:03:52.070196  1660 tablet_service.cc:1917] Received RequestConsensusVote() RPC: tablet_id: "a4c25381efe2407695cf66e2c46dab83" candidate_uuid: "8d984f987f6b43b0acbdfbb7a009c8f2" candidate_term: 1 candidate_status { last_received { term: 0 index: 0 } } ignore_live_leader: false dest_uuid: "3370dc74d4ea4561a24bdcbfb875d4cc" is_pre_election: true
I20260608 13:03:52.071007  1803 raft_consensus.cc:2749] T 74fc84b24b4f4ca9809de1cdd4eab3ae P 30db33996e18492e8ba0e450298b7210 [term 0 FOLLOWER]: Leader pre-election lost for term 1. Reason: could not achieve majority
I20260608 13:03:52.056874  1779 tablet_bootstrap.cc:654] T 74fc84b24b4f4ca9809de1cdd4eab3ae P 8d984f987f6b43b0acbdfbb7a009c8f2: Neither blocks nor log segments found. Creating new log.
I20260608 13:03:52.070564  1786 raft_consensus.cc:515] T a4c25381efe2407695cf66e2c46dab83 P 8d984f987f6b43b0acbdfbb7a009c8f2 [term 1 FOLLOWER]: Starting leader election with config: opid_index: -1 OBSOLETE_local: false peers { permanent_uuid: "8d984f987f6b43b0acbdfbb7a009c8f2" member_type: VOTER last_known_addr { host: "127.28.224.129" port: 41969 } } peers { permanent_uuid: "3370dc74d4ea4561a24bdcbfb875d4cc" member_type: VOTER last_known_addr { host: "127.28.224.130" port: 38829 } } peers { permanent_uuid: "30db33996e18492e8ba0e450298b7210" member_type: VOTER last_known_addr { host: "127.28.224.131" port: 36021 } }
I20260608 13:03:52.076473  1812 raft_consensus.cc:493] T 60aee90f512b4ef88ba6fb5419687de5 P 8d984f987f6b43b0acbdfbb7a009c8f2 [term 0 FOLLOWER]: Starting pre-election (no leader contacted us within the election timeout)
I20260608 13:03:52.077536  1660 tablet_service.cc:1917] Received RequestConsensusVote() RPC: tablet_id: "f355b05fb4674d90b1060e8fe65806b2" candidate_uuid: "30db33996e18492e8ba0e450298b7210" candidate_term: 1 candidate_status { last_received { term: 0 index: 0 } } ignore_live_leader: false dest_uuid: "3370dc74d4ea4561a24bdcbfb875d4cc"
I20260608 13:03:52.078236  1660 raft_consensus.cc:3060] T f355b05fb4674d90b1060e8fe65806b2 P 3370dc74d4ea4561a24bdcbfb875d4cc [term 0 FOLLOWER]: Advancing to term 1
I20260608 13:03:52.079433  1778 raft_consensus.cc:359] T 497a7eed1cc644719be830060f305dcd P 3370dc74d4ea4561a24bdcbfb875d4cc [term 0 FOLLOWER]: Replica starting. Triggering 0 pending ops. Active config: opid_index: -1 OBSOLETE_local: false peers { permanent_uuid: "8d984f987f6b43b0acbdfbb7a009c8f2" member_type: VOTER last_known_addr { host: "127.28.224.129" port: 41969 } } peers { permanent_uuid: "3370dc74d4ea4561a24bdcbfb875d4cc" member_type: VOTER last_known_addr { host: "127.28.224.130" port: 38829 } } peers { permanent_uuid: "30db33996e18492e8ba0e450298b7210" member_type: VOTER last_known_addr { host: "127.28.224.131" port: 36021 } }
I20260608 13:03:52.080435  1778 raft_consensus.cc:385] T 497a7eed1cc644719be830060f305dcd P 3370dc74d4ea4561a24bdcbfb875d4cc [term 0 FOLLOWER]: Consensus starting up: Expiring failure detector timer to make a prompt election more likely
I20260608 13:03:52.080832  1778 raft_consensus.cc:740] T 497a7eed1cc644719be830060f305dcd P 3370dc74d4ea4561a24bdcbfb875d4cc [term 0 FOLLOWER]: Becoming Follower/Learner. State: Replica: 3370dc74d4ea4561a24bdcbfb875d4cc, State: Initialized, Role: FOLLOWER
I20260608 13:03:52.084874  1734 tablet_service.cc:1917] Received RequestConsensusVote() RPC: tablet_id: "a4c25381efe2407695cf66e2c46dab83" candidate_uuid: "8d984f987f6b43b0acbdfbb7a009c8f2" candidate_term: 1 candidate_status { last_received { term: 0 index: 0 } } ignore_live_leader: false dest_uuid: "30db33996e18492e8ba0e450298b7210"
I20260608 13:03:52.085781  1734 raft_consensus.cc:3060] T a4c25381efe2407695cf66e2c46dab83 P 30db33996e18492e8ba0e450298b7210 [term 0 FOLLOWER]: Advancing to term 1
I20260608 13:03:52.086203  1584 tablet_service.cc:1917] Received RequestConsensusVote() RPC: tablet_id: "f355b05fb4674d90b1060e8fe65806b2" candidate_uuid: "30db33996e18492e8ba0e450298b7210" candidate_term: 1 candidate_status { last_received { term: 0 index: 0 } } ignore_live_leader: false dest_uuid: "8d984f987f6b43b0acbdfbb7a009c8f2" is_pre_election: true
I20260608 13:03:52.086995  1660 raft_consensus.cc:2468] T f355b05fb4674d90b1060e8fe65806b2 P 3370dc74d4ea4561a24bdcbfb875d4cc [term 1 FOLLOWER]: Leader election vote request: Granting yes vote for candidate 30db33996e18492e8ba0e450298b7210 in term 1.
I20260608 13:03:52.088346  1697 leader_election.cc:304] T f355b05fb4674d90b1060e8fe65806b2 P 30db33996e18492e8ba0e450298b7210 [CANDIDATE]: Term 1 election: Election decided. Result: candidate won. Election summary: received 2 responses out of 3 voters: 2 yes votes; 0 no votes. yes voters: 30db33996e18492e8ba0e450298b7210, 3370dc74d4ea4561a24bdcbfb875d4cc; no voters: 
I20260608 13:03:52.088580  1584 tablet_service.cc:1917] Received RequestConsensusVote() RPC: tablet_id: "f355b05fb4674d90b1060e8fe65806b2" candidate_uuid: "30db33996e18492e8ba0e450298b7210" candidate_term: 1 candidate_status { last_received { term: 0 index: 0 } } ignore_live_leader: false dest_uuid: "8d984f987f6b43b0acbdfbb7a009c8f2"
I20260608 13:03:52.089425  1803 raft_consensus.cc:2804] T f355b05fb4674d90b1060e8fe65806b2 P 30db33996e18492e8ba0e450298b7210 [term 1 FOLLOWER]: Leader election won for term 1
I20260608 13:03:52.089567  1784 leader_election.cc:290] T f355b05fb4674d90b1060e8fe65806b2 P 30db33996e18492e8ba0e450298b7210 [CANDIDATE]: Term 1 election: Requested vote from peers 8d984f987f6b43b0acbdfbb7a009c8f2 (127.28.224.129:41969), 3370dc74d4ea4561a24bdcbfb875d4cc (127.28.224.130:38829)
I20260608 13:03:52.077230  1812 raft_consensus.cc:515] T 60aee90f512b4ef88ba6fb5419687de5 P 8d984f987f6b43b0acbdfbb7a009c8f2 [term 0 FOLLOWER]: Starting pre-election with config: opid_index: -1 OBSOLETE_local: false peers { permanent_uuid: "8d984f987f6b43b0acbdfbb7a009c8f2" member_type: VOTER last_known_addr { host: "127.28.224.129" port: 41969 } } peers { permanent_uuid: "3370dc74d4ea4561a24bdcbfb875d4cc" member_type: VOTER last_known_addr { host: "127.28.224.130" port: 38829 } } peers { permanent_uuid: "30db33996e18492e8ba0e450298b7210" member_type: VOTER last_known_addr { host: "127.28.224.131" port: 36021 } }
I20260608 13:03:52.091018  1786 leader_election.cc:290] T a4c25381efe2407695cf66e2c46dab83 P 8d984f987f6b43b0acbdfbb7a009c8f2 [CANDIDATE]: Term 1 election: Requested vote from peers 3370dc74d4ea4561a24bdcbfb875d4cc (127.28.224.130:38829), 30db33996e18492e8ba0e450298b7210 (127.28.224.131:36021)
I20260608 13:03:52.092144  1778 consensus_queue.cc:260] T 497a7eed1cc644719be830060f305dcd P 3370dc74d4ea4561a24bdcbfb875d4cc [NON_LEADER]: Queue going to NON_LEADER mode. State: All replicated index: 0, Majority replicated index: 0, Committed index: 0, Last appended: 0.0, Last appended by leader: 0, Current term: 0, Majority size: -1, State: 0, Mode: NON_LEADER, active raft config: opid_index: -1 OBSOLETE_local: false peers { permanent_uuid: "8d984f987f6b43b0acbdfbb7a009c8f2" member_type: VOTER last_known_addr { host: "127.28.224.129" port: 41969 } } peers { permanent_uuid: "3370dc74d4ea4561a24bdcbfb875d4cc" member_type: VOTER last_known_addr { host: "127.28.224.130" port: 38829 } } peers { permanent_uuid: "30db33996e18492e8ba0e450298b7210" member_type: VOTER last_known_addr { host: "127.28.224.131" port: 36021 } }
W20260608 13:03:52.090123  1548 leader_election.cc:343] T c18e997f825848ac84ebc1d1a8848c52 P 8d984f987f6b43b0acbdfbb7a009c8f2 [CANDIDATE]: Term 1 pre-election: Tablet error from VoteRequest() call to peer 3370dc74d4ea4561a24bdcbfb875d4cc (127.28.224.130:38829): Illegal state: must be running to vote when last-logged opid is not known
I20260608 13:03:52.115747  1585 raft_consensus.cc:2468] T 456c8c0d632e4213812c3674db63806c P 8d984f987f6b43b0acbdfbb7a009c8f2 [term 1 FOLLOWER]: Leader election vote request: Granting yes vote for candidate 3370dc74d4ea4561a24bdcbfb875d4cc in term 1.
I20260608 13:03:52.121536  1779 tablet_bootstrap.cc:492] T 74fc84b24b4f4ca9809de1cdd4eab3ae P 8d984f987f6b43b0acbdfbb7a009c8f2: No bootstrap required, opened a new log
I20260608 13:03:52.122336  1780 tablet_bootstrap.cc:492] T 497a7eed1cc644719be830060f305dcd P 30db33996e18492e8ba0e450298b7210: No bootstrap required, opened a new log
I20260608 13:03:52.116667  1548 leader_election.cc:304] T c18e997f825848ac84ebc1d1a8848c52 P 8d984f987f6b43b0acbdfbb7a009c8f2 [CANDIDATE]: Term 1 pre-election: Election decided. Result: candidate lost. Election summary: received 3 responses out of 3 voters: 1 yes votes; 2 no votes. yes voters: 8d984f987f6b43b0acbdfbb7a009c8f2; no voters: 30db33996e18492e8ba0e450298b7210, 3370dc74d4ea4561a24bdcbfb875d4cc
I20260608 13:03:52.122961  1780 ts_tablet_manager.cc:1403] T 497a7eed1cc644719be830060f305dcd P 30db33996e18492e8ba0e450298b7210: Time spent bootstrapping tablet: real 0.062s	user 0.035s	sys 0.023s
I20260608 13:03:52.123257  1786 raft_consensus.cc:2749] T c18e997f825848ac84ebc1d1a8848c52 P 8d984f987f6b43b0acbdfbb7a009c8f2 [term 0 FOLLOWER]: Leader pre-election lost for term 1. Reason: could not achieve majority
W20260608 13:03:52.124610  1548 leader_election.cc:343] T a4c25381efe2407695cf66e2c46dab83 P 8d984f987f6b43b0acbdfbb7a009c8f2 [CANDIDATE]: Term 1 pre-election: Tablet error from VoteRequest() call to peer 3370dc74d4ea4561a24bdcbfb875d4cc (127.28.224.130:38829): Illegal state: must be running to vote when last-logged opid is not known
I20260608 13:03:52.123414  1778 ts_tablet_manager.cc:1434] T 497a7eed1cc644719be830060f305dcd P 3370dc74d4ea4561a24bdcbfb875d4cc: Time spent starting tablet: real 0.058s	user 0.011s	sys 0.002s
I20260608 13:03:52.125869  1733 tablet_service.cc:1917] Received RequestConsensusVote() RPC: tablet_id: "60aee90f512b4ef88ba6fb5419687de5" candidate_uuid: "8d984f987f6b43b0acbdfbb7a009c8f2" candidate_term: 1 candidate_status { last_received { term: 0 index: 0 } } ignore_live_leader: false dest_uuid: "30db33996e18492e8ba0e450298b7210" is_pre_election: true
I20260608 13:03:52.126456  1779 ts_tablet_manager.cc:1403] T 74fc84b24b4f4ca9809de1cdd4eab3ae P 8d984f987f6b43b0acbdfbb7a009c8f2: Time spent bootstrapping tablet: real 0.087s	user 0.011s	sys 0.030s
I20260608 13:03:52.126041  1780 raft_consensus.cc:359] T 497a7eed1cc644719be830060f305dcd P 30db33996e18492e8ba0e450298b7210 [term 0 FOLLOWER]: Replica starting. Triggering 0 pending ops. Active config: opid_index: -1 OBSOLETE_local: false peers { permanent_uuid: "8d984f987f6b43b0acbdfbb7a009c8f2" member_type: VOTER last_known_addr { host: "127.28.224.129" port: 41969 } } peers { permanent_uuid: "3370dc74d4ea4561a24bdcbfb875d4cc" member_type: VOTER last_known_addr { host: "127.28.224.130" port: 38829 } } peers { permanent_uuid: "30db33996e18492e8ba0e450298b7210" member_type: VOTER last_known_addr { host: "127.28.224.131" port: 36021 } }
