I20260608 13:03:04.556243 12036 raft_consensus.cc:359] T 336e62c14d2d4b51a2ca2fe29332cf9f P 96edd63988344132b641737c20f3ba64 [term 0 FOLLOWER]: Replica starting. Triggering 0 pending ops. Active config: opid_index: -1 OBSOLETE_local: false peers { permanent_uuid: "96edd63988344132b641737c20f3ba64" member_type: VOTER last_known_addr { host: "127.8.164.130" port: 39873 } } peers { permanent_uuid: "49a8d9c82c2343a7b1dcfd4933ba98a6" member_type: VOTER last_known_addr { host: "127.8.164.129" port: 39917 } } peers { permanent_uuid: "d20620d203eb41cca06ca90d23c844d7" member_type: VOTER last_known_addr { host: "127.8.164.131" port: 42529 } }
I20260608 13:03:04.557304 12036 raft_consensus.cc:385] T 336e62c14d2d4b51a2ca2fe29332cf9f P 96edd63988344132b641737c20f3ba64 [term 0 FOLLOWER]: Consensus starting up: Expiring failure detector timer to make a prompt election more likely
I20260608 13:03:04.557772 12036 raft_consensus.cc:740] T 336e62c14d2d4b51a2ca2fe29332cf9f P 96edd63988344132b641737c20f3ba64 [term 0 FOLLOWER]: Becoming Follower/Learner. State: Replica: 96edd63988344132b641737c20f3ba64, State: Initialized, Role: FOLLOWER
I20260608 13:03:04.559011 12036 consensus_queue.cc:260] T 336e62c14d2d4b51a2ca2fe29332cf9f P 96edd63988344132b641737c20f3ba64 [NON_LEADER]: Queue going to NON_LEADER mode. State: All replicated index: 0, Majority replicated index: 0, Committed index: 0, Last appended: 0.0, Last appended by leader: 0, Current term: 0, Majority size: -1, State: 0, Mode: NON_LEADER, active raft config: opid_index: -1 OBSOLETE_local: false peers { permanent_uuid: "96edd63988344132b641737c20f3ba64" member_type: VOTER last_known_addr { host: "127.8.164.130" port: 39873 } } peers { permanent_uuid: "49a8d9c82c2343a7b1dcfd4933ba98a6" member_type: VOTER last_known_addr { host: "127.8.164.129" port: 39917 } } peers { permanent_uuid: "d20620d203eb41cca06ca90d23c844d7" member_type: VOTER last_known_addr { host: "127.8.164.131" port: 42529 } }
I20260608 13:03:04.561724 12047 raft_consensus.cc:493] T f03596b294fd49acba2c57b4d1c479b0 P d20620d203eb41cca06ca90d23c844d7 [term 0 FOLLOWER]: Starting pre-election (no leader contacted us within the election timeout)
I20260608 13:03:04.562244 12047 raft_consensus.cc:515] T f03596b294fd49acba2c57b4d1c479b0 P d20620d203eb41cca06ca90d23c844d7 [term 0 FOLLOWER]: Starting pre-election with config: opid_index: -1 OBSOLETE_local: false peers { permanent_uuid: "49a8d9c82c2343a7b1dcfd4933ba98a6" member_type: VOTER last_known_addr { host: "127.8.164.129" port: 39917 } } peers { permanent_uuid: "96edd63988344132b641737c20f3ba64" member_type: VOTER last_known_addr { host: "127.8.164.130" port: 39873 } } peers { permanent_uuid: "d20620d203eb41cca06ca90d23c844d7" member_type: VOTER last_known_addr { host: "127.8.164.131" port: 42529 } }
I20260608 13:03:04.563273 12039 ts_tablet_manager.cc:1434] T f03596b294fd49acba2c57b4d1c479b0 P d20620d203eb41cca06ca90d23c844d7: Time spent starting tablet: real 0.089s	user 0.041s	sys 0.033s
I20260608 13:03:04.564445 12039 tablet_bootstrap.cc:492] T 95735c0643ad48b48669a5309212c6dc P d20620d203eb41cca06ca90d23c844d7: Bootstrap starting.
I20260608 13:03:04.569748 12036 ts_tablet_manager.cc:1434] T 336e62c14d2d4b51a2ca2fe29332cf9f P 96edd63988344132b641737c20f3ba64: Time spent starting tablet: real 0.017s	user 0.005s	sys 0.002s
I20260608 13:03:04.572162 11991 tablet_service.cc:1917] Received RequestConsensusVote() RPC: tablet_id: "b1b0f1be5bfb4c46a909c04b9a20e482" candidate_uuid: "96edd63988344132b641737c20f3ba64" candidate_term: 1 candidate_status { last_received { term: 0 index: 0 } } ignore_live_leader: false dest_uuid: "d20620d203eb41cca06ca90d23c844d7" is_pre_election: true
I20260608 13:03:04.574028 12039 tablet_bootstrap.cc:654] T 95735c0643ad48b48669a5309212c6dc P d20620d203eb41cca06ca90d23c844d7: Neither blocks nor log segments found. Creating new log.
W20260608 13:03:04.574100 11883 leader_election.cc:343] T b1b0f1be5bfb4c46a909c04b9a20e482 P 96edd63988344132b641737c20f3ba64 [CANDIDATE]: Term 1 pre-election: Tablet error from VoteRequest() call to peer d20620d203eb41cca06ca90d23c844d7 (127.8.164.131:42529): Illegal state: must be running to vote when last-logged opid is not known
I20260608 13:03:04.574894 11883 leader_election.cc:304] T b1b0f1be5bfb4c46a909c04b9a20e482 P 96edd63988344132b641737c20f3ba64 [CANDIDATE]: Term 1 pre-election: Election decided. Result: candidate lost. Election summary: received 3 responses out of 3 voters: 1 yes votes; 2 no votes. yes voters: 96edd63988344132b641737c20f3ba64; no voters: 49a8d9c82c2343a7b1dcfd4933ba98a6, d20620d203eb41cca06ca90d23c844d7
I20260608 13:03:04.576538 12041 raft_consensus.cc:2749] T b1b0f1be5bfb4c46a909c04b9a20e482 P 96edd63988344132b641737c20f3ba64 [term 0 FOLLOWER]: Leader pre-election lost for term 1. Reason: could not achieve majority
I20260608 13:03:04.578347 12047 leader_election.cc:290] T f03596b294fd49acba2c57b4d1c479b0 P d20620d203eb41cca06ca90d23c844d7 [CANDIDATE]: Term 1 pre-election: Requested pre-vote from peers 49a8d9c82c2343a7b1dcfd4933ba98a6 (127.8.164.129:39917), 96edd63988344132b641737c20f3ba64 (127.8.164.130:39873)
I20260608 13:03:04.579226 12036 tablet_bootstrap.cc:492] T 95735c0643ad48b48669a5309212c6dc P 96edd63988344132b641737c20f3ba64: Bootstrap starting.
I20260608 13:03:04.579504 12037 tablet_bootstrap.cc:492] T 1dde5585187f44e799dcadbc508580df P 49a8d9c82c2343a7b1dcfd4933ba98a6: No bootstrap required, opened a new log
I20260608 13:03:04.581073 12037 ts_tablet_manager.cc:1403] T 1dde5585187f44e799dcadbc508580df P 49a8d9c82c2343a7b1dcfd4933ba98a6: Time spent bootstrapping tablet: real 0.038s	user 0.016s	sys 0.003s
I20260608 13:03:04.585996 12039 tablet_bootstrap.cc:492] T 95735c0643ad48b48669a5309212c6dc P d20620d203eb41cca06ca90d23c844d7: No bootstrap required, opened a new log
I20260608 13:03:04.586591 12039 ts_tablet_manager.cc:1403] T 95735c0643ad48b48669a5309212c6dc P d20620d203eb41cca06ca90d23c844d7: Time spent bootstrapping tablet: real 0.022s	user 0.015s	sys 0.001s
I20260608 13:03:04.587942 12036 tablet_bootstrap.cc:654] T 95735c0643ad48b48669a5309212c6dc P 96edd63988344132b641737c20f3ba64: Neither blocks nor log segments found. Creating new log.
I20260608 13:03:04.587720 12037 raft_consensus.cc:359] T 1dde5585187f44e799dcadbc508580df P 49a8d9c82c2343a7b1dcfd4933ba98a6 [term 0 FOLLOWER]: Replica starting. Triggering 0 pending ops. Active config: opid_index: -1 OBSOLETE_local: false peers { permanent_uuid: "96edd63988344132b641737c20f3ba64" member_type: VOTER last_known_addr { host: "127.8.164.130" port: 39873 } } peers { permanent_uuid: "49a8d9c82c2343a7b1dcfd4933ba98a6" member_type: VOTER last_known_addr { host: "127.8.164.129" port: 39917 } } peers { permanent_uuid: "d20620d203eb41cca06ca90d23c844d7" member_type: VOTER last_known_addr { host: "127.8.164.131" port: 42529 } }
I20260608 13:03:04.591094 12037 raft_consensus.cc:385] T 1dde5585187f44e799dcadbc508580df P 49a8d9c82c2343a7b1dcfd4933ba98a6 [term 0 FOLLOWER]: Consensus starting up: Expiring failure detector timer to make a prompt election more likely
I20260608 13:03:04.591427 12037 raft_consensus.cc:740] T 1dde5585187f44e799dcadbc508580df P 49a8d9c82c2343a7b1dcfd4933ba98a6 [term 0 FOLLOWER]: Becoming Follower/Learner. State: Replica: 49a8d9c82c2343a7b1dcfd4933ba98a6, State: Initialized, Role: FOLLOWER
I20260608 13:03:04.592332 12037 consensus_queue.cc:260] T 1dde5585187f44e799dcadbc508580df P 49a8d9c82c2343a7b1dcfd4933ba98a6 [NON_LEADER]: Queue going to NON_LEADER mode. State: All replicated index: 0, Majority replicated index: 0, Committed index: 0, Last appended: 0.0, Last appended by leader: 0, Current term: 0, Majority size: -1, State: 0, Mode: NON_LEADER, active raft config: opid_index: -1 OBSOLETE_local: false peers { permanent_uuid: "96edd63988344132b641737c20f3ba64" member_type: VOTER last_known_addr { host: "127.8.164.130" port: 39873 } } peers { permanent_uuid: "49a8d9c82c2343a7b1dcfd4933ba98a6" member_type: VOTER last_known_addr { host: "127.8.164.129" port: 39917 } } peers { permanent_uuid: "d20620d203eb41cca06ca90d23c844d7" member_type: VOTER last_known_addr { host: "127.8.164.131" port: 42529 } }
I20260608 13:03:04.595192 12037 ts_tablet_manager.cc:1434] T 1dde5585187f44e799dcadbc508580df P 49a8d9c82c2343a7b1dcfd4933ba98a6: Time spent starting tablet: real 0.014s	user 0.003s	sys 0.003s
I20260608 13:03:04.589361 12039 raft_consensus.cc:359] T 95735c0643ad48b48669a5309212c6dc P d20620d203eb41cca06ca90d23c844d7 [term 0 FOLLOWER]: Replica starting. Triggering 0 pending ops. Active config: opid_index: -1 OBSOLETE_local: false peers { permanent_uuid: "49a8d9c82c2343a7b1dcfd4933ba98a6" member_type: VOTER last_known_addr { host: "127.8.164.129" port: 39917 } } peers { permanent_uuid: "96edd63988344132b641737c20f3ba64" member_type: VOTER last_known_addr { host: "127.8.164.130" port: 39873 } } peers { permanent_uuid: "d20620d203eb41cca06ca90d23c844d7" member_type: VOTER last_known_addr { host: "127.8.164.131" port: 42529 } }
I20260608 13:03:04.596663 12037 tablet_bootstrap.cc:492] T 336e62c14d2d4b51a2ca2fe29332cf9f P 49a8d9c82c2343a7b1dcfd4933ba98a6: Bootstrap starting.
I20260608 13:03:04.596946 12039 raft_consensus.cc:385] T 95735c0643ad48b48669a5309212c6dc P d20620d203eb41cca06ca90d23c844d7 [term 0 FOLLOWER]: Consensus starting up: Expiring failure detector timer to make a prompt election more likely
I20260608 13:03:04.597368 12039 raft_consensus.cc:740] T 95735c0643ad48b48669a5309212c6dc P d20620d203eb41cca06ca90d23c844d7 [term 0 FOLLOWER]: Becoming Follower/Learner. State: Replica: d20620d203eb41cca06ca90d23c844d7, State: Initialized, Role: FOLLOWER
I20260608 13:03:04.598384 12039 consensus_queue.cc:260] T 95735c0643ad48b48669a5309212c6dc P d20620d203eb41cca06ca90d23c844d7 [NON_LEADER]: Queue going to NON_LEADER mode. State: All replicated index: 0, Majority replicated index: 0, Committed index: 0, Last appended: 0.0, Last appended by leader: 0, Current term: 0, Majority size: -1, State: 0, Mode: NON_LEADER, active raft config: opid_index: -1 OBSOLETE_local: false peers { permanent_uuid: "49a8d9c82c2343a7b1dcfd4933ba98a6" member_type: VOTER last_known_addr { host: "127.8.164.129" port: 39917 } } peers { permanent_uuid: "96edd63988344132b641737c20f3ba64" member_type: VOTER last_known_addr { host: "127.8.164.130" port: 39873 } } peers { permanent_uuid: "d20620d203eb41cca06ca90d23c844d7" member_type: VOTER last_known_addr { host: "127.8.164.131" port: 42529 } }
I20260608 13:03:04.599027 12036 tablet_bootstrap.cc:492] T 95735c0643ad48b48669a5309212c6dc P 96edd63988344132b641737c20f3ba64: No bootstrap required, opened a new log
I20260608 13:03:04.599577 12036 ts_tablet_manager.cc:1403] T 95735c0643ad48b48669a5309212c6dc P 96edd63988344132b641737c20f3ba64: Time spent bootstrapping tablet: real 0.021s	user 0.013s	sys 0.002s
I20260608 13:03:04.600901 12039 ts_tablet_manager.cc:1434] T 95735c0643ad48b48669a5309212c6dc P d20620d203eb41cca06ca90d23c844d7: Time spent starting tablet: real 0.014s	user 0.000s	sys 0.008s
I20260608 13:03:04.602305 12039 tablet_bootstrap.cc:492] T 1dde5585187f44e799dcadbc508580df P d20620d203eb41cca06ca90d23c844d7: Bootstrap starting.
I20260608 13:03:04.602468 12036 raft_consensus.cc:359] T 95735c0643ad48b48669a5309212c6dc P 96edd63988344132b641737c20f3ba64 [term 0 FOLLOWER]: Replica starting. Triggering 0 pending ops. Active config: opid_index: -1 OBSOLETE_local: false peers { permanent_uuid: "49a8d9c82c2343a7b1dcfd4933ba98a6" member_type: VOTER last_known_addr { host: "127.8.164.129" port: 39917 } } peers { permanent_uuid: "96edd63988344132b641737c20f3ba64" member_type: VOTER last_known_addr { host: "127.8.164.130" port: 39873 } } peers { permanent_uuid: "d20620d203eb41cca06ca90d23c844d7" member_type: VOTER last_known_addr { host: "127.8.164.131" port: 42529 } }
I20260608 13:03:04.603269 12036 raft_consensus.cc:385] T 95735c0643ad48b48669a5309212c6dc P 96edd63988344132b641737c20f3ba64 [term 0 FOLLOWER]: Consensus starting up: Expiring failure detector timer to make a prompt election more likely
I20260608 13:03:04.603489 12037 tablet_bootstrap.cc:654] T 336e62c14d2d4b51a2ca2fe29332cf9f P 49a8d9c82c2343a7b1dcfd4933ba98a6: Neither blocks nor log segments found. Creating new log.
I20260608 13:03:04.603600 12036 raft_consensus.cc:740] T 95735c0643ad48b48669a5309212c6dc P 96edd63988344132b641737c20f3ba64 [term 0 FOLLOWER]: Becoming Follower/Learner. State: Replica: 96edd63988344132b641737c20f3ba64, State: Initialized, Role: FOLLOWER
I20260608 13:03:04.604707 12036 consensus_queue.cc:260] T 95735c0643ad48b48669a5309212c6dc P 96edd63988344132b641737c20f3ba64 [NON_LEADER]: Queue going to NON_LEADER mode. State: All replicated index: 0, Majority replicated index: 0, Committed index: 0, Last appended: 0.0, Last appended by leader: 0, Current term: 0, Majority size: -1, State: 0, Mode: NON_LEADER, active raft config: opid_index: -1 OBSOLETE_local: false peers { permanent_uuid: "49a8d9c82c2343a7b1dcfd4933ba98a6" member_type: VOTER last_known_addr { host: "127.8.164.129" port: 39917 } } peers { permanent_uuid: "96edd63988344132b641737c20f3ba64" member_type: VOTER last_known_addr { host: "127.8.164.130" port: 39873 } } peers { permanent_uuid: "d20620d203eb41cca06ca90d23c844d7" member_type: VOTER last_known_addr { host: "127.8.164.131" port: 42529 } }
I20260608 13:03:04.609751 12036 ts_tablet_manager.cc:1434] T 95735c0643ad48b48669a5309212c6dc P 96edd63988344132b641737c20f3ba64: Time spent starting tablet: real 0.010s	user 0.005s	sys 0.001s
I20260608 13:03:04.610925 12036 tablet_bootstrap.cc:492] T f03596b294fd49acba2c57b4d1c479b0 P 96edd63988344132b641737c20f3ba64: Bootstrap starting.
I20260608 13:03:04.614168 12039 tablet_bootstrap.cc:654] T 1dde5585187f44e799dcadbc508580df P d20620d203eb41cca06ca90d23c844d7: Neither blocks nor log segments found. Creating new log.
I20260608 13:03:04.616917 12041 raft_consensus.cc:493] T 1dde5585187f44e799dcadbc508580df P 96edd63988344132b641737c20f3ba64 [term 0 FOLLOWER]: Starting pre-election (no leader contacted us within the election timeout)
I20260608 13:03:04.617457 12041 raft_consensus.cc:515] T 1dde5585187f44e799dcadbc508580df P 96edd63988344132b641737c20f3ba64 [term 0 FOLLOWER]: Starting pre-election with config: opid_index: -1 OBSOLETE_local: false peers { permanent_uuid: "96edd63988344132b641737c20f3ba64" member_type: VOTER last_known_addr { host: "127.8.164.130" port: 39873 } } peers { permanent_uuid: "49a8d9c82c2343a7b1dcfd4933ba98a6" member_type: VOTER last_known_addr { host: "127.8.164.129" port: 39917 } } peers { permanent_uuid: "d20620d203eb41cca06ca90d23c844d7" member_type: VOTER last_known_addr { host: "127.8.164.131" port: 42529 } }
I20260608 13:03:04.619737 12041 leader_election.cc:290] T 1dde5585187f44e799dcadbc508580df P 96edd63988344132b641737c20f3ba64 [CANDIDATE]: Term 1 pre-election: Requested pre-vote from peers 49a8d9c82c2343a7b1dcfd4933ba98a6 (127.8.164.129:39917), d20620d203eb41cca06ca90d23c844d7 (127.8.164.131:42529)
I20260608 13:03:04.622349 11842 tablet_service.cc:1917] Received RequestConsensusVote() RPC: tablet_id: "1dde5585187f44e799dcadbc508580df" candidate_uuid: "96edd63988344132b641737c20f3ba64" candidate_term: 1 candidate_status { last_received { term: 0 index: 0 } } ignore_live_leader: false dest_uuid: "49a8d9c82c2343a7b1dcfd4933ba98a6" is_pre_election: true
I20260608 13:03:04.623124 11842 raft_consensus.cc:2468] T 1dde5585187f44e799dcadbc508580df P 49a8d9c82c2343a7b1dcfd4933ba98a6 [term 0 FOLLOWER]: Leader pre-election vote request: Granting yes vote for candidate 96edd63988344132b641737c20f3ba64 in term 0.
I20260608 13:03:04.624260 11991 tablet_service.cc:1917] Received RequestConsensusVote() RPC: tablet_id: "1dde5585187f44e799dcadbc508580df" candidate_uuid: "96edd63988344132b641737c20f3ba64" candidate_term: 1 candidate_status { last_received { term: 0 index: 0 } } ignore_live_leader: false dest_uuid: "d20620d203eb41cca06ca90d23c844d7" is_pre_election: true
W20260608 13:03:04.627038 11883 leader_election.cc:343] T 1dde5585187f44e799dcadbc508580df P 96edd63988344132b641737c20f3ba64 [CANDIDATE]: Term 1 pre-election: Tablet error from VoteRequest() call to peer d20620d203eb41cca06ca90d23c844d7 (127.8.164.131:42529): Illegal state: must be running to vote when last-logged opid is not known
I20260608 13:03:04.628247 11881 leader_election.cc:304] T 1dde5585187f44e799dcadbc508580df P 96edd63988344132b641737c20f3ba64 [CANDIDATE]: Term 1 pre-election: Election decided. Result: candidate won. Election summary: received 3 responses out of 3 voters: 2 yes votes; 1 no votes. yes voters: 49a8d9c82c2343a7b1dcfd4933ba98a6, 96edd63988344132b641737c20f3ba64; no voters: d20620d203eb41cca06ca90d23c844d7
I20260608 13:03:04.630141 12041 raft_consensus.cc:2804] T 1dde5585187f44e799dcadbc508580df P 96edd63988344132b641737c20f3ba64 [term 0 FOLLOWER]: Leader pre-election won for term 1
I20260608 13:03:04.630505 12041 raft_consensus.cc:493] T 1dde5585187f44e799dcadbc508580df P 96edd63988344132b641737c20f3ba64 [term 0 FOLLOWER]: Starting leader election (no leader contacted us within the election timeout)
I20260608 13:03:04.630795 11917 tablet_service.cc:1917] Received RequestConsensusVote() RPC: tablet_id: "f03596b294fd49acba2c57b4d1c479b0" candidate_uuid: "d20620d203eb41cca06ca90d23c844d7" candidate_term: 1 candidate_status { last_received { term: 0 index: 0 } } ignore_live_leader: false dest_uuid: "96edd63988344132b641737c20f3ba64" is_pre_election: true
W20260608 13:03:04.633286 11954 leader_election.cc:343] T f03596b294fd49acba2c57b4d1c479b0 P d20620d203eb41cca06ca90d23c844d7 [CANDIDATE]: Term 1 pre-election: Tablet error from VoteRequest() call to peer 96edd63988344132b641737c20f3ba64 (127.8.164.130:39873): Illegal state: must be running to vote when last-logged opid is not known
I20260608 13:03:04.630829 12041 raft_consensus.cc:3060] T 1dde5585187f44e799dcadbc508580df P 96edd63988344132b641737c20f3ba64 [term 0 FOLLOWER]: Advancing to term 1
I20260608 13:03:04.639995 11842 tablet_service.cc:1917] Received RequestConsensusVote() RPC: tablet_id: "f03596b294fd49acba2c57b4d1c479b0" candidate_uuid: "d20620d203eb41cca06ca90d23c844d7" candidate_term: 1 candidate_status { last_received { term: 0 index: 0 } } ignore_live_leader: false dest_uuid: "49a8d9c82c2343a7b1dcfd4933ba98a6" is_pre_election: true
I20260608 13:03:04.640530 12036 tablet_bootstrap.cc:654] T f03596b294fd49acba2c57b4d1c479b0 P 96edd63988344132b641737c20f3ba64: Neither blocks nor log segments found. Creating new log.
I20260608 13:03:04.640710 11842 raft_consensus.cc:2468] T f03596b294fd49acba2c57b4d1c479b0 P 49a8d9c82c2343a7b1dcfd4933ba98a6 [term 0 FOLLOWER]: Leader pre-election vote request: Granting yes vote for candidate d20620d203eb41cca06ca90d23c844d7 in term 0.
I20260608 13:03:04.642149 11955 leader_election.cc:304] T f03596b294fd49acba2c57b4d1c479b0 P d20620d203eb41cca06ca90d23c844d7 [CANDIDATE]: Term 1 pre-election: Election decided. Result: candidate won. Election summary: received 3 responses out of 3 voters: 2 yes votes; 1 no votes. yes voters: 49a8d9c82c2343a7b1dcfd4933ba98a6, d20620d203eb41cca06ca90d23c844d7; no voters: 96edd63988344132b641737c20f3ba64
I20260608 13:03:04.643446 12047 raft_consensus.cc:2804] T f03596b294fd49acba2c57b4d1c479b0 P d20620d203eb41cca06ca90d23c844d7 [term 0 FOLLOWER]: Leader pre-election won for term 1
I20260608 13:03:04.643857 12047 raft_consensus.cc:493] T f03596b294fd49acba2c57b4d1c479b0 P d20620d203eb41cca06ca90d23c844d7 [term 0 FOLLOWER]: Starting leader election (no leader contacted us within the election timeout)
I20260608 13:03:04.644275 12047 raft_consensus.cc:3060] T f03596b294fd49acba2c57b4d1c479b0 P d20620d203eb41cca06ca90d23c844d7 [term 0 FOLLOWER]: Advancing to term 1
I20260608 13:03:04.651870 12037 tablet_bootstrap.cc:492] T 336e62c14d2d4b51a2ca2fe29332cf9f P 49a8d9c82c2343a7b1dcfd4933ba98a6: No bootstrap required, opened a new log
I20260608 13:03:04.652640 12037 ts_tablet_manager.cc:1403] T 336e62c14d2d4b51a2ca2fe29332cf9f P 49a8d9c82c2343a7b1dcfd4933ba98a6: Time spent bootstrapping tablet: real 0.056s	user 0.033s	sys 0.013s
I20260608 13:03:04.657771 12047 raft_consensus.cc:515] T f03596b294fd49acba2c57b4d1c479b0 P d20620d203eb41cca06ca90d23c844d7 [term 1 FOLLOWER]: Starting leader election with config: opid_index: -1 OBSOLETE_local: false peers { permanent_uuid: "49a8d9c82c2343a7b1dcfd4933ba98a6" member_type: VOTER last_known_addr { host: "127.8.164.129" port: 39917 } } peers { permanent_uuid: "96edd63988344132b641737c20f3ba64" member_type: VOTER last_known_addr { host: "127.8.164.130" port: 39873 } } peers { permanent_uuid: "d20620d203eb41cca06ca90d23c844d7" member_type: VOTER last_known_addr { host: "127.8.164.131" port: 42529 } }
I20260608 13:03:04.659051 12036 tablet_bootstrap.cc:492] T f03596b294fd49acba2c57b4d1c479b0 P 96edd63988344132b641737c20f3ba64: No bootstrap required, opened a new log
I20260608 13:03:04.659658 12036 ts_tablet_manager.cc:1403] T f03596b294fd49acba2c57b4d1c479b0 P 96edd63988344132b641737c20f3ba64: Time spent bootstrapping tablet: real 0.049s	user 0.011s	sys 0.011s
I20260608 13:03:04.661021 11842 tablet_service.cc:1917] Received RequestConsensusVote() RPC: tablet_id: "f03596b294fd49acba2c57b4d1c479b0" candidate_uuid: "d20620d203eb41cca06ca90d23c844d7" candidate_term: 1 candidate_status { last_received { term: 0 index: 0 } } ignore_live_leader: false dest_uuid: "49a8d9c82c2343a7b1dcfd4933ba98a6"
I20260608 13:03:04.661653 11842 raft_consensus.cc:3060] T f03596b294fd49acba2c57b4d1c479b0 P 49a8d9c82c2343a7b1dcfd4933ba98a6 [term 0 FOLLOWER]: Advancing to term 1
I20260608 13:03:04.662937 12036 raft_consensus.cc:359] T f03596b294fd49acba2c57b4d1c479b0 P 96edd63988344132b641737c20f3ba64 [term 0 FOLLOWER]: Replica starting. Triggering 0 pending ops. Active config: opid_index: -1 OBSOLETE_local: false peers { permanent_uuid: "49a8d9c82c2343a7b1dcfd4933ba98a6" member_type: VOTER last_known_addr { host: "127.8.164.129" port: 39917 } } peers { permanent_uuid: "96edd63988344132b641737c20f3ba64" member_type: VOTER last_known_addr { host: "127.8.164.130" port: 39873 } } peers { permanent_uuid: "d20620d203eb41cca06ca90d23c844d7" member_type: VOTER last_known_addr { host: "127.8.164.131" port: 42529 } }
I20260608 13:03:04.663713 12036 raft_consensus.cc:385] T f03596b294fd49acba2c57b4d1c479b0 P 96edd63988344132b641737c20f3ba64 [term 0 FOLLOWER]: Consensus starting up: Expiring failure detector timer to make a prompt election more likely
I20260608 13:03:04.664039 12036 raft_consensus.cc:740] T f03596b294fd49acba2c57b4d1c479b0 P 96edd63988344132b641737c20f3ba64 [term 0 FOLLOWER]: Becoming Follower/Learner. State: Replica: 96edd63988344132b641737c20f3ba64, State: Initialized, Role: FOLLOWER
I20260608 13:03:04.664856 12036 consensus_queue.cc:260] T f03596b294fd49acba2c57b4d1c479b0 P 96edd63988344132b641737c20f3ba64 [NON_LEADER]: Queue going to NON_LEADER mode. State: All replicated index: 0, Majority replicated index: 0, Committed index: 0, Last appended: 0.0, Last appended by leader: 0, Current term: 0, Majority size: -1, State: 0, Mode: NON_LEADER, active raft config: opid_index: -1 OBSOLETE_local: false peers { permanent_uuid: "49a8d9c82c2343a7b1dcfd4933ba98a6" member_type: VOTER last_known_addr { host: "127.8.164.129" port: 39917 } } peers { permanent_uuid: "96edd63988344132b641737c20f3ba64" member_type: VOTER last_known_addr { host: "127.8.164.130" port: 39873 } } peers { permanent_uuid: "d20620d203eb41cca06ca90d23c844d7" member_type: VOTER last_known_addr { host: "127.8.164.131" port: 42529 } }
I20260608 13:03:04.659085 12037 raft_consensus.cc:359] T 336e62c14d2d4b51a2ca2fe29332cf9f P 49a8d9c82c2343a7b1dcfd4933ba98a6 [term 0 FOLLOWER]: Replica starting. Triggering 0 pending ops. Active config: opid_index: -1 OBSOLETE_local: false peers { permanent_uuid: "96edd63988344132b641737c20f3ba64" member_type: VOTER last_known_addr { host: "127.8.164.130" port: 39873 } } peers { permanent_uuid: "49a8d9c82c2343a7b1dcfd4933ba98a6" member_type: VOTER last_known_addr { host: "127.8.164.129" port: 39917 } } peers { permanent_uuid: "d20620d203eb41cca06ca90d23c844d7" member_type: VOTER last_known_addr { host: "127.8.164.131" port: 42529 } }
I20260608 13:03:04.667017 12037 raft_consensus.cc:385] T 336e62c14d2d4b51a2ca2fe29332cf9f P 49a8d9c82c2343a7b1dcfd4933ba98a6 [term 0 FOLLOWER]: Consensus starting up: Expiring failure detector timer to make a prompt election more likely
I20260608 13:03:04.667317 12037 raft_consensus.cc:740] T 336e62c14d2d4b51a2ca2fe29332cf9f P 49a8d9c82c2343a7b1dcfd4933ba98a6 [term 0 FOLLOWER]: Becoming Follower/Learner. State: Replica: 49a8d9c82c2343a7b1dcfd4933ba98a6, State: Initialized, Role: FOLLOWER
I20260608 13:03:04.668345 12037 consensus_queue.cc:260] T 336e62c14d2d4b51a2ca2fe29332cf9f P 49a8d9c82c2343a7b1dcfd4933ba98a6 [NON_LEADER]: Queue going to NON_LEADER mode. State: All replicated index: 0, Majority replicated index: 0, Committed index: 0, Last appended: 0.0, Last appended by leader: 0, Current term: 0, Majority size: -1, State: 0, Mode: NON_LEADER, active raft config: opid_index: -1 OBSOLETE_local: false peers { permanent_uuid: "96edd63988344132b641737c20f3ba64" member_type: VOTER last_known_addr { host: "127.8.164.130" port: 39873 } } peers { permanent_uuid: "49a8d9c82c2343a7b1dcfd4933ba98a6" member_type: VOTER last_known_addr { host: "127.8.164.129" port: 39917 } } peers { permanent_uuid: "d20620d203eb41cca06ca90d23c844d7" member_type: VOTER last_known_addr { host: "127.8.164.131" port: 42529 } }
I20260608 13:03:04.668699 12062 raft_consensus.cc:493] T 95735c0643ad48b48669a5309212c6dc P 96edd63988344132b641737c20f3ba64 [term 0 FOLLOWER]: Starting pre-election (no leader contacted us within the election timeout)
I20260608 13:03:04.669459 12062 raft_consensus.cc:515] T 95735c0643ad48b48669a5309212c6dc P 96edd63988344132b641737c20f3ba64 [term 0 FOLLOWER]: Starting pre-election with config: opid_index: -1 OBSOLETE_local: false peers { permanent_uuid: "49a8d9c82c2343a7b1dcfd4933ba98a6" member_type: VOTER last_known_addr { host: "127.8.164.129" port: 39917 } } peers { permanent_uuid: "96edd63988344132b641737c20f3ba64" member_type: VOTER last_known_addr { host: "127.8.164.130" port: 39873 } } peers { permanent_uuid: "d20620d203eb41cca06ca90d23c844d7" member_type: VOTER last_known_addr { host: "127.8.164.131" port: 42529 } }
I20260608 13:03:04.670627 11842 raft_consensus.cc:2468] T f03596b294fd49acba2c57b4d1c479b0 P 49a8d9c82c2343a7b1dcfd4933ba98a6 [term 1 FOLLOWER]: Leader election vote request: Granting yes vote for candidate d20620d203eb41cca06ca90d23c844d7 in term 1.
I20260608 13:03:04.672991 12037 ts_tablet_manager.cc:1434] T 336e62c14d2d4b51a2ca2fe29332cf9f P 49a8d9c82c2343a7b1dcfd4933ba98a6: Time spent starting tablet: real 0.020s	user 0.005s	sys 0.004s
I20260608 13:03:04.674042 12037 tablet_bootstrap.cc:492] T b1b0f1be5bfb4c46a909c04b9a20e482 P 49a8d9c82c2343a7b1dcfd4933ba98a6: Bootstrap starting.
I20260608 13:03:04.673846 12041 raft_consensus.cc:515] T 1dde5585187f44e799dcadbc508580df P 96edd63988344132b641737c20f3ba64 [term 1 FOLLOWER]: Starting leader election with config: opid_index: -1 OBSOLETE_local: false peers { permanent_uuid: "96edd63988344132b641737c20f3ba64" member_type: VOTER last_known_addr { host: "127.8.164.130" port: 39873 } } peers { permanent_uuid: "49a8d9c82c2343a7b1dcfd4933ba98a6" member_type: VOTER last_known_addr { host: "127.8.164.129" port: 39917 } } peers { permanent_uuid: "d20620d203eb41cca06ca90d23c844d7" member_type: VOTER last_known_addr { host: "127.8.164.131" port: 42529 } }
I20260608 13:03:04.676298 12041 leader_election.cc:290] T 1dde5585187f44e799dcadbc508580df P 96edd63988344132b641737c20f3ba64 [CANDIDATE]: Term 1 election: Requested vote from peers 49a8d9c82c2343a7b1dcfd4933ba98a6 (127.8.164.129:39917), d20620d203eb41cca06ca90d23c844d7 (127.8.164.131:42529)
I20260608 13:03:04.677434 11841 tablet_service.cc:1917] Received RequestConsensusVote() RPC: tablet_id: "1dde5585187f44e799dcadbc508580df" candidate_uuid: "96edd63988344132b641737c20f3ba64" candidate_term: 1 candidate_status { last_received { term: 0 index: 0 } } ignore_live_leader: false dest_uuid: "49a8d9c82c2343a7b1dcfd4933ba98a6"
I20260608 13:03:04.678169 11841 raft_consensus.cc:3060] T 1dde5585187f44e799dcadbc508580df P 49a8d9c82c2343a7b1dcfd4933ba98a6 [term 0 FOLLOWER]: Advancing to term 1
I20260608 13:03:04.681288 12039 tablet_bootstrap.cc:492] T 1dde5585187f44e799dcadbc508580df P d20620d203eb41cca06ca90d23c844d7: No bootstrap required, opened a new log
I20260608 13:03:04.681725 12037 tablet_bootstrap.cc:654] T b1b0f1be5bfb4c46a909c04b9a20e482 P 49a8d9c82c2343a7b1dcfd4933ba98a6: Neither blocks nor log segments found. Creating new log.
I20260608 13:03:04.681900 12039 ts_tablet_manager.cc:1403] T 1dde5585187f44e799dcadbc508580df P d20620d203eb41cca06ca90d23c844d7: Time spent bootstrapping tablet: real 0.080s	user 0.014s	sys 0.037s
I20260608 13:03:04.682374 12036 ts_tablet_manager.cc:1434] T f03596b294fd49acba2c57b4d1c479b0 P 96edd63988344132b641737c20f3ba64: Time spent starting tablet: real 0.022s	user 0.008s	sys 0.000s
I20260608 13:03:04.682907 11990 tablet_service.cc:1917] Received RequestConsensusVote() RPC: tablet_id: "95735c0643ad48b48669a5309212c6dc" candidate_uuid: "96edd63988344132b641737c20f3ba64" candidate_term: 1 candidate_status { last_received { term: 0 index: 0 } } ignore_live_leader: false dest_uuid: "d20620d203eb41cca06ca90d23c844d7" is_pre_election: true
I20260608 13:03:04.683643 11990 raft_consensus.cc:2468] T 95735c0643ad48b48669a5309212c6dc P d20620d203eb41cca06ca90d23c844d7 [term 0 FOLLOWER]: Leader pre-election vote request: Granting yes vote for candidate 96edd63988344132b641737c20f3ba64 in term 0.
I20260608 13:03:04.685966 12039 raft_consensus.cc:359] T 1dde5585187f44e799dcadbc508580df P d20620d203eb41cca06ca90d23c844d7 [term 0 FOLLOWER]: Replica starting. Triggering 0 pending ops. Active config: opid_index: -1 OBSOLETE_local: false peers { permanent_uuid: "96edd63988344132b641737c20f3ba64" member_type: VOTER last_known_addr { host: "127.8.164.130" port: 39873 } } peers { permanent_uuid: "49a8d9c82c2343a7b1dcfd4933ba98a6" member_type: VOTER last_known_addr { host: "127.8.164.129" port: 39917 } } peers { permanent_uuid: "d20620d203eb41cca06ca90d23c844d7" member_type: VOTER last_known_addr { host: "127.8.164.131" port: 42529 } }
I20260608 13:03:04.686404 11840 tablet_service.cc:1917] Received RequestConsensusVote() RPC: tablet_id: "95735c0643ad48b48669a5309212c6dc" candidate_uuid: "96edd63988344132b641737c20f3ba64" candidate_term: 1 candidate_status { last_received { term: 0 index: 0 } } ignore_live_leader: false dest_uuid: "49a8d9c82c2343a7b1dcfd4933ba98a6" is_pre_election: true
I20260608 13:03:04.686908 12039 raft_consensus.cc:385] T 1dde5585187f44e799dcadbc508580df P d20620d203eb41cca06ca90d23c844d7 [term 0 FOLLOWER]: Consensus starting up: Expiring failure detector timer to make a prompt election more likely
I20260608 13:03:04.687340 12039 raft_consensus.cc:740] T 1dde5585187f44e799dcadbc508580df P d20620d203eb41cca06ca90d23c844d7 [term 0 FOLLOWER]: Becoming Follower/Learner. State: Replica: d20620d203eb41cca06ca90d23c844d7, State: Initialized, Role: FOLLOWER
I20260608 13:03:04.687386 11840 raft_consensus.cc:2468] T 95735c0643ad48b48669a5309212c6dc P 49a8d9c82c2343a7b1dcfd4933ba98a6 [term 0 FOLLOWER]: Leader pre-election vote request: Granting yes vote for candidate 96edd63988344132b641737c20f3ba64 in term 0.
I20260608 13:03:04.688481 12039 consensus_queue.cc:260] T 1dde5585187f44e799dcadbc508580df P d20620d203eb41cca06ca90d23c844d7 [NON_LEADER]: Queue going to NON_LEADER mode. State: All replicated index: 0, Majority replicated index: 0, Committed index: 0, Last appended: 0.0, Last appended by leader: 0, Current term: 0, Majority size: -1, State: 0, Mode: NON_LEADER, active raft config: opid_index: -1 OBSOLETE_local: false peers { permanent_uuid: "96edd63988344132b641737c20f3ba64" member_type: VOTER last_known_addr { host: "127.8.164.130" port: 39873 } } peers { permanent_uuid: "49a8d9c82c2343a7b1dcfd4933ba98a6" member_type: VOTER last_known_addr { host: "127.8.164.129" port: 39917 } } peers { permanent_uuid: "d20620d203eb41cca06ca90d23c844d7" member_type: VOTER last_known_addr { host: "127.8.164.131" port: 42529 } }
I20260608 13:03:04.689642 11883 leader_election.cc:304] T 95735c0643ad48b48669a5309212c6dc P 96edd63988344132b641737c20f3ba64 [CANDIDATE]: Term 1 pre-election: Election decided. Result: candidate won. Election summary: received 2 responses out of 3 voters: 2 yes votes; 0 no votes. yes voters: 96edd63988344132b641737c20f3ba64, d20620d203eb41cca06ca90d23c844d7; no voters: 
I20260608 13:03:04.681831 11991 tablet_service.cc:1917] Received RequestConsensusVote() RPC: tablet_id: "1dde5585187f44e799dcadbc508580df" candidate_uuid: "96edd63988344132b641737c20f3ba64" candidate_term: 1 candidate_status { last_received { term: 0 index: 0 } } ignore_live_leader: false dest_uuid: "d20620d203eb41cca06ca90d23c844d7"
I20260608 13:03:04.691036 11991 raft_consensus.cc:3060] T 1dde5585187f44e799dcadbc508580df P d20620d203eb41cca06ca90d23c844d7 [term 0 FOLLOWER]: Advancing to term 1
I20260608 13:03:04.691047 12063 raft_consensus.cc:2804] T 95735c0643ad48b48669a5309212c6dc P 96edd63988344132b641737c20f3ba64 [term 0 FOLLOWER]: Leader pre-election won for term 1
I20260608 13:03:04.691675 12039 ts_tablet_manager.cc:1434] T 1dde5585187f44e799dcadbc508580df P d20620d203eb41cca06ca90d23c844d7: Time spent starting tablet: real 0.009s	user 0.007s	sys 0.000s
I20260608 13:03:04.692015 12063 raft_consensus.cc:493] T 95735c0643ad48b48669a5309212c6dc P 96edd63988344132b641737c20f3ba64 [term 0 FOLLOWER]: Starting leader election (no leader contacted us within the election timeout)
I20260608 13:03:04.692539 12063 raft_consensus.cc:3060] T 95735c0643ad48b48669a5309212c6dc P 96edd63988344132b641737c20f3ba64 [term 0 FOLLOWER]: Advancing to term 1
I20260608 13:03:04.693089 12039 tablet_bootstrap.cc:492] T b1b0f1be5bfb4c46a909c04b9a20e482 P d20620d203eb41cca06ca90d23c844d7: Bootstrap starting.
I20260608 13:03:04.694922 12036 tablet_bootstrap.cc:492] T 07abecd64c734a62b800d216775ffd64 P 96edd63988344132b641737c20f3ba64: Bootstrap starting.
I20260608 13:03:04.701236 12039 tablet_bootstrap.cc:654] T b1b0f1be5bfb4c46a909c04b9a20e482 P d20620d203eb41cca06ca90d23c844d7: Neither blocks nor log segments found. Creating new log.
I20260608 13:03:04.677601 12062 leader_election.cc:290] T 95735c0643ad48b48669a5309212c6dc P 96edd63988344132b641737c20f3ba64 [CANDIDATE]: Term 1 pre-election: Requested pre-vote from peers 49a8d9c82c2343a7b1dcfd4933ba98a6 (127.8.164.129:39917), d20620d203eb41cca06ca90d23c844d7 (127.8.164.131:42529)
I20260608 13:03:04.715302 12036 tablet_bootstrap.cc:654] T 07abecd64c734a62b800d216775ffd64 P 96edd63988344132b641737c20f3ba64: Neither blocks nor log segments found. Creating new log.
I20260608 13:03:04.716763 11991 raft_consensus.cc:2468] T 1dde5585187f44e799dcadbc508580df P d20620d203eb41cca06ca90d23c844d7 [term 1 FOLLOWER]: Leader election vote request: Granting yes vote for candidate 96edd63988344132b641737c20f3ba64 in term 1.
I20260608 13:03:04.711011 12063 raft_consensus.cc:515] T 95735c0643ad48b48669a5309212c6dc P 96edd63988344132b641737c20f3ba64 [term 1 FOLLOWER]: Starting leader election with config: opid_index: -1 OBSOLETE_local: false peers { permanent_uuid: "49a8d9c82c2343a7b1dcfd4933ba98a6" member_type: VOTER last_known_addr { host: "127.8.164.129" port: 39917 } } peers { permanent_uuid: "96edd63988344132b641737c20f3ba64" member_type: VOTER last_known_addr { host: "127.8.164.130" port: 39873 } } peers { permanent_uuid: "d20620d203eb41cca06ca90d23c844d7" member_type: VOTER last_known_addr { host: "127.8.164.131" port: 42529 } }
I20260608 13:03:04.720752 11955 leader_election.cc:304] T f03596b294fd49acba2c57b4d1c479b0 P d20620d203eb41cca06ca90d23c844d7 [CANDIDATE]: Term 1 election: Election decided. Result: candidate won. Election summary: received 2 responses out of 3 voters: 2 yes votes; 0 no votes. yes voters: 49a8d9c82c2343a7b1dcfd4933ba98a6, d20620d203eb41cca06ca90d23c844d7; no voters: 
I20260608 13:03:04.721829 12052 raft_consensus.cc:2804] T f03596b294fd49acba2c57b4d1c479b0 P d20620d203eb41cca06ca90d23c844d7 [term 1 FOLLOWER]: Leader election won for term 1
I20260608 13:03:04.722113 11917 tablet_service.cc:1917] Received RequestConsensusVote() RPC: tablet_id: "f03596b294fd49acba2c57b4d1c479b0" candidate_uuid: "d20620d203eb41cca06ca90d23c844d7" candidate_term: 1 candidate_status { last_received { term: 0 index: 0 } } ignore_live_leader: false dest_uuid: "96edd63988344132b641737c20f3ba64"
I20260608 13:03:04.722770 11917 raft_consensus.cc:3060] T f03596b294fd49acba2c57b4d1c479b0 P 96edd63988344132b641737c20f3ba64 [term 0 FOLLOWER]: Advancing to term 1
I20260608 13:03:04.722261 11883 leader_election.cc:304] T 1dde5585187f44e799dcadbc508580df P 96edd63988344132b641737c20f3ba64 [CANDIDATE]: Term 1 election: Election decided. Result: candidate won. Election summary: received 2 responses out of 3 voters: 2 yes votes; 0 no votes. yes voters: 96edd63988344132b641737c20f3ba64, d20620d203eb41cca06ca90d23c844d7; no voters: 
I20260608 13:03:04.724129 12047 leader_election.cc:290] T f03596b294fd49acba2c57b4d1c479b0 P d20620d203eb41cca06ca90d23c844d7 [CANDIDATE]: Term 1 election: Requested vote from peers 49a8d9c82c2343a7b1dcfd4933ba98a6 (127.8.164.129:39917), 96edd63988344132b641737c20f3ba64 (127.8.164.130:39873)
W20260608 13:03:04.725183 11788 auto_rebalancer.cc:259] Could not retrieve cluster info: Service unavailable: Tablet not running
I20260608 13:03:04.726738 12037 tablet_bootstrap.cc:492] T b1b0f1be5bfb4c46a909c04b9a20e482 P 49a8d9c82c2343a7b1dcfd4933ba98a6: No bootstrap required, opened a new log
I20260608 13:03:04.727451 12037 ts_tablet_manager.cc:1403] T b1b0f1be5bfb4c46a909c04b9a20e482 P 49a8d9c82c2343a7b1dcfd4933ba98a6: Time spent bootstrapping tablet: real 0.054s	user 0.029s	sys 0.016s
I20260608 13:03:04.728200 11793 auto_leader_rebalancer.cc:140] leader rebalance for table range_aware_rebalance_new_range
W20260608 13:03:04.729241 11793 auto_leader_rebalancer.cc:460] the master instance isn't leader: Service unavailable: Tablet not running
I20260608 13:03:04.731659 12037 raft_consensus.cc:359] T b1b0f1be5bfb4c46a909c04b9a20e482 P 49a8d9c82c2343a7b1dcfd4933ba98a6 [term 0 FOLLOWER]: Replica starting. Triggering 0 pending ops. Active config: opid_index: -1 OBSOLETE_local: false peers { permanent_uuid: "96edd63988344132b641737c20f3ba64" member_type: VOTER last_known_addr { host: "127.8.164.130" port: 39873 } } peers { permanent_uuid: "49a8d9c82c2343a7b1dcfd4933ba98a6" member_type: VOTER last_known_addr { host: "127.8.164.129" port: 39917 } } peers { permanent_uuid: "d20620d203eb41cca06ca90d23c844d7" member_type: VOTER last_known_addr { host: "127.8.164.131" port: 42529 } }
I20260608 13:03:04.732671 12037 raft_consensus.cc:385] T b1b0f1be5bfb4c46a909c04b9a20e482 P 49a8d9c82c2343a7b1dcfd4933ba98a6 [term 0 FOLLOWER]: Consensus starting up: Expiring failure detector timer to make a prompt election more likely
I20260608 13:03:04.733043 12037 raft_consensus.cc:740] T b1b0f1be5bfb4c46a909c04b9a20e482 P 49a8d9c82c2343a7b1dcfd4933ba98a6 [term 0 FOLLOWER]: Becoming Follower/Learner. State: Replica: 49a8d9c82c2343a7b1dcfd4933ba98a6, State: Initialized, Role: FOLLOWER
I20260608 13:03:04.734514 12062 raft_consensus.cc:2804] T 1dde5585187f44e799dcadbc508580df P 96edd63988344132b641737c20f3ba64 [term 1 FOLLOWER]: Leader election won for term 1
I20260608 13:03:04.735220 12062 raft_consensus.cc:697] T 1dde5585187f44e799dcadbc508580df P 96edd63988344132b641737c20f3ba64 [term 1 LEADER]: Becoming Leader. State: Replica: 96edd63988344132b641737c20f3ba64, State: Running, Role: LEADER
I20260608 13:03:04.738688 12052 raft_consensus.cc:697] T f03596b294fd49acba2c57b4d1c479b0 P d20620d203eb41cca06ca90d23c844d7 [term 1 LEADER]: Becoming Leader. State: Replica: d20620d203eb41cca06ca90d23c844d7, State: Running, Role: LEADER
I20260608 13:03:04.739874 12037 consensus_queue.cc:260] T b1b0f1be5bfb4c46a909c04b9a20e482 P 49a8d9c82c2343a7b1dcfd4933ba98a6 [NON_LEADER]: Queue going to NON_LEADER mode. State: All replicated index: 0, Majority replicated index: 0, Committed index: 0, Last appended: 0.0, Last appended by leader: 0, Current term: 0, Majority size: -1, State: 0, Mode: NON_LEADER, active raft config: opid_index: -1 OBSOLETE_local: false peers { permanent_uuid: "96edd63988344132b641737c20f3ba64" member_type: VOTER last_known_addr { host: "127.8.164.130" port: 39873 } } peers { permanent_uuid: "49a8d9c82c2343a7b1dcfd4933ba98a6" member_type: VOTER last_known_addr { host: "127.8.164.129" port: 39917 } } peers { permanent_uuid: "d20620d203eb41cca06ca90d23c844d7" member_type: VOTER last_known_addr { host: "127.8.164.131" port: 42529 } }
I20260608 13:03:04.745167 12042 raft_consensus.cc:493] T 336e62c14d2d4b51a2ca2fe29332cf9f P 49a8d9c82c2343a7b1dcfd4933ba98a6 [term 0 FOLLOWER]: Starting pre-election (no leader contacted us within the election timeout)
I20260608 13:03:04.745708 12042 raft_consensus.cc:515] T 336e62c14d2d4b51a2ca2fe29332cf9f P 49a8d9c82c2343a7b1dcfd4933ba98a6 [term 0 FOLLOWER]: Starting pre-election with config: opid_index: -1 OBSOLETE_local: false peers { permanent_uuid: "96edd63988344132b641737c20f3ba64" member_type: VOTER last_known_addr { host: "127.8.164.130" port: 39873 } } peers { permanent_uuid: "49a8d9c82c2343a7b1dcfd4933ba98a6" member_type: VOTER last_known_addr { host: "127.8.164.129" port: 39917 } } peers { permanent_uuid: "d20620d203eb41cca06ca90d23c844d7" member_type: VOTER last_known_addr { host: "127.8.164.131" port: 42529 } }
I20260608 13:03:04.752279 12063 leader_election.cc:290] T 95735c0643ad48b48669a5309212c6dc P 96edd63988344132b641737c20f3ba64 [CANDIDATE]: Term 1 election: Requested vote from peers 49a8d9c82c2343a7b1dcfd4933ba98a6 (127.8.164.129:39917), d20620d203eb41cca06ca90d23c844d7 (127.8.164.131:42529)
I20260608 13:03:04.751385 12039 tablet_bootstrap.cc:492] T b1b0f1be5bfb4c46a909c04b9a20e482 P d20620d203eb41cca06ca90d23c844d7: No bootstrap required, opened a new log
I20260608 13:03:04.744746 12052 consensus_queue.cc:237] T f03596b294fd49acba2c57b4d1c479b0 P d20620d203eb41cca06ca90d23c844d7 [LEADER]: Queue going to LEADER mode. State: All replicated index: 0, Majority replicated index: 0, Committed index: 0, Last appended: 0.0, Last appended by leader: 0, Current term: 1, Majority size: 2, State: 0, Mode: LEADER, active raft config: opid_index: -1 OBSOLETE_local: false peers { permanent_uuid: "49a8d9c82c2343a7b1dcfd4933ba98a6" member_type: VOTER last_known_addr { host: "127.8.164.129" port: 39917 } } peers { permanent_uuid: "96edd63988344132b641737c20f3ba64" member_type: VOTER last_known_addr { host: "127.8.164.130" port: 39873 } } peers { permanent_uuid: "d20620d203eb41cca06ca90d23c844d7" member_type: VOTER last_known_addr { host: "127.8.164.131" port: 42529 } }
I20260608 13:03:04.754094 12039 ts_tablet_manager.cc:1403] T b1b0f1be5bfb4c46a909c04b9a20e482 P d20620d203eb41cca06ca90d23c844d7: Time spent bootstrapping tablet: real 0.061s	user 0.021s	sys 0.011s
I20260608 13:03:04.756523 11991 tablet_service.cc:1917] Received RequestConsensusVote() RPC: tablet_id: "95735c0643ad48b48669a5309212c6dc" candidate_uuid: "96edd63988344132b641737c20f3ba64" candidate_term: 1 candidate_status { last_received { term: 0 index: 0 } } ignore_live_leader: false dest_uuid: "d20620d203eb41cca06ca90d23c844d7"
I20260608 13:03:04.754354 12042 leader_election.cc:290] T 336e62c14d2d4b51a2ca2fe29332cf9f P 49a8d9c82c2343a7b1dcfd4933ba98a6 [CANDIDATE]: Term 1 pre-election: Requested pre-vote from peers 96edd63988344132b641737c20f3ba64 (127.8.164.130:39873), d20620d203eb41cca06ca90d23c844d7 (127.8.164.131:42529)
I20260608 13:03:04.757160 11991 raft_consensus.cc:3060] T 95735c0643ad48b48669a5309212c6dc P d20620d203eb41cca06ca90d23c844d7 [term 0 FOLLOWER]: Advancing to term 1
I20260608 13:03:04.746276 12062 consensus_queue.cc:237] T 1dde5585187f44e799dcadbc508580df P 96edd63988344132b641737c20f3ba64 [LEADER]: Queue going to LEADER mode. State: All replicated index: 0, Majority replicated index: 0, Committed index: 0, Last appended: 0.0, Last appended by leader: 0, Current term: 1, Majority size: 2, State: 0, Mode: LEADER, active raft config: opid_index: -1 OBSOLETE_local: false peers { permanent_uuid: "96edd63988344132b641737c20f3ba64" member_type: VOTER last_known_addr { host: "127.8.164.130" port: 39873 } } peers { permanent_uuid: "49a8d9c82c2343a7b1dcfd4933ba98a6" member_type: VOTER last_known_addr { host: "127.8.164.129" port: 39917 } } peers { permanent_uuid: "d20620d203eb41cca06ca90d23c844d7" member_type: VOTER last_known_addr { host: "127.8.164.131" port: 42529 } }
I20260608 13:03:04.759166 12039 raft_consensus.cc:359] T b1b0f1be5bfb4c46a909c04b9a20e482 P d20620d203eb41cca06ca90d23c844d7 [term 0 FOLLOWER]: Replica starting. Triggering 0 pending ops. Active config: opid_index: -1 OBSOLETE_local: false peers { permanent_uuid: "96edd63988344132b641737c20f3ba64" member_type: VOTER last_known_addr { host: "127.8.164.130" port: 39873 } } peers { permanent_uuid: "49a8d9c82c2343a7b1dcfd4933ba98a6" member_type: VOTER last_known_addr { host: "127.8.164.129" port: 39917 } } peers { permanent_uuid: "d20620d203eb41cca06ca90d23c844d7" member_type: VOTER last_known_addr { host: "127.8.164.131" port: 42529 } }
I20260608 13:03:04.759986 12039 raft_consensus.cc:385] T b1b0f1be5bfb4c46a909c04b9a20e482 P d20620d203eb41cca06ca90d23c844d7 [term 0 FOLLOWER]: Consensus starting up: Expiring failure detector timer to make a prompt election more likely
I20260608 13:03:04.760037 11916 tablet_service.cc:1917] Received RequestConsensusVote() RPC: tablet_id: "336e62c14d2d4b51a2ca2fe29332cf9f" candidate_uuid: "49a8d9c82c2343a7b1dcfd4933ba98a6" candidate_term: 1 candidate_status { last_received { term: 0 index: 0 } } ignore_live_leader: false dest_uuid: "96edd63988344132b641737c20f3ba64" is_pre_election: true
I20260608 13:03:04.760470 12039 raft_consensus.cc:740] T b1b0f1be5bfb4c46a909c04b9a20e482 P d20620d203eb41cca06ca90d23c844d7 [term 0 FOLLOWER]: Becoming Follower/Learner. State: Replica: d20620d203eb41cca06ca90d23c844d7, State: Initialized, Role: FOLLOWER
I20260608 13:03:04.760874 11916 raft_consensus.cc:2468] T 336e62c14d2d4b51a2ca2fe29332cf9f P 96edd63988344132b641737c20f3ba64 [term 0 FOLLOWER]: Leader pre-election vote request: Granting yes vote for candidate 49a8d9c82c2343a7b1dcfd4933ba98a6 in term 0.
I20260608 13:03:04.761348 12039 consensus_queue.cc:260] T b1b0f1be5bfb4c46a909c04b9a20e482 P d20620d203eb41cca06ca90d23c844d7 [NON_LEADER]: Queue going to NON_LEADER mode. State: All replicated index: 0, Majority replicated index: 0, Committed index: 0, Last appended: 0.0, Last appended by leader: 0, Current term: 0, Majority size: -1, State: 0, Mode: NON_LEADER, active raft config: opid_index: -1 OBSOLETE_local: false peers { permanent_uuid: "96edd63988344132b641737c20f3ba64" member_type: VOTER last_known_addr { host: "127.8.164.130" port: 39873 } } peers { permanent_uuid: "49a8d9c82c2343a7b1dcfd4933ba98a6" member_type: VOTER last_known_addr { host: "127.8.164.129" port: 39917 } } peers { permanent_uuid: "d20620d203eb41cca06ca90d23c844d7" member_type: VOTER last_known_addr { host: "127.8.164.131" port: 42529 } }
I20260608 13:03:04.762506 11805 leader_election.cc:304] T 336e62c14d2d4b51a2ca2fe29332cf9f P 49a8d9c82c2343a7b1dcfd4933ba98a6 [CANDIDATE]: Term 1 pre-election: Election decided. Result: candidate won. Election summary: received 2 responses out of 3 voters: 2 yes votes; 0 no votes. yes voters: 49a8d9c82c2343a7b1dcfd4933ba98a6, 96edd63988344132b641737c20f3ba64; no voters: 
I20260608 13:03:04.763744 12039 ts_tablet_manager.cc:1434] T b1b0f1be5bfb4c46a909c04b9a20e482 P d20620d203eb41cca06ca90d23c844d7: Time spent starting tablet: real 0.007s	user 0.004s	sys 0.000s
I20260608 13:03:04.764461 11990 tablet_service.cc:1917] Received RequestConsensusVote() RPC: tablet_id: "336e62c14d2d4b51a2ca2fe29332cf9f" candidate_uuid: "49a8d9c82c2343a7b1dcfd4933ba98a6" candidate_term: 1 candidate_status { last_received { term: 0 index: 0 } } ignore_live_leader: false dest_uuid: "d20620d203eb41cca06ca90d23c844d7" is_pre_election: true
I20260608 13:03:04.764879 12039 tablet_bootstrap.cc:492] T 336e62c14d2d4b51a2ca2fe29332cf9f P d20620d203eb41cca06ca90d23c844d7: Bootstrap starting.
I20260608 13:03:04.753675 11842 tablet_service.cc:1917] Received RequestConsensusVote() RPC: tablet_id: "95735c0643ad48b48669a5309212c6dc" candidate_uuid: "96edd63988344132b641737c20f3ba64" candidate_term: 1 candidate_status { last_received { term: 0 index: 0 } } ignore_live_leader: false dest_uuid: "49a8d9c82c2343a7b1dcfd4933ba98a6"
I20260608 13:03:04.766176 11842 raft_consensus.cc:3060] T 95735c0643ad48b48669a5309212c6dc P 49a8d9c82c2343a7b1dcfd4933ba98a6 [term 0 FOLLOWER]: Advancing to term 1
W20260608 13:03:04.770226 11808 leader_election.cc:343] T 336e62c14d2d4b51a2ca2fe29332cf9f P 49a8d9c82c2343a7b1dcfd4933ba98a6 [CANDIDATE]: Term 1 pre-election: Tablet error from VoteRequest() call to peer d20620d203eb41cca06ca90d23c844d7 (127.8.164.131:42529): Illegal state: must be running to vote when last-logged opid is not known
I20260608 13:03:04.774627 11917 raft_consensus.cc:2468] T f03596b294fd49acba2c57b4d1c479b0 P 96edd63988344132b641737c20f3ba64 [term 1 FOLLOWER]: Leader election vote request: Granting yes vote for candidate d20620d203eb41cca06ca90d23c844d7 in term 1.
I20260608 13:03:04.775527 12039 tablet_bootstrap.cc:654] T 336e62c14d2d4b51a2ca2fe29332cf9f P d20620d203eb41cca06ca90d23c844d7: Neither blocks nor log segments found. Creating new log.
I20260608 13:03:04.773458 12042 raft_consensus.cc:2804] T 336e62c14d2d4b51a2ca2fe29332cf9f P 49a8d9c82c2343a7b1dcfd4933ba98a6 [term 0 FOLLOWER]: Leader pre-election won for term 1
