I20260608 13:03:53.575520  1519 raft_consensus.cc:515] T 2ad53be21cfe49b296da24315cbf88c4 P c8a82f81fc44461cb35c2d9b8033266e [term 1 FOLLOWER]: Starting leader election with config: opid_index: -1 OBSOLETE_local: false peers { permanent_uuid: "c8a82f81fc44461cb35c2d9b8033266e" member_type: VOTER last_known_addr { host: "127.28.149.65" port: 43249 } } peers { permanent_uuid: "7e7194df771442baaea1b37da6f6280c" member_type: VOTER last_known_addr { host: "127.28.149.66" port: 46555 } } peers { permanent_uuid: "eb23ee296c4148aa8a92f3b2ee78b96e" member_type: VOTER last_known_addr { host: "127.28.149.67" port: 38835 } }
I20260608 13:03:53.577171  1520 raft_consensus.cc:2804] T b1deed5b85ee4696bd1c8381e07dc671 P 7e7194df771442baaea1b37da6f6280c [term 1 FOLLOWER]: Leader election won for term 1
I20260608 13:03:53.577968  1520 raft_consensus.cc:697] T b1deed5b85ee4696bd1c8381e07dc671 P 7e7194df771442baaea1b37da6f6280c [term 1 LEADER]: Becoming Leader. State: Replica: 7e7194df771442baaea1b37da6f6280c, State: Running, Role: LEADER
I20260608 13:03:53.579265  1520 consensus_queue.cc:237] T b1deed5b85ee4696bd1c8381e07dc671 P 7e7194df771442baaea1b37da6f6280c [LEADER]: Queue going to LEADER mode. State: All replicated index: 0, Majority replicated index: 0, Committed index: 0, Last appended: 0.0, Last appended by leader: 0, Current term: 1, Majority size: 2, State: 0, Mode: LEADER, active raft config: opid_index: -1 OBSOLETE_local: false peers { permanent_uuid: "7e7194df771442baaea1b37da6f6280c" member_type: VOTER last_known_addr { host: "127.28.149.66" port: 46555 } } peers { permanent_uuid: "c8a82f81fc44461cb35c2d9b8033266e" member_type: VOTER last_known_addr { host: "127.28.149.65" port: 43249 } } peers { permanent_uuid: "eb23ee296c4148aa8a92f3b2ee78b96e" member_type: VOTER last_known_addr { host: "127.28.149.67" port: 38835 } }
I20260608 13:03:53.583855  1514 tablet_bootstrap.cc:492] T ead8bf9d857248a89ae0135f770a04dd P c8a82f81fc44461cb35c2d9b8033266e: No bootstrap required, opened a new log
I20260608 13:03:53.584403  1514 ts_tablet_manager.cc:1403] T ead8bf9d857248a89ae0135f770a04dd P c8a82f81fc44461cb35c2d9b8033266e: Time spent bootstrapping tablet: real 0.055s	user 0.016s	sys 0.000s
I20260608 13:03:53.584632  1434 leader_election.cc:304] T 201b8a6140984ef788cc8956b8ace6f3 P eb23ee296c4148aa8a92f3b2ee78b96e [CANDIDATE]: Term 1 pre-election: Election decided. Result: candidate won. Election summary: received 3 responses out of 3 voters: 2 yes votes; 1 no votes. yes voters: c8a82f81fc44461cb35c2d9b8033266e, eb23ee296c4148aa8a92f3b2ee78b96e; no voters: 7e7194df771442baaea1b37da6f6280c
I20260608 13:03:53.586124  1521 raft_consensus.cc:2804] T 201b8a6140984ef788cc8956b8ace6f3 P eb23ee296c4148aa8a92f3b2ee78b96e [term 0 FOLLOWER]: Leader pre-election won for term 1
I20260608 13:03:53.586566  1521 raft_consensus.cc:493] T 201b8a6140984ef788cc8956b8ace6f3 P eb23ee296c4148aa8a92f3b2ee78b96e [term 0 FOLLOWER]: Starting leader election (no leader contacted us within the election timeout)
I20260608 13:03:53.586936  1521 raft_consensus.cc:3060] T 201b8a6140984ef788cc8956b8ace6f3 P eb23ee296c4148aa8a92f3b2ee78b96e [term 0 FOLLOWER]: Advancing to term 1
I20260608 13:03:53.587774  1514 raft_consensus.cc:359] T ead8bf9d857248a89ae0135f770a04dd P c8a82f81fc44461cb35c2d9b8033266e [term 0 FOLLOWER]: Replica starting. Triggering 0 pending ops. Active config: opid_index: -1 OBSOLETE_local: false peers { permanent_uuid: "c8a82f81fc44461cb35c2d9b8033266e" member_type: VOTER last_known_addr { host: "127.28.149.65" port: 43249 } } peers { permanent_uuid: "7e7194df771442baaea1b37da6f6280c" member_type: VOTER last_known_addr { host: "127.28.149.66" port: 46555 } } peers { permanent_uuid: "eb23ee296c4148aa8a92f3b2ee78b96e" member_type: VOTER last_known_addr { host: "127.28.149.67" port: 38835 } }
I20260608 13:03:53.588526  1514 raft_consensus.cc:385] T ead8bf9d857248a89ae0135f770a04dd P c8a82f81fc44461cb35c2d9b8033266e [term 0 FOLLOWER]: Consensus starting up: Expiring failure detector timer to make a prompt election more likely
I20260608 13:03:53.588835  1514 raft_consensus.cc:740] T ead8bf9d857248a89ae0135f770a04dd P c8a82f81fc44461cb35c2d9b8033266e [term 0 FOLLOWER]: Becoming Follower/Learner. State: Replica: c8a82f81fc44461cb35c2d9b8033266e, State: Initialized, Role: FOLLOWER
I20260608 13:03:53.593402  1514 consensus_queue.cc:260] T ead8bf9d857248a89ae0135f770a04dd P c8a82f81fc44461cb35c2d9b8033266e [NON_LEADER]: Queue going to NON_LEADER mode. State: All replicated index: 0, Majority replicated index: 0, Committed index: 0, Last appended: 0.0, Last appended by leader: 0, Current term: 0, Majority size: -1, State: 0, Mode: NON_LEADER, active raft config: opid_index: -1 OBSOLETE_local: false peers { permanent_uuid: "c8a82f81fc44461cb35c2d9b8033266e" member_type: VOTER last_known_addr { host: "127.28.149.65" port: 43249 } } peers { permanent_uuid: "7e7194df771442baaea1b37da6f6280c" member_type: VOTER last_known_addr { host: "127.28.149.66" port: 46555 } } peers { permanent_uuid: "eb23ee296c4148aa8a92f3b2ee78b96e" member_type: VOTER last_known_addr { host: "127.28.149.67" port: 38835 } }
I20260608 13:03:53.593137  1468 tablet_service.cc:1917] Received RequestConsensusVote() RPC: tablet_id: "2ad53be21cfe49b296da24315cbf88c4" candidate_uuid: "c8a82f81fc44461cb35c2d9b8033266e" candidate_term: 1 candidate_status { last_received { term: 0 index: 0 } } ignore_live_leader: false dest_uuid: "eb23ee296c4148aa8a92f3b2ee78b96e"
I20260608 13:03:53.595090  1468 raft_consensus.cc:3060] T 2ad53be21cfe49b296da24315cbf88c4 P eb23ee296c4148aa8a92f3b2ee78b96e [term 0 FOLLOWER]: Advancing to term 1
I20260608 13:03:53.596040  1514 ts_tablet_manager.cc:1434] T ead8bf9d857248a89ae0135f770a04dd P c8a82f81fc44461cb35c2d9b8033266e: Time spent starting tablet: real 0.011s	user 0.006s	sys 0.000s
I20260608 13:03:53.597218  1514 tablet_bootstrap.cc:492] T 954a00dcd1214956aa5a13fd9e684746 P c8a82f81fc44461cb35c2d9b8033266e: Bootstrap starting.
I20260608 13:03:53.597138  1521 raft_consensus.cc:515] T 201b8a6140984ef788cc8956b8ace6f3 P eb23ee296c4148aa8a92f3b2ee78b96e [term 1 FOLLOWER]: Starting leader election with config: opid_index: -1 OBSOLETE_local: false peers { permanent_uuid: "c8a82f81fc44461cb35c2d9b8033266e" member_type: VOTER last_known_addr { host: "127.28.149.65" port: 43249 } } peers { permanent_uuid: "7e7194df771442baaea1b37da6f6280c" member_type: VOTER last_known_addr { host: "127.28.149.66" port: 46555 } } peers { permanent_uuid: "eb23ee296c4148aa8a92f3b2ee78b96e" member_type: VOTER last_known_addr { host: "127.28.149.67" port: 38835 } }
I20260608 13:03:53.583649  1319 raft_consensus.cc:2468] T b1deed5b85ee4696bd1c8381e07dc671 P c8a82f81fc44461cb35c2d9b8033266e [term 1 FOLLOWER]: Leader election vote request: Granting yes vote for candidate 7e7194df771442baaea1b37da6f6280c in term 1.
I20260608 13:03:53.603332  1318 tablet_service.cc:1917] Received RequestConsensusVote() RPC: tablet_id: "201b8a6140984ef788cc8956b8ace6f3" candidate_uuid: "eb23ee296c4148aa8a92f3b2ee78b96e" candidate_term: 1 candidate_status { last_received { term: 0 index: 0 } } ignore_live_leader: false dest_uuid: "c8a82f81fc44461cb35c2d9b8033266e"
I20260608 13:03:53.604112  1318 raft_consensus.cc:3060] T 201b8a6140984ef788cc8956b8ace6f3 P c8a82f81fc44461cb35c2d9b8033266e [term 0 FOLLOWER]: Advancing to term 1
I20260608 13:03:53.603273  1394 tablet_service.cc:1917] Received RequestConsensusVote() RPC: tablet_id: "2ad53be21cfe49b296da24315cbf88c4" candidate_uuid: "c8a82f81fc44461cb35c2d9b8033266e" candidate_term: 1 candidate_status { last_received { term: 0 index: 0 } } ignore_live_leader: false dest_uuid: "7e7194df771442baaea1b37da6f6280c"
I20260608 13:03:53.606241  1394 raft_consensus.cc:3060] T 2ad53be21cfe49b296da24315cbf88c4 P 7e7194df771442baaea1b37da6f6280c [term 0 FOLLOWER]: Advancing to term 1
I20260608 13:03:53.607115  1558 raft_consensus.cc:515] T a9ae19d309c546b58927573eb94ab160 P c8a82f81fc44461cb35c2d9b8033266e [term 1 FOLLOWER]: Starting leader election with config: opid_index: -1 OBSOLETE_local: false peers { permanent_uuid: "c8a82f81fc44461cb35c2d9b8033266e" member_type: VOTER last_known_addr { host: "127.28.149.65" port: 43249 } } peers { permanent_uuid: "7e7194df771442baaea1b37da6f6280c" member_type: VOTER last_known_addr { host: "127.28.149.66" port: 46555 } } peers { permanent_uuid: "eb23ee296c4148aa8a92f3b2ee78b96e" member_type: VOTER last_known_addr { host: "127.28.149.67" port: 38835 } }
I20260608 13:03:53.609385  1513 tablet_bootstrap.cc:654] T ead8bf9d857248a89ae0135f770a04dd P 7e7194df771442baaea1b37da6f6280c: Neither blocks nor log segments found. Creating new log.
I20260608 13:03:53.611590  1519 leader_election.cc:290] T 2ad53be21cfe49b296da24315cbf88c4 P c8a82f81fc44461cb35c2d9b8033266e [CANDIDATE]: Term 1 election: Requested vote from peers 7e7194df771442baaea1b37da6f6280c (127.28.149.66:46555), eb23ee296c4148aa8a92f3b2ee78b96e (127.28.149.67:38835)
I20260608 13:03:53.613178  1318 raft_consensus.cc:2468] T 201b8a6140984ef788cc8956b8ace6f3 P c8a82f81fc44461cb35c2d9b8033266e [term 1 FOLLOWER]: Leader election vote request: Granting yes vote for candidate eb23ee296c4148aa8a92f3b2ee78b96e in term 1.
I20260608 13:03:53.614266  1392 tablet_service.cc:1917] Received RequestConsensusVote() RPC: tablet_id: "a9ae19d309c546b58927573eb94ab160" candidate_uuid: "c8a82f81fc44461cb35c2d9b8033266e" candidate_term: 1 candidate_status { last_received { term: 0 index: 0 } } ignore_live_leader: false dest_uuid: "7e7194df771442baaea1b37da6f6280c"
I20260608 13:03:53.614602  1434 leader_election.cc:304] T 201b8a6140984ef788cc8956b8ace6f3 P eb23ee296c4148aa8a92f3b2ee78b96e [CANDIDATE]: Term 1 election: Election decided. Result: candidate won. Election summary: received 2 responses out of 3 voters: 2 yes votes; 0 no votes. yes voters: c8a82f81fc44461cb35c2d9b8033266e, eb23ee296c4148aa8a92f3b2ee78b96e; no voters: 
I20260608 13:03:53.615125  1392 raft_consensus.cc:3060] T a9ae19d309c546b58927573eb94ab160 P 7e7194df771442baaea1b37da6f6280c [term 0 FOLLOWER]: Advancing to term 1
I20260608 13:03:53.619108  1514 tablet_bootstrap.cc:654] T 954a00dcd1214956aa5a13fd9e684746 P c8a82f81fc44461cb35c2d9b8033266e: Neither blocks nor log segments found. Creating new log.
I20260608 13:03:53.622031  1521 leader_election.cc:290] T 201b8a6140984ef788cc8956b8ace6f3 P eb23ee296c4148aa8a92f3b2ee78b96e [CANDIDATE]: Term 1 election: Requested vote from peers c8a82f81fc44461cb35c2d9b8033266e (127.28.149.65:43249), 7e7194df771442baaea1b37da6f6280c (127.28.149.66:46555)
I20260608 13:03:53.622764  1521 raft_consensus.cc:2804] T 201b8a6140984ef788cc8956b8ace6f3 P eb23ee296c4148aa8a92f3b2ee78b96e [term 1 FOLLOWER]: Leader election won for term 1
I20260608 13:03:53.623270  1521 raft_consensus.cc:697] T 201b8a6140984ef788cc8956b8ace6f3 P eb23ee296c4148aa8a92f3b2ee78b96e [term 1 LEADER]: Becoming Leader. State: Replica: eb23ee296c4148aa8a92f3b2ee78b96e, State: Running, Role: LEADER
I20260608 13:03:53.623513  1393 tablet_service.cc:1917] Received RequestConsensusVote() RPC: tablet_id: "201b8a6140984ef788cc8956b8ace6f3" candidate_uuid: "eb23ee296c4148aa8a92f3b2ee78b96e" candidate_term: 1 candidate_status { last_received { term: 0 index: 0 } } ignore_live_leader: false dest_uuid: "7e7194df771442baaea1b37da6f6280c"
I20260608 13:03:53.624199  1521 consensus_queue.cc:237] T 201b8a6140984ef788cc8956b8ace6f3 P eb23ee296c4148aa8a92f3b2ee78b96e [LEADER]: Queue going to LEADER mode. State: All replicated index: 0, Majority replicated index: 0, Committed index: 0, Last appended: 0.0, Last appended by leader: 0, Current term: 1, Majority size: 2, State: 0, Mode: LEADER, active raft config: opid_index: -1 OBSOLETE_local: false peers { permanent_uuid: "c8a82f81fc44461cb35c2d9b8033266e" member_type: VOTER last_known_addr { host: "127.28.149.65" port: 43249 } } peers { permanent_uuid: "7e7194df771442baaea1b37da6f6280c" member_type: VOTER last_known_addr { host: "127.28.149.66" port: 46555 } } peers { permanent_uuid: "eb23ee296c4148aa8a92f3b2ee78b96e" member_type: VOTER last_known_addr { host: "127.28.149.67" port: 38835 } }
W20260608 13:03:53.625288  1433 leader_election.cc:343] T 201b8a6140984ef788cc8956b8ace6f3 P eb23ee296c4148aa8a92f3b2ee78b96e [CANDIDATE]: Term 1 election: Tablet error from VoteRequest() call to peer 7e7194df771442baaea1b37da6f6280c (127.28.149.66:46555): Illegal state: must be running to vote when last-logged opid is not known
I20260608 13:03:53.626781  1392 raft_consensus.cc:2468] T a9ae19d309c546b58927573eb94ab160 P 7e7194df771442baaea1b37da6f6280c [term 1 FOLLOWER]: Leader election vote request: Granting yes vote for candidate c8a82f81fc44461cb35c2d9b8033266e in term 1.
I20260608 13:03:53.633774  1515 tablet_bootstrap.cc:492] T 02ba18b291a2483097f3fb78f02ec085 P eb23ee296c4148aa8a92f3b2ee78b96e: No bootstrap required, opened a new log
I20260608 13:03:53.634299  1515 ts_tablet_manager.cc:1403] T 02ba18b291a2483097f3fb78f02ec085 P eb23ee296c4148aa8a92f3b2ee78b96e: Time spent bootstrapping tablet: real 0.089s	user 0.047s	sys 0.025s
I20260608 13:03:53.637132  1284 leader_election.cc:304] T a9ae19d309c546b58927573eb94ab160 P c8a82f81fc44461cb35c2d9b8033266e [CANDIDATE]: Term 1 election: Election decided. Result: candidate won. Election summary: received 2 responses out of 3 voters: 2 yes votes; 0 no votes. yes voters: 7e7194df771442baaea1b37da6f6280c, c8a82f81fc44461cb35c2d9b8033266e; no voters: 
I20260608 13:03:53.637295  1515 raft_consensus.cc:359] T 02ba18b291a2483097f3fb78f02ec085 P eb23ee296c4148aa8a92f3b2ee78b96e [term 0 FOLLOWER]: Replica starting. Triggering 0 pending ops. Active config: opid_index: -1 OBSOLETE_local: false peers { permanent_uuid: "c8a82f81fc44461cb35c2d9b8033266e" member_type: VOTER last_known_addr { host: "127.28.149.65" port: 43249 } } peers { permanent_uuid: "7e7194df771442baaea1b37da6f6280c" member_type: VOTER last_known_addr { host: "127.28.149.66" port: 46555 } } peers { permanent_uuid: "eb23ee296c4148aa8a92f3b2ee78b96e" member_type: VOTER last_known_addr { host: "127.28.149.67" port: 38835 } }
I20260608 13:03:53.638033  1515 raft_consensus.cc:385] T 02ba18b291a2483097f3fb78f02ec085 P eb23ee296c4148aa8a92f3b2ee78b96e [term 0 FOLLOWER]: Consensus starting up: Expiring failure detector timer to make a prompt election more likely
I20260608 13:03:53.638326  1515 raft_consensus.cc:740] T 02ba18b291a2483097f3fb78f02ec085 P eb23ee296c4148aa8a92f3b2ee78b96e [term 0 FOLLOWER]: Becoming Follower/Learner. State: Replica: eb23ee296c4148aa8a92f3b2ee78b96e, State: Initialized, Role: FOLLOWER
I20260608 13:03:53.639112  1515 consensus_queue.cc:260] T 02ba18b291a2483097f3fb78f02ec085 P eb23ee296c4148aa8a92f3b2ee78b96e [NON_LEADER]: Queue going to NON_LEADER mode. State: All replicated index: 0, Majority replicated index: 0, Committed index: 0, Last appended: 0.0, Last appended by leader: 0, Current term: 0, Majority size: -1, State: 0, Mode: NON_LEADER, active raft config: opid_index: -1 OBSOLETE_local: false peers { permanent_uuid: "c8a82f81fc44461cb35c2d9b8033266e" member_type: VOTER last_known_addr { host: "127.28.149.65" port: 43249 } } peers { permanent_uuid: "7e7194df771442baaea1b37da6f6280c" member_type: VOTER last_known_addr { host: "127.28.149.66" port: 46555 } } peers { permanent_uuid: "eb23ee296c4148aa8a92f3b2ee78b96e" member_type: VOTER last_known_addr { host: "127.28.149.67" port: 38835 } }
I20260608 13:03:53.641451  1515 ts_tablet_manager.cc:1434] T 02ba18b291a2483097f3fb78f02ec085 P eb23ee296c4148aa8a92f3b2ee78b96e: Time spent starting tablet: real 0.007s	user 0.006s	sys 0.000s
I20260608 13:03:53.642334  1467 tablet_service.cc:1917] Received RequestConsensusVote() RPC: tablet_id: "a9ae19d309c546b58927573eb94ab160" candidate_uuid: "c8a82f81fc44461cb35c2d9b8033266e" candidate_term: 1 candidate_status { last_received { term: 0 index: 0 } } ignore_live_leader: false dest_uuid: "eb23ee296c4148aa8a92f3b2ee78b96e"
I20260608 13:03:53.642692  1515 tablet_bootstrap.cc:492] T a9ae19d309c546b58927573eb94ab160 P eb23ee296c4148aa8a92f3b2ee78b96e: Bootstrap starting.
I20260608 13:03:53.640947  1558 leader_election.cc:290] T a9ae19d309c546b58927573eb94ab160 P c8a82f81fc44461cb35c2d9b8033266e [CANDIDATE]: Term 1 election: Requested vote from peers 7e7194df771442baaea1b37da6f6280c (127.28.149.66:46555), eb23ee296c4148aa8a92f3b2ee78b96e (127.28.149.67:38835)
W20260608 13:03:53.643826  1283 leader_election.cc:343] T a9ae19d309c546b58927573eb94ab160 P c8a82f81fc44461cb35c2d9b8033266e [CANDIDATE]: Term 1 election: Tablet error from VoteRequest() call to peer eb23ee296c4148aa8a92f3b2ee78b96e (127.28.149.67:38835): Illegal state: must be running to vote when last-logged opid is not known
I20260608 13:03:53.648138  1394 raft_consensus.cc:2468] T 2ad53be21cfe49b296da24315cbf88c4 P 7e7194df771442baaea1b37da6f6280c [term 1 FOLLOWER]: Leader election vote request: Granting yes vote for candidate c8a82f81fc44461cb35c2d9b8033266e in term 1.
I20260608 13:03:53.643808  1558 raft_consensus.cc:2804] T a9ae19d309c546b58927573eb94ab160 P c8a82f81fc44461cb35c2d9b8033266e [term 1 FOLLOWER]: Leader election won for term 1
I20260608 13:03:53.652289  1558 raft_consensus.cc:697] T a9ae19d309c546b58927573eb94ab160 P c8a82f81fc44461cb35c2d9b8033266e [term 1 LEADER]: Becoming Leader. State: Replica: c8a82f81fc44461cb35c2d9b8033266e, State: Running, Role: LEADER
I20260608 13:03:53.649291  1515 tablet_bootstrap.cc:654] T a9ae19d309c546b58927573eb94ab160 P eb23ee296c4148aa8a92f3b2ee78b96e: Neither blocks nor log segments found. Creating new log.
I20260608 13:03:53.649400  1556 raft_consensus.cc:493] T 61ea074f511c49618236b498b3d53c63 P 7e7194df771442baaea1b37da6f6280c [term 0 FOLLOWER]: Starting pre-election (no leader contacted us within the election timeout)
I20260608 13:03:53.653658  1556 raft_consensus.cc:515] T 61ea074f511c49618236b498b3d53c63 P 7e7194df771442baaea1b37da6f6280c [term 0 FOLLOWER]: Starting pre-election with config: opid_index: -1 OBSOLETE_local: false peers { permanent_uuid: "c8a82f81fc44461cb35c2d9b8033266e" member_type: VOTER last_known_addr { host: "127.28.149.65" port: 43249 } } peers { permanent_uuid: "7e7194df771442baaea1b37da6f6280c" member_type: VOTER last_known_addr { host: "127.28.149.66" port: 46555 } } peers { permanent_uuid: "eb23ee296c4148aa8a92f3b2ee78b96e" member_type: VOTER last_known_addr { host: "127.28.149.67" port: 38835 } }
I20260608 13:03:53.653739  1558 consensus_queue.cc:237] T a9ae19d309c546b58927573eb94ab160 P c8a82f81fc44461cb35c2d9b8033266e [LEADER]: Queue going to LEADER mode. State: All replicated index: 0, Majority replicated index: 0, Committed index: 0, Last appended: 0.0, Last appended by leader: 0, Current term: 1, Majority size: 2, State: 0, Mode: LEADER, active raft config: opid_index: -1 OBSOLETE_local: false peers { permanent_uuid: "c8a82f81fc44461cb35c2d9b8033266e" member_type: VOTER last_known_addr { host: "127.28.149.65" port: 43249 } } peers { permanent_uuid: "7e7194df771442baaea1b37da6f6280c" member_type: VOTER last_known_addr { host: "127.28.149.66" port: 46555 } } peers { permanent_uuid: "eb23ee296c4148aa8a92f3b2ee78b96e" member_type: VOTER last_known_addr { host: "127.28.149.67" port: 38835 } }
I20260608 13:03:53.653672  1284 leader_election.cc:304] T 2ad53be21cfe49b296da24315cbf88c4 P c8a82f81fc44461cb35c2d9b8033266e [CANDIDATE]: Term 1 election: Election decided. Result: candidate won. Election summary: received 2 responses out of 3 voters: 2 yes votes; 0 no votes. yes voters: 7e7194df771442baaea1b37da6f6280c, c8a82f81fc44461cb35c2d9b8033266e; no voters: 
I20260608 13:03:53.658668  1519 raft_consensus.cc:2804] T 2ad53be21cfe49b296da24315cbf88c4 P c8a82f81fc44461cb35c2d9b8033266e [term 1 FOLLOWER]: Leader election won for term 1
I20260608 13:03:53.658653  1556 leader_election.cc:290] T 61ea074f511c49618236b498b3d53c63 P 7e7194df771442baaea1b37da6f6280c [CANDIDATE]: Term 1 pre-election: Requested pre-vote from peers c8a82f81fc44461cb35c2d9b8033266e (127.28.149.65:43249), eb23ee296c4148aa8a92f3b2ee78b96e (127.28.149.67:38835)
I20260608 13:03:53.662149  1467 tablet_service.cc:1917] Received RequestConsensusVote() RPC: tablet_id: "61ea074f511c49618236b498b3d53c63" candidate_uuid: "7e7194df771442baaea1b37da6f6280c" candidate_term: 1 candidate_status { last_received { term: 0 index: 0 } } ignore_live_leader: false dest_uuid: "eb23ee296c4148aa8a92f3b2ee78b96e" is_pre_election: true
I20260608 13:03:53.663080  1467 raft_consensus.cc:2468] T 61ea074f511c49618236b498b3d53c63 P eb23ee296c4148aa8a92f3b2ee78b96e [term 0 FOLLOWER]: Leader pre-election vote request: Granting yes vote for candidate 7e7194df771442baaea1b37da6f6280c in term 0.
I20260608 13:03:53.664409  1514 tablet_bootstrap.cc:492] T 954a00dcd1214956aa5a13fd9e684746 P c8a82f81fc44461cb35c2d9b8033266e: No bootstrap required, opened a new log
I20260608 13:03:53.665093  1514 ts_tablet_manager.cc:1403] T 954a00dcd1214956aa5a13fd9e684746 P c8a82f81fc44461cb35c2d9b8033266e: Time spent bootstrapping tablet: real 0.068s	user 0.013s	sys 0.001s
I20260608 13:03:53.664832  1358 leader_election.cc:304] T 61ea074f511c49618236b498b3d53c63 P 7e7194df771442baaea1b37da6f6280c [CANDIDATE]: Term 1 pre-election: Election decided. Result: candidate won. Election summary: received 2 responses out of 3 voters: 2 yes votes; 0 no votes. yes voters: 7e7194df771442baaea1b37da6f6280c, eb23ee296c4148aa8a92f3b2ee78b96e; no voters: 
I20260608 13:03:53.666458  1556 raft_consensus.cc:2804] T 61ea074f511c49618236b498b3d53c63 P 7e7194df771442baaea1b37da6f6280c [term 0 FOLLOWER]: Leader pre-election won for term 1
I20260608 13:03:53.666971  1556 raft_consensus.cc:493] T 61ea074f511c49618236b498b3d53c63 P 7e7194df771442baaea1b37da6f6280c [term 0 FOLLOWER]: Starting leader election (no leader contacted us within the election timeout)
I20260608 13:03:53.667600  1468 raft_consensus.cc:2468] T 2ad53be21cfe49b296da24315cbf88c4 P eb23ee296c4148aa8a92f3b2ee78b96e [term 1 FOLLOWER]: Leader election vote request: Granting yes vote for candidate c8a82f81fc44461cb35c2d9b8033266e in term 1.
I20260608 13:03:53.668206  1519 raft_consensus.cc:697] T 2ad53be21cfe49b296da24315cbf88c4 P c8a82f81fc44461cb35c2d9b8033266e [term 1 LEADER]: Becoming Leader. State: Replica: c8a82f81fc44461cb35c2d9b8033266e, State: Running, Role: LEADER
I20260608 13:03:53.668715  1514 raft_consensus.cc:359] T 954a00dcd1214956aa5a13fd9e684746 P c8a82f81fc44461cb35c2d9b8033266e [term 0 FOLLOWER]: Replica starting. Triggering 0 pending ops. Active config: opid_index: -1 OBSOLETE_local: false peers { permanent_uuid: "c8a82f81fc44461cb35c2d9b8033266e" member_type: VOTER last_known_addr { host: "127.28.149.65" port: 43249 } } peers { permanent_uuid: "7e7194df771442baaea1b37da6f6280c" member_type: VOTER last_known_addr { host: "127.28.149.66" port: 46555 } } peers { permanent_uuid: "eb23ee296c4148aa8a92f3b2ee78b96e" member_type: VOTER last_known_addr { host: "127.28.149.67" port: 38835 } }
I20260608 13:03:53.669556  1514 raft_consensus.cc:385] T 954a00dcd1214956aa5a13fd9e684746 P c8a82f81fc44461cb35c2d9b8033266e [term 0 FOLLOWER]: Consensus starting up: Expiring failure detector timer to make a prompt election more likely
I20260608 13:03:53.670109  1514 raft_consensus.cc:740] T 954a00dcd1214956aa5a13fd9e684746 P c8a82f81fc44461cb35c2d9b8033266e [term 0 FOLLOWER]: Becoming Follower/Learner. State: Replica: c8a82f81fc44461cb35c2d9b8033266e, State: Initialized, Role: FOLLOWER
I20260608 13:03:53.669742  1519 consensus_queue.cc:237] T 2ad53be21cfe49b296da24315cbf88c4 P c8a82f81fc44461cb35c2d9b8033266e [LEADER]: Queue going to LEADER mode. State: All replicated index: 0, Majority replicated index: 0, Committed index: 0, Last appended: 0.0, Last appended by leader: 0, Current term: 1, Majority size: 2, State: 0, Mode: LEADER, active raft config: opid_index: -1 OBSOLETE_local: false peers { permanent_uuid: "c8a82f81fc44461cb35c2d9b8033266e" member_type: VOTER last_known_addr { host: "127.28.149.65" port: 43249 } } peers { permanent_uuid: "7e7194df771442baaea1b37da6f6280c" member_type: VOTER last_known_addr { host: "127.28.149.66" port: 46555 } } peers { permanent_uuid: "eb23ee296c4148aa8a92f3b2ee78b96e" member_type: VOTER last_known_addr { host: "127.28.149.67" port: 38835 } }
I20260608 13:03:53.671201  1514 consensus_queue.cc:260] T 954a00dcd1214956aa5a13fd9e684746 P c8a82f81fc44461cb35c2d9b8033266e [NON_LEADER]: Queue going to NON_LEADER mode. State: All replicated index: 0, Majority replicated index: 0, Committed index: 0, Last appended: 0.0, Last appended by leader: 0, Current term: 0, Majority size: -1, State: 0, Mode: NON_LEADER, active raft config: opid_index: -1 OBSOLETE_local: false peers { permanent_uuid: "c8a82f81fc44461cb35c2d9b8033266e" member_type: VOTER last_known_addr { host: "127.28.149.65" port: 43249 } } peers { permanent_uuid: "7e7194df771442baaea1b37da6f6280c" member_type: VOTER last_known_addr { host: "127.28.149.66" port: 46555 } } peers { permanent_uuid: "eb23ee296c4148aa8a92f3b2ee78b96e" member_type: VOTER last_known_addr { host: "127.28.149.67" port: 38835 } }
I20260608 13:03:53.673725  1318 tablet_service.cc:1917] Received RequestConsensusVote() RPC: tablet_id: "61ea074f511c49618236b498b3d53c63" candidate_uuid: "7e7194df771442baaea1b37da6f6280c" candidate_term: 1 candidate_status { last_received { term: 0 index: 0 } } ignore_live_leader: false dest_uuid: "c8a82f81fc44461cb35c2d9b8033266e" is_pre_election: true
I20260608 13:03:53.674549  1514 ts_tablet_manager.cc:1434] T 954a00dcd1214956aa5a13fd9e684746 P c8a82f81fc44461cb35c2d9b8033266e: Time spent starting tablet: real 0.009s	user 0.008s	sys 0.000s
I20260608 13:03:53.674670  1318 raft_consensus.cc:2468] T 61ea074f511c49618236b498b3d53c63 P c8a82f81fc44461cb35c2d9b8033266e [term 0 FOLLOWER]: Leader pre-election vote request: Granting yes vote for candidate 7e7194df771442baaea1b37da6f6280c in term 0.
I20260608 13:03:53.667552  1556 raft_consensus.cc:3060] T 61ea074f511c49618236b498b3d53c63 P 7e7194df771442baaea1b37da6f6280c [term 0 FOLLOWER]: Advancing to term 1
I20260608 13:03:53.677634  1563 raft_consensus.cc:493] T ead8bf9d857248a89ae0135f770a04dd P eb23ee296c4148aa8a92f3b2ee78b96e [term 0 FOLLOWER]: Starting pre-election (no leader contacted us within the election timeout)
I20260608 13:03:53.678524  1563 raft_consensus.cc:515] T ead8bf9d857248a89ae0135f770a04dd P eb23ee296c4148aa8a92f3b2ee78b96e [term 0 FOLLOWER]: Starting pre-election with config: opid_index: -1 OBSOLETE_local: false peers { permanent_uuid: "c8a82f81fc44461cb35c2d9b8033266e" member_type: VOTER last_known_addr { host: "127.28.149.65" port: 43249 } } peers { permanent_uuid: "7e7194df771442baaea1b37da6f6280c" member_type: VOTER last_known_addr { host: "127.28.149.66" port: 46555 } } peers { permanent_uuid: "eb23ee296c4148aa8a92f3b2ee78b96e" member_type: VOTER last_known_addr { host: "127.28.149.67" port: 38835 } }
I20260608 13:03:53.693318  1318 tablet_service.cc:1917] Received RequestConsensusVote() RPC: tablet_id: "ead8bf9d857248a89ae0135f770a04dd" candidate_uuid: "eb23ee296c4148aa8a92f3b2ee78b96e" candidate_term: 1 candidate_status { last_received { term: 0 index: 0 } } ignore_live_leader: false dest_uuid: "c8a82f81fc44461cb35c2d9b8033266e" is_pre_election: true
I20260608 13:03:53.694229  1318 raft_consensus.cc:2468] T ead8bf9d857248a89ae0135f770a04dd P c8a82f81fc44461cb35c2d9b8033266e [term 0 FOLLOWER]: Leader pre-election vote request: Granting yes vote for candidate eb23ee296c4148aa8a92f3b2ee78b96e in term 0.
I20260608 13:03:53.700994  1434 leader_election.cc:304] T ead8bf9d857248a89ae0135f770a04dd P eb23ee296c4148aa8a92f3b2ee78b96e [CANDIDATE]: Term 1 pre-election: Election decided. Result: candidate won. Election summary: received 2 responses out of 3 voters: 2 yes votes; 0 no votes. yes voters: c8a82f81fc44461cb35c2d9b8033266e, eb23ee296c4148aa8a92f3b2ee78b96e; no voters: 
I20260608 13:03:53.704655  1563 leader_election.cc:290] T ead8bf9d857248a89ae0135f770a04dd P eb23ee296c4148aa8a92f3b2ee78b96e [CANDIDATE]: Term 1 pre-election: Requested pre-vote from peers c8a82f81fc44461cb35c2d9b8033266e (127.28.149.65:43249), 7e7194df771442baaea1b37da6f6280c (127.28.149.66:46555)
I20260608 13:03:53.705432  1563 raft_consensus.cc:2804] T ead8bf9d857248a89ae0135f770a04dd P eb23ee296c4148aa8a92f3b2ee78b96e [term 0 FOLLOWER]: Leader pre-election won for term 1
I20260608 13:03:53.705960  1563 raft_consensus.cc:493] T ead8bf9d857248a89ae0135f770a04dd P eb23ee296c4148aa8a92f3b2ee78b96e [term 0 FOLLOWER]: Starting leader election (no leader contacted us within the election timeout)
I20260608 13:03:53.706400  1563 raft_consensus.cc:3060] T ead8bf9d857248a89ae0135f770a04dd P eb23ee296c4148aa8a92f3b2ee78b96e [term 0 FOLLOWER]: Advancing to term 1
I20260608 13:03:53.708021  1556 raft_consensus.cc:515] T 61ea074f511c49618236b498b3d53c63 P 7e7194df771442baaea1b37da6f6280c [term 1 FOLLOWER]: Starting leader election with config: opid_index: -1 OBSOLETE_local: false peers { permanent_uuid: "c8a82f81fc44461cb35c2d9b8033266e" member_type: VOTER last_known_addr { host: "127.28.149.65" port: 43249 } } peers { permanent_uuid: "7e7194df771442baaea1b37da6f6280c" member_type: VOTER last_known_addr { host: "127.28.149.66" port: 46555 } } peers { permanent_uuid: "eb23ee296c4148aa8a92f3b2ee78b96e" member_type: VOTER last_known_addr { host: "127.28.149.67" port: 38835 } }
I20260608 13:03:53.708464  1213 catalog_manager.cc:5696] T b1deed5b85ee4696bd1c8381e07dc671 P 7e7194df771442baaea1b37da6f6280c reported cstate change: term changed from 0 to 1, leader changed from <none> to 7e7194df771442baaea1b37da6f6280c (127.28.149.66). New cstate: current_term: 1 leader_uuid: "7e7194df771442baaea1b37da6f6280c" committed_config { opid_index: -1 OBSOLETE_local: false peers { permanent_uuid: "7e7194df771442baaea1b37da6f6280c" member_type: VOTER last_known_addr { host: "127.28.149.66" port: 46555 } health_report { overall_health: HEALTHY } } peers { permanent_uuid: "c8a82f81fc44461cb35c2d9b8033266e" member_type: VOTER last_known_addr { host: "127.28.149.65" port: 43249 } health_report { overall_health: UNKNOWN } } peers { permanent_uuid: "eb23ee296c4148aa8a92f3b2ee78b96e" member_type: VOTER last_known_addr { host: "127.28.149.67" port: 38835 } health_report { overall_health: UNKNOWN } } }
I20260608 13:03:53.714248  1521 raft_consensus.cc:493] T 590f61184ef84ff4a4509408b406b08c P eb23ee296c4148aa8a92f3b2ee78b96e [term 0 FOLLOWER]: Starting pre-election (no leader contacted us within the election timeout)
I20260608 13:03:53.714933  1515 tablet_bootstrap.cc:492] T a9ae19d309c546b58927573eb94ab160 P eb23ee296c4148aa8a92f3b2ee78b96e: No bootstrap required, opened a new log
I20260608 13:03:53.714792  1521 raft_consensus.cc:515] T 590f61184ef84ff4a4509408b406b08c P eb23ee296c4148aa8a92f3b2ee78b96e [term 0 FOLLOWER]: Starting pre-election with config: opid_index: -1 OBSOLETE_local: false peers { permanent_uuid: "c8a82f81fc44461cb35c2d9b8033266e" member_type: VOTER last_known_addr { host: "127.28.149.65" port: 43249 } } peers { permanent_uuid: "7e7194df771442baaea1b37da6f6280c" member_type: VOTER last_known_addr { host: "127.28.149.66" port: 46555 } } peers { permanent_uuid: "eb23ee296c4148aa8a92f3b2ee78b96e" member_type: VOTER last_known_addr { host: "127.28.149.67" port: 38835 } }
I20260608 13:03:53.715502  1513 tablet_bootstrap.cc:492] T ead8bf9d857248a89ae0135f770a04dd P 7e7194df771442baaea1b37da6f6280c: No bootstrap required, opened a new log
I20260608 13:03:53.715831  1392 tablet_service.cc:1917] Received RequestConsensusVote() RPC: tablet_id: "ead8bf9d857248a89ae0135f770a04dd" candidate_uuid: "eb23ee296c4148aa8a92f3b2ee78b96e" candidate_term: 1 candidate_status { last_received { term: 0 index: 0 } } ignore_live_leader: false dest_uuid: "7e7194df771442baaea1b37da6f6280c" is_pre_election: true
I20260608 13:03:53.709161  1214 catalog_manager.cc:5696] T a6ddcb2830094f3e9807bd3307df2836 P eb23ee296c4148aa8a92f3b2ee78b96e reported cstate change: term changed from 0 to 1, leader changed from <none> to eb23ee296c4148aa8a92f3b2ee78b96e (127.28.149.67). New cstate: current_term: 1 leader_uuid: "eb23ee296c4148aa8a92f3b2ee78b96e" committed_config { opid_index: -1 OBSOLETE_local: false peers { permanent_uuid: "c8a82f81fc44461cb35c2d9b8033266e" member_type: VOTER last_known_addr { host: "127.28.149.65" port: 43249 } health_report { overall_health: UNKNOWN } } peers { permanent_uuid: "7e7194df771442baaea1b37da6f6280c" member_type: VOTER last_known_addr { host: "127.28.149.66" port: 46555 } health_report { overall_health: UNKNOWN } } peers { permanent_uuid: "eb23ee296c4148aa8a92f3b2ee78b96e" member_type: VOTER last_known_addr { host: "127.28.149.67" port: 38835 } health_report { overall_health: HEALTHY } } }
W20260608 13:03:53.717692  1433 leader_election.cc:343] T ead8bf9d857248a89ae0135f770a04dd P eb23ee296c4148aa8a92f3b2ee78b96e [CANDIDATE]: Term 1 pre-election: Tablet error from VoteRequest() call to peer 7e7194df771442baaea1b37da6f6280c (127.28.149.66:46555): Illegal state: must be running to vote when last-logged opid is not known
I20260608 13:03:53.718240  1515 ts_tablet_manager.cc:1403] T a9ae19d309c546b58927573eb94ab160 P eb23ee296c4148aa8a92f3b2ee78b96e: Time spent bootstrapping tablet: real 0.076s	user 0.013s	sys 0.006s
I20260608 13:03:53.716063  1513 ts_tablet_manager.cc:1403] T ead8bf9d857248a89ae0135f770a04dd P 7e7194df771442baaea1b37da6f6280c: Time spent bootstrapping tablet: real 0.201s	user 0.017s	sys 0.021s
I20260608 13:03:53.718967  1318 tablet_service.cc:1917] Received RequestConsensusVote() RPC: tablet_id: "590f61184ef84ff4a4509408b406b08c" candidate_uuid: "eb23ee296c4148aa8a92f3b2ee78b96e" candidate_term: 1 candidate_status { last_received { term: 0 index: 0 } } ignore_live_leader: false dest_uuid: "c8a82f81fc44461cb35c2d9b8033266e" is_pre_election: true
I20260608 13:03:53.719991  1521 leader_election.cc:290] T 590f61184ef84ff4a4509408b406b08c P eb23ee296c4148aa8a92f3b2ee78b96e [CANDIDATE]: Term 1 pre-election: Requested pre-vote from peers c8a82f81fc44461cb35c2d9b8033266e (127.28.149.65:43249), 7e7194df771442baaea1b37da6f6280c (127.28.149.66:46555)
I20260608 13:03:53.720237  1563 raft_consensus.cc:515] T ead8bf9d857248a89ae0135f770a04dd P eb23ee296c4148aa8a92f3b2ee78b96e [term 1 FOLLOWER]: Starting leader election with config: opid_index: -1 OBSOLETE_local: false peers { permanent_uuid: "c8a82f81fc44461cb35c2d9b8033266e" member_type: VOTER last_known_addr { host: "127.28.149.65" port: 43249 } } peers { permanent_uuid: "7e7194df771442baaea1b37da6f6280c" member_type: VOTER last_known_addr { host: "127.28.149.66" port: 46555 } } peers { permanent_uuid: "eb23ee296c4148aa8a92f3b2ee78b96e" member_type: VOTER last_known_addr { host: "127.28.149.67" port: 38835 } }
I20260608 13:03:53.721451  1537 raft_consensus.cc:493] T 02ba18b291a2483097f3fb78f02ec085 P eb23ee296c4148aa8a92f3b2ee78b96e [term 0 FOLLOWER]: Starting pre-election (no leader contacted us within the election timeout)
I20260608 13:03:53.727275  1318 raft_consensus.cc:2468] T 590f61184ef84ff4a4509408b406b08c P c8a82f81fc44461cb35c2d9b8033266e [term 0 FOLLOWER]: Leader pre-election vote request: Granting yes vote for candidate eb23ee296c4148aa8a92f3b2ee78b96e in term 0.
I20260608 13:03:53.732911  1515 raft_consensus.cc:359] T a9ae19d309c546b58927573eb94ab160 P eb23ee296c4148aa8a92f3b2ee78b96e [term 0 FOLLOWER]: Replica starting. Triggering 0 pending ops. Active config: opid_index: -1 OBSOLETE_local: false peers { permanent_uuid: "c8a82f81fc44461cb35c2d9b8033266e" member_type: VOTER last_known_addr { host: "127.28.149.65" port: 43249 } } peers { permanent_uuid: "7e7194df771442baaea1b37da6f6280c" member_type: VOTER last_known_addr { host: "127.28.149.66" port: 46555 } } peers { permanent_uuid: "eb23ee296c4148aa8a92f3b2ee78b96e" member_type: VOTER last_known_addr { host: "127.28.149.67" port: 38835 } }
I20260608 13:03:53.734067  1515 raft_consensus.cc:385] T a9ae19d309c546b58927573eb94ab160 P eb23ee296c4148aa8a92f3b2ee78b96e [term 0 FOLLOWER]: Consensus starting up: Expiring failure detector timer to make a prompt election more likely
I20260608 13:03:53.734565  1515 raft_consensus.cc:740] T a9ae19d309c546b58927573eb94ab160 P eb23ee296c4148aa8a92f3b2ee78b96e [term 0 FOLLOWER]: Becoming Follower/Learner. State: Replica: eb23ee296c4148aa8a92f3b2ee78b96e, State: Initialized, Role: FOLLOWER
I20260608 13:03:53.738184  1392 tablet_service.cc:1917] Received RequestConsensusVote() RPC: tablet_id: "590f61184ef84ff4a4509408b406b08c" candidate_uuid: "eb23ee296c4148aa8a92f3b2ee78b96e" candidate_term: 1 candidate_status { last_received { term: 0 index: 0 } } ignore_live_leader: false dest_uuid: "7e7194df771442baaea1b37da6f6280c" is_pre_election: true
I20260608 13:03:53.738559  1563 leader_election.cc:290] T ead8bf9d857248a89ae0135f770a04dd P eb23ee296c4148aa8a92f3b2ee78b96e [CANDIDATE]: Term 1 election: Requested vote from peers c8a82f81fc44461cb35c2d9b8033266e (127.28.149.65:43249), 7e7194df771442baaea1b37da6f6280c (127.28.149.66:46555)
I20260608 13:03:53.740895  1515 consensus_queue.cc:260] T a9ae19d309c546b58927573eb94ab160 P eb23ee296c4148aa8a92f3b2ee78b96e [NON_LEADER]: Queue going to NON_LEADER mode. State: All replicated index: 0, Majority replicated index: 0, Committed index: 0, Last appended: 0.0, Last appended by leader: 0, Current term: 0, Majority size: -1, State: 0, Mode: NON_LEADER, active raft config: opid_index: -1 OBSOLETE_local: false peers { permanent_uuid: "c8a82f81fc44461cb35c2d9b8033266e" member_type: VOTER last_known_addr { host: "127.28.149.65" port: 43249 } } peers { permanent_uuid: "7e7194df771442baaea1b37da6f6280c" member_type: VOTER last_known_addr { host: "127.28.149.66" port: 46555 } } peers { permanent_uuid: "eb23ee296c4148aa8a92f3b2ee78b96e" member_type: VOTER last_known_addr { host: "127.28.149.67" port: 38835 } }
I20260608 13:03:53.745633  1434 leader_election.cc:304] T 590f61184ef84ff4a4509408b406b08c P eb23ee296c4148aa8a92f3b2ee78b96e [CANDIDATE]: Term 1 pre-election: Election decided. Result: candidate won. Election summary: received 2 responses out of 3 voters: 2 yes votes; 0 no votes. yes voters: c8a82f81fc44461cb35c2d9b8033266e, eb23ee296c4148aa8a92f3b2ee78b96e; no voters: 
I20260608 13:03:53.745663  1318 tablet_service.cc:1917] Received RequestConsensusVote() RPC: tablet_id: "ead8bf9d857248a89ae0135f770a04dd" candidate_uuid: "eb23ee296c4148aa8a92f3b2ee78b96e" candidate_term: 1 candidate_status { last_received { term: 0 index: 0 } } ignore_live_leader: false dest_uuid: "c8a82f81fc44461cb35c2d9b8033266e"
I20260608 13:03:53.746595  1318 raft_consensus.cc:3060] T ead8bf9d857248a89ae0135f770a04dd P c8a82f81fc44461cb35c2d9b8033266e [term 0 FOLLOWER]: Advancing to term 1
I20260608 13:03:53.746789  1563 raft_consensus.cc:2804] T 590f61184ef84ff4a4509408b406b08c P eb23ee296c4148aa8a92f3b2ee78b96e [term 0 FOLLOWER]: Leader pre-election won for term 1
I20260608 13:03:53.747331  1563 raft_consensus.cc:493] T 590f61184ef84ff4a4509408b406b08c P eb23ee296c4148aa8a92f3b2ee78b96e [term 0 FOLLOWER]: Starting leader election (no leader contacted us within the election timeout)
W20260608 13:03:53.747387  1433 leader_election.cc:343] T 590f61184ef84ff4a4509408b406b08c P eb23ee296c4148aa8a92f3b2ee78b96e [CANDIDATE]: Term 1 pre-election: Tablet error from VoteRequest() call to peer 7e7194df771442baaea1b37da6f6280c (127.28.149.66:46555): Illegal state: must be running to vote when last-logged opid is not known
I20260608 13:03:53.747972  1563 raft_consensus.cc:3060] T 590f61184ef84ff4a4509408b406b08c P eb23ee296c4148aa8a92f3b2ee78b96e [term 0 FOLLOWER]: Advancing to term 1
I20260608 13:03:53.748066  1392 tablet_service.cc:1917] Received RequestConsensusVote() RPC: tablet_id: "ead8bf9d857248a89ae0135f770a04dd" candidate_uuid: "eb23ee296c4148aa8a92f3b2ee78b96e" candidate_term: 1 candidate_status { last_received { term: 0 index: 0 } } ignore_live_leader: false dest_uuid: "7e7194df771442baaea1b37da6f6280c"
I20260608 13:03:53.734205  1537 raft_consensus.cc:515] T 02ba18b291a2483097f3fb78f02ec085 P eb23ee296c4148aa8a92f3b2ee78b96e [term 0 FOLLOWER]: Starting pre-election with config: opid_index: -1 OBSOLETE_local: false peers { permanent_uuid: "c8a82f81fc44461cb35c2d9b8033266e" member_type: VOTER last_known_addr { host: "127.28.149.65" port: 43249 } } peers { permanent_uuid: "7e7194df771442baaea1b37da6f6280c" member_type: VOTER last_known_addr { host: "127.28.149.66" port: 46555 } } peers { permanent_uuid: "eb23ee296c4148aa8a92f3b2ee78b96e" member_type: VOTER last_known_addr { host: "127.28.149.67" port: 38835 } }
I20260608 13:03:53.750846  1537 leader_election.cc:290] T 02ba18b291a2483097f3fb78f02ec085 P eb23ee296c4148aa8a92f3b2ee78b96e [CANDIDATE]: Term 1 pre-election: Requested pre-vote from peers c8a82f81fc44461cb35c2d9b8033266e (127.28.149.65:43249), 7e7194df771442baaea1b37da6f6280c (127.28.149.66:46555)
I20260608 13:03:53.751297  1513 raft_consensus.cc:359] T ead8bf9d857248a89ae0135f770a04dd P 7e7194df771442baaea1b37da6f6280c [term 0 FOLLOWER]: Replica starting. Triggering 0 pending ops. Active config: opid_index: -1 OBSOLETE_local: false peers { permanent_uuid: "c8a82f81fc44461cb35c2d9b8033266e" member_type: VOTER last_known_addr { host: "127.28.149.65" port: 43249 } } peers { permanent_uuid: "7e7194df771442baaea1b37da6f6280c" member_type: VOTER last_known_addr { host: "127.28.149.66" port: 46555 } } peers { permanent_uuid: "eb23ee296c4148aa8a92f3b2ee78b96e" member_type: VOTER last_known_addr { host: "127.28.149.67" port: 38835 } }
I20260608 13:03:53.752053  1513 raft_consensus.cc:385] T ead8bf9d857248a89ae0135f770a04dd P 7e7194df771442baaea1b37da6f6280c [term 0 FOLLOWER]: Consensus starting up: Expiring failure detector timer to make a prompt election more likely
I20260608 13:03:53.752363  1513 raft_consensus.cc:740] T ead8bf9d857248a89ae0135f770a04dd P 7e7194df771442baaea1b37da6f6280c [term 0 FOLLOWER]: Becoming Follower/Learner. State: Replica: 7e7194df771442baaea1b37da6f6280c, State: Initialized, Role: FOLLOWER
I20260608 13:03:53.752568  1319 tablet_service.cc:1917] Received RequestConsensusVote() RPC: tablet_id: "02ba18b291a2483097f3fb78f02ec085" candidate_uuid: "eb23ee296c4148aa8a92f3b2ee78b96e" candidate_term: 1 candidate_status { last_received { term: 0 index: 0 } } ignore_live_leader: false dest_uuid: "c8a82f81fc44461cb35c2d9b8033266e" is_pre_election: true
I20260608 13:03:53.753206  1319 raft_consensus.cc:2468] T 02ba18b291a2483097f3fb78f02ec085 P c8a82f81fc44461cb35c2d9b8033266e [term 0 FOLLOWER]: Leader pre-election vote request: Granting yes vote for candidate eb23ee296c4148aa8a92f3b2ee78b96e in term 0.
I20260608 13:03:53.754506  1394 tablet_service.cc:1917] Received RequestConsensusVote() RPC: tablet_id: "02ba18b291a2483097f3fb78f02ec085" candidate_uuid: "eb23ee296c4148aa8a92f3b2ee78b96e" candidate_term: 1 candidate_status { last_received { term: 0 index: 0 } } ignore_live_leader: false dest_uuid: "7e7194df771442baaea1b37da6f6280c" is_pre_election: true
I20260608 13:03:53.754796  1434 leader_election.cc:304] T 02ba18b291a2483097f3fb78f02ec085 P eb23ee296c4148aa8a92f3b2ee78b96e [CANDIDATE]: Term 1 pre-election: Election decided. Result: candidate won. Election summary: received 2 responses out of 3 voters: 2 yes votes; 0 no votes. yes voters: c8a82f81fc44461cb35c2d9b8033266e, eb23ee296c4148aa8a92f3b2ee78b96e; no voters: 
I20260608 13:03:53.756529  1537 raft_consensus.cc:2804] T 02ba18b291a2483097f3fb78f02ec085 P eb23ee296c4148aa8a92f3b2ee78b96e [term 0 FOLLOWER]: Leader pre-election won for term 1
I20260608 13:03:53.757021  1537 raft_consensus.cc:493] T 02ba18b291a2483097f3fb78f02ec085 P eb23ee296c4148aa8a92f3b2ee78b96e [term 0 FOLLOWER]: Starting leader election (no leader contacted us within the election timeout)
I20260608 13:03:53.755581  1556 leader_election.cc:290] T 61ea074f511c49618236b498b3d53c63 P 7e7194df771442baaea1b37da6f6280c [CANDIDATE]: Term 1 election: Requested vote from peers c8a82f81fc44461cb35c2d9b8033266e (127.28.149.65:43249), eb23ee296c4148aa8a92f3b2ee78b96e (127.28.149.67:38835)
I20260608 13:03:53.757390  1537 raft_consensus.cc:3060] T 02ba18b291a2483097f3fb78f02ec085 P eb23ee296c4148aa8a92f3b2ee78b96e [term 0 FOLLOWER]: Advancing to term 1
I20260608 13:03:53.753194  1513 consensus_queue.cc:260] T ead8bf9d857248a89ae0135f770a04dd P 7e7194df771442baaea1b37da6f6280c [NON_LEADER]: Queue going to NON_LEADER mode. State: All replicated index: 0, Majority replicated index: 0, Committed index: 0, Last appended: 0.0, Last appended by leader: 0, Current term: 0, Majority size: -1, State: 0, Mode: NON_LEADER, active raft config: opid_index: -1 OBSOLETE_local: false peers { permanent_uuid: "c8a82f81fc44461cb35c2d9b8033266e" member_type: VOTER last_known_addr { host: "127.28.149.65" port: 43249 } } peers { permanent_uuid: "7e7194df771442baaea1b37da6f6280c" member_type: VOTER last_known_addr { host: "127.28.149.66" port: 46555 } } peers { permanent_uuid: "eb23ee296c4148aa8a92f3b2ee78b96e" member_type: VOTER last_known_addr { host: "127.28.149.67" port: 38835 } }
W20260608 13:03:53.757700  1433 leader_election.cc:343] T 02ba18b291a2483097f3fb78f02ec085 P eb23ee296c4148aa8a92f3b2ee78b96e [CANDIDATE]: Term 1 pre-election: Tablet error from VoteRequest() call to peer 7e7194df771442baaea1b37da6f6280c (127.28.149.66:46555): Illegal state: must be running to vote when last-logged opid is not known
I20260608 13:03:53.763942  1563 raft_consensus.cc:515] T 590f61184ef84ff4a4509408b406b08c P eb23ee296c4148aa8a92f3b2ee78b96e [term 1 FOLLOWER]: Starting leader election with config: opid_index: -1 OBSOLETE_local: false peers { permanent_uuid: "c8a82f81fc44461cb35c2d9b8033266e" member_type: VOTER last_known_addr { host: "127.28.149.65" port: 43249 } } peers { permanent_uuid: "7e7194df771442baaea1b37da6f6280c" member_type: VOTER last_known_addr { host: "127.28.149.66" port: 46555 } } peers { permanent_uuid: "eb23ee296c4148aa8a92f3b2ee78b96e" member_type: VOTER last_known_addr { host: "127.28.149.67" port: 38835 } }
I20260608 13:03:53.765817  1392 raft_consensus.cc:3060] T ead8bf9d857248a89ae0135f770a04dd P 7e7194df771442baaea1b37da6f6280c [term 0 FOLLOWER]: Advancing to term 1
I20260608 13:03:53.767143  1513 ts_tablet_manager.cc:1434] T ead8bf9d857248a89ae0135f770a04dd P 7e7194df771442baaea1b37da6f6280c: Time spent starting tablet: real 0.041s	user 0.009s	sys 0.000s
I20260608 13:03:53.758278  1319 tablet_service.cc:1917] Received RequestConsensusVote() RPC: tablet_id: "61ea074f511c49618236b498b3d53c63" candidate_uuid: "7e7194df771442baaea1b37da6f6280c" candidate_term: 1 candidate_status { last_received { term: 0 index: 0 } } ignore_live_leader: false dest_uuid: "c8a82f81fc44461cb35c2d9b8033266e"
I20260608 13:03:53.767902  1319 raft_consensus.cc:3060] T 61ea074f511c49618236b498b3d53c63 P c8a82f81fc44461cb35c2d9b8033266e [term 0 FOLLOWER]: Advancing to term 1
I20260608 13:03:53.768447  1513 tablet_bootstrap.cc:492] T 527957e33d6d46a8be38093ff964efe2 P 7e7194df771442baaea1b37da6f6280c: Bootstrap starting.
I20260608 13:03:53.769532  1394 tablet_service.cc:1917] Received RequestConsensusVote() RPC: tablet_id: "590f61184ef84ff4a4509408b406b08c" candidate_uuid: "eb23ee296c4148aa8a92f3b2ee78b96e" candidate_term: 1 candidate_status { last_received { term: 0 index: 0 } } ignore_live_leader: false dest_uuid: "7e7194df771442baaea1b37da6f6280c"
W20260608 13:03:53.771473  1433 leader_election.cc:343] T 590f61184ef84ff4a4509408b406b08c P eb23ee296c4148aa8a92f3b2ee78b96e [CANDIDATE]: Term 1 election: Tablet error from VoteRequest() call to peer 7e7194df771442baaea1b37da6f6280c (127.28.149.66:46555): Illegal state: must be running to vote when last-logged opid is not known
I20260608 13:03:53.758026  1468 tablet_service.cc:1917] Received RequestConsensusVote() RPC: tablet_id: "61ea074f511c49618236b498b3d53c63" candidate_uuid: "7e7194df771442baaea1b37da6f6280c" candidate_term: 1 candidate_status { last_received { term: 0 index: 0 } } ignore_live_leader: false dest_uuid: "eb23ee296c4148aa8a92f3b2ee78b96e"
I20260608 13:03:53.772140  1563 leader_election.cc:290] T 590f61184ef84ff4a4509408b406b08c P eb23ee296c4148aa8a92f3b2ee78b96e [CANDIDATE]: Term 1 election: Requested vote from peers c8a82f81fc44461cb35c2d9b8033266e (127.28.149.65:43249), 7e7194df771442baaea1b37da6f6280c (127.28.149.66:46555)
I20260608 13:03:53.772214  1468 raft_consensus.cc:3060] T 61ea074f511c49618236b498b3d53c63 P eb23ee296c4148aa8a92f3b2ee78b96e [term 0 FOLLOWER]: Advancing to term 1
I20260608 13:03:53.774986  1316 tablet_service.cc:1917] Received RequestConsensusVote() RPC: tablet_id: "590f61184ef84ff4a4509408b406b08c" candidate_uuid: "eb23ee296c4148aa8a92f3b2ee78b96e" candidate_term: 1 candidate_status { last_received { term: 0 index: 0 } } ignore_live_leader: false dest_uuid: "c8a82f81fc44461cb35c2d9b8033266e"
I20260608 13:03:53.775238  1513 tablet_bootstrap.cc:654] T 527957e33d6d46a8be38093ff964efe2 P 7e7194df771442baaea1b37da6f6280c: Neither blocks nor log segments found. Creating new log.
I20260608 13:03:53.775632  1316 raft_consensus.cc:3060] T 590f61184ef84ff4a4509408b406b08c P c8a82f81fc44461cb35c2d9b8033266e [term 0 FOLLOWER]: Advancing to term 1
I20260608 13:03:53.758679  1515 ts_tablet_manager.cc:1434] T a9ae19d309c546b58927573eb94ab160 P eb23ee296c4148aa8a92f3b2ee78b96e: Time spent starting tablet: real 0.033s	user 0.009s	sys 0.000s
