I20260608 13:02:07.199184  8904 tablet_server.cc:179] TabletServer@127.8.178.3:0 shutting down...
I20260608 13:02:07.217555  8904 ts_tablet_manager.cc:1507] Shutting down tablet manager...
I20260608 13:02:07.218273  8904 tablet_replica.cc:333] T 9fad304db382433fad4e47cec0175b7f P 7597913628ea409092643e3a6b0b1a15: stopping tablet replica
I20260608 13:02:07.218849  8904 raft_consensus.cc:2243] T 9fad304db382433fad4e47cec0175b7f P 7597913628ea409092643e3a6b0b1a15 [term 1 LEADER]: Raft consensus shutting down.
I20260608 13:02:07.219318  8904 raft_consensus.cc:2272] T 9fad304db382433fad4e47cec0175b7f P 7597913628ea409092643e3a6b0b1a15 [term 1 FOLLOWER]: Raft consensus is shut down!
I20260608 13:02:07.237582  8904 tablet_server.cc:196] TabletServer@127.8.178.3:0 shutdown complete.
I20260608 13:02:07.246207  8904 master.cc:562] Master@127.8.178.61:43169 shutting down...
I20260608 13:02:07.260505  8904 raft_consensus.cc:2243] T 00000000000000000000000000000000 P acdea4a57ab046949d71a67e6121db7a [term 2 FOLLOWER]: Raft consensus shutting down.
I20260608 13:02:07.261061  8904 raft_consensus.cc:2272] T 00000000000000000000000000000000 P acdea4a57ab046949d71a67e6121db7a [term 2 FOLLOWER]: Raft consensus is shut down!
I20260608 13:02:07.261400  8904 tablet_replica.cc:333] T 00000000000000000000000000000000 P acdea4a57ab046949d71a67e6121db7a: stopping tablet replica
I20260608 13:02:07.280184  8904 master.cc:584] Master@127.8.178.61:43169 shutdown complete.
I20260608 13:02:07.291281  8904 master.cc:562] Master@127.8.178.60:41573 shutting down...
I20260608 13:02:07.305688  8904 raft_consensus.cc:2243] T 00000000000000000000000000000000 P e754f30059464a5f99e6c7b372b2f975 [term 2 LEADER]: Raft consensus shutting down.
I20260608 13:02:07.306357  8904 pending_rounds.cc:70] T 00000000000000000000000000000000 P e754f30059464a5f99e6c7b372b2f975: Trying to abort 1 pending ops.
I20260608 13:02:07.306608  8904 pending_rounds.cc:77] T 00000000000000000000000000000000 P e754f30059464a5f99e6c7b372b2f975: Aborting op as it isn't in flight: id { term: 2 index: 10 } timestamp: 7294663585903984640 op_type: NO_OP noop_request { }
I20260608 13:02:07.306869  8904 raft_consensus.cc:2889] T 00000000000000000000000000000000 P e754f30059464a5f99e6c7b372b2f975 [term 2 LEADER]: NO_OP replication failed: Aborted: Op aborted
I20260608 13:02:07.307107  8904 raft_consensus.cc:2272] T 00000000000000000000000000000000 P e754f30059464a5f99e6c7b372b2f975 [term 2 FOLLOWER]: Raft consensus is shut down!
I20260608 13:02:07.307524  8904 tablet_replica.cc:333] T 00000000000000000000000000000000 P e754f30059464a5f99e6c7b372b2f975: stopping tablet replica
I20260608 13:02:07.327268  8904 master.cc:584] Master@127.8.178.60:41573 shutdown complete.
[       OK ] AutoRebalancerTest.NextLeaderResumesAutoRebalancing (4677 ms)
[ RUN      ] AutoRebalancerTest.MovesScheduledIfAddTserver
I20260608 13:02:07.352447  8904 internal_mini_cluster.cc:156] Creating distributed mini masters. Addrs: 127.8.178.62:41031
I20260608 13:02:07.353780  8904 file_cache.cc:492] Constructed file cache file cache with capacity 419430
W20260608 13:02:07.359741 10612 instance_detector.cc:116] could not retrieve Azure instance metadata: Network error: curl error: HTTP response code said error: The requested URL returned error: 404
W20260608 13:02:07.359900 10611 instance_detector.cc:116] could not retrieve AWS instance metadata: Network error: curl error: HTTP response code said error: The requested URL returned error: 404
W20260608 13:02:07.360666 10614 instance_detector.cc:116] could not retrieve OpenStack instance metadata: Network error: curl error: HTTP response code said error: The requested URL returned error: 404
I20260608 13:02:07.362339  8904 server_base.cc:1061] running on GCE node
I20260608 13:02:07.363250  8904 hybrid_clock.cc:584] initializing the hybrid clock with 'system_unsync' time source
W20260608 13:02:07.363428  8904 system_unsync_time.cc:38] NTP support is disabled. Clock error bounds will not be accurate. This configuration is not suitable for distributed clusters.
I20260608 13:02:07.363637  8904 hybrid_clock.cc:648] HybridClock initialized: now 1780923727363621 us; error 0 us; skew 500 ppm
I20260608 13:02:07.364436  8904 server_base.cc:861] Flag tcmalloc_max_total_thread_cache_bytes is not working since tcmalloc is not enabled.
I20260608 13:02:07.367357  8904 webserver.cc:533] Webserver started at http://127.8.178.62:32951/ using document root <none> and password file <none>
I20260608 13:02:07.367950  8904 fs_manager.cc:362] Metadata directory not provided
I20260608 13:02:07.368145  8904 fs_manager.cc:368] Using write-ahead log directory (fs_wal_dir) as metadata directory
I20260608 13:02:07.368454  8904 server_base.cc:909] This appears to be a new deployment of Kudu; creating new FS layout
I20260608 13:02:07.369589  8904 fs_manager.cc:1068] Generated new instance metadata in path /tmp/dist-test-taskrsAqfH/test-tmp/auto_rebalancer-test.0.AutoRebalancerTest.MovesScheduledIfAddTserver.1780923701331598-8904-0/minicluster-data/master-0-root/instance:
uuid: "8aaa17e4738448d18baf7645713b5ed2"
format_stamp: "Formatted at 2026-06-08 13:02:07 on dist-test-slave-xgqp"
I20260608 13:02:07.374938  8904 fs_manager.cc:696] Time spent creating directory manager: real 0.005s	user 0.007s	sys 0.000s
I20260608 13:02:07.378676 10619 log_block_manager.cc:4031] Time spent loading block containers with low live blocks: real 0.000s	user 0.000s	sys 0.000s
I20260608 13:02:07.379558  8904 fs_manager.cc:730] Time spent opening block manager: real 0.002s	user 0.004s	sys 0.000s
I20260608 13:02:07.379887  8904 fs_manager.cc:647] Opened local filesystem: /tmp/dist-test-taskrsAqfH/test-tmp/auto_rebalancer-test.0.AutoRebalancerTest.MovesScheduledIfAddTserver.1780923701331598-8904-0/minicluster-data/master-0-root
uuid: "8aaa17e4738448d18baf7645713b5ed2"
format_stamp: "Formatted at 2026-06-08 13:02:07 on dist-test-slave-xgqp"
I20260608 13:02:07.380163  8904 fs_report.cc:389] FS layout report
--------------------
wal directory: /tmp/dist-test-taskrsAqfH/test-tmp/auto_rebalancer-test.0.AutoRebalancerTest.MovesScheduledIfAddTserver.1780923701331598-8904-0/minicluster-data/master-0-root
metadata directory: /tmp/dist-test-taskrsAqfH/test-tmp/auto_rebalancer-test.0.AutoRebalancerTest.MovesScheduledIfAddTserver.1780923701331598-8904-0/minicluster-data/master-0-root
1 data directories: /tmp/dist-test-taskrsAqfH/test-tmp/auto_rebalancer-test.0.AutoRebalancerTest.MovesScheduledIfAddTserver.1780923701331598-8904-0/minicluster-data/master-0-root/data
Total live blocks: 0
Total live bytes: 0
Total live bytes (after alignment): 0
Total number of LBM containers: 0 (0 full)
Did not check for missing blocks
Did not check for orphaned blocks
Total full LBM containers with extra space: 0 (0 repaired)
Total full LBM container extra space in bytes: 0 (0 repaired)
Total incomplete LBM containers: 0 (0 repaired)
Total LBM partial records: 0 (0 repaired)
Total corrupted LBM metadata records in RocksDB: 0 (0 repaired)
I20260608 13:02:07.395680  8904 rpc_server.cc:225] running with OpenSSL 1.1.1  11 Sep 2018
I20260608 13:02:07.396767  8904 kserver.cc:163] Server-wide thread pool size limit: 3276
I20260608 13:02:07.433094  8904 rpc_server.cc:307] RPC server started. Bound to: 127.8.178.62:41031
I20260608 13:02:07.433199 10670 acceptor_pool.cc:272] collecting diagnostics on the listening RPC socket 127.8.178.62:41031 every 8 connection(s)
I20260608 13:02:07.437588 10671 data_dirs.cc:400] Could only allocate 1 dirs of requested 3 for tablet 00000000000000000000000000000000. 1 dirs total, 0 dirs full, 0 dirs failed
I20260608 13:02:07.448738 10671 tablet_bootstrap.cc:492] T 00000000000000000000000000000000 P 8aaa17e4738448d18baf7645713b5ed2: Bootstrap starting.
I20260608 13:02:07.453670 10671 tablet_bootstrap.cc:654] T 00000000000000000000000000000000 P 8aaa17e4738448d18baf7645713b5ed2: Neither blocks nor log segments found. Creating new log.
I20260608 13:02:07.458290 10671 tablet_bootstrap.cc:492] T 00000000000000000000000000000000 P 8aaa17e4738448d18baf7645713b5ed2: No bootstrap required, opened a new log
I20260608 13:02:07.460417 10671 raft_consensus.cc:359] T 00000000000000000000000000000000 P 8aaa17e4738448d18baf7645713b5ed2 [term 0 FOLLOWER]: Replica starting. Triggering 0 pending ops. Active config: opid_index: -1 OBSOLETE_local: true peers { permanent_uuid: "8aaa17e4738448d18baf7645713b5ed2" member_type: VOTER }
I20260608 13:02:07.460808 10671 raft_consensus.cc:385] T 00000000000000000000000000000000 P 8aaa17e4738448d18baf7645713b5ed2 [term 0 FOLLOWER]: Consensus starting up: Expiring failure detector timer to make a prompt election more likely
I20260608 13:02:07.460988 10671 raft_consensus.cc:740] T 00000000000000000000000000000000 P 8aaa17e4738448d18baf7645713b5ed2 [term 0 FOLLOWER]: Becoming Follower/Learner. State: Replica: 8aaa17e4738448d18baf7645713b5ed2, State: Initialized, Role: FOLLOWER
I20260608 13:02:07.461650 10671 consensus_queue.cc:260] T 00000000000000000000000000000000 P 8aaa17e4738448d18baf7645713b5ed2 [NON_LEADER]: Queue going to NON_LEADER mode. State: All replicated index: 0, Majority replicated index: 0, Committed index: 0, Last appended: 0.0, Last appended by leader: 0, Current term: 0, Majority size: -1, State: 0, Mode: NON_LEADER, active raft config: opid_index: -1 OBSOLETE_local: true peers { permanent_uuid: "8aaa17e4738448d18baf7645713b5ed2" member_type: VOTER }
I20260608 13:02:07.462087 10671 raft_consensus.cc:399] T 00000000000000000000000000000000 P 8aaa17e4738448d18baf7645713b5ed2 [term 0 FOLLOWER]: Only one voter in the Raft config. Triggering election immediately
I20260608 13:02:07.462284 10671 raft_consensus.cc:493] T 00000000000000000000000000000000 P 8aaa17e4738448d18baf7645713b5ed2 [term 0 FOLLOWER]: Starting leader election (initial election of a single-replica configuration)
I20260608 13:02:07.462545 10671 raft_consensus.cc:3060] T 00000000000000000000000000000000 P 8aaa17e4738448d18baf7645713b5ed2 [term 0 FOLLOWER]: Advancing to term 1
I20260608 13:02:07.466910 10671 raft_consensus.cc:515] T 00000000000000000000000000000000 P 8aaa17e4738448d18baf7645713b5ed2 [term 1 FOLLOWER]: Starting leader election with config: opid_index: -1 OBSOLETE_local: true peers { permanent_uuid: "8aaa17e4738448d18baf7645713b5ed2" member_type: VOTER }
I20260608 13:02:07.467415 10671 leader_election.cc:304] T 00000000000000000000000000000000 P 8aaa17e4738448d18baf7645713b5ed2 [CANDIDATE]: Term 1 election: Election decided. Result: candidate won. Election summary: received 1 responses out of 1 voters: 1 yes votes; 0 no votes. yes voters: 8aaa17e4738448d18baf7645713b5ed2; no voters: 
I20260608 13:02:07.468516 10671 leader_election.cc:290] T 00000000000000000000000000000000 P 8aaa17e4738448d18baf7645713b5ed2 [CANDIDATE]: Term 1 election: Requested vote from peers 
I20260608 13:02:07.468935 10674 raft_consensus.cc:2804] T 00000000000000000000000000000000 P 8aaa17e4738448d18baf7645713b5ed2 [term 1 FOLLOWER]: Leader election won for term 1
I20260608 13:02:07.470387 10674 raft_consensus.cc:697] T 00000000000000000000000000000000 P 8aaa17e4738448d18baf7645713b5ed2 [term 1 LEADER]: Becoming Leader. State: Replica: 8aaa17e4738448d18baf7645713b5ed2, State: Running, Role: LEADER
I20260608 13:02:07.471135 10674 consensus_queue.cc:237] T 00000000000000000000000000000000 P 8aaa17e4738448d18baf7645713b5ed2 [LEADER]: Queue going to LEADER mode. State: All replicated index: 0, Majority replicated index: 0, Committed index: 0, Last appended: 0.0, Last appended by leader: 0, Current term: 1, Majority size: 1, State: 0, Mode: LEADER, active raft config: opid_index: -1 OBSOLETE_local: true peers { permanent_uuid: "8aaa17e4738448d18baf7645713b5ed2" member_type: VOTER }
I20260608 13:02:07.471657 10671 sys_catalog.cc:565] T 00000000000000000000000000000000 P 8aaa17e4738448d18baf7645713b5ed2 [sys.catalog]: configured and running, proceeding with master startup.
I20260608 13:02:07.474068 10675 sys_catalog.cc:455] T 00000000000000000000000000000000 P 8aaa17e4738448d18baf7645713b5ed2 [sys.catalog]: SysCatalogTable state changed. Reason: RaftConsensus started. Latest consensus state: current_term: 1 leader_uuid: "8aaa17e4738448d18baf7645713b5ed2" committed_config { opid_index: -1 OBSOLETE_local: true peers { permanent_uuid: "8aaa17e4738448d18baf7645713b5ed2" member_type: VOTER } }
I20260608 13:02:07.474879 10675 sys_catalog.cc:458] T 00000000000000000000000000000000 P 8aaa17e4738448d18baf7645713b5ed2 [sys.catalog]: This master's current role is: LEADER
I20260608 13:02:07.474094 10676 sys_catalog.cc:455] T 00000000000000000000000000000000 P 8aaa17e4738448d18baf7645713b5ed2 [sys.catalog]: SysCatalogTable state changed. Reason: New leader 8aaa17e4738448d18baf7645713b5ed2. Latest consensus state: current_term: 1 leader_uuid: "8aaa17e4738448d18baf7645713b5ed2" committed_config { opid_index: -1 OBSOLETE_local: true peers { permanent_uuid: "8aaa17e4738448d18baf7645713b5ed2" member_type: VOTER } }
I20260608 13:02:07.475925 10676 sys_catalog.cc:458] T 00000000000000000000000000000000 P 8aaa17e4738448d18baf7645713b5ed2 [sys.catalog]: This master's current role is: LEADER
I20260608 13:02:07.479303 10680 catalog_manager.cc:1510] Loading table and tablet metadata into memory...
I20260608 13:02:07.484766 10680 catalog_manager.cc:1519] Initializing Kudu cluster ID...
I20260608 13:02:07.488325  8904 internal_mini_cluster.cc:184] Waiting to initialize catalog manager on master 0
I20260608 13:02:07.494653 10680 catalog_manager.cc:1382] Generated new cluster ID: e418478ffcc54d04a29723810ba1244b
I20260608 13:02:07.494978 10680 catalog_manager.cc:1530] Initializing Kudu internal certificate authority...
I20260608 13:02:07.519438 10680 catalog_manager.cc:1405] Generated new certificate authority record
I20260608 13:02:07.520973 10680 catalog_manager.cc:1539] Loading token signing keys...
I20260608 13:02:07.537144 10680 catalog_manager.cc:6069] T 00000000000000000000000000000000 P 8aaa17e4738448d18baf7645713b5ed2: Generated new TSK 0
I20260608 13:02:07.537933 10680 catalog_manager.cc:1549] Initializing in-progress tserver states...
I20260608 13:02:07.555645  8904 file_cache.cc:492] Constructed file cache file cache with capacity 419430
W20260608 13:02:07.562107 10692 instance_detector.cc:116] could not retrieve AWS instance metadata: Network error: curl error: HTTP response code said error: The requested URL returned error: 404
W20260608 13:02:07.562871 10693 instance_detector.cc:116] could not retrieve Azure instance metadata: Network error: curl error: HTTP response code said error: The requested URL returned error: 404
W20260608 13:02:07.564824 10695 instance_detector.cc:116] could not retrieve OpenStack instance metadata: Network error: curl error: HTTP response code said error: The requested URL returned error: 404
I20260608 13:02:07.565730  8904 server_base.cc:1061] running on GCE node
I20260608 13:02:07.566550  8904 hybrid_clock.cc:584] initializing the hybrid clock with 'system_unsync' time source
W20260608 13:02:07.566740  8904 system_unsync_time.cc:38] NTP support is disabled. Clock error bounds will not be accurate. This configuration is not suitable for distributed clusters.
I20260608 13:02:07.566884  8904 hybrid_clock.cc:648] HybridClock initialized: now 1780923727566870 us; error 0 us; skew 500 ppm
I20260608 13:02:07.567421  8904 server_base.cc:861] Flag tcmalloc_max_total_thread_cache_bytes is not working since tcmalloc is not enabled.
I20260608 13:02:07.569819  8904 webserver.cc:533] Webserver started at http://127.8.178.1:45603/ using document root <none> and password file <none>
I20260608 13:02:07.570281  8904 fs_manager.cc:362] Metadata directory not provided
I20260608 13:02:07.570530  8904 fs_manager.cc:368] Using write-ahead log directory (fs_wal_dir) as metadata directory
I20260608 13:02:07.570773  8904 server_base.cc:909] This appears to be a new deployment of Kudu; creating new FS layout
I20260608 13:02:07.571835  8904 fs_manager.cc:1068] Generated new instance metadata in path /tmp/dist-test-taskrsAqfH/test-tmp/auto_rebalancer-test.0.AutoRebalancerTest.MovesScheduledIfAddTserver.1780923701331598-8904-0/minicluster-data/ts-0-root/instance:
uuid: "3452c906cf4f475e85d7892c91e2ed94"
format_stamp: "Formatted at 2026-06-08 13:02:07 on dist-test-slave-xgqp"
I20260608 13:02:07.576800  8904 fs_manager.cc:696] Time spent creating directory manager: real 0.004s	user 0.006s	sys 0.000s
I20260608 13:02:07.580470 10700 log_block_manager.cc:4031] Time spent loading block containers with low live blocks: real 0.000s	user 0.000s	sys 0.000s
I20260608 13:02:07.581271  8904 fs_manager.cc:730] Time spent opening block manager: real 0.002s	user 0.002s	sys 0.000s
I20260608 13:02:07.581571  8904 fs_manager.cc:647] Opened local filesystem: /tmp/dist-test-taskrsAqfH/test-tmp/auto_rebalancer-test.0.AutoRebalancerTest.MovesScheduledIfAddTserver.1780923701331598-8904-0/minicluster-data/ts-0-root
uuid: "3452c906cf4f475e85d7892c91e2ed94"
format_stamp: "Formatted at 2026-06-08 13:02:07 on dist-test-slave-xgqp"
I20260608 13:02:07.582070  8904 fs_report.cc:389] FS layout report
--------------------
wal directory: /tmp/dist-test-taskrsAqfH/test-tmp/auto_rebalancer-test.0.AutoRebalancerTest.MovesScheduledIfAddTserver.1780923701331598-8904-0/minicluster-data/ts-0-root
metadata directory: /tmp/dist-test-taskrsAqfH/test-tmp/auto_rebalancer-test.0.AutoRebalancerTest.MovesScheduledIfAddTserver.1780923701331598-8904-0/minicluster-data/ts-0-root
1 data directories: /tmp/dist-test-taskrsAqfH/test-tmp/auto_rebalancer-test.0.AutoRebalancerTest.MovesScheduledIfAddTserver.1780923701331598-8904-0/minicluster-data/ts-0-root/data
Total live blocks: 0
Total live bytes: 0
Total live bytes (after alignment): 0
Total number of LBM containers: 0 (0 full)
Did not check for missing blocks
Did not check for orphaned blocks
Total full LBM containers with extra space: 0 (0 repaired)
Total full LBM container extra space in bytes: 0 (0 repaired)
Total incomplete LBM containers: 0 (0 repaired)
Total LBM partial records: 0 (0 repaired)
Total corrupted LBM metadata records in RocksDB: 0 (0 repaired)
I20260608 13:02:07.612488  8904 rpc_server.cc:225] running with OpenSSL 1.1.1  11 Sep 2018
I20260608 13:02:07.613653  8904 kserver.cc:163] Server-wide thread pool size limit: 3276
I20260608 13:02:07.615288  8904 txn_system_client.cc:432] TxnSystemClient initialization is disabled...
I20260608 13:02:07.617681  8904 ts_tablet_manager.cc:585] Loaded tablet metadata (0 total tablets, 0 live tablets)
I20260608 13:02:07.617929  8904 ts_tablet_manager.cc:531] Time spent load tablet metadata: real 0.000s	user 0.000s	sys 0.000s
I20260608 13:02:07.618187  8904 ts_tablet_manager.cc:616] Registered 0 tablets
I20260608 13:02:07.618369  8904 ts_tablet_manager.cc:595] Time spent register tablets: real 0.000s	user 0.000s	sys 0.000s
I20260608 13:02:07.658603  8904 rpc_server.cc:307] RPC server started. Bound to: 127.8.178.1:44305
I20260608 13:02:07.658735 10762 acceptor_pool.cc:272] collecting diagnostics on the listening RPC socket 127.8.178.1:44305 every 8 connection(s)
I20260608 13:02:07.663970  8904 file_cache.cc:492] Constructed file cache file cache with capacity 419430
W20260608 13:02:07.671866 10767 instance_detector.cc:116] could not retrieve AWS instance metadata: Network error: curl error: HTTP response code said error: The requested URL returned error: 404
W20260608 13:02:07.673153 10768 instance_detector.cc:116] could not retrieve Azure instance metadata: Network error: curl error: HTTP response code said error: The requested URL returned error: 404
I20260608 13:02:07.686703 10763 heartbeater.cc:344] Connected to a master server at 127.8.178.62:41031
W20260608 13:02:07.686808 10770 instance_detector.cc:116] could not retrieve OpenStack instance metadata: Network error: curl error: HTTP response code said error: The requested URL returned error: 404
I20260608 13:02:07.687649 10763 heartbeater.cc:461] Registering TS with master...
I20260608 13:02:07.688638 10763 heartbeater.cc:507] Master 127.8.178.62:41031 requested a full tablet report, sending...
I20260608 13:02:07.690169  8904 server_base.cc:1061] running on GCE node
I20260608 13:02:07.691511 10636 ts_manager.cc:194] Registered new tserver with Master: 3452c906cf4f475e85d7892c91e2ed94 (127.8.178.1:44305)
I20260608 13:02:07.691655  8904 hybrid_clock.cc:584] initializing the hybrid clock with 'system_unsync' time source
W20260608 13:02:07.691926  8904 system_unsync_time.cc:38] NTP support is disabled. Clock error bounds will not be accurate. This configuration is not suitable for distributed clusters.
I20260608 13:02:07.692154  8904 hybrid_clock.cc:648] HybridClock initialized: now 1780923727692131 us; error 0 us; skew 500 ppm
I20260608 13:02:07.693018  8904 server_base.cc:861] Flag tcmalloc_max_total_thread_cache_bytes is not working since tcmalloc is not enabled.
I20260608 13:02:07.693949 10636 master_service.cc:502] Signed X509 certificate for tserver {username='slave'} at 127.0.0.1:51508
I20260608 13:02:07.696213  8904 webserver.cc:533] Webserver started at http://127.8.178.2:36321/ using document root <none> and password file <none>
I20260608 13:02:07.696789  8904 fs_manager.cc:362] Metadata directory not provided
I20260608 13:02:07.697007  8904 fs_manager.cc:368] Using write-ahead log directory (fs_wal_dir) as metadata directory
I20260608 13:02:07.697290  8904 server_base.cc:909] This appears to be a new deployment of Kudu; creating new FS layout
I20260608 13:02:07.698369  8904 fs_manager.cc:1068] Generated new instance metadata in path /tmp/dist-test-taskrsAqfH/test-tmp/auto_rebalancer-test.0.AutoRebalancerTest.MovesScheduledIfAddTserver.1780923701331598-8904-0/minicluster-data/ts-1-root/instance:
uuid: "9e9f1f37101f41c88e141c44f3dd9bcc"
format_stamp: "Formatted at 2026-06-08 13:02:07 on dist-test-slave-xgqp"
I20260608 13:02:07.703241  8904 fs_manager.cc:696] Time spent creating directory manager: real 0.004s	user 0.004s	sys 0.000s
I20260608 13:02:07.707261 10775 log_block_manager.cc:4031] Time spent loading block containers with low live blocks: real 0.000s	user 0.000s	sys 0.000s
I20260608 13:02:07.708348  8904 fs_manager.cc:730] Time spent opening block manager: real 0.003s	user 0.002s	sys 0.002s
I20260608 13:02:07.708669  8904 fs_manager.cc:647] Opened local filesystem: /tmp/dist-test-taskrsAqfH/test-tmp/auto_rebalancer-test.0.AutoRebalancerTest.MovesScheduledIfAddTserver.1780923701331598-8904-0/minicluster-data/ts-1-root
uuid: "9e9f1f37101f41c88e141c44f3dd9bcc"
format_stamp: "Formatted at 2026-06-08 13:02:07 on dist-test-slave-xgqp"
I20260608 13:02:07.708959  8904 fs_report.cc:389] FS layout report
--------------------
wal directory: /tmp/dist-test-taskrsAqfH/test-tmp/auto_rebalancer-test.0.AutoRebalancerTest.MovesScheduledIfAddTserver.1780923701331598-8904-0/minicluster-data/ts-1-root
metadata directory: /tmp/dist-test-taskrsAqfH/test-tmp/auto_rebalancer-test.0.AutoRebalancerTest.MovesScheduledIfAddTserver.1780923701331598-8904-0/minicluster-data/ts-1-root
1 data directories: /tmp/dist-test-taskrsAqfH/test-tmp/auto_rebalancer-test.0.AutoRebalancerTest.MovesScheduledIfAddTserver.1780923701331598-8904-0/minicluster-data/ts-1-root/data
Total live blocks: 0
Total live bytes: 0
Total live bytes (after alignment): 0
Total number of LBM containers: 0 (0 full)
Did not check for missing blocks
Did not check for orphaned blocks
Total full LBM containers with extra space: 0 (0 repaired)
Total full LBM container extra space in bytes: 0 (0 repaired)
Total incomplete LBM containers: 0 (0 repaired)
Total LBM partial records: 0 (0 repaired)
Total corrupted LBM metadata records in RocksDB: 0 (0 repaired)
I20260608 13:02:07.749240  8904 rpc_server.cc:225] running with OpenSSL 1.1.1  11 Sep 2018
I20260608 13:02:07.750516  8904 kserver.cc:163] Server-wide thread pool size limit: 3276
I20260608 13:02:07.752125  8904 txn_system_client.cc:432] TxnSystemClient initialization is disabled...
I20260608 13:02:07.754925  8904 ts_tablet_manager.cc:585] Loaded tablet metadata (0 total tablets, 0 live tablets)
I20260608 13:02:07.755208  8904 ts_tablet_manager.cc:531] Time spent load tablet metadata: real 0.000s	user 0.000s	sys 0.000s
I20260608 13:02:07.755535  8904 ts_tablet_manager.cc:616] Registered 0 tablets
I20260608 13:02:07.755749  8904 ts_tablet_manager.cc:595] Time spent register tablets: real 0.000s	user 0.000s	sys 0.000s
I20260608 13:02:07.813225  8904 rpc_server.cc:307] RPC server started. Bound to: 127.8.178.2:34245
I20260608 13:02:07.813333 10837 acceptor_pool.cc:272] collecting diagnostics on the listening RPC socket 127.8.178.2:34245 every 8 connection(s)
I20260608 13:02:07.819056  8904 file_cache.cc:492] Constructed file cache file cache with capacity 419430
W20260608 13:02:07.826630 10841 instance_detector.cc:116] could not retrieve AWS instance metadata: Network error: curl error: HTTP response code said error: The requested URL returned error: 404
W20260608 13:02:07.828522 10842 instance_detector.cc:116] could not retrieve Azure instance metadata: Network error: curl error: HTTP response code said error: The requested URL returned error: 404
W20260608 13:02:07.830430 10844 instance_detector.cc:116] could not retrieve OpenStack instance metadata: Network error: curl error: HTTP response code said error: The requested URL returned error: 404
I20260608 13:02:07.830936 10838 heartbeater.cc:344] Connected to a master server at 127.8.178.62:41031
I20260608 13:02:07.831472 10838 heartbeater.cc:461] Registering TS with master...
I20260608 13:02:07.831459  8904 server_base.cc:1061] running on GCE node
I20260608 13:02:07.832688 10838 heartbeater.cc:507] Master 127.8.178.62:41031 requested a full tablet report, sending...
I20260608 13:02:07.832739  8904 hybrid_clock.cc:584] initializing the hybrid clock with 'system_unsync' time source
W20260608 13:02:07.833173  8904 system_unsync_time.cc:38] NTP support is disabled. Clock error bounds will not be accurate. This configuration is not suitable for distributed clusters.
I20260608 13:02:07.833400  8904 hybrid_clock.cc:648] HybridClock initialized: now 1780923727833381 us; error 0 us; skew 500 ppm
I20260608 13:02:07.834179  8904 server_base.cc:861] Flag tcmalloc_max_total_thread_cache_bytes is not working since tcmalloc is not enabled.
I20260608 13:02:07.835354 10636 ts_manager.cc:194] Registered new tserver with Master: 9e9f1f37101f41c88e141c44f3dd9bcc (127.8.178.2:34245)
I20260608 13:02:07.836865  8904 webserver.cc:533] Webserver started at http://127.8.178.3:36899/ using document root <none> and password file <none>
I20260608 13:02:07.837100 10636 master_service.cc:502] Signed X509 certificate for tserver {username='slave'} at 127.0.0.1:51518
I20260608 13:02:07.837438  8904 fs_manager.cc:362] Metadata directory not provided
I20260608 13:02:07.837684  8904 fs_manager.cc:368] Using write-ahead log directory (fs_wal_dir) as metadata directory
I20260608 13:02:07.837951  8904 server_base.cc:909] This appears to be a new deployment of Kudu; creating new FS layout
I20260608 13:02:07.839212  8904 fs_manager.cc:1068] Generated new instance metadata in path /tmp/dist-test-taskrsAqfH/test-tmp/auto_rebalancer-test.0.AutoRebalancerTest.MovesScheduledIfAddTserver.1780923701331598-8904-0/minicluster-data/ts-2-root/instance:
uuid: "ab14ee9228aa4c34ba3883889ab2c71c"
format_stamp: "Formatted at 2026-06-08 13:02:07 on dist-test-slave-xgqp"
I20260608 13:02:07.843662  8904 fs_manager.cc:696] Time spent creating directory manager: real 0.004s	user 0.004s	sys 0.000s
I20260608 13:02:07.847500 10849 log_block_manager.cc:4031] Time spent loading block containers with low live blocks: real 0.000s	user 0.000s	sys 0.000s
I20260608 13:02:07.848341  8904 fs_manager.cc:730] Time spent opening block manager: real 0.003s	user 0.003s	sys 0.000s
I20260608 13:02:07.848603  8904 fs_manager.cc:647] Opened local filesystem: /tmp/dist-test-taskrsAqfH/test-tmp/auto_rebalancer-test.0.AutoRebalancerTest.MovesScheduledIfAddTserver.1780923701331598-8904-0/minicluster-data/ts-2-root
uuid: "ab14ee9228aa4c34ba3883889ab2c71c"
format_stamp: "Formatted at 2026-06-08 13:02:07 on dist-test-slave-xgqp"
I20260608 13:02:07.848841  8904 fs_report.cc:389] FS layout report
--------------------
wal directory: /tmp/dist-test-taskrsAqfH/test-tmp/auto_rebalancer-test.0.AutoRebalancerTest.MovesScheduledIfAddTserver.1780923701331598-8904-0/minicluster-data/ts-2-root
metadata directory: /tmp/dist-test-taskrsAqfH/test-tmp/auto_rebalancer-test.0.AutoRebalancerTest.MovesScheduledIfAddTserver.1780923701331598-8904-0/minicluster-data/ts-2-root
1 data directories: /tmp/dist-test-taskrsAqfH/test-tmp/auto_rebalancer-test.0.AutoRebalancerTest.MovesScheduledIfAddTserver.1780923701331598-8904-0/minicluster-data/ts-2-root/data
Total live blocks: 0
Total live bytes: 0
Total live bytes (after alignment): 0
Total number of LBM containers: 0 (0 full)
Did not check for missing blocks
Did not check for orphaned blocks
Total full LBM containers with extra space: 0 (0 repaired)
Total full LBM container extra space in bytes: 0 (0 repaired)
Total incomplete LBM containers: 0 (0 repaired)
Total LBM partial records: 0 (0 repaired)
Total corrupted LBM metadata records in RocksDB: 0 (0 repaired)
I20260608 13:02:07.877676  8904 rpc_server.cc:225] running with OpenSSL 1.1.1  11 Sep 2018
I20260608 13:02:07.879194  8904 kserver.cc:163] Server-wide thread pool size limit: 3276
I20260608 13:02:07.880470  8904 txn_system_client.cc:432] TxnSystemClient initialization is disabled...
I20260608 13:02:07.883030  8904 ts_tablet_manager.cc:585] Loaded tablet metadata (0 total tablets, 0 live tablets)
I20260608 13:02:07.883216  8904 ts_tablet_manager.cc:531] Time spent load tablet metadata: real 0.000s	user 0.000s	sys 0.000s
I20260608 13:02:07.883507  8904 ts_tablet_manager.cc:616] Registered 0 tablets
I20260608 13:02:07.883687  8904 ts_tablet_manager.cc:595] Time spent register tablets: real 0.000s	user 0.000s	sys 0.000s
I20260608 13:02:07.922526  8904 rpc_server.cc:307] RPC server started. Bound to: 127.8.178.3:45119
I20260608 13:02:07.922645 10911 acceptor_pool.cc:272] collecting diagnostics on the listening RPC socket 127.8.178.3:45119 every 8 connection(s)
I20260608 13:02:07.936302 10912 heartbeater.cc:344] Connected to a master server at 127.8.178.62:41031
I20260608 13:02:07.936745 10912 heartbeater.cc:461] Registering TS with master...
I20260608 13:02:07.937492 10912 heartbeater.cc:507] Master 127.8.178.62:41031 requested a full tablet report, sending...
I20260608 13:02:07.939567 10636 ts_manager.cc:194] Registered new tserver with Master: ab14ee9228aa4c34ba3883889ab2c71c (127.8.178.3:45119)
I20260608 13:02:07.940598  8904 internal_mini_cluster.cc:371] 3 TS(s) registered with all masters after 0.014659003s
I20260608 13:02:07.940912 10636 master_service.cc:502] Signed X509 certificate for tserver {username='slave'} at 127.0.0.1:51524
I20260608 13:02:08.696913 10763 heartbeater.cc:499] Master 127.8.178.62:41031 was elected leader, sending a full tablet report...
I20260608 13:02:08.839748 10838 heartbeater.cc:499] Master 127.8.178.62:41031 was elected leader, sending a full tablet report...
I20260608 13:02:08.943454 10912 heartbeater.cc:499] Master 127.8.178.62:41031 was elected leader, sending a full tablet report...
I20260608 13:02:08.999147 10636 catalog_manager.cc:2282] Servicing CreateTable request from {username='slave'} at 127.0.0.1:51532:
name: "test-workload"
schema {
  columns {
    name: "key"
    type: INT32
    is_key: true
    is_nullable: false
    encoding: AUTO_ENCODING
    compression: DEFAULT_COMPRESSION
    cfile_block_size: 0
    immutable: false
  }
  columns {
    name: "int_val"
    type: INT32
    is_key: false
    is_nullable: false
    encoding: AUTO_ENCODING
    compression: DEFAULT_COMPRESSION
    cfile_block_size: 0
    immutable: false
  }
  columns {
    name: "string_val"
    type: STRING
    is_key: false
    is_nullable: true
    encoding: AUTO_ENCODING
    compression: DEFAULT_COMPRESSION
    cfile_block_size: 0
    immutable: false
  }
}
num_replicas: 3
split_rows_range_bounds {
  rows: "\004\001\000\377\377\377?""\004\001\000\377\377\377?"
  indirect_data: """"
}
partition_schema {
  range_schema {
    columns {
      name: "key"
    }
  }
}
W20260608 13:02:09.001303 10636 catalog_manager.cc:7076] The number of live tablet servers is not enough to re-replicate a tablet replica of the newly created table test-workload in case of a server failure: 4 tablet servers would be needed, 3 are available. Consider bringing up more tablet servers.
I20260608 13:02:09.052556 10728 tablet_service.cc:1511] Processing CreateTablet for tablet a2d2988ff7d447f49b562516691a6f91 (DEFAULT_TABLE table=test-workload [id=a594e4ea39f9422dae52f64903572d83]), partition=RANGE (key) PARTITION VALUES < 1073741823
I20260608 13:02:09.054908 10728 data_dirs.cc:400] Could only allocate 1 dirs of requested 3 for tablet a2d2988ff7d447f49b562516691a6f91. 1 dirs total, 0 dirs full, 0 dirs failed
I20260608 13:02:09.059048 10727 tablet_service.cc:1511] Processing CreateTablet for tablet a907bff462f3455ba29ddd5bbfc35f06 (DEFAULT_TABLE table=test-workload [id=a594e4ea39f9422dae52f64903572d83]), partition=RANGE (key) PARTITION 1073741823 <= VALUES
I20260608 13:02:09.060689 10727 data_dirs.cc:400] Could only allocate 1 dirs of requested 3 for tablet a907bff462f3455ba29ddd5bbfc35f06. 1 dirs total, 0 dirs full, 0 dirs failed
I20260608 13:02:09.070993 10803 tablet_service.cc:1511] Processing CreateTablet for tablet a2d2988ff7d447f49b562516691a6f91 (DEFAULT_TABLE table=test-workload [id=a594e4ea39f9422dae52f64903572d83]), partition=RANGE (key) PARTITION VALUES < 1073741823
I20260608 13:02:09.071359 10802 tablet_service.cc:1511] Processing CreateTablet for tablet a907bff462f3455ba29ddd5bbfc35f06 (DEFAULT_TABLE table=test-workload [id=a594e4ea39f9422dae52f64903572d83]), partition=RANGE (key) PARTITION 1073741823 <= VALUES
I20260608 13:02:09.072499 10803 data_dirs.cc:400] Could only allocate 1 dirs of requested 3 for tablet a2d2988ff7d447f49b562516691a6f91. 1 dirs total, 0 dirs full, 0 dirs failed
I20260608 13:02:09.073345 10802 data_dirs.cc:400] Could only allocate 1 dirs of requested 3 for tablet a907bff462f3455ba29ddd5bbfc35f06. 1 dirs total, 0 dirs full, 0 dirs failed
I20260608 13:02:09.075728 10876 tablet_service.cc:1511] Processing CreateTablet for tablet a907bff462f3455ba29ddd5bbfc35f06 (DEFAULT_TABLE table=test-workload [id=a594e4ea39f9422dae52f64903572d83]), partition=RANGE (key) PARTITION 1073741823 <= VALUES
I20260608 13:02:09.077311 10876 data_dirs.cc:400] Could only allocate 1 dirs of requested 3 for tablet a907bff462f3455ba29ddd5bbfc35f06. 1 dirs total, 0 dirs full, 0 dirs failed
I20260608 13:02:09.078179 10877 tablet_service.cc:1511] Processing CreateTablet for tablet a2d2988ff7d447f49b562516691a6f91 (DEFAULT_TABLE table=test-workload [id=a594e4ea39f9422dae52f64903572d83]), partition=RANGE (key) PARTITION VALUES < 1073741823
I20260608 13:02:09.079615 10877 data_dirs.cc:400] Could only allocate 1 dirs of requested 3 for tablet a2d2988ff7d447f49b562516691a6f91. 1 dirs total, 0 dirs full, 0 dirs failed
I20260608 13:02:09.104107 10933 tablet_bootstrap.cc:492] T a907bff462f3455ba29ddd5bbfc35f06 P ab14ee9228aa4c34ba3883889ab2c71c: Bootstrap starting.
I20260608 13:02:09.106712 10932 tablet_bootstrap.cc:492] T a2d2988ff7d447f49b562516691a6f91 P 9e9f1f37101f41c88e141c44f3dd9bcc: Bootstrap starting.
I20260608 13:02:09.109735 10934 tablet_bootstrap.cc:492] T a2d2988ff7d447f49b562516691a6f91 P 3452c906cf4f475e85d7892c91e2ed94: Bootstrap starting.
I20260608 13:02:09.115150 10933 tablet_bootstrap.cc:654] T a907bff462f3455ba29ddd5bbfc35f06 P ab14ee9228aa4c34ba3883889ab2c71c: Neither blocks nor log segments found. Creating new log.
I20260608 13:02:09.115856 10932 tablet_bootstrap.cc:654] T a2d2988ff7d447f49b562516691a6f91 P 9e9f1f37101f41c88e141c44f3dd9bcc: Neither blocks nor log segments found. Creating new log.
I20260608 13:02:09.116829 10934 tablet_bootstrap.cc:654] T a2d2988ff7d447f49b562516691a6f91 P 3452c906cf4f475e85d7892c91e2ed94: Neither blocks nor log segments found. Creating new log.
I20260608 13:02:09.121694 10933 tablet_bootstrap.cc:492] T a907bff462f3455ba29ddd5bbfc35f06 P ab14ee9228aa4c34ba3883889ab2c71c: No bootstrap required, opened a new log
I20260608 13:02:09.122202 10933 ts_tablet_manager.cc:1403] T a907bff462f3455ba29ddd5bbfc35f06 P ab14ee9228aa4c34ba3883889ab2c71c: Time spent bootstrapping tablet: real 0.018s	user 0.007s	sys 0.004s
I20260608 13:02:09.122691 10932 tablet_bootstrap.cc:492] T a2d2988ff7d447f49b562516691a6f91 P 9e9f1f37101f41c88e141c44f3dd9bcc: No bootstrap required, opened a new log
I20260608 13:02:09.122851 10934 tablet_bootstrap.cc:492] T a2d2988ff7d447f49b562516691a6f91 P 3452c906cf4f475e85d7892c91e2ed94: No bootstrap required, opened a new log
I20260608 13:02:09.123179 10932 ts_tablet_manager.cc:1403] T a2d2988ff7d447f49b562516691a6f91 P 9e9f1f37101f41c88e141c44f3dd9bcc: Time spent bootstrapping tablet: real 0.017s	user 0.013s	sys 0.000s
I20260608 13:02:09.123368 10934 ts_tablet_manager.cc:1403] T a2d2988ff7d447f49b562516691a6f91 P 3452c906cf4f475e85d7892c91e2ed94: Time spent bootstrapping tablet: real 0.014s	user 0.013s	sys 0.000s
I20260608 13:02:09.125204 10933 raft_consensus.cc:359] T a907bff462f3455ba29ddd5bbfc35f06 P ab14ee9228aa4c34ba3883889ab2c71c [term 0 FOLLOWER]: Replica starting. Triggering 0 pending ops. Active config: opid_index: -1 OBSOLETE_local: false peers { permanent_uuid: "3452c906cf4f475e85d7892c91e2ed94" member_type: VOTER last_known_addr { host: "127.8.178.1" port: 44305 } } peers { permanent_uuid: "9e9f1f37101f41c88e141c44f3dd9bcc" member_type: VOTER last_known_addr { host: "127.8.178.2" port: 34245 } } peers { permanent_uuid: "ab14ee9228aa4c34ba3883889ab2c71c" member_type: VOTER last_known_addr { host: "127.8.178.3" port: 45119 } }
I20260608 13:02:09.125985 10933 raft_consensus.cc:385] T a907bff462f3455ba29ddd5bbfc35f06 P ab14ee9228aa4c34ba3883889ab2c71c [term 0 FOLLOWER]: Consensus starting up: Expiring failure detector timer to make a prompt election more likely
I20260608 13:02:09.126355 10933 raft_consensus.cc:740] T a907bff462f3455ba29ddd5bbfc35f06 P ab14ee9228aa4c34ba3883889ab2c71c [term 0 FOLLOWER]: Becoming Follower/Learner. State: Replica: ab14ee9228aa4c34ba3883889ab2c71c, State: Initialized, Role: FOLLOWER
I20260608 13:02:09.126138 10932 raft_consensus.cc:359] T a2d2988ff7d447f49b562516691a6f91 P 9e9f1f37101f41c88e141c44f3dd9bcc [term 0 FOLLOWER]: Replica starting. Triggering 0 pending ops. Active config: opid_index: -1 OBSOLETE_local: false peers { permanent_uuid: "3452c906cf4f475e85d7892c91e2ed94" member_type: VOTER last_known_addr { host: "127.8.178.1" port: 44305 } } peers { permanent_uuid: "ab14ee9228aa4c34ba3883889ab2c71c" member_type: VOTER last_known_addr { host: "127.8.178.3" port: 45119 } } peers { permanent_uuid: "9e9f1f37101f41c88e141c44f3dd9bcc" member_type: VOTER last_known_addr { host: "127.8.178.2" port: 34245 } }
I20260608 13:02:09.126946 10932 raft_consensus.cc:385] T a2d2988ff7d447f49b562516691a6f91 P 9e9f1f37101f41c88e141c44f3dd9bcc [term 0 FOLLOWER]: Consensus starting up: Expiring failure detector timer to make a prompt election more likely
I20260608 13:02:09.126660 10934 raft_consensus.cc:359] T a2d2988ff7d447f49b562516691a6f91 P 3452c906cf4f475e85d7892c91e2ed94 [term 0 FOLLOWER]: Replica starting. Triggering 0 pending ops. Active config: opid_index: -1 OBSOLETE_local: false peers { permanent_uuid: "3452c906cf4f475e85d7892c91e2ed94" member_type: VOTER last_known_addr { host: "127.8.178.1" port: 44305 } } peers { permanent_uuid: "ab14ee9228aa4c34ba3883889ab2c71c" member_type: VOTER last_known_addr { host: "127.8.178.3" port: 45119 } } peers { permanent_uuid: "9e9f1f37101f41c88e141c44f3dd9bcc" member_type: VOTER last_known_addr { host: "127.8.178.2" port: 34245 } }
I20260608 13:02:09.127288 10932 raft_consensus.cc:740] T a2d2988ff7d447f49b562516691a6f91 P 9e9f1f37101f41c88e141c44f3dd9bcc [term 0 FOLLOWER]: Becoming Follower/Learner. State: Replica: 9e9f1f37101f41c88e141c44f3dd9bcc, State: Initialized, Role: FOLLOWER
I20260608 13:02:09.127570 10934 raft_consensus.cc:385] T a2d2988ff7d447f49b562516691a6f91 P 3452c906cf4f475e85d7892c91e2ed94 [term 0 FOLLOWER]: Consensus starting up: Expiring failure detector timer to make a prompt election more likely
I20260608 13:02:09.127252 10933 consensus_queue.cc:260] T a907bff462f3455ba29ddd5bbfc35f06 P ab14ee9228aa4c34ba3883889ab2c71c [NON_LEADER]: Queue going to NON_LEADER mode. State: All replicated index: 0, Majority replicated index: 0, Committed index: 0, Last appended: 0.0, Last appended by leader: 0, Current term: 0, Majority size: -1, State: 0, Mode: NON_LEADER, active raft config: opid_index: -1 OBSOLETE_local: false peers { permanent_uuid: "3452c906cf4f475e85d7892c91e2ed94" member_type: VOTER last_known_addr { host: "127.8.178.1" port: 44305 } } peers { permanent_uuid: "9e9f1f37101f41c88e141c44f3dd9bcc" member_type: VOTER last_known_addr { host: "127.8.178.2" port: 34245 } } peers { permanent_uuid: "ab14ee9228aa4c34ba3883889ab2c71c" member_type: VOTER last_known_addr { host: "127.8.178.3" port: 45119 } }
I20260608 13:02:09.128023 10934 raft_consensus.cc:740] T a2d2988ff7d447f49b562516691a6f91 P 3452c906cf4f475e85d7892c91e2ed94 [term 0 FOLLOWER]: Becoming Follower/Learner. State: Replica: 3452c906cf4f475e85d7892c91e2ed94, State: Initialized, Role: FOLLOWER
I20260608 13:02:09.128289 10932 consensus_queue.cc:260] T a2d2988ff7d447f49b562516691a6f91 P 9e9f1f37101f41c88e141c44f3dd9bcc [NON_LEADER]: Queue going to NON_LEADER mode. State: All replicated index: 0, Majority replicated index: 0, Committed index: 0, Last appended: 0.0, Last appended by leader: 0, Current term: 0, Majority size: -1, State: 0, Mode: NON_LEADER, active raft config: opid_index: -1 OBSOLETE_local: false peers { permanent_uuid: "3452c906cf4f475e85d7892c91e2ed94" member_type: VOTER last_known_addr { host: "127.8.178.1" port: 44305 } } peers { permanent_uuid: "ab14ee9228aa4c34ba3883889ab2c71c" member_type: VOTER last_known_addr { host: "127.8.178.3" port: 45119 } } peers { permanent_uuid: "9e9f1f37101f41c88e141c44f3dd9bcc" member_type: VOTER last_known_addr { host: "127.8.178.2" port: 34245 } }
I20260608 13:02:09.128961 10934 consensus_queue.cc:260] T a2d2988ff7d447f49b562516691a6f91 P 3452c906cf4f475e85d7892c91e2ed94 [NON_LEADER]: Queue going to NON_LEADER mode. State: All replicated index: 0, Majority replicated index: 0, Committed index: 0, Last appended: 0.0, Last appended by leader: 0, Current term: 0, Majority size: -1, State: 0, Mode: NON_LEADER, active raft config: opid_index: -1 OBSOLETE_local: false peers { permanent_uuid: "3452c906cf4f475e85d7892c91e2ed94" member_type: VOTER last_known_addr { host: "127.8.178.1" port: 44305 } } peers { permanent_uuid: "ab14ee9228aa4c34ba3883889ab2c71c" member_type: VOTER last_known_addr { host: "127.8.178.3" port: 45119 } } peers { permanent_uuid: "9e9f1f37101f41c88e141c44f3dd9bcc" member_type: VOTER last_known_addr { host: "127.8.178.2" port: 34245 } }
I20260608 13:02:09.130906 10933 ts_tablet_manager.cc:1434] T a907bff462f3455ba29ddd5bbfc35f06 P ab14ee9228aa4c34ba3883889ab2c71c: Time spent starting tablet: real 0.008s	user 0.006s	sys 0.002s
I20260608 13:02:09.132381 10933 tablet_bootstrap.cc:492] T a2d2988ff7d447f49b562516691a6f91 P ab14ee9228aa4c34ba3883889ab2c71c: Bootstrap starting.
I20260608 13:02:09.140872 10933 tablet_bootstrap.cc:654] T a2d2988ff7d447f49b562516691a6f91 P ab14ee9228aa4c34ba3883889ab2c71c: Neither blocks nor log segments found. Creating new log.
I20260608 13:02:09.143101 10932 ts_tablet_manager.cc:1434] T a2d2988ff7d447f49b562516691a6f91 P 9e9f1f37101f41c88e141c44f3dd9bcc: Time spent starting tablet: real 0.020s	user 0.012s	sys 0.008s
I20260608 13:02:09.145102 10932 tablet_bootstrap.cc:492] T a907bff462f3455ba29ddd5bbfc35f06 P 9e9f1f37101f41c88e141c44f3dd9bcc: Bootstrap starting.
I20260608 13:02:09.153340 10932 tablet_bootstrap.cc:654] T a907bff462f3455ba29ddd5bbfc35f06 P 9e9f1f37101f41c88e141c44f3dd9bcc: Neither blocks nor log segments found. Creating new log.
I20260608 13:02:09.171681 10932 tablet_bootstrap.cc:492] T a907bff462f3455ba29ddd5bbfc35f06 P 9e9f1f37101f41c88e141c44f3dd9bcc: No bootstrap required, opened a new log
I20260608 13:02:09.172521 10932 ts_tablet_manager.cc:1403] T a907bff462f3455ba29ddd5bbfc35f06 P 9e9f1f37101f41c88e141c44f3dd9bcc: Time spent bootstrapping tablet: real 0.028s	user 0.018s	sys 0.003s
I20260608 13:02:09.176921 10932 raft_consensus.cc:359] T a907bff462f3455ba29ddd5bbfc35f06 P 9e9f1f37101f41c88e141c44f3dd9bcc [term 0 FOLLOWER]: Replica starting. Triggering 0 pending ops. Active config: opid_index: -1 OBSOLETE_local: false peers { permanent_uuid: "3452c906cf4f475e85d7892c91e2ed94" member_type: VOTER last_known_addr { host: "127.8.178.1" port: 44305 } } peers { permanent_uuid: "9e9f1f37101f41c88e141c44f3dd9bcc" member_type: VOTER last_known_addr { host: "127.8.178.2" port: 34245 } } peers { permanent_uuid: "ab14ee9228aa4c34ba3883889ab2c71c" member_type: VOTER last_known_addr { host: "127.8.178.3" port: 45119 } }
I20260608 13:02:09.178642 10939 raft_consensus.cc:493] T a2d2988ff7d447f49b562516691a6f91 P 9e9f1f37101f41c88e141c44f3dd9bcc [term 0 FOLLOWER]: Starting pre-election (no leader contacted us within the election timeout)
I20260608 13:02:09.179051 10932 raft_consensus.cc:385] T a907bff462f3455ba29ddd5bbfc35f06 P 9e9f1f37101f41c88e141c44f3dd9bcc [term 0 FOLLOWER]: Consensus starting up: Expiring failure detector timer to make a prompt election more likely
I20260608 13:02:09.179278 10939 raft_consensus.cc:515] T a2d2988ff7d447f49b562516691a6f91 P 9e9f1f37101f41c88e141c44f3dd9bcc [term 0 FOLLOWER]: Starting pre-election with config: opid_index: -1 OBSOLETE_local: false peers { permanent_uuid: "3452c906cf4f475e85d7892c91e2ed94" member_type: VOTER last_known_addr { host: "127.8.178.1" port: 44305 } } peers { permanent_uuid: "ab14ee9228aa4c34ba3883889ab2c71c" member_type: VOTER last_known_addr { host: "127.8.178.3" port: 45119 } } peers { permanent_uuid: "9e9f1f37101f41c88e141c44f3dd9bcc" member_type: VOTER last_known_addr { host: "127.8.178.2" port: 34245 } }
I20260608 13:02:09.179765 10932 raft_consensus.cc:740] T a907bff462f3455ba29ddd5bbfc35f06 P 9e9f1f37101f41c88e141c44f3dd9bcc [term 0 FOLLOWER]: Becoming Follower/Learner. State: Replica: 9e9f1f37101f41c88e141c44f3dd9bcc, State: Initialized, Role: FOLLOWER
I20260608 13:02:09.180696 10932 consensus_queue.cc:260] T a907bff462f3455ba29ddd5bbfc35f06 P 9e9f1f37101f41c88e141c44f3dd9bcc [NON_LEADER]: Queue going to NON_LEADER mode. State: All replicated index: 0, Majority replicated index: 0, Committed index: 0, Last appended: 0.0, Last appended by leader: 0, Current term: 0, Majority size: -1, State: 0, Mode: NON_LEADER, active raft config: opid_index: -1 OBSOLETE_local: false peers { permanent_uuid: "3452c906cf4f475e85d7892c91e2ed94" member_type: VOTER last_known_addr { host: "127.8.178.1" port: 44305 } } peers { permanent_uuid: "9e9f1f37101f41c88e141c44f3dd9bcc" member_type: VOTER last_known_addr { host: "127.8.178.2" port: 34245 } } peers { permanent_uuid: "ab14ee9228aa4c34ba3883889ab2c71c" member_type: VOTER last_known_addr { host: "127.8.178.3" port: 45119 } }
I20260608 13:02:09.179107 10934 ts_tablet_manager.cc:1434] T a2d2988ff7d447f49b562516691a6f91 P 3452c906cf4f475e85d7892c91e2ed94: Time spent starting tablet: real 0.055s	user 0.021s	sys 0.033s
I20260608 13:02:09.182528 10934 tablet_bootstrap.cc:492] T a907bff462f3455ba29ddd5bbfc35f06 P 3452c906cf4f475e85d7892c91e2ed94: Bootstrap starting.
I20260608 13:02:09.187019 10939 leader_election.cc:290] T a2d2988ff7d447f49b562516691a6f91 P 9e9f1f37101f41c88e141c44f3dd9bcc [CANDIDATE]: Term 1 pre-election: Requested pre-vote from peers 3452c906cf4f475e85d7892c91e2ed94 (127.8.178.1:44305), ab14ee9228aa4c34ba3883889ab2c71c (127.8.178.3:45119)
I20260608 13:02:09.189798 10934 tablet_bootstrap.cc:654] T a907bff462f3455ba29ddd5bbfc35f06 P 3452c906cf4f475e85d7892c91e2ed94: Neither blocks nor log segments found. Creating new log.
I20260608 13:02:09.194098 10932 ts_tablet_manager.cc:1434] T a907bff462f3455ba29ddd5bbfc35f06 P 9e9f1f37101f41c88e141c44f3dd9bcc: Time spent starting tablet: real 0.021s	user 0.003s	sys 0.005s
I20260608 13:02:09.199119 10933 tablet_bootstrap.cc:492] T a2d2988ff7d447f49b562516691a6f91 P ab14ee9228aa4c34ba3883889ab2c71c: No bootstrap required, opened a new log
I20260608 13:02:09.199846 10933 ts_tablet_manager.cc:1403] T a2d2988ff7d447f49b562516691a6f91 P ab14ee9228aa4c34ba3883889ab2c71c: Time spent bootstrapping tablet: real 0.068s	user 0.014s	sys 0.031s
I20260608 13:02:09.203953 10933 raft_consensus.cc:359] T a2d2988ff7d447f49b562516691a6f91 P ab14ee9228aa4c34ba3883889ab2c71c [term 0 FOLLOWER]: Replica starting. Triggering 0 pending ops. Active config: opid_index: -1 OBSOLETE_local: false peers { permanent_uuid: "3452c906cf4f475e85d7892c91e2ed94" member_type: VOTER last_known_addr { host: "127.8.178.1" port: 44305 } } peers { permanent_uuid: "ab14ee9228aa4c34ba3883889ab2c71c" member_type: VOTER last_known_addr { host: "127.8.178.3" port: 45119 } } peers { permanent_uuid: "9e9f1f37101f41c88e141c44f3dd9bcc" member_type: VOTER last_known_addr { host: "127.8.178.2" port: 34245 } }
I20260608 13:02:09.204952 10933 raft_consensus.cc:385] T a2d2988ff7d447f49b562516691a6f91 P ab14ee9228aa4c34ba3883889ab2c71c [term 0 FOLLOWER]: Consensus starting up: Expiring failure detector timer to make a prompt election more likely
I20260608 13:02:09.205345 10933 raft_consensus.cc:740] T a2d2988ff7d447f49b562516691a6f91 P ab14ee9228aa4c34ba3883889ab2c71c [term 0 FOLLOWER]: Becoming Follower/Learner. State: Replica: ab14ee9228aa4c34ba3883889ab2c71c, State: Initialized, Role: FOLLOWER
