I20260608 13:01:44.515185  9320 ts_tablet_manager.cc:1403] T 7c1622323e6749708bca5d8719d65247 P 28c9f99cb25847a9ae4c0c62204db3d1: Time spent bootstrapping tablet: real 0.014s	user 0.011s	sys 0.000s
I20260608 13:01:44.516338  9319 tablet_bootstrap.cc:492] T 7dc4759134474dfd9874869ad4877f86 P 5211f2c0f2ea41eba7cf7f4717c385e1: No bootstrap required, opened a new log
I20260608 13:01:44.516405  9324 raft_consensus.cc:359] T ee8a36b4d27940d0aa2e6bd59473f48e P 69cb807957654933b480ee6f1fc2a00a [term 0 FOLLOWER]: Replica starting. Triggering 0 pending ops. Active config: opid_index: -1 OBSOLETE_local: false peers { permanent_uuid: "28c9f99cb25847a9ae4c0c62204db3d1" member_type: VOTER last_known_addr { host: "127.8.66.1" port: 37813 } } peers { permanent_uuid: "5211f2c0f2ea41eba7cf7f4717c385e1" member_type: VOTER last_known_addr { host: "127.8.66.2" port: 45333 } } peers { permanent_uuid: "69cb807957654933b480ee6f1fc2a00a" member_type: VOTER last_known_addr { host: "127.8.66.3" port: 46231 } }
I20260608 13:01:44.516974  9319 ts_tablet_manager.cc:1403] T 7dc4759134474dfd9874869ad4877f86 P 5211f2c0f2ea41eba7cf7f4717c385e1: Time spent bootstrapping tablet: real 0.019s	user 0.003s	sys 0.008s
I20260608 13:01:44.517216  9324 raft_consensus.cc:385] T ee8a36b4d27940d0aa2e6bd59473f48e P 69cb807957654933b480ee6f1fc2a00a [term 0 FOLLOWER]: Consensus starting up: Expiring failure detector timer to make a prompt election more likely
I20260608 13:01:44.517539  9324 raft_consensus.cc:740] T ee8a36b4d27940d0aa2e6bd59473f48e P 69cb807957654933b480ee6f1fc2a00a [term 0 FOLLOWER]: Becoming Follower/Learner. State: Replica: 69cb807957654933b480ee6f1fc2a00a, State: Initialized, Role: FOLLOWER
I20260608 13:01:44.518076  9320 raft_consensus.cc:359] T 7c1622323e6749708bca5d8719d65247 P 28c9f99cb25847a9ae4c0c62204db3d1 [term 0 FOLLOWER]: Replica starting. Triggering 0 pending ops. Active config: opid_index: -1 OBSOLETE_local: false peers { permanent_uuid: "28c9f99cb25847a9ae4c0c62204db3d1" member_type: VOTER last_known_addr { host: "127.8.66.1" port: 37813 } } peers { permanent_uuid: "5211f2c0f2ea41eba7cf7f4717c385e1" member_type: VOTER last_known_addr { host: "127.8.66.2" port: 45333 } } peers { permanent_uuid: "69cb807957654933b480ee6f1fc2a00a" member_type: VOTER last_known_addr { host: "127.8.66.3" port: 46231 } }
I20260608 13:01:44.518253  9324 consensus_queue.cc:260] T ee8a36b4d27940d0aa2e6bd59473f48e P 69cb807957654933b480ee6f1fc2a00a [NON_LEADER]: Queue going to NON_LEADER mode. State: All replicated index: 0, Majority replicated index: 0, Committed index: 0, Last appended: 0.0, Last appended by leader: 0, Current term: 0, Majority size: -1, State: 0, Mode: NON_LEADER, active raft config: opid_index: -1 OBSOLETE_local: false peers { permanent_uuid: "28c9f99cb25847a9ae4c0c62204db3d1" member_type: VOTER last_known_addr { host: "127.8.66.1" port: 37813 } } peers { permanent_uuid: "5211f2c0f2ea41eba7cf7f4717c385e1" member_type: VOTER last_known_addr { host: "127.8.66.2" port: 45333 } } peers { permanent_uuid: "69cb807957654933b480ee6f1fc2a00a" member_type: VOTER last_known_addr { host: "127.8.66.3" port: 46231 } }
I20260608 13:01:44.518885  9320 raft_consensus.cc:385] T 7c1622323e6749708bca5d8719d65247 P 28c9f99cb25847a9ae4c0c62204db3d1 [term 0 FOLLOWER]: Consensus starting up: Expiring failure detector timer to make a prompt election more likely
I20260608 13:01:44.519235  9320 raft_consensus.cc:740] T 7c1622323e6749708bca5d8719d65247 P 28c9f99cb25847a9ae4c0c62204db3d1 [term 0 FOLLOWER]: Becoming Follower/Learner. State: Replica: 28c9f99cb25847a9ae4c0c62204db3d1, State: Initialized, Role: FOLLOWER
I20260608 13:01:44.520023  9319 raft_consensus.cc:359] T 7dc4759134474dfd9874869ad4877f86 P 5211f2c0f2ea41eba7cf7f4717c385e1 [term 0 FOLLOWER]: Replica starting. Triggering 0 pending ops. Active config: opid_index: -1 OBSOLETE_local: false peers { permanent_uuid: "28c9f99cb25847a9ae4c0c62204db3d1" member_type: VOTER last_known_addr { host: "127.8.66.1" port: 37813 } } peers { permanent_uuid: "5211f2c0f2ea41eba7cf7f4717c385e1" member_type: VOTER last_known_addr { host: "127.8.66.2" port: 45333 } } peers { permanent_uuid: "69cb807957654933b480ee6f1fc2a00a" member_type: VOTER last_known_addr { host: "127.8.66.3" port: 46231 } }
I20260608 13:01:44.520026  9320 consensus_queue.cc:260] T 7c1622323e6749708bca5d8719d65247 P 28c9f99cb25847a9ae4c0c62204db3d1 [NON_LEADER]: Queue going to NON_LEADER mode. State: All replicated index: 0, Majority replicated index: 0, Committed index: 0, Last appended: 0.0, Last appended by leader: 0, Current term: 0, Majority size: -1, State: 0, Mode: NON_LEADER, active raft config: opid_index: -1 OBSOLETE_local: false peers { permanent_uuid: "28c9f99cb25847a9ae4c0c62204db3d1" member_type: VOTER last_known_addr { host: "127.8.66.1" port: 37813 } } peers { permanent_uuid: "5211f2c0f2ea41eba7cf7f4717c385e1" member_type: VOTER last_known_addr { host: "127.8.66.2" port: 45333 } } peers { permanent_uuid: "69cb807957654933b480ee6f1fc2a00a" member_type: VOTER last_known_addr { host: "127.8.66.3" port: 46231 } }
I20260608 13:01:44.520968  9319 raft_consensus.cc:385] T 7dc4759134474dfd9874869ad4877f86 P 5211f2c0f2ea41eba7cf7f4717c385e1 [term 0 FOLLOWER]: Consensus starting up: Expiring failure detector timer to make a prompt election more likely
I20260608 13:01:44.521317  9319 raft_consensus.cc:740] T 7dc4759134474dfd9874869ad4877f86 P 5211f2c0f2ea41eba7cf7f4717c385e1 [term 0 FOLLOWER]: Becoming Follower/Learner. State: Replica: 5211f2c0f2ea41eba7cf7f4717c385e1, State: Initialized, Role: FOLLOWER
I20260608 13:01:44.521420  9324 ts_tablet_manager.cc:1434] T ee8a36b4d27940d0aa2e6bd59473f48e P 69cb807957654933b480ee6f1fc2a00a: Time spent starting tablet: real 0.008s	user 0.008s	sys 0.001s
I20260608 13:01:44.522579  9324 tablet_bootstrap.cc:492] T fd0abbee314a4376ad4b96cb9b265d78 P 69cb807957654933b480ee6f1fc2a00a: Bootstrap starting.
I20260608 13:01:44.522289  9319 consensus_queue.cc:260] T 7dc4759134474dfd9874869ad4877f86 P 5211f2c0f2ea41eba7cf7f4717c385e1 [NON_LEADER]: Queue going to NON_LEADER mode. State: All replicated index: 0, Majority replicated index: 0, Committed index: 0, Last appended: 0.0, Last appended by leader: 0, Current term: 0, Majority size: -1, State: 0, Mode: NON_LEADER, active raft config: opid_index: -1 OBSOLETE_local: false peers { permanent_uuid: "28c9f99cb25847a9ae4c0c62204db3d1" member_type: VOTER last_known_addr { host: "127.8.66.1" port: 37813 } } peers { permanent_uuid: "5211f2c0f2ea41eba7cf7f4717c385e1" member_type: VOTER last_known_addr { host: "127.8.66.2" port: 45333 } } peers { permanent_uuid: "69cb807957654933b480ee6f1fc2a00a" member_type: VOTER last_known_addr { host: "127.8.66.3" port: 46231 } }
I20260608 13:01:44.522876  9320 ts_tablet_manager.cc:1434] T 7c1622323e6749708bca5d8719d65247 P 28c9f99cb25847a9ae4c0c62204db3d1: Time spent starting tablet: real 0.007s	user 0.006s	sys 0.001s
I20260608 13:01:44.524523  9319 ts_tablet_manager.cc:1434] T 7dc4759134474dfd9874869ad4877f86 P 5211f2c0f2ea41eba7cf7f4717c385e1: Time spent starting tablet: real 0.007s	user 0.006s	sys 0.000s
I20260608 13:01:44.525725  9319 tablet_bootstrap.cc:492] T 43efa59760344d3698bd1b0f14502d4e P 5211f2c0f2ea41eba7cf7f4717c385e1: Bootstrap starting.
I20260608 13:01:44.532073  9319 tablet_bootstrap.cc:654] T 43efa59760344d3698bd1b0f14502d4e P 5211f2c0f2ea41eba7cf7f4717c385e1: Neither blocks nor log segments found. Creating new log.
I20260608 13:01:44.536772  9320 tablet_bootstrap.cc:492] T ee8a36b4d27940d0aa2e6bd59473f48e P 28c9f99cb25847a9ae4c0c62204db3d1: Bootstrap starting.
I20260608 13:01:44.538580  9324 tablet_bootstrap.cc:654] T fd0abbee314a4376ad4b96cb9b265d78 P 69cb807957654933b480ee6f1fc2a00a: Neither blocks nor log segments found. Creating new log.
I20260608 13:01:44.540531  9326 raft_consensus.cc:493] T 7c1622323e6749708bca5d8719d65247 P 5211f2c0f2ea41eba7cf7f4717c385e1 [term 0 FOLLOWER]: Starting pre-election (no leader contacted us within the election timeout)
I20260608 13:01:44.541240  9326 raft_consensus.cc:515] T 7c1622323e6749708bca5d8719d65247 P 5211f2c0f2ea41eba7cf7f4717c385e1 [term 0 FOLLOWER]: Starting pre-election with config: opid_index: -1 OBSOLETE_local: false peers { permanent_uuid: "28c9f99cb25847a9ae4c0c62204db3d1" member_type: VOTER last_known_addr { host: "127.8.66.1" port: 37813 } } peers { permanent_uuid: "5211f2c0f2ea41eba7cf7f4717c385e1" member_type: VOTER last_known_addr { host: "127.8.66.2" port: 45333 } } peers { permanent_uuid: "69cb807957654933b480ee6f1fc2a00a" member_type: VOTER last_known_addr { host: "127.8.66.3" port: 46231 } }
I20260608 13:01:44.543982  9320 tablet_bootstrap.cc:654] T ee8a36b4d27940d0aa2e6bd59473f48e P 28c9f99cb25847a9ae4c0c62204db3d1: Neither blocks nor log segments found. Creating new log.
I20260608 13:01:44.549932  9326 leader_election.cc:290] T 7c1622323e6749708bca5d8719d65247 P 5211f2c0f2ea41eba7cf7f4717c385e1 [CANDIDATE]: Term 1 pre-election: Requested pre-vote from peers 28c9f99cb25847a9ae4c0c62204db3d1 (127.8.66.1:37813), 69cb807957654933b480ee6f1fc2a00a (127.8.66.3:46231)
I20260608 13:01:44.540648  9330 raft_consensus.cc:493] T ee8a36b4d27940d0aa2e6bd59473f48e P 69cb807957654933b480ee6f1fc2a00a [term 0 FOLLOWER]: Starting pre-election (no leader contacted us within the election timeout)
I20260608 13:01:44.550961  9324 tablet_bootstrap.cc:492] T fd0abbee314a4376ad4b96cb9b265d78 P 69cb807957654933b480ee6f1fc2a00a: No bootstrap required, opened a new log
I20260608 13:01:44.550696  9330 raft_consensus.cc:515] T ee8a36b4d27940d0aa2e6bd59473f48e P 69cb807957654933b480ee6f1fc2a00a [term 0 FOLLOWER]: Starting pre-election with config: opid_index: -1 OBSOLETE_local: false peers { permanent_uuid: "28c9f99cb25847a9ae4c0c62204db3d1" member_type: VOTER last_known_addr { host: "127.8.66.1" port: 37813 } } peers { permanent_uuid: "5211f2c0f2ea41eba7cf7f4717c385e1" member_type: VOTER last_known_addr { host: "127.8.66.2" port: 45333 } } peers { permanent_uuid: "69cb807957654933b480ee6f1fc2a00a" member_type: VOTER last_known_addr { host: "127.8.66.3" port: 46231 } }
I20260608 13:01:44.551739  9324 ts_tablet_manager.cc:1403] T fd0abbee314a4376ad4b96cb9b265d78 P 69cb807957654933b480ee6f1fc2a00a: Time spent bootstrapping tablet: real 0.029s	user 0.016s	sys 0.003s
I20260608 13:01:44.555539  9324 raft_consensus.cc:359] T fd0abbee314a4376ad4b96cb9b265d78 P 69cb807957654933b480ee6f1fc2a00a [term 0 FOLLOWER]: Replica starting. Triggering 0 pending ops. Active config: opid_index: -1 OBSOLETE_local: false peers { permanent_uuid: "28c9f99cb25847a9ae4c0c62204db3d1" member_type: VOTER last_known_addr { host: "127.8.66.1" port: 37813 } } peers { permanent_uuid: "5211f2c0f2ea41eba7cf7f4717c385e1" member_type: VOTER last_known_addr { host: "127.8.66.2" port: 45333 } } peers { permanent_uuid: "69cb807957654933b480ee6f1fc2a00a" member_type: VOTER last_known_addr { host: "127.8.66.3" port: 46231 } }
I20260608 13:01:44.556319  9324 raft_consensus.cc:385] T fd0abbee314a4376ad4b96cb9b265d78 P 69cb807957654933b480ee6f1fc2a00a [term 0 FOLLOWER]: Consensus starting up: Expiring failure detector timer to make a prompt election more likely
I20260608 13:01:44.556679  9324 raft_consensus.cc:740] T fd0abbee314a4376ad4b96cb9b265d78 P 69cb807957654933b480ee6f1fc2a00a [term 0 FOLLOWER]: Becoming Follower/Learner. State: Replica: 69cb807957654933b480ee6f1fc2a00a, State: Initialized, Role: FOLLOWER
I20260608 13:01:44.557489  9324 consensus_queue.cc:260] T fd0abbee314a4376ad4b96cb9b265d78 P 69cb807957654933b480ee6f1fc2a00a [NON_LEADER]: Queue going to NON_LEADER mode. State: All replicated index: 0, Majority replicated index: 0, Committed index: 0, Last appended: 0.0, Last appended by leader: 0, Current term: 0, Majority size: -1, State: 0, Mode: NON_LEADER, active raft config: opid_index: -1 OBSOLETE_local: false peers { permanent_uuid: "28c9f99cb25847a9ae4c0c62204db3d1" member_type: VOTER last_known_addr { host: "127.8.66.1" port: 37813 } } peers { permanent_uuid: "5211f2c0f2ea41eba7cf7f4717c385e1" member_type: VOTER last_known_addr { host: "127.8.66.2" port: 45333 } } peers { permanent_uuid: "69cb807957654933b480ee6f1fc2a00a" member_type: VOTER last_known_addr { host: "127.8.66.3" port: 46231 } }
I20260608 13:01:44.564824  9330 leader_election.cc:290] T ee8a36b4d27940d0aa2e6bd59473f48e P 69cb807957654933b480ee6f1fc2a00a [CANDIDATE]: Term 1 pre-election: Requested pre-vote from peers 28c9f99cb25847a9ae4c0c62204db3d1 (127.8.66.1:37813), 5211f2c0f2ea41eba7cf7f4717c385e1 (127.8.66.2:45333)
I20260608 13:01:44.575937  9322 raft_consensus.cc:493] T 7c1622323e6749708bca5d8719d65247 P 28c9f99cb25847a9ae4c0c62204db3d1 [term 0 FOLLOWER]: Starting pre-election (no leader contacted us within the election timeout)
I20260608 13:01:44.576531  9322 raft_consensus.cc:515] T 7c1622323e6749708bca5d8719d65247 P 28c9f99cb25847a9ae4c0c62204db3d1 [term 0 FOLLOWER]: Starting pre-election with config: opid_index: -1 OBSOLETE_local: false peers { permanent_uuid: "28c9f99cb25847a9ae4c0c62204db3d1" member_type: VOTER last_known_addr { host: "127.8.66.1" port: 37813 } } peers { permanent_uuid: "5211f2c0f2ea41eba7cf7f4717c385e1" member_type: VOTER last_known_addr { host: "127.8.66.2" port: 45333 } } peers { permanent_uuid: "69cb807957654933b480ee6f1fc2a00a" member_type: VOTER last_known_addr { host: "127.8.66.3" port: 46231 } }
I20260608 13:01:44.579937  9322 leader_election.cc:290] T 7c1622323e6749708bca5d8719d65247 P 28c9f99cb25847a9ae4c0c62204db3d1 [CANDIDATE]: Term 1 pre-election: Requested pre-vote from peers 5211f2c0f2ea41eba7cf7f4717c385e1 (127.8.66.2:45333), 69cb807957654933b480ee6f1fc2a00a (127.8.66.3:46231)
I20260608 13:01:44.581743  9320 tablet_bootstrap.cc:492] T ee8a36b4d27940d0aa2e6bd59473f48e P 28c9f99cb25847a9ae4c0c62204db3d1: No bootstrap required, opened a new log
I20260608 13:01:44.580013  9319 tablet_bootstrap.cc:492] T 43efa59760344d3698bd1b0f14502d4e P 5211f2c0f2ea41eba7cf7f4717c385e1: No bootstrap required, opened a new log
I20260608 13:01:44.582372  9320 ts_tablet_manager.cc:1403] T ee8a36b4d27940d0aa2e6bd59473f48e P 28c9f99cb25847a9ae4c0c62204db3d1: Time spent bootstrapping tablet: real 0.046s	user 0.012s	sys 0.012s
I20260608 13:01:44.590929  9319 ts_tablet_manager.cc:1403] T 43efa59760344d3698bd1b0f14502d4e P 5211f2c0f2ea41eba7cf7f4717c385e1: Time spent bootstrapping tablet: real 0.066s	user 0.015s	sys 0.007s
I20260608 13:01:44.593679  9324 ts_tablet_manager.cc:1434] T fd0abbee314a4376ad4b96cb9b265d78 P 69cb807957654933b480ee6f1fc2a00a: Time spent starting tablet: real 0.041s	user 0.010s	sys 0.011s
I20260608 13:01:44.594919  9324 tablet_bootstrap.cc:492] T 43efa59760344d3698bd1b0f14502d4e P 69cb807957654933b480ee6f1fc2a00a: Bootstrap starting.
I20260608 13:01:44.596081  9319 raft_consensus.cc:359] T 43efa59760344d3698bd1b0f14502d4e P 5211f2c0f2ea41eba7cf7f4717c385e1 [term 0 FOLLOWER]: Replica starting. Triggering 0 pending ops. Active config: opid_index: -1 OBSOLETE_local: false peers { permanent_uuid: "28c9f99cb25847a9ae4c0c62204db3d1" member_type: VOTER last_known_addr { host: "127.8.66.1" port: 37813 } } peers { permanent_uuid: "5211f2c0f2ea41eba7cf7f4717c385e1" member_type: VOTER last_known_addr { host: "127.8.66.2" port: 45333 } } peers { permanent_uuid: "69cb807957654933b480ee6f1fc2a00a" member_type: VOTER last_known_addr { host: "127.8.66.3" port: 46231 } }
I20260608 13:01:44.596964  9319 raft_consensus.cc:385] T 43efa59760344d3698bd1b0f14502d4e P 5211f2c0f2ea41eba7cf7f4717c385e1 [term 0 FOLLOWER]: Consensus starting up: Expiring failure detector timer to make a prompt election more likely
I20260608 13:01:44.597271  9319 raft_consensus.cc:740] T 43efa59760344d3698bd1b0f14502d4e P 5211f2c0f2ea41eba7cf7f4717c385e1 [term 0 FOLLOWER]: Becoming Follower/Learner. State: Replica: 5211f2c0f2ea41eba7cf7f4717c385e1, State: Initialized, Role: FOLLOWER
I20260608 13:01:44.598048  9319 consensus_queue.cc:260] T 43efa59760344d3698bd1b0f14502d4e P 5211f2c0f2ea41eba7cf7f4717c385e1 [NON_LEADER]: Queue going to NON_LEADER mode. State: All replicated index: 0, Majority replicated index: 0, Committed index: 0, Last appended: 0.0, Last appended by leader: 0, Current term: 0, Majority size: -1, State: 0, Mode: NON_LEADER, active raft config: opid_index: -1 OBSOLETE_local: false peers { permanent_uuid: "28c9f99cb25847a9ae4c0c62204db3d1" member_type: VOTER last_known_addr { host: "127.8.66.1" port: 37813 } } peers { permanent_uuid: "5211f2c0f2ea41eba7cf7f4717c385e1" member_type: VOTER last_known_addr { host: "127.8.66.2" port: 45333 } } peers { permanent_uuid: "69cb807957654933b480ee6f1fc2a00a" member_type: VOTER last_known_addr { host: "127.8.66.3" port: 46231 } }
I20260608 13:01:44.603456  9324 tablet_bootstrap.cc:654] T 43efa59760344d3698bd1b0f14502d4e P 69cb807957654933b480ee6f1fc2a00a: Neither blocks nor log segments found. Creating new log.
I20260608 13:01:44.606377  9319 ts_tablet_manager.cc:1434] T 43efa59760344d3698bd1b0f14502d4e P 5211f2c0f2ea41eba7cf7f4717c385e1: Time spent starting tablet: real 0.014s	user 0.007s	sys 0.000s
I20260608 13:01:44.607735  9319 tablet_bootstrap.cc:492] T fd0abbee314a4376ad4b96cb9b265d78 P 5211f2c0f2ea41eba7cf7f4717c385e1: Bootstrap starting.
I20260608 13:01:44.613343  9320 raft_consensus.cc:359] T ee8a36b4d27940d0aa2e6bd59473f48e P 28c9f99cb25847a9ae4c0c62204db3d1 [term 0 FOLLOWER]: Replica starting. Triggering 0 pending ops. Active config: opid_index: -1 OBSOLETE_local: false peers { permanent_uuid: "28c9f99cb25847a9ae4c0c62204db3d1" member_type: VOTER last_known_addr { host: "127.8.66.1" port: 37813 } } peers { permanent_uuid: "5211f2c0f2ea41eba7cf7f4717c385e1" member_type: VOTER last_known_addr { host: "127.8.66.2" port: 45333 } } peers { permanent_uuid: "69cb807957654933b480ee6f1fc2a00a" member_type: VOTER last_known_addr { host: "127.8.66.3" port: 46231 } }
I20260608 13:01:44.614097  9320 raft_consensus.cc:385] T ee8a36b4d27940d0aa2e6bd59473f48e P 28c9f99cb25847a9ae4c0c62204db3d1 [term 0 FOLLOWER]: Consensus starting up: Expiring failure detector timer to make a prompt election more likely
I20260608 13:01:44.614451  9320 raft_consensus.cc:740] T ee8a36b4d27940d0aa2e6bd59473f48e P 28c9f99cb25847a9ae4c0c62204db3d1 [term 0 FOLLOWER]: Becoming Follower/Learner. State: Replica: 28c9f99cb25847a9ae4c0c62204db3d1, State: Initialized, Role: FOLLOWER
I20260608 13:01:44.617666  9319 tablet_bootstrap.cc:654] T fd0abbee314a4376ad4b96cb9b265d78 P 5211f2c0f2ea41eba7cf7f4717c385e1: Neither blocks nor log segments found. Creating new log.
I20260608 13:01:44.618010  9320 consensus_queue.cc:260] T ee8a36b4d27940d0aa2e6bd59473f48e P 28c9f99cb25847a9ae4c0c62204db3d1 [NON_LEADER]: Queue going to NON_LEADER mode. State: All replicated index: 0, Majority replicated index: 0, Committed index: 0, Last appended: 0.0, Last appended by leader: 0, Current term: 0, Majority size: -1, State: 0, Mode: NON_LEADER, active raft config: opid_index: -1 OBSOLETE_local: false peers { permanent_uuid: "28c9f99cb25847a9ae4c0c62204db3d1" member_type: VOTER last_known_addr { host: "127.8.66.1" port: 37813 } } peers { permanent_uuid: "5211f2c0f2ea41eba7cf7f4717c385e1" member_type: VOTER last_known_addr { host: "127.8.66.2" port: 45333 } } peers { permanent_uuid: "69cb807957654933b480ee6f1fc2a00a" member_type: VOTER last_known_addr { host: "127.8.66.3" port: 46231 } }
I20260608 13:01:44.619802  9274 tablet_service.cc:1917] Received RequestConsensusVote() RPC: tablet_id: "7c1622323e6749708bca5d8719d65247" candidate_uuid: "5211f2c0f2ea41eba7cf7f4717c385e1" candidate_term: 1 candidate_status { last_received { term: 0 index: 0 } } ignore_live_leader: false dest_uuid: "69cb807957654933b480ee6f1fc2a00a" is_pre_election: true
W20260608 13:01:44.621829  9163 leader_election.cc:343] T 7c1622323e6749708bca5d8719d65247 P 5211f2c0f2ea41eba7cf7f4717c385e1 [CANDIDATE]: Term 1 pre-election: Tablet error from VoteRequest() call to peer 69cb807957654933b480ee6f1fc2a00a (127.8.66.3:46231): Illegal state: must be running to vote when last-logged opid is not known
I20260608 13:01:44.624413  9320 ts_tablet_manager.cc:1434] T ee8a36b4d27940d0aa2e6bd59473f48e P 28c9f99cb25847a9ae4c0c62204db3d1: Time spent starting tablet: real 0.039s	user 0.004s	sys 0.002s
I20260608 13:01:44.632200  9320 tablet_bootstrap.cc:492] T 43efa59760344d3698bd1b0f14502d4e P 28c9f99cb25847a9ae4c0c62204db3d1: Bootstrap starting.
I20260608 13:01:44.637252  9200 tablet_service.cc:1917] Received RequestConsensusVote() RPC: tablet_id: "ee8a36b4d27940d0aa2e6bd59473f48e" candidate_uuid: "69cb807957654933b480ee6f1fc2a00a" candidate_term: 1 candidate_status { last_received { term: 0 index: 0 } } ignore_live_leader: false dest_uuid: "5211f2c0f2ea41eba7cf7f4717c385e1" is_pre_election: true
W20260608 13:01:44.639221  9237 leader_election.cc:343] T ee8a36b4d27940d0aa2e6bd59473f48e P 69cb807957654933b480ee6f1fc2a00a [CANDIDATE]: Term 1 pre-election: Tablet error from VoteRequest() call to peer 5211f2c0f2ea41eba7cf7f4717c385e1 (127.8.66.2:45333): Illegal state: must be running to vote when last-logged opid is not known
I20260608 13:01:44.649444  9320 tablet_bootstrap.cc:654] T 43efa59760344d3698bd1b0f14502d4e P 28c9f99cb25847a9ae4c0c62204db3d1: Neither blocks nor log segments found. Creating new log.
I20260608 13:01:44.653168  9125 tablet_service.cc:1917] Received RequestConsensusVote() RPC: tablet_id: "ee8a36b4d27940d0aa2e6bd59473f48e" candidate_uuid: "69cb807957654933b480ee6f1fc2a00a" candidate_term: 1 candidate_status { last_received { term: 0 index: 0 } } ignore_live_leader: false dest_uuid: "28c9f99cb25847a9ae4c0c62204db3d1" is_pre_election: true
I20260608 13:01:44.654853  9324 tablet_bootstrap.cc:492] T 43efa59760344d3698bd1b0f14502d4e P 69cb807957654933b480ee6f1fc2a00a: No bootstrap required, opened a new log
I20260608 13:01:44.655572  9125 raft_consensus.cc:2468] T ee8a36b4d27940d0aa2e6bd59473f48e P 28c9f99cb25847a9ae4c0c62204db3d1 [term 0 FOLLOWER]: Leader pre-election vote request: Granting yes vote for candidate 69cb807957654933b480ee6f1fc2a00a in term 0.
I20260608 13:01:44.656172  9324 ts_tablet_manager.cc:1403] T 43efa59760344d3698bd1b0f14502d4e P 69cb807957654933b480ee6f1fc2a00a: Time spent bootstrapping tablet: real 0.061s	user 0.009s	sys 0.011s
I20260608 13:01:44.657442  9319 tablet_bootstrap.cc:492] T fd0abbee314a4376ad4b96cb9b265d78 P 5211f2c0f2ea41eba7cf7f4717c385e1: No bootstrap required, opened a new log
I20260608 13:01:44.657686  9125 tablet_service.cc:1917] Received RequestConsensusVote() RPC: tablet_id: "7c1622323e6749708bca5d8719d65247" candidate_uuid: "5211f2c0f2ea41eba7cf7f4717c385e1" candidate_term: 1 candidate_status { last_received { term: 0 index: 0 } } ignore_live_leader: false dest_uuid: "28c9f99cb25847a9ae4c0c62204db3d1" is_pre_election: true
I20260608 13:01:44.658456  9125 raft_consensus.cc:2468] T 7c1622323e6749708bca5d8719d65247 P 28c9f99cb25847a9ae4c0c62204db3d1 [term 0 FOLLOWER]: Leader pre-election vote request: Granting yes vote for candidate 5211f2c0f2ea41eba7cf7f4717c385e1 in term 0.
I20260608 13:01:44.657938  9319 ts_tablet_manager.cc:1403] T fd0abbee314a4376ad4b96cb9b265d78 P 5211f2c0f2ea41eba7cf7f4717c385e1: Time spent bootstrapping tablet: real 0.051s	user 0.012s	sys 0.022s
I20260608 13:01:44.659898  9240 leader_election.cc:304] T ee8a36b4d27940d0aa2e6bd59473f48e P 69cb807957654933b480ee6f1fc2a00a [CANDIDATE]: Term 1 pre-election: Election decided. Result: candidate won. Election summary: received 3 responses out of 3 voters: 2 yes votes; 1 no votes. yes voters: 28c9f99cb25847a9ae4c0c62204db3d1, 69cb807957654933b480ee6f1fc2a00a; no voters: 5211f2c0f2ea41eba7cf7f4717c385e1
I20260608 13:01:44.661545  9339 raft_consensus.cc:2804] T ee8a36b4d27940d0aa2e6bd59473f48e P 69cb807957654933b480ee6f1fc2a00a [term 0 FOLLOWER]: Leader pre-election won for term 1
I20260608 13:01:44.662002  9339 raft_consensus.cc:493] T ee8a36b4d27940d0aa2e6bd59473f48e P 69cb807957654933b480ee6f1fc2a00a [term 0 FOLLOWER]: Starting leader election (no leader contacted us within the election timeout)
I20260608 13:01:44.662425  9339 raft_consensus.cc:3060] T ee8a36b4d27940d0aa2e6bd59473f48e P 69cb807957654933b480ee6f1fc2a00a [term 0 FOLLOWER]: Advancing to term 1
I20260608 13:01:44.668124  9166 leader_election.cc:304] T 7c1622323e6749708bca5d8719d65247 P 5211f2c0f2ea41eba7cf7f4717c385e1 [CANDIDATE]: Term 1 pre-election: Election decided. Result: candidate won. Election summary: received 3 responses out of 3 voters: 2 yes votes; 1 no votes. yes voters: 28c9f99cb25847a9ae4c0c62204db3d1, 5211f2c0f2ea41eba7cf7f4717c385e1; no voters: 69cb807957654933b480ee6f1fc2a00a
I20260608 13:01:44.669548  9326 raft_consensus.cc:2804] T 7c1622323e6749708bca5d8719d65247 P 5211f2c0f2ea41eba7cf7f4717c385e1 [term 0 FOLLOWER]: Leader pre-election won for term 1
I20260608 13:01:44.669953  9326 raft_consensus.cc:493] T 7c1622323e6749708bca5d8719d65247 P 5211f2c0f2ea41eba7cf7f4717c385e1 [term 0 FOLLOWER]: Starting leader election (no leader contacted us within the election timeout)
I20260608 13:01:44.670305  9326 raft_consensus.cc:3060] T 7c1622323e6749708bca5d8719d65247 P 5211f2c0f2ea41eba7cf7f4717c385e1 [term 0 FOLLOWER]: Advancing to term 1
I20260608 13:01:44.676652  9319 raft_consensus.cc:359] T fd0abbee314a4376ad4b96cb9b265d78 P 5211f2c0f2ea41eba7cf7f4717c385e1 [term 0 FOLLOWER]: Replica starting. Triggering 0 pending ops. Active config: opid_index: -1 OBSOLETE_local: false peers { permanent_uuid: "28c9f99cb25847a9ae4c0c62204db3d1" member_type: VOTER last_known_addr { host: "127.8.66.1" port: 37813 } } peers { permanent_uuid: "5211f2c0f2ea41eba7cf7f4717c385e1" member_type: VOTER last_known_addr { host: "127.8.66.2" port: 45333 } } peers { permanent_uuid: "69cb807957654933b480ee6f1fc2a00a" member_type: VOTER last_known_addr { host: "127.8.66.3" port: 46231 } }
I20260608 13:01:44.682314  9319 raft_consensus.cc:385] T fd0abbee314a4376ad4b96cb9b265d78 P 5211f2c0f2ea41eba7cf7f4717c385e1 [term 0 FOLLOWER]: Consensus starting up: Expiring failure detector timer to make a prompt election more likely
I20260608 13:01:44.682662  9319 raft_consensus.cc:740] T fd0abbee314a4376ad4b96cb9b265d78 P 5211f2c0f2ea41eba7cf7f4717c385e1 [term 0 FOLLOWER]: Becoming Follower/Learner. State: Replica: 5211f2c0f2ea41eba7cf7f4717c385e1, State: Initialized, Role: FOLLOWER
I20260608 13:01:44.682997  9200 tablet_service.cc:1917] Received RequestConsensusVote() RPC: tablet_id: "7c1622323e6749708bca5d8719d65247" candidate_uuid: "28c9f99cb25847a9ae4c0c62204db3d1" candidate_term: 1 candidate_status { last_received { term: 0 index: 0 } } ignore_live_leader: false dest_uuid: "5211f2c0f2ea41eba7cf7f4717c385e1" is_pre_election: true
I20260608 13:01:44.677989  9320 tablet_bootstrap.cc:492] T 43efa59760344d3698bd1b0f14502d4e P 28c9f99cb25847a9ae4c0c62204db3d1: No bootstrap required, opened a new log
I20260608 13:01:44.677663  9324 raft_consensus.cc:359] T 43efa59760344d3698bd1b0f14502d4e P 69cb807957654933b480ee6f1fc2a00a [term 0 FOLLOWER]: Replica starting. Triggering 0 pending ops. Active config: opid_index: -1 OBSOLETE_local: false peers { permanent_uuid: "28c9f99cb25847a9ae4c0c62204db3d1" member_type: VOTER last_known_addr { host: "127.8.66.1" port: 37813 } } peers { permanent_uuid: "5211f2c0f2ea41eba7cf7f4717c385e1" member_type: VOTER last_known_addr { host: "127.8.66.2" port: 45333 } } peers { permanent_uuid: "69cb807957654933b480ee6f1fc2a00a" member_type: VOTER last_known_addr { host: "127.8.66.3" port: 46231 } }
I20260608 13:01:44.684281  9324 raft_consensus.cc:385] T 43efa59760344d3698bd1b0f14502d4e P 69cb807957654933b480ee6f1fc2a00a [term 0 FOLLOWER]: Consensus starting up: Expiring failure detector timer to make a prompt election more likely
I20260608 13:01:44.684796  9324 raft_consensus.cc:740] T 43efa59760344d3698bd1b0f14502d4e P 69cb807957654933b480ee6f1fc2a00a [term 0 FOLLOWER]: Becoming Follower/Learner. State: Replica: 69cb807957654933b480ee6f1fc2a00a, State: Initialized, Role: FOLLOWER
I20260608 13:01:44.684357  9320 ts_tablet_manager.cc:1403] T 43efa59760344d3698bd1b0f14502d4e P 28c9f99cb25847a9ae4c0c62204db3d1: Time spent bootstrapping tablet: real 0.057s	user 0.009s	sys 0.022s
I20260608 13:01:44.685827  9324 consensus_queue.cc:260] T 43efa59760344d3698bd1b0f14502d4e P 69cb807957654933b480ee6f1fc2a00a [NON_LEADER]: Queue going to NON_LEADER mode. State: All replicated index: 0, Majority replicated index: 0, Committed index: 0, Last appended: 0.0, Last appended by leader: 0, Current term: 0, Majority size: -1, State: 0, Mode: NON_LEADER, active raft config: opid_index: -1 OBSOLETE_local: false peers { permanent_uuid: "28c9f99cb25847a9ae4c0c62204db3d1" member_type: VOTER last_known_addr { host: "127.8.66.1" port: 37813 } } peers { permanent_uuid: "5211f2c0f2ea41eba7cf7f4717c385e1" member_type: VOTER last_known_addr { host: "127.8.66.2" port: 45333 } } peers { permanent_uuid: "69cb807957654933b480ee6f1fc2a00a" member_type: VOTER last_known_addr { host: "127.8.66.3" port: 46231 } }
I20260608 13:01:44.679819  9326 raft_consensus.cc:515] T 7c1622323e6749708bca5d8719d65247 P 5211f2c0f2ea41eba7cf7f4717c385e1 [term 1 FOLLOWER]: Starting leader election with config: opid_index: -1 OBSOLETE_local: false peers { permanent_uuid: "28c9f99cb25847a9ae4c0c62204db3d1" member_type: VOTER last_known_addr { host: "127.8.66.1" port: 37813 } } peers { permanent_uuid: "5211f2c0f2ea41eba7cf7f4717c385e1" member_type: VOTER last_known_addr { host: "127.8.66.2" port: 45333 } } peers { permanent_uuid: "69cb807957654933b480ee6f1fc2a00a" member_type: VOTER last_known_addr { host: "127.8.66.3" port: 46231 } }
I20260608 13:01:44.688092  9324 ts_tablet_manager.cc:1434] T 43efa59760344d3698bd1b0f14502d4e P 69cb807957654933b480ee6f1fc2a00a: Time spent starting tablet: real 0.032s	user 0.008s	sys 0.005s
I20260608 13:01:44.688659  9200 raft_consensus.cc:2393] T 7c1622323e6749708bca5d8719d65247 P 5211f2c0f2ea41eba7cf7f4717c385e1 [term 1 FOLLOWER]: Leader pre-election vote request: Denying vote to candidate 28c9f99cb25847a9ae4c0c62204db3d1 in current term 1: Already voted for candidate 5211f2c0f2ea41eba7cf7f4717c385e1 in this term.
I20260608 13:01:44.685061  9319 consensus_queue.cc:260] T fd0abbee314a4376ad4b96cb9b265d78 P 5211f2c0f2ea41eba7cf7f4717c385e1 [NON_LEADER]: Queue going to NON_LEADER mode. State: All replicated index: 0, Majority replicated index: 0, Committed index: 0, Last appended: 0.0, Last appended by leader: 0, Current term: 0, Majority size: -1, State: 0, Mode: NON_LEADER, active raft config: opid_index: -1 OBSOLETE_local: false peers { permanent_uuid: "28c9f99cb25847a9ae4c0c62204db3d1" member_type: VOTER last_known_addr { host: "127.8.66.1" port: 37813 } } peers { permanent_uuid: "5211f2c0f2ea41eba7cf7f4717c385e1" member_type: VOTER last_known_addr { host: "127.8.66.2" port: 45333 } } peers { permanent_uuid: "69cb807957654933b480ee6f1fc2a00a" member_type: VOTER last_known_addr { host: "127.8.66.3" port: 46231 } }
I20260608 13:01:44.689227  9324 tablet_bootstrap.cc:492] T 6a0bbf16b67d4183af606b9bc52c7f5f P 69cb807957654933b480ee6f1fc2a00a: Bootstrap starting.
I20260608 13:01:44.688274  9320 raft_consensus.cc:359] T 43efa59760344d3698bd1b0f14502d4e P 28c9f99cb25847a9ae4c0c62204db3d1 [term 0 FOLLOWER]: Replica starting. Triggering 0 pending ops. Active config: opid_index: -1 OBSOLETE_local: false peers { permanent_uuid: "28c9f99cb25847a9ae4c0c62204db3d1" member_type: VOTER last_known_addr { host: "127.8.66.1" port: 37813 } } peers { permanent_uuid: "5211f2c0f2ea41eba7cf7f4717c385e1" member_type: VOTER last_known_addr { host: "127.8.66.2" port: 45333 } } peers { permanent_uuid: "69cb807957654933b480ee6f1fc2a00a" member_type: VOTER last_known_addr { host: "127.8.66.3" port: 46231 } }
I20260608 13:01:44.690516  9320 raft_consensus.cc:385] T 43efa59760344d3698bd1b0f14502d4e P 28c9f99cb25847a9ae4c0c62204db3d1 [term 0 FOLLOWER]: Consensus starting up: Expiring failure detector timer to make a prompt election more likely
I20260608 13:01:44.690855  9320 raft_consensus.cc:740] T 43efa59760344d3698bd1b0f14502d4e P 28c9f99cb25847a9ae4c0c62204db3d1 [term 0 FOLLOWER]: Becoming Follower/Learner. State: Replica: 28c9f99cb25847a9ae4c0c62204db3d1, State: Initialized, Role: FOLLOWER
I20260608 13:01:44.691607  9320 consensus_queue.cc:260] T 43efa59760344d3698bd1b0f14502d4e P 28c9f99cb25847a9ae4c0c62204db3d1 [NON_LEADER]: Queue going to NON_LEADER mode. State: All replicated index: 0, Majority replicated index: 0, Committed index: 0, Last appended: 0.0, Last appended by leader: 0, Current term: 0, Majority size: -1, State: 0, Mode: NON_LEADER, active raft config: opid_index: -1 OBSOLETE_local: false peers { permanent_uuid: "28c9f99cb25847a9ae4c0c62204db3d1" member_type: VOTER last_known_addr { host: "127.8.66.1" port: 37813 } } peers { permanent_uuid: "5211f2c0f2ea41eba7cf7f4717c385e1" member_type: VOTER last_known_addr { host: "127.8.66.2" port: 45333 } } peers { permanent_uuid: "69cb807957654933b480ee6f1fc2a00a" member_type: VOTER last_known_addr { host: "127.8.66.3" port: 46231 } }
I20260608 13:01:44.696086  9324 tablet_bootstrap.cc:654] T 6a0bbf16b67d4183af606b9bc52c7f5f P 69cb807957654933b480ee6f1fc2a00a: Neither blocks nor log segments found. Creating new log.
I20260608 13:01:44.698376  9319 ts_tablet_manager.cc:1434] T fd0abbee314a4376ad4b96cb9b265d78 P 5211f2c0f2ea41eba7cf7f4717c385e1: Time spent starting tablet: real 0.039s	user 0.007s	sys 0.007s
I20260608 13:01:44.699465  9319 tablet_bootstrap.cc:492] T 6a0bbf16b67d4183af606b9bc52c7f5f P 5211f2c0f2ea41eba7cf7f4717c385e1: Bootstrap starting.
I20260608 13:01:44.701762  9324 tablet_bootstrap.cc:492] T 6a0bbf16b67d4183af606b9bc52c7f5f P 69cb807957654933b480ee6f1fc2a00a: No bootstrap required, opened a new log
I20260608 13:01:44.702348  9324 ts_tablet_manager.cc:1403] T 6a0bbf16b67d4183af606b9bc52c7f5f P 69cb807957654933b480ee6f1fc2a00a: Time spent bootstrapping tablet: real 0.013s	user 0.009s	sys 0.003s
I20260608 13:01:44.704826  9274 tablet_service.cc:1917] Received RequestConsensusVote() RPC: tablet_id: "7c1622323e6749708bca5d8719d65247" candidate_uuid: "28c9f99cb25847a9ae4c0c62204db3d1" candidate_term: 1 candidate_status { last_received { term: 0 index: 0 } } ignore_live_leader: false dest_uuid: "69cb807957654933b480ee6f1fc2a00a" is_pre_election: true
I20260608 13:01:44.696636  9320 ts_tablet_manager.cc:1434] T 43efa59760344d3698bd1b0f14502d4e P 28c9f99cb25847a9ae4c0c62204db3d1: Time spent starting tablet: real 0.011s	user 0.006s	sys 0.000s
I20260608 13:01:44.705452  9324 raft_consensus.cc:359] T 6a0bbf16b67d4183af606b9bc52c7f5f P 69cb807957654933b480ee6f1fc2a00a [term 0 FOLLOWER]: Replica starting. Triggering 0 pending ops. Active config: opid_index: -1 OBSOLETE_local: false peers { permanent_uuid: "28c9f99cb25847a9ae4c0c62204db3d1" member_type: VOTER last_known_addr { host: "127.8.66.1" port: 37813 } } peers { permanent_uuid: "5211f2c0f2ea41eba7cf7f4717c385e1" member_type: VOTER last_known_addr { host: "127.8.66.2" port: 45333 } } peers { permanent_uuid: "69cb807957654933b480ee6f1fc2a00a" member_type: VOTER last_known_addr { host: "127.8.66.3" port: 46231 } }
I20260608 13:01:44.706408  9324 raft_consensus.cc:385] T 6a0bbf16b67d4183af606b9bc52c7f5f P 69cb807957654933b480ee6f1fc2a00a [term 0 FOLLOWER]: Consensus starting up: Expiring failure detector timer to make a prompt election more likely
I20260608 13:01:44.706784  9324 raft_consensus.cc:740] T 6a0bbf16b67d4183af606b9bc52c7f5f P 69cb807957654933b480ee6f1fc2a00a [term 0 FOLLOWER]: Becoming Follower/Learner. State: Replica: 69cb807957654933b480ee6f1fc2a00a, State: Initialized, Role: FOLLOWER
I20260608 13:01:44.706986  9320 tablet_bootstrap.cc:492] T 6a0bbf16b67d4183af606b9bc52c7f5f P 28c9f99cb25847a9ae4c0c62204db3d1: Bootstrap starting.
I20260608 13:01:44.707793  9324 consensus_queue.cc:260] T 6a0bbf16b67d4183af606b9bc52c7f5f P 69cb807957654933b480ee6f1fc2a00a [NON_LEADER]: Queue going to NON_LEADER mode. State: All replicated index: 0, Majority replicated index: 0, Committed index: 0, Last appended: 0.0, Last appended by leader: 0, Current term: 0, Majority size: -1, State: 0, Mode: NON_LEADER, active raft config: opid_index: -1 OBSOLETE_local: false peers { permanent_uuid: "28c9f99cb25847a9ae4c0c62204db3d1" member_type: VOTER last_known_addr { host: "127.8.66.1" port: 37813 } } peers { permanent_uuid: "5211f2c0f2ea41eba7cf7f4717c385e1" member_type: VOTER last_known_addr { host: "127.8.66.2" port: 45333 } } peers { permanent_uuid: "69cb807957654933b480ee6f1fc2a00a" member_type: VOTER last_known_addr { host: "127.8.66.3" port: 46231 } }
I20260608 13:01:44.709031  9125 tablet_service.cc:1917] Received RequestConsensusVote() RPC: tablet_id: "7c1622323e6749708bca5d8719d65247" candidate_uuid: "5211f2c0f2ea41eba7cf7f4717c385e1" candidate_term: 1 candidate_status { last_received { term: 0 index: 0 } } ignore_live_leader: false dest_uuid: "28c9f99cb25847a9ae4c0c62204db3d1"
I20260608 13:01:44.709622  9125 raft_consensus.cc:3060] T 7c1622323e6749708bca5d8719d65247 P 28c9f99cb25847a9ae4c0c62204db3d1 [term 0 FOLLOWER]: Advancing to term 1
I20260608 13:01:44.710258  9324 ts_tablet_manager.cc:1434] T 6a0bbf16b67d4183af606b9bc52c7f5f P 69cb807957654933b480ee6f1fc2a00a: Time spent starting tablet: real 0.008s	user 0.007s	sys 0.000s
I20260608 13:01:44.711301  9324 tablet_bootstrap.cc:492] T 7dc4759134474dfd9874869ad4877f86 P 69cb807957654933b480ee6f1fc2a00a: Bootstrap starting.
I20260608 13:01:44.705854  9346 raft_consensus.cc:493] T 43efa59760344d3698bd1b0f14502d4e P 5211f2c0f2ea41eba7cf7f4717c385e1 [term 0 FOLLOWER]: Starting pre-election (no leader contacted us within the election timeout)
I20260608 13:01:44.712036  9346 raft_consensus.cc:515] T 43efa59760344d3698bd1b0f14502d4e P 5211f2c0f2ea41eba7cf7f4717c385e1 [term 0 FOLLOWER]: Starting pre-election with config: opid_index: -1 OBSOLETE_local: false peers { permanent_uuid: "28c9f99cb25847a9ae4c0c62204db3d1" member_type: VOTER last_known_addr { host: "127.8.66.1" port: 37813 } } peers { permanent_uuid: "5211f2c0f2ea41eba7cf7f4717c385e1" member_type: VOTER last_known_addr { host: "127.8.66.2" port: 45333 } } peers { permanent_uuid: "69cb807957654933b480ee6f1fc2a00a" member_type: VOTER last_known_addr { host: "127.8.66.3" port: 46231 } }
I20260608 13:01:44.713515  9320 tablet_bootstrap.cc:654] T 6a0bbf16b67d4183af606b9bc52c7f5f P 28c9f99cb25847a9ae4c0c62204db3d1: Neither blocks nor log segments found. Creating new log.
I20260608 13:01:44.714538  9346 leader_election.cc:290] T 43efa59760344d3698bd1b0f14502d4e P 5211f2c0f2ea41eba7cf7f4717c385e1 [CANDIDATE]: Term 1 pre-election: Requested pre-vote from peers 28c9f99cb25847a9ae4c0c62204db3d1 (127.8.66.1:37813), 69cb807957654933b480ee6f1fc2a00a (127.8.66.3:46231)
I20260608 13:01:44.716035  9273 tablet_service.cc:1917] Received RequestConsensusVote() RPC: tablet_id: "43efa59760344d3698bd1b0f14502d4e" candidate_uuid: "5211f2c0f2ea41eba7cf7f4717c385e1" candidate_term: 1 candidate_status { last_received { term: 0 index: 0 } } ignore_live_leader: false dest_uuid: "69cb807957654933b480ee6f1fc2a00a" is_pre_election: true
I20260608 13:01:44.705981  9319 tablet_bootstrap.cc:654] T 6a0bbf16b67d4183af606b9bc52c7f5f P 5211f2c0f2ea41eba7cf7f4717c385e1: Neither blocks nor log segments found. Creating new log.
I20260608 13:01:44.716516  9346 raft_consensus.cc:493] T fd0abbee314a4376ad4b96cb9b265d78 P 5211f2c0f2ea41eba7cf7f4717c385e1 [term 0 FOLLOWER]: Starting pre-election (no leader contacted us within the election timeout)
I20260608 13:01:44.716882  9273 raft_consensus.cc:2468] T 43efa59760344d3698bd1b0f14502d4e P 69cb807957654933b480ee6f1fc2a00a [term 0 FOLLOWER]: Leader pre-election vote request: Granting yes vote for candidate 5211f2c0f2ea41eba7cf7f4717c385e1 in term 0.
I20260608 13:01:44.717214  9346 raft_consensus.cc:515] T fd0abbee314a4376ad4b96cb9b265d78 P 5211f2c0f2ea41eba7cf7f4717c385e1 [term 0 FOLLOWER]: Starting pre-election with config: opid_index: -1 OBSOLETE_local: false peers { permanent_uuid: "28c9f99cb25847a9ae4c0c62204db3d1" member_type: VOTER last_known_addr { host: "127.8.66.1" port: 37813 } } peers { permanent_uuid: "5211f2c0f2ea41eba7cf7f4717c385e1" member_type: VOTER last_known_addr { host: "127.8.66.2" port: 45333 } } peers { permanent_uuid: "69cb807957654933b480ee6f1fc2a00a" member_type: VOTER last_known_addr { host: "127.8.66.3" port: 46231 } }
I20260608 13:01:44.718533  9163 leader_election.cc:304] T 43efa59760344d3698bd1b0f14502d4e P 5211f2c0f2ea41eba7cf7f4717c385e1 [CANDIDATE]: Term 1 pre-election: Election decided. Result: candidate won. Election summary: received 2 responses out of 3 voters: 2 yes votes; 0 no votes. yes voters: 5211f2c0f2ea41eba7cf7f4717c385e1, 69cb807957654933b480ee6f1fc2a00a; no voters: 
I20260608 13:01:44.720553  9346 leader_election.cc:290] T fd0abbee314a4376ad4b96cb9b265d78 P 5211f2c0f2ea41eba7cf7f4717c385e1 [CANDIDATE]: Term 1 pre-election: Requested pre-vote from peers 28c9f99cb25847a9ae4c0c62204db3d1 (127.8.66.1:37813), 69cb807957654933b480ee6f1fc2a00a (127.8.66.3:46231)
I20260608 13:01:44.720929  9348 raft_consensus.cc:2804] T 43efa59760344d3698bd1b0f14502d4e P 5211f2c0f2ea41eba7cf7f4717c385e1 [term 0 FOLLOWER]: Leader pre-election won for term 1
I20260608 13:01:44.721346  9348 raft_consensus.cc:493] T 43efa59760344d3698bd1b0f14502d4e P 5211f2c0f2ea41eba7cf7f4717c385e1 [term 0 FOLLOWER]: Starting leader election (no leader contacted us within the election timeout)
I20260608 13:01:44.721647  9348 raft_consensus.cc:3060] T 43efa59760344d3698bd1b0f14502d4e P 5211f2c0f2ea41eba7cf7f4717c385e1 [term 0 FOLLOWER]: Advancing to term 1
I20260608 13:01:44.718827  9324 tablet_bootstrap.cc:654] T 7dc4759134474dfd9874869ad4877f86 P 69cb807957654933b480ee6f1fc2a00a: Neither blocks nor log segments found. Creating new log.
I20260608 13:01:44.722021  9273 tablet_service.cc:1917] Received RequestConsensusVote() RPC: tablet_id: "fd0abbee314a4376ad4b96cb9b265d78" candidate_uuid: "5211f2c0f2ea41eba7cf7f4717c385e1" candidate_term: 1 candidate_status { last_received { term: 0 index: 0 } } ignore_live_leader: false dest_uuid: "69cb807957654933b480ee6f1fc2a00a" is_pre_election: true
I20260608 13:01:44.722769  9273 raft_consensus.cc:2468] T fd0abbee314a4376ad4b96cb9b265d78 P 69cb807957654933b480ee6f1fc2a00a [term 0 FOLLOWER]: Leader pre-election vote request: Granting yes vote for candidate 5211f2c0f2ea41eba7cf7f4717c385e1 in term 0.
I20260608 13:01:44.724910  9163 leader_election.cc:304] T fd0abbee314a4376ad4b96cb9b265d78 P 5211f2c0f2ea41eba7cf7f4717c385e1 [CANDIDATE]: Term 1 pre-election: Election decided. Result: candidate won. Election summary: received 2 responses out of 3 voters: 2 yes votes; 0 no votes. yes voters: 5211f2c0f2ea41eba7cf7f4717c385e1, 69cb807957654933b480ee6f1fc2a00a; no voters: 
I20260608 13:01:44.725972  9346 raft_consensus.cc:2804] T fd0abbee314a4376ad4b96cb9b265d78 P 5211f2c0f2ea41eba7cf7f4717c385e1 [term 0 FOLLOWER]: Leader pre-election won for term 1
I20260608 13:01:44.726461  9346 raft_consensus.cc:493] T fd0abbee314a4376ad4b96cb9b265d78 P 5211f2c0f2ea41eba7cf7f4717c385e1 [term 0 FOLLOWER]: Starting leader election (no leader contacted us within the election timeout)
I20260608 13:01:44.711238  9274 tablet_service.cc:1917] Received RequestConsensusVote() RPC: tablet_id: "7c1622323e6749708bca5d8719d65247" candidate_uuid: "5211f2c0f2ea41eba7cf7f4717c385e1" candidate_term: 1 candidate_status { last_received { term: 0 index: 0 } } ignore_live_leader: false dest_uuid: "69cb807957654933b480ee6f1fc2a00a"
I20260608 13:01:44.727936  9346 raft_consensus.cc:3060] T fd0abbee314a4376ad4b96cb9b265d78 P 5211f2c0f2ea41eba7cf7f4717c385e1 [term 0 FOLLOWER]: Advancing to term 1
I20260608 13:01:44.732198  9348 raft_consensus.cc:515] T 43efa59760344d3698bd1b0f14502d4e P 5211f2c0f2ea41eba7cf7f4717c385e1 [term 1 FOLLOWER]: Starting leader election with config: opid_index: -1 OBSOLETE_local: false peers { permanent_uuid: "28c9f99cb25847a9ae4c0c62204db3d1" member_type: VOTER last_known_addr { host: "127.8.66.1" port: 37813 } } peers { permanent_uuid: "5211f2c0f2ea41eba7cf7f4717c385e1" member_type: VOTER last_known_addr { host: "127.8.66.2" port: 45333 } } peers { permanent_uuid: "69cb807957654933b480ee6f1fc2a00a" member_type: VOTER last_known_addr { host: "127.8.66.3" port: 46231 } }
W20260608 13:01:44.734795  9163 leader_election.cc:343] T 7c1622323e6749708bca5d8719d65247 P 5211f2c0f2ea41eba7cf7f4717c385e1 [CANDIDATE]: Term 1 election: Tablet error from VoteRequest() call to peer 69cb807957654933b480ee6f1fc2a00a (127.8.66.3:46231): Illegal state: must be running to vote when last-logged opid is not known
I20260608 13:01:44.736994  9274 tablet_service.cc:1917] Received RequestConsensusVote() RPC: tablet_id: "43efa59760344d3698bd1b0f14502d4e" candidate_uuid: "5211f2c0f2ea41eba7cf7f4717c385e1" candidate_term: 1 candidate_status { last_received { term: 0 index: 0 } } ignore_live_leader: false dest_uuid: "69cb807957654933b480ee6f1fc2a00a"
I20260608 13:01:44.737671  9274 raft_consensus.cc:3060] T 43efa59760344d3698bd1b0f14502d4e P 69cb807957654933b480ee6f1fc2a00a [term 0 FOLLOWER]: Advancing to term 1
I20260608 13:01:44.738664  9076 auto_leader_rebalancer.cc:140] leader rebalance for table test-workload
W20260608 13:01:44.739188  9071 auto_rebalancer.cc:259] Could not retrieve cluster info: Service unavailable: Tablet not running
I20260608 13:01:44.740087  9348 leader_election.cc:290] T 43efa59760344d3698bd1b0f14502d4e P 5211f2c0f2ea41eba7cf7f4717c385e1 [CANDIDATE]: Term 1 election: Requested vote from peers 28c9f99cb25847a9ae4c0c62204db3d1 (127.8.66.1:37813), 69cb807957654933b480ee6f1fc2a00a (127.8.66.3:46231)
W20260608 13:01:44.741089  9076 auto_leader_rebalancer.cc:460] the master instance isn't leader: Service unavailable: Tablet not running
W20260608 13:01:44.745975  9088 leader_election.cc:343] T 7c1622323e6749708bca5d8719d65247 P 28c9f99cb25847a9ae4c0c62204db3d1 [CANDIDATE]: Term 1 pre-election: Tablet error from VoteRequest() call to peer 69cb807957654933b480ee6f1fc2a00a (127.8.66.3:46231): Illegal state: must be running to vote when last-logged opid is not known
I20260608 13:01:44.746573  9088 leader_election.cc:304] T 7c1622323e6749708bca5d8719d65247 P 28c9f99cb25847a9ae4c0c62204db3d1 [CANDIDATE]: Term 1 pre-election: Election decided. Result: candidate lost. Election summary: received 3 responses out of 3 voters: 1 yes votes; 2 no votes. yes voters: 28c9f99cb25847a9ae4c0c62204db3d1; no voters: 5211f2c0f2ea41eba7cf7f4717c385e1, 69cb807957654933b480ee6f1fc2a00a
I20260608 13:01:44.749162  9124 tablet_service.cc:1917] Received RequestConsensusVote() RPC: tablet_id: "43efa59760344d3698bd1b0f14502d4e" candidate_uuid: "5211f2c0f2ea41eba7cf7f4717c385e1" candidate_term: 1 candidate_status { last_received { term: 0 index: 0 } } ignore_live_leader: false dest_uuid: "28c9f99cb25847a9ae4c0c62204db3d1" is_pre_election: true
I20260608 13:01:44.750052  9124 raft_consensus.cc:2468] T 43efa59760344d3698bd1b0f14502d4e P 28c9f99cb25847a9ae4c0c62204db3d1 [term 0 FOLLOWER]: Leader pre-election vote request: Granting yes vote for candidate 5211f2c0f2ea41eba7cf7f4717c385e1 in term 0.
I20260608 13:01:44.751415  9326 leader_election.cc:290] T 7c1622323e6749708bca5d8719d65247 P 5211f2c0f2ea41eba7cf7f4717c385e1 [CANDIDATE]: Term 1 election: Requested vote from peers 28c9f99cb25847a9ae4c0c62204db3d1 (127.8.66.1:37813), 69cb807957654933b480ee6f1fc2a00a (127.8.66.3:46231)
I20260608 13:01:44.752391  9124 tablet_service.cc:1917] Received RequestConsensusVote() RPC: tablet_id: "fd0abbee314a4376ad4b96cb9b265d78" candidate_uuid: "5211f2c0f2ea41eba7cf7f4717c385e1" candidate_term: 1 candidate_status { last_received { term: 0 index: 0 } } ignore_live_leader: false dest_uuid: "28c9f99cb25847a9ae4c0c62204db3d1" is_pre_election: true
I20260608 13:01:44.752961  9123 tablet_service.cc:1917] Received RequestConsensusVote() RPC: tablet_id: "43efa59760344d3698bd1b0f14502d4e" candidate_uuid: "5211f2c0f2ea41eba7cf7f4717c385e1" candidate_term: 1 candidate_status { last_received { term: 0 index: 0 } } ignore_live_leader: false dest_uuid: "28c9f99cb25847a9ae4c0c62204db3d1"
I20260608 13:01:44.753643  9123 raft_consensus.cc:3060] T 43efa59760344d3698bd1b0f14502d4e P 28c9f99cb25847a9ae4c0c62204db3d1 [term 0 FOLLOWER]: Advancing to term 1
I20260608 13:01:44.756665  9339 raft_consensus.cc:515] T ee8a36b4d27940d0aa2e6bd59473f48e P 69cb807957654933b480ee6f1fc2a00a [term 1 FOLLOWER]: Starting leader election with config: opid_index: -1 OBSOLETE_local: false peers { permanent_uuid: "28c9f99cb25847a9ae4c0c62204db3d1" member_type: VOTER last_known_addr { host: "127.8.66.1" port: 37813 } } peers { permanent_uuid: "5211f2c0f2ea41eba7cf7f4717c385e1" member_type: VOTER last_known_addr { host: "127.8.66.2" port: 45333 } } peers { permanent_uuid: "69cb807957654933b480ee6f1fc2a00a" member_type: VOTER last_known_addr { host: "127.8.66.3" port: 46231 } }
I20260608 13:01:44.760954  9200 tablet_service.cc:1917] Received RequestConsensusVote() RPC: tablet_id: "ee8a36b4d27940d0aa2e6bd59473f48e" candidate_uuid: "69cb807957654933b480ee6f1fc2a00a" candidate_term: 1 candidate_status { last_received { term: 0 index: 0 } } ignore_live_leader: false dest_uuid: "5211f2c0f2ea41eba7cf7f4717c385e1"
W20260608 13:01:44.765098  9166 leader_election.cc:343] T fd0abbee314a4376ad4b96cb9b265d78 P 5211f2c0f2ea41eba7cf7f4717c385e1 [CANDIDATE]: Term 1 pre-election: Tablet error from VoteRequest() call to peer 28c9f99cb25847a9ae4c0c62204db3d1 (127.8.66.1:37813): Illegal state: must be running to vote when last-logged opid is not known
I20260608 13:01:44.767204  9124 tablet_service.cc:1917] Received RequestConsensusVote() RPC: tablet_id: "ee8a36b4d27940d0aa2e6bd59473f48e" candidate_uuid: "69cb807957654933b480ee6f1fc2a00a" candidate_term: 1 candidate_status { last_received { term: 0 index: 0 } } ignore_live_leader: false dest_uuid: "28c9f99cb25847a9ae4c0c62204db3d1"
I20260608 13:01:44.767915  9124 raft_consensus.cc:3060] T ee8a36b4d27940d0aa2e6bd59473f48e P 28c9f99cb25847a9ae4c0c62204db3d1 [term 0 FOLLOWER]: Advancing to term 1
