I20260608 13:03:06.930207 12368 tablet_copy_client.cc:538] T db1ca4533dd5437485b8beb8143f8694 P 012c8286be60414ea2ce4bbc32d5d753: tablet copy: Tablet Copy complete. Replacing tablet superblock.
I20260608 13:03:06.939054 12368 tablet_bootstrap.cc:492] T db1ca4533dd5437485b8beb8143f8694 P 012c8286be60414ea2ce4bbc32d5d753: Bootstrap starting.
I20260608 13:03:06.960114 12368 tablet_bootstrap.cc:492] T db1ca4533dd5437485b8beb8143f8694 P 012c8286be60414ea2ce4bbc32d5d753: Bootstrap replayed 1/1 log segments. Stats: ops{read=2 overwritten=0 applied=2 ignored=0} inserts{seen=0 ignored=0} mutations{seen=0 ignored=0} orphaned_commits=0. Pending: 0 replicates
I20260608 13:03:06.961030 12368 tablet_bootstrap.cc:492] T db1ca4533dd5437485b8beb8143f8694 P 012c8286be60414ea2ce4bbc32d5d753: Bootstrap complete.
I20260608 13:03:06.961697 12368 ts_tablet_manager.cc:1403] T db1ca4533dd5437485b8beb8143f8694 P 012c8286be60414ea2ce4bbc32d5d753: Time spent bootstrapping tablet: real 0.023s	user 0.018s	sys 0.004s
I20260608 13:03:06.964709 12368 raft_consensus.cc:359] T db1ca4533dd5437485b8beb8143f8694 P 012c8286be60414ea2ce4bbc32d5d753 [term 1 LEARNER]: Replica starting. Triggering 0 pending ops. Active config: opid_index: 2 OBSOLETE_local: false peers { permanent_uuid: "5e73598c0c03427cad9e4236c0963b64" member_type: VOTER last_known_addr { host: "127.8.179.65" port: 41895 } attrs { replace: true } } peers { permanent_uuid: "6e4f123f84464da885dff80af791ff74" member_type: VOTER last_known_addr { host: "127.8.179.66" port: 40123 } } peers { permanent_uuid: "ee2d09c2c1464f58b44b687d37c2557b" member_type: VOTER last_known_addr { host: "127.8.179.67" port: 33197 } } peers { permanent_uuid: "012c8286be60414ea2ce4bbc32d5d753" member_type: NON_VOTER last_known_addr { host: "127.8.179.68" port: 40911 } attrs { promote: true } }
I20260608 13:03:06.965551 12368 raft_consensus.cc:740] T db1ca4533dd5437485b8beb8143f8694 P 012c8286be60414ea2ce4bbc32d5d753 [term 1 LEARNER]: Becoming Follower/Learner. State: Replica: 012c8286be60414ea2ce4bbc32d5d753, State: Initialized, Role: LEARNER
I20260608 13:03:06.966240 12368 consensus_queue.cc:260] T db1ca4533dd5437485b8beb8143f8694 P 012c8286be60414ea2ce4bbc32d5d753 [NON_LEADER]: Queue going to NON_LEADER mode. State: All replicated index: 0, Majority replicated index: 0, Committed index: 2, Last appended: 1.2, Last appended by leader: 2, Current term: 0, Majority size: -1, State: 0, Mode: NON_LEADER, active raft config: opid_index: 2 OBSOLETE_local: false peers { permanent_uuid: "5e73598c0c03427cad9e4236c0963b64" member_type: VOTER last_known_addr { host: "127.8.179.65" port: 41895 } attrs { replace: true } } peers { permanent_uuid: "6e4f123f84464da885dff80af791ff74" member_type: VOTER last_known_addr { host: "127.8.179.66" port: 40123 } } peers { permanent_uuid: "ee2d09c2c1464f58b44b687d37c2557b" member_type: VOTER last_known_addr { host: "127.8.179.67" port: 33197 } } peers { permanent_uuid: "012c8286be60414ea2ce4bbc32d5d753" member_type: NON_VOTER last_known_addr { host: "127.8.179.68" port: 40911 } attrs { promote: true } }
I20260608 13:03:06.970316 12368 ts_tablet_manager.cc:1434] T db1ca4533dd5437485b8beb8143f8694 P 012c8286be60414ea2ce4bbc32d5d753: Time spent starting tablet: real 0.008s	user 0.009s	sys 0.001s
I20260608 13:03:06.972203 11995 tablet_copy_service.cc:342] P 6e4f123f84464da885dff80af791ff74: Request end of tablet copy session 012c8286be60414ea2ce4bbc32d5d753-db1ca4533dd5437485b8beb8143f8694 received from {username='slave'} at 127.0.0.1:43062
I20260608 13:03:06.972671 11995 tablet_copy_service.cc:434] P 6e4f123f84464da885dff80af791ff74: ending tablet copy session 012c8286be60414ea2ce4bbc32d5d753-db1ca4533dd5437485b8beb8143f8694 on tablet db1ca4533dd5437485b8beb8143f8694 with peer 012c8286be60414ea2ce4bbc32d5d753
I20260608 13:03:07.174947 12205 raft_consensus.cc:1217] T 46897ae4bdc440f7b0d8a9385bb940f0 P 012c8286be60414ea2ce4bbc32d5d753 [term 1 LEARNER]: Deduplicated request from leader. Original: 1.1->[1.2-1.2]   Dedup: 1.2->[]
I20260608 13:03:07.219450 11861 auto_leader_rebalancer.cc:140] leader rebalance for table range_aware_rebalance_new_range
I20260608 13:03:07.260751 12205 raft_consensus.cc:1217] T 97c816a0eda84f929c91b066fb986307 P 012c8286be60414ea2ce4bbc32d5d753 [term 1 LEARNER]: Deduplicated request from leader. Original: 1.1->[1.2-1.2]   Dedup: 1.2->[]
I20260608 13:03:07.273732 11908 tablet_service.cc:2072] Received LeaderStepDown RPC: tablet_id: "01e5c81d1b7645cbb67a97be34ca9b6d"
dest_uuid: "5e73598c0c03427cad9e4236c0963b64"
mode: GRACEFUL
new_leader_uuid: "012c8286be60414ea2ce4bbc32d5d753"
 from {username='slave'} at 127.0.0.1:44096
I20260608 13:03:07.274550 11908 raft_consensus.cc:606] T 01e5c81d1b7645cbb67a97be34ca9b6d P 5e73598c0c03427cad9e4236c0963b64 [term 1 LEADER]: Received request to transfer leadership to TS 012c8286be60414ea2ce4bbc32d5d753
I20260608 13:03:07.277845 11908 tablet_service.cc:2072] Received LeaderStepDown RPC: tablet_id: "3e450262db134b1ca1dc7cb9653ae8a1"
dest_uuid: "5e73598c0c03427cad9e4236c0963b64"
mode: GRACEFUL
new_leader_uuid: "012c8286be60414ea2ce4bbc32d5d753"
 from {username='slave'} at 127.0.0.1:44096
I20260608 13:03:07.278515 11908 raft_consensus.cc:606] T 3e450262db134b1ca1dc7cb9653ae8a1 P 5e73598c0c03427cad9e4236c0963b64 [term 1 LEADER]: Received request to transfer leadership to TS 012c8286be60414ea2ce4bbc32d5d753
I20260608 13:03:07.284109 12205 raft_consensus.cc:1217] T 73aca296ad174a45b008b23a3eba5ee3 P 012c8286be60414ea2ce4bbc32d5d753 [term 1 LEARNER]: Deduplicated request from leader. Original: 1.1->[1.2-1.2]   Dedup: 1.2->[]
I20260608 13:03:07.286018 11908 tablet_service.cc:2072] Received LeaderStepDown RPC: tablet_id: "64f7edc1df59414fb392a4acd93b0d75"
dest_uuid: "5e73598c0c03427cad9e4236c0963b64"
mode: GRACEFUL
new_leader_uuid: "ee2d09c2c1464f58b44b687d37c2557b"
 from {username='slave'} at 127.0.0.1:44096
I20260608 13:03:07.287050 11908 raft_consensus.cc:606] T 64f7edc1df59414fb392a4acd93b0d75 P 5e73598c0c03427cad9e4236c0963b64 [term 1 LEADER]: Received request to transfer leadership to TS ee2d09c2c1464f58b44b687d37c2557b
I20260608 13:03:07.296069 12205 raft_consensus.cc:1217] T db1ca4533dd5437485b8beb8143f8694 P 012c8286be60414ea2ce4bbc32d5d753 [term 1 LEARNER]: Deduplicated request from leader. Original: 1.1->[1.2-1.2]   Dedup: 1.2->[]
I20260608 13:03:07.316927 11985 tablet_service.cc:2072] Received LeaderStepDown RPC: tablet_id: "cacedf8954854b61bdf8c9d5ca323757"
dest_uuid: "6e4f123f84464da885dff80af791ff74"
mode: GRACEFUL
new_leader_uuid: "012c8286be60414ea2ce4bbc32d5d753"
 from {username='slave'} at 127.0.0.1:43086
I20260608 13:03:07.317554 11985 raft_consensus.cc:606] T cacedf8954854b61bdf8c9d5ca323757 P 6e4f123f84464da885dff80af791ff74 [term 1 LEADER]: Received request to transfer leadership to TS 012c8286be60414ea2ce4bbc32d5d753
I20260608 13:03:07.319332 11861 auto_leader_rebalancer.cc:388] table: range_aware_rebalance_new_range, leader rebalance finish, leader transfer count: 4
I20260608 13:03:07.320194 11861 auto_leader_rebalancer.cc:451] All tables' leader rebalancing finished this round
I20260608 13:03:07.322907 12373 raft_consensus.cc:993] T 64f7edc1df59414fb392a4acd93b0d75 P 5e73598c0c03427cad9e4236c0963b64: : Instructing follower ee2d09c2c1464f58b44b687d37c2557b to start an election
I20260608 13:03:07.323436 12373 raft_consensus.cc:1081] T 64f7edc1df59414fb392a4acd93b0d75 P 5e73598c0c03427cad9e4236c0963b64 [term 1 LEADER]: Signalling peer ee2d09c2c1464f58b44b687d37c2557b to start an election
I20260608 13:03:07.325507 12059 tablet_service.cc:2044] Received Run Leader Election RPC: tablet_id: "64f7edc1df59414fb392a4acd93b0d75"
dest_uuid: "ee2d09c2c1464f58b44b687d37c2557b"
 from {username='slave'} at 127.0.0.1:43530
I20260608 13:03:07.326390 12059 raft_consensus.cc:493] T 64f7edc1df59414fb392a4acd93b0d75 P ee2d09c2c1464f58b44b687d37c2557b [term 1 FOLLOWER]: Starting forced leader election (received explicit request)
I20260608 13:03:07.326973 12059 raft_consensus.cc:3060] T 64f7edc1df59414fb392a4acd93b0d75 P ee2d09c2c1464f58b44b687d37c2557b [term 1 FOLLOWER]: Advancing to term 2
I20260608 13:03:07.333577 12059 raft_consensus.cc:515] T 64f7edc1df59414fb392a4acd93b0d75 P ee2d09c2c1464f58b44b687d37c2557b [term 2 FOLLOWER]: Starting forced leader election with config: opid_index: -1 OBSOLETE_local: false peers { permanent_uuid: "5e73598c0c03427cad9e4236c0963b64" member_type: VOTER last_known_addr { host: "127.8.179.65" port: 41895 } } peers { permanent_uuid: "6e4f123f84464da885dff80af791ff74" member_type: VOTER last_known_addr { host: "127.8.179.66" port: 40123 } } peers { permanent_uuid: "ee2d09c2c1464f58b44b687d37c2557b" member_type: VOTER last_known_addr { host: "127.8.179.67" port: 33197 } }
I20260608 13:03:07.335742 12059 leader_election.cc:290] T 64f7edc1df59414fb392a4acd93b0d75 P ee2d09c2c1464f58b44b687d37c2557b [CANDIDATE]: Term 2 election: Requested vote from peers 5e73598c0c03427cad9e4236c0963b64 (127.8.179.65:41895), 6e4f123f84464da885dff80af791ff74 (127.8.179.66:40123)
I20260608 13:03:07.336841 11985 tablet_service.cc:1917] Received RequestConsensusVote() RPC: tablet_id: "64f7edc1df59414fb392a4acd93b0d75" candidate_uuid: "ee2d09c2c1464f58b44b687d37c2557b" candidate_term: 2 candidate_status { last_received { term: 1 index: 1 } } ignore_live_leader: true dest_uuid: "6e4f123f84464da885dff80af791ff74"
I20260608 13:03:07.336947 11908 tablet_service.cc:1917] Received RequestConsensusVote() RPC: tablet_id: "64f7edc1df59414fb392a4acd93b0d75" candidate_uuid: "ee2d09c2c1464f58b44b687d37c2557b" candidate_term: 2 candidate_status { last_received { term: 1 index: 1 } } ignore_live_leader: true dest_uuid: "5e73598c0c03427cad9e4236c0963b64"
I20260608 13:03:07.337509 11985 raft_consensus.cc:3060] T 64f7edc1df59414fb392a4acd93b0d75 P 6e4f123f84464da885dff80af791ff74 [term 1 FOLLOWER]: Advancing to term 2
I20260608 13:03:07.337700 11908 raft_consensus.cc:3055] T 64f7edc1df59414fb392a4acd93b0d75 P 5e73598c0c03427cad9e4236c0963b64 [term 1 LEADER]: Stepping down as leader of term 1
I20260608 13:03:07.338168 11908 raft_consensus.cc:740] T 64f7edc1df59414fb392a4acd93b0d75 P 5e73598c0c03427cad9e4236c0963b64 [term 1 LEADER]: Becoming Follower/Learner. State: Replica: 5e73598c0c03427cad9e4236c0963b64, State: Running, Role: LEADER
I20260608 13:03:07.344528 11985 raft_consensus.cc:2468] T 64f7edc1df59414fb392a4acd93b0d75 P 6e4f123f84464da885dff80af791ff74 [term 2 FOLLOWER]: Leader election vote request: Granting yes vote for candidate ee2d09c2c1464f58b44b687d37c2557b in term 2.
I20260608 13:03:07.339130 11908 consensus_queue.cc:260] T 64f7edc1df59414fb392a4acd93b0d75 P 5e73598c0c03427cad9e4236c0963b64 [NON_LEADER]: Queue going to NON_LEADER mode. State: All replicated index: 0, Majority replicated index: 1, Committed index: 1, Last appended: 1.1, Last appended by leader: 1, Current term: 1, Majority size: -1, State: 0, Mode: NON_LEADER, active raft config: opid_index: -1 OBSOLETE_local: false peers { permanent_uuid: "5e73598c0c03427cad9e4236c0963b64" member_type: VOTER last_known_addr { host: "127.8.179.65" port: 41895 } } peers { permanent_uuid: "6e4f123f84464da885dff80af791ff74" member_type: VOTER last_known_addr { host: "127.8.179.66" port: 40123 } } peers { permanent_uuid: "ee2d09c2c1464f58b44b687d37c2557b" member_type: VOTER last_known_addr { host: "127.8.179.67" port: 33197 } }
I20260608 13:03:07.348273 11908 raft_consensus.cc:3060] T 64f7edc1df59414fb392a4acd93b0d75 P 5e73598c0c03427cad9e4236c0963b64 [term 1 FOLLOWER]: Advancing to term 2
I20260608 13:03:07.348562 12024 leader_election.cc:304] T 64f7edc1df59414fb392a4acd93b0d75 P ee2d09c2c1464f58b44b687d37c2557b [CANDIDATE]: Term 2 election: Election decided. Result: candidate won. Election summary: received 2 responses out of 3 voters: 2 yes votes; 0 no votes. yes voters: 6e4f123f84464da885dff80af791ff74, ee2d09c2c1464f58b44b687d37c2557b; no voters: 
I20260608 13:03:07.349434 12111 raft_consensus.cc:2804] T 64f7edc1df59414fb392a4acd93b0d75 P ee2d09c2c1464f58b44b687d37c2557b [term 2 FOLLOWER]: Leader election won for term 2
I20260608 13:03:07.349943 12111 raft_consensus.cc:697] T 64f7edc1df59414fb392a4acd93b0d75 P ee2d09c2c1464f58b44b687d37c2557b [term 2 LEADER]: Becoming Leader. State: Replica: ee2d09c2c1464f58b44b687d37c2557b, State: Running, Role: LEADER
I20260608 13:03:07.350785 12111 consensus_queue.cc:237] T 64f7edc1df59414fb392a4acd93b0d75 P ee2d09c2c1464f58b44b687d37c2557b [LEADER]: Queue going to LEADER mode. State: All replicated index: 0, Majority replicated index: 1, Committed index: 1, Last appended: 1.1, Last appended by leader: 1, Current term: 2, Majority size: 2, State: 0, Mode: LEADER, active raft config: opid_index: -1 OBSOLETE_local: false peers { permanent_uuid: "5e73598c0c03427cad9e4236c0963b64" member_type: VOTER last_known_addr { host: "127.8.179.65" port: 41895 } } peers { permanent_uuid: "6e4f123f84464da885dff80af791ff74" member_type: VOTER last_known_addr { host: "127.8.179.66" port: 40123 } } peers { permanent_uuid: "ee2d09c2c1464f58b44b687d37c2557b" member_type: VOTER last_known_addr { host: "127.8.179.67" port: 33197 } }
I20260608 13:03:07.355499 11908 raft_consensus.cc:2468] T 64f7edc1df59414fb392a4acd93b0d75 P 5e73598c0c03427cad9e4236c0963b64 [term 2 FOLLOWER]: Leader election vote request: Granting yes vote for candidate ee2d09c2c1464f58b44b687d37c2557b in term 2.
I20260608 13:03:07.370711 11804 catalog_manager.cc:5696] T 64f7edc1df59414fb392a4acd93b0d75 P ee2d09c2c1464f58b44b687d37c2557b reported cstate change: term changed from 1 to 2, leader changed from 5e73598c0c03427cad9e4236c0963b64 (127.8.179.65) to ee2d09c2c1464f58b44b687d37c2557b (127.8.179.67). New cstate: current_term: 2 leader_uuid: "ee2d09c2c1464f58b44b687d37c2557b" committed_config { opid_index: -1 OBSOLETE_local: false peers { permanent_uuid: "5e73598c0c03427cad9e4236c0963b64" member_type: VOTER last_known_addr { host: "127.8.179.65" port: 41895 } health_report { overall_health: UNKNOWN } } peers { permanent_uuid: "6e4f123f84464da885dff80af791ff74" member_type: VOTER last_known_addr { host: "127.8.179.66" port: 40123 } health_report { overall_health: UNKNOWN } } peers { permanent_uuid: "ee2d09c2c1464f58b44b687d37c2557b" member_type: VOTER last_known_addr { host: "127.8.179.67" port: 33197 } health_report { overall_health: HEALTHY } } }
I20260608 13:03:07.408962 12357 raft_consensus.cc:993] T cacedf8954854b61bdf8c9d5ca323757 P 6e4f123f84464da885dff80af791ff74: : Instructing follower 012c8286be60414ea2ce4bbc32d5d753 to start an election
I20260608 13:03:07.409510 12353 raft_consensus.cc:1081] T cacedf8954854b61bdf8c9d5ca323757 P 6e4f123f84464da885dff80af791ff74 [term 1 LEADER]: Signalling peer 012c8286be60414ea2ce4bbc32d5d753 to start an election
I20260608 13:03:07.411150 12205 tablet_service.cc:2044] Received Run Leader Election RPC: tablet_id: "cacedf8954854b61bdf8c9d5ca323757"
dest_uuid: "012c8286be60414ea2ce4bbc32d5d753"
 from {username='slave'} at 127.0.0.1:53558
I20260608 13:03:07.411756 12205 raft_consensus.cc:493] T cacedf8954854b61bdf8c9d5ca323757 P 012c8286be60414ea2ce4bbc32d5d753 [term 1 FOLLOWER]: Starting forced leader election (received explicit request)
I20260608 13:03:07.412144 12205 raft_consensus.cc:3060] T cacedf8954854b61bdf8c9d5ca323757 P 012c8286be60414ea2ce4bbc32d5d753 [term 1 FOLLOWER]: Advancing to term 2
I20260608 13:03:07.419095 12205 raft_consensus.cc:515] T cacedf8954854b61bdf8c9d5ca323757 P 012c8286be60414ea2ce4bbc32d5d753 [term 2 FOLLOWER]: Starting forced leader election with config: opid_index: -1 OBSOLETE_local: false peers { permanent_uuid: "6e4f123f84464da885dff80af791ff74" member_type: VOTER last_known_addr { host: "127.8.179.66" port: 40123 } } peers { permanent_uuid: "5e73598c0c03427cad9e4236c0963b64" member_type: VOTER last_known_addr { host: "127.8.179.65" port: 41895 } } peers { permanent_uuid: "012c8286be60414ea2ce4bbc32d5d753" member_type: VOTER last_known_addr { host: "127.8.179.68" port: 40911 } }
I20260608 13:03:07.421093 12205 leader_election.cc:290] T cacedf8954854b61bdf8c9d5ca323757 P 012c8286be60414ea2ce4bbc32d5d753 [CANDIDATE]: Term 2 election: Requested vote from peers 6e4f123f84464da885dff80af791ff74 (127.8.179.66:40123), 5e73598c0c03427cad9e4236c0963b64 (127.8.179.65:41895)
I20260608 13:03:07.422047 11985 tablet_service.cc:1917] Received RequestConsensusVote() RPC: tablet_id: "cacedf8954854b61bdf8c9d5ca323757" candidate_uuid: "012c8286be60414ea2ce4bbc32d5d753" candidate_term: 2 candidate_status { last_received { term: 1 index: 1 } } ignore_live_leader: true dest_uuid: "6e4f123f84464da885dff80af791ff74"
I20260608 13:03:07.422394 11908 tablet_service.cc:1917] Received RequestConsensusVote() RPC: tablet_id: "cacedf8954854b61bdf8c9d5ca323757" candidate_uuid: "012c8286be60414ea2ce4bbc32d5d753" candidate_term: 2 candidate_status { last_received { term: 1 index: 1 } } ignore_live_leader: true dest_uuid: "5e73598c0c03427cad9e4236c0963b64"
I20260608 13:03:07.422664 11985 raft_consensus.cc:3055] T cacedf8954854b61bdf8c9d5ca323757 P 6e4f123f84464da885dff80af791ff74 [term 1 LEADER]: Stepping down as leader of term 1
I20260608 13:03:07.423066 11985 raft_consensus.cc:740] T cacedf8954854b61bdf8c9d5ca323757 P 6e4f123f84464da885dff80af791ff74 [term 1 LEADER]: Becoming Follower/Learner. State: Replica: 6e4f123f84464da885dff80af791ff74, State: Running, Role: LEADER
I20260608 13:03:07.423030 11908 raft_consensus.cc:3060] T cacedf8954854b61bdf8c9d5ca323757 P 5e73598c0c03427cad9e4236c0963b64 [term 1 FOLLOWER]: Advancing to term 2
I20260608 13:03:07.424080 11985 consensus_queue.cc:260] T cacedf8954854b61bdf8c9d5ca323757 P 6e4f123f84464da885dff80af791ff74 [NON_LEADER]: Queue going to NON_LEADER mode. State: All replicated index: 0, Majority replicated index: 1, Committed index: 1, Last appended: 1.1, Last appended by leader: 1, Current term: 1, Majority size: -1, State: 0, Mode: NON_LEADER, active raft config: opid_index: -1 OBSOLETE_local: false peers { permanent_uuid: "6e4f123f84464da885dff80af791ff74" member_type: VOTER last_known_addr { host: "127.8.179.66" port: 40123 } } peers { permanent_uuid: "5e73598c0c03427cad9e4236c0963b64" member_type: VOTER last_known_addr { host: "127.8.179.65" port: 41895 } } peers { permanent_uuid: "012c8286be60414ea2ce4bbc32d5d753" member_type: VOTER last_known_addr { host: "127.8.179.68" port: 40911 } }
I20260608 13:03:07.425309 11985 raft_consensus.cc:3060] T cacedf8954854b61bdf8c9d5ca323757 P 6e4f123f84464da885dff80af791ff74 [term 1 FOLLOWER]: Advancing to term 2
I20260608 13:03:07.430352 11908 raft_consensus.cc:2468] T cacedf8954854b61bdf8c9d5ca323757 P 5e73598c0c03427cad9e4236c0963b64 [term 2 FOLLOWER]: Leader election vote request: Granting yes vote for candidate 012c8286be60414ea2ce4bbc32d5d753 in term 2.
I20260608 13:03:07.432037 12173 leader_election.cc:304] T cacedf8954854b61bdf8c9d5ca323757 P 012c8286be60414ea2ce4bbc32d5d753 [CANDIDATE]: Term 2 election: Election decided. Result: candidate won. Election summary: received 2 responses out of 3 voters: 2 yes votes; 0 no votes. yes voters: 012c8286be60414ea2ce4bbc32d5d753, 5e73598c0c03427cad9e4236c0963b64; no voters: 
I20260608 13:03:07.432343 11985 raft_consensus.cc:2468] T cacedf8954854b61bdf8c9d5ca323757 P 6e4f123f84464da885dff80af791ff74 [term 2 FOLLOWER]: Leader election vote request: Granting yes vote for candidate 012c8286be60414ea2ce4bbc32d5d753 in term 2.
I20260608 13:03:07.433022 12364 raft_consensus.cc:2804] T cacedf8954854b61bdf8c9d5ca323757 P 012c8286be60414ea2ce4bbc32d5d753 [term 2 FOLLOWER]: Leader election won for term 2
I20260608 13:03:07.434300 12364 raft_consensus.cc:697] T cacedf8954854b61bdf8c9d5ca323757 P 012c8286be60414ea2ce4bbc32d5d753 [term 2 LEADER]: Becoming Leader. State: Replica: 012c8286be60414ea2ce4bbc32d5d753, State: Running, Role: LEADER
I20260608 13:03:07.435138 12364 consensus_queue.cc:237] T cacedf8954854b61bdf8c9d5ca323757 P 012c8286be60414ea2ce4bbc32d5d753 [LEADER]: Queue going to LEADER mode. State: All replicated index: 0, Majority replicated index: 1, Committed index: 1, Last appended: 1.1, Last appended by leader: 1, Current term: 2, Majority size: 2, State: 0, Mode: LEADER, active raft config: opid_index: -1 OBSOLETE_local: false peers { permanent_uuid: "6e4f123f84464da885dff80af791ff74" member_type: VOTER last_known_addr { host: "127.8.179.66" port: 40123 } } peers { permanent_uuid: "5e73598c0c03427cad9e4236c0963b64" member_type: VOTER last_known_addr { host: "127.8.179.65" port: 41895 } } peers { permanent_uuid: "012c8286be60414ea2ce4bbc32d5d753" member_type: VOTER last_known_addr { host: "127.8.179.68" port: 40911 } }
I20260608 13:03:07.443617 11804 catalog_manager.cc:5696] T cacedf8954854b61bdf8c9d5ca323757 P 012c8286be60414ea2ce4bbc32d5d753 reported cstate change: term changed from 1 to 2, leader changed from 6e4f123f84464da885dff80af791ff74 (127.8.179.66) to 012c8286be60414ea2ce4bbc32d5d753 (127.8.179.68). New cstate: current_term: 2 leader_uuid: "012c8286be60414ea2ce4bbc32d5d753" committed_config { opid_index: -1 OBSOLETE_local: false peers { permanent_uuid: "6e4f123f84464da885dff80af791ff74" member_type: VOTER last_known_addr { host: "127.8.179.66" port: 40123 } health_report { overall_health: UNKNOWN } } peers { permanent_uuid: "5e73598c0c03427cad9e4236c0963b64" member_type: VOTER last_known_addr { host: "127.8.179.65" port: 41895 } health_report { overall_health: UNKNOWN } } peers { permanent_uuid: "012c8286be60414ea2ce4bbc32d5d753" member_type: VOTER last_known_addr { host: "127.8.179.68" port: 40911 } health_report { overall_health: HEALTHY } } }
I20260608 13:03:07.447232 12372 raft_consensus.cc:993] T 3e450262db134b1ca1dc7cb9653ae8a1 P 5e73598c0c03427cad9e4236c0963b64: : Instructing follower 012c8286be60414ea2ce4bbc32d5d753 to start an election
I20260608 13:03:07.447803 12372 raft_consensus.cc:1081] T 3e450262db134b1ca1dc7cb9653ae8a1 P 5e73598c0c03427cad9e4236c0963b64 [term 1 LEADER]: Signalling peer 012c8286be60414ea2ce4bbc32d5d753 to start an election
I20260608 13:03:07.449635 12205 tablet_service.cc:2044] Received Run Leader Election RPC: tablet_id: "3e450262db134b1ca1dc7cb9653ae8a1"
dest_uuid: "012c8286be60414ea2ce4bbc32d5d753"
 from {username='slave'} at 127.0.0.1:53580
I20260608 13:03:07.450222 12205 raft_consensus.cc:493] T 3e450262db134b1ca1dc7cb9653ae8a1 P 012c8286be60414ea2ce4bbc32d5d753 [term 1 FOLLOWER]: Starting forced leader election (received explicit request)
I20260608 13:03:07.450553 12205 raft_consensus.cc:3060] T 3e450262db134b1ca1dc7cb9653ae8a1 P 012c8286be60414ea2ce4bbc32d5d753 [term 1 FOLLOWER]: Advancing to term 2
I20260608 13:03:07.457394 12205 raft_consensus.cc:515] T 3e450262db134b1ca1dc7cb9653ae8a1 P 012c8286be60414ea2ce4bbc32d5d753 [term 2 FOLLOWER]: Starting forced leader election with config: opid_index: -1 OBSOLETE_local: false peers { permanent_uuid: "012c8286be60414ea2ce4bbc32d5d753" member_type: VOTER last_known_addr { host: "127.8.179.68" port: 40911 } } peers { permanent_uuid: "5e73598c0c03427cad9e4236c0963b64" member_type: VOTER last_known_addr { host: "127.8.179.65" port: 41895 } } peers { permanent_uuid: "ee2d09c2c1464f58b44b687d37c2557b" member_type: VOTER last_known_addr { host: "127.8.179.67" port: 33197 } }
I20260608 13:03:07.461031 12372 raft_consensus.cc:993] T 01e5c81d1b7645cbb67a97be34ca9b6d P 5e73598c0c03427cad9e4236c0963b64: : Instructing follower 012c8286be60414ea2ce4bbc32d5d753 to start an election
I20260608 13:03:07.460943 11908 tablet_service.cc:1917] Received RequestConsensusVote() RPC: tablet_id: "3e450262db134b1ca1dc7cb9653ae8a1" candidate_uuid: "012c8286be60414ea2ce4bbc32d5d753" candidate_term: 2 candidate_status { last_received { term: 1 index: 1 } } ignore_live_leader: true dest_uuid: "5e73598c0c03427cad9e4236c0963b64"
I20260608 13:03:07.461419 12205 leader_election.cc:290] T 3e450262db134b1ca1dc7cb9653ae8a1 P 012c8286be60414ea2ce4bbc32d5d753 [CANDIDATE]: Term 2 election: Requested vote from peers 5e73598c0c03427cad9e4236c0963b64 (127.8.179.65:41895), ee2d09c2c1464f58b44b687d37c2557b (127.8.179.67:33197)
I20260608 13:03:07.461560 12372 raft_consensus.cc:1081] T 01e5c81d1b7645cbb67a97be34ca9b6d P 5e73598c0c03427cad9e4236c0963b64 [term 1 LEADER]: Signalling peer 012c8286be60414ea2ce4bbc32d5d753 to start an election
I20260608 13:03:07.461773 11908 raft_consensus.cc:3055] T 3e450262db134b1ca1dc7cb9653ae8a1 P 5e73598c0c03427cad9e4236c0963b64 [term 1 LEADER]: Stepping down as leader of term 1
I20260608 13:03:07.462296 11908 raft_consensus.cc:740] T 3e450262db134b1ca1dc7cb9653ae8a1 P 5e73598c0c03427cad9e4236c0963b64 [term 1 LEADER]: Becoming Follower/Learner. State: Replica: 5e73598c0c03427cad9e4236c0963b64, State: Running, Role: LEADER
I20260608 13:03:07.462702 12059 tablet_service.cc:1917] Received RequestConsensusVote() RPC: tablet_id: "3e450262db134b1ca1dc7cb9653ae8a1" candidate_uuid: "012c8286be60414ea2ce4bbc32d5d753" candidate_term: 2 candidate_status { last_received { term: 1 index: 1 } } ignore_live_leader: true dest_uuid: "ee2d09c2c1464f58b44b687d37c2557b"
I20260608 13:03:07.463248 12059 raft_consensus.cc:3060] T 3e450262db134b1ca1dc7cb9653ae8a1 P ee2d09c2c1464f58b44b687d37c2557b [term 1 FOLLOWER]: Advancing to term 2
I20260608 13:03:07.463186 11908 consensus_queue.cc:260] T 3e450262db134b1ca1dc7cb9653ae8a1 P 5e73598c0c03427cad9e4236c0963b64 [NON_LEADER]: Queue going to NON_LEADER mode. State: All replicated index: 0, Majority replicated index: 1, Committed index: 1, Last appended: 1.1, Last appended by leader: 1, Current term: 1, Majority size: -1, State: 0, Mode: NON_LEADER, active raft config: opid_index: -1 OBSOLETE_local: false peers { permanent_uuid: "012c8286be60414ea2ce4bbc32d5d753" member_type: VOTER last_known_addr { host: "127.8.179.68" port: 40911 } } peers { permanent_uuid: "5e73598c0c03427cad9e4236c0963b64" member_type: VOTER last_known_addr { host: "127.8.179.65" port: 41895 } } peers { permanent_uuid: "ee2d09c2c1464f58b44b687d37c2557b" member_type: VOTER last_known_addr { host: "127.8.179.67" port: 33197 } }
I20260608 13:03:07.464294 11908 raft_consensus.cc:3060] T 3e450262db134b1ca1dc7cb9653ae8a1 P 5e73598c0c03427cad9e4236c0963b64 [term 1 FOLLOWER]: Advancing to term 2
I20260608 13:03:07.469166 11908 raft_consensus.cc:2468] T 3e450262db134b1ca1dc7cb9653ae8a1 P 5e73598c0c03427cad9e4236c0963b64 [term 2 FOLLOWER]: Leader election vote request: Granting yes vote for candidate 012c8286be60414ea2ce4bbc32d5d753 in term 2.
I20260608 13:03:07.469260 12205 tablet_service.cc:2044] Received Run Leader Election RPC: tablet_id: "01e5c81d1b7645cbb67a97be34ca9b6d"
dest_uuid: "012c8286be60414ea2ce4bbc32d5d753"
 from {username='slave'} at 127.0.0.1:53580
I20260608 13:03:07.470259 12205 raft_consensus.cc:493] T 01e5c81d1b7645cbb67a97be34ca9b6d P 012c8286be60414ea2ce4bbc32d5d753 [term 1 FOLLOWER]: Starting forced leader election (received explicit request)
I20260608 13:03:07.470438 12173 leader_election.cc:304] T 3e450262db134b1ca1dc7cb9653ae8a1 P 012c8286be60414ea2ce4bbc32d5d753 [CANDIDATE]: Term 2 election: Election decided. Result: candidate won. Election summary: received 2 responses out of 3 voters: 2 yes votes; 0 no votes. yes voters: 012c8286be60414ea2ce4bbc32d5d753, 5e73598c0c03427cad9e4236c0963b64; no voters: 
I20260608 13:03:07.470754 12205 raft_consensus.cc:3060] T 01e5c81d1b7645cbb67a97be34ca9b6d P 012c8286be60414ea2ce4bbc32d5d753 [term 1 FOLLOWER]: Advancing to term 2
I20260608 13:03:07.471421 12364 raft_consensus.cc:2804] T 3e450262db134b1ca1dc7cb9653ae8a1 P 012c8286be60414ea2ce4bbc32d5d753 [term 2 FOLLOWER]: Leader election won for term 2
I20260608 13:03:07.471946 12364 raft_consensus.cc:697] T 3e450262db134b1ca1dc7cb9653ae8a1 P 012c8286be60414ea2ce4bbc32d5d753 [term 2 LEADER]: Becoming Leader. State: Replica: 012c8286be60414ea2ce4bbc32d5d753, State: Running, Role: LEADER
I20260608 13:03:07.472812 12364 consensus_queue.cc:237] T 3e450262db134b1ca1dc7cb9653ae8a1 P 012c8286be60414ea2ce4bbc32d5d753 [LEADER]: Queue going to LEADER mode. State: All replicated index: 0, Majority replicated index: 1, Committed index: 1, Last appended: 1.1, Last appended by leader: 1, Current term: 2, Majority size: 2, State: 0, Mode: LEADER, active raft config: opid_index: -1 OBSOLETE_local: false peers { permanent_uuid: "012c8286be60414ea2ce4bbc32d5d753" member_type: VOTER last_known_addr { host: "127.8.179.68" port: 40911 } } peers { permanent_uuid: "5e73598c0c03427cad9e4236c0963b64" member_type: VOTER last_known_addr { host: "127.8.179.65" port: 41895 } } peers { permanent_uuid: "ee2d09c2c1464f58b44b687d37c2557b" member_type: VOTER last_known_addr { host: "127.8.179.67" port: 33197 } }
I20260608 13:03:07.475318 12059 raft_consensus.cc:2468] T 3e450262db134b1ca1dc7cb9653ae8a1 P ee2d09c2c1464f58b44b687d37c2557b [term 2 FOLLOWER]: Leader election vote request: Granting yes vote for candidate 012c8286be60414ea2ce4bbc32d5d753 in term 2.
I20260608 13:03:07.478811 12205 raft_consensus.cc:515] T 01e5c81d1b7645cbb67a97be34ca9b6d P 012c8286be60414ea2ce4bbc32d5d753 [term 2 FOLLOWER]: Starting forced leader election with config: opid_index: -1 OBSOLETE_local: false peers { permanent_uuid: "012c8286be60414ea2ce4bbc32d5d753" member_type: VOTER last_known_addr { host: "127.8.179.68" port: 40911 } } peers { permanent_uuid: "ee2d09c2c1464f58b44b687d37c2557b" member_type: VOTER last_known_addr { host: "127.8.179.67" port: 33197 } } peers { permanent_uuid: "5e73598c0c03427cad9e4236c0963b64" member_type: VOTER last_known_addr { host: "127.8.179.65" port: 41895 } }
I20260608 13:03:07.482117 12059 tablet_service.cc:1917] Received RequestConsensusVote() RPC: tablet_id: "01e5c81d1b7645cbb67a97be34ca9b6d" candidate_uuid: "012c8286be60414ea2ce4bbc32d5d753" candidate_term: 2 candidate_status { last_received { term: 1 index: 1 } } ignore_live_leader: true dest_uuid: "ee2d09c2c1464f58b44b687d37c2557b"
I20260608 13:03:07.482601 12059 raft_consensus.cc:3060] T 01e5c81d1b7645cbb67a97be34ca9b6d P ee2d09c2c1464f58b44b687d37c2557b [term 1 FOLLOWER]: Advancing to term 2
I20260608 13:03:07.481962 11804 catalog_manager.cc:5696] T 3e450262db134b1ca1dc7cb9653ae8a1 P 012c8286be60414ea2ce4bbc32d5d753 reported cstate change: term changed from 1 to 2, leader changed from 5e73598c0c03427cad9e4236c0963b64 (127.8.179.65) to 012c8286be60414ea2ce4bbc32d5d753 (127.8.179.68). New cstate: current_term: 2 leader_uuid: "012c8286be60414ea2ce4bbc32d5d753" committed_config { opid_index: -1 OBSOLETE_local: false peers { permanent_uuid: "012c8286be60414ea2ce4bbc32d5d753" member_type: VOTER last_known_addr { host: "127.8.179.68" port: 40911 } health_report { overall_health: HEALTHY } } peers { permanent_uuid: "5e73598c0c03427cad9e4236c0963b64" member_type: VOTER last_known_addr { host: "127.8.179.65" port: 41895 } health_report { overall_health: UNKNOWN } } peers { permanent_uuid: "ee2d09c2c1464f58b44b687d37c2557b" member_type: VOTER last_known_addr { host: "127.8.179.67" port: 33197 } health_report { overall_health: UNKNOWN } } }
I20260608 13:03:07.487342 12205 leader_election.cc:290] T 01e5c81d1b7645cbb67a97be34ca9b6d P 012c8286be60414ea2ce4bbc32d5d753 [CANDIDATE]: Term 2 election: Requested vote from peers ee2d09c2c1464f58b44b687d37c2557b (127.8.179.67:33197), 5e73598c0c03427cad9e4236c0963b64 (127.8.179.65:41895)
I20260608 13:03:07.488400 11908 tablet_service.cc:1917] Received RequestConsensusVote() RPC: tablet_id: "01e5c81d1b7645cbb67a97be34ca9b6d" candidate_uuid: "012c8286be60414ea2ce4bbc32d5d753" candidate_term: 2 candidate_status { last_received { term: 1 index: 1 } } ignore_live_leader: true dest_uuid: "5e73598c0c03427cad9e4236c0963b64"
I20260608 13:03:07.488998 11908 raft_consensus.cc:3055] T 01e5c81d1b7645cbb67a97be34ca9b6d P 5e73598c0c03427cad9e4236c0963b64 [term 1 LEADER]: Stepping down as leader of term 1
I20260608 13:03:07.489377 11908 raft_consensus.cc:740] T 01e5c81d1b7645cbb67a97be34ca9b6d P 5e73598c0c03427cad9e4236c0963b64 [term 1 LEADER]: Becoming Follower/Learner. State: Replica: 5e73598c0c03427cad9e4236c0963b64, State: Running, Role: LEADER
I20260608 13:03:07.490262 11908 consensus_queue.cc:260] T 01e5c81d1b7645cbb67a97be34ca9b6d P 5e73598c0c03427cad9e4236c0963b64 [NON_LEADER]: Queue going to NON_LEADER mode. State: All replicated index: 0, Majority replicated index: 1, Committed index: 1, Last appended: 1.1, Last appended by leader: 1, Current term: 1, Majority size: -1, State: 0, Mode: NON_LEADER, active raft config: opid_index: -1 OBSOLETE_local: false peers { permanent_uuid: "012c8286be60414ea2ce4bbc32d5d753" member_type: VOTER last_known_addr { host: "127.8.179.68" port: 40911 } } peers { permanent_uuid: "ee2d09c2c1464f58b44b687d37c2557b" member_type: VOTER last_known_addr { host: "127.8.179.67" port: 33197 } } peers { permanent_uuid: "5e73598c0c03427cad9e4236c0963b64" member_type: VOTER last_known_addr { host: "127.8.179.65" port: 41895 } }
I20260608 13:03:07.492935 11908 raft_consensus.cc:3060] T 01e5c81d1b7645cbb67a97be34ca9b6d P 5e73598c0c03427cad9e4236c0963b64 [term 1 FOLLOWER]: Advancing to term 2
I20260608 13:03:07.493535 12059 raft_consensus.cc:2468] T 01e5c81d1b7645cbb67a97be34ca9b6d P ee2d09c2c1464f58b44b687d37c2557b [term 2 FOLLOWER]: Leader election vote request: Granting yes vote for candidate 012c8286be60414ea2ce4bbc32d5d753 in term 2.
I20260608 13:03:07.494783 12174 leader_election.cc:304] T 01e5c81d1b7645cbb67a97be34ca9b6d P 012c8286be60414ea2ce4bbc32d5d753 [CANDIDATE]: Term 2 election: Election decided. Result: candidate won. Election summary: received 2 responses out of 3 voters: 2 yes votes; 0 no votes. yes voters: 012c8286be60414ea2ce4bbc32d5d753, ee2d09c2c1464f58b44b687d37c2557b; no voters: 
I20260608 13:03:07.495858 12364 raft_consensus.cc:2804] T 01e5c81d1b7645cbb67a97be34ca9b6d P 012c8286be60414ea2ce4bbc32d5d753 [term 2 FOLLOWER]: Leader election won for term 2
I20260608 13:03:07.496373 12364 raft_consensus.cc:697] T 01e5c81d1b7645cbb67a97be34ca9b6d P 012c8286be60414ea2ce4bbc32d5d753 [term 2 LEADER]: Becoming Leader. State: Replica: 012c8286be60414ea2ce4bbc32d5d753, State: Running, Role: LEADER
I20260608 13:03:07.497202 12364 consensus_queue.cc:237] T 01e5c81d1b7645cbb67a97be34ca9b6d P 012c8286be60414ea2ce4bbc32d5d753 [LEADER]: Queue going to LEADER mode. State: All replicated index: 0, Majority replicated index: 1, Committed index: 1, Last appended: 1.1, Last appended by leader: 1, Current term: 2, Majority size: 2, State: 0, Mode: LEADER, active raft config: opid_index: -1 OBSOLETE_local: false peers { permanent_uuid: "012c8286be60414ea2ce4bbc32d5d753" member_type: VOTER last_known_addr { host: "127.8.179.68" port: 40911 } } peers { permanent_uuid: "ee2d09c2c1464f58b44b687d37c2557b" member_type: VOTER last_known_addr { host: "127.8.179.67" port: 33197 } } peers { permanent_uuid: "5e73598c0c03427cad9e4236c0963b64" member_type: VOTER last_known_addr { host: "127.8.179.65" port: 41895 } }
I20260608 13:03:07.500233 11908 raft_consensus.cc:2468] T 01e5c81d1b7645cbb67a97be34ca9b6d P 5e73598c0c03427cad9e4236c0963b64 [term 2 FOLLOWER]: Leader election vote request: Granting yes vote for candidate 012c8286be60414ea2ce4bbc32d5d753 in term 2.
I20260608 13:03:07.506966 11804 catalog_manager.cc:5696] T 01e5c81d1b7645cbb67a97be34ca9b6d P 012c8286be60414ea2ce4bbc32d5d753 reported cstate change: term changed from 1 to 2, leader changed from 5e73598c0c03427cad9e4236c0963b64 (127.8.179.65) to 012c8286be60414ea2ce4bbc32d5d753 (127.8.179.68). New cstate: current_term: 2 leader_uuid: "012c8286be60414ea2ce4bbc32d5d753" committed_config { opid_index: -1 OBSOLETE_local: false peers { permanent_uuid: "012c8286be60414ea2ce4bbc32d5d753" member_type: VOTER last_known_addr { host: "127.8.179.68" port: 40911 } health_report { overall_health: HEALTHY } } peers { permanent_uuid: "ee2d09c2c1464f58b44b687d37c2557b" member_type: VOTER last_known_addr { host: "127.8.179.67" port: 33197 } health_report { overall_health: UNKNOWN } } peers { permanent_uuid: "5e73598c0c03427cad9e4236c0963b64" member_type: VOTER last_known_addr { host: "127.8.179.65" port: 41895 } health_report { overall_health: UNKNOWN } } }
I20260608 13:03:07.677212 12112 raft_consensus.cc:1064] T 46897ae4bdc440f7b0d8a9385bb940f0 P 5e73598c0c03427cad9e4236c0963b64: attempting to promote NON_VOTER 012c8286be60414ea2ce4bbc32d5d753 to VOTER
I20260608 13:03:07.679539 12112 consensus_queue.cc:237] T 46897ae4bdc440f7b0d8a9385bb940f0 P 5e73598c0c03427cad9e4236c0963b64 [LEADER]: Queue going to LEADER mode. State: All replicated index: 0, Majority replicated index: 2, Committed index: 2, Last appended: 1.2, Last appended by leader: 0, Current term: 1, Majority size: 3, State: 0, Mode: LEADER, active raft config: opid_index: 3 OBSOLETE_local: false peers { permanent_uuid: "6e4f123f84464da885dff80af791ff74" member_type: VOTER last_known_addr { host: "127.8.179.66" port: 40123 } attrs { replace: true } } peers { permanent_uuid: "5e73598c0c03427cad9e4236c0963b64" member_type: VOTER last_known_addr { host: "127.8.179.65" port: 41895 } } peers { permanent_uuid: "ee2d09c2c1464f58b44b687d37c2557b" member_type: VOTER last_known_addr { host: "127.8.179.67" port: 33197 } } peers { permanent_uuid: "012c8286be60414ea2ce4bbc32d5d753" member_type: VOTER last_known_addr { host: "127.8.179.68" port: 40911 } attrs { promote: false } }
I20260608 13:03:07.687786 12205 raft_consensus.cc:1275] T 46897ae4bdc440f7b0d8a9385bb940f0 P 012c8286be60414ea2ce4bbc32d5d753 [term 1 LEARNER]: Refusing update from remote peer 5e73598c0c03427cad9e4236c0963b64: Log matching property violated. Preceding OpId in replica: term: 1 index: 2. Preceding OpId from leader: term: 1 index: 3. (index mismatch)
I20260608 13:03:07.688704 11985 raft_consensus.cc:1275] T 46897ae4bdc440f7b0d8a9385bb940f0 P 6e4f123f84464da885dff80af791ff74 [term 1 FOLLOWER]: Refusing update from remote peer 5e73598c0c03427cad9e4236c0963b64: Log matching property violated. Preceding OpId in replica: term: 1 index: 2. Preceding OpId from leader: term: 1 index: 3. (index mismatch)
I20260608 13:03:07.688448 12059 raft_consensus.cc:1275] T 46897ae4bdc440f7b0d8a9385bb940f0 P ee2d09c2c1464f58b44b687d37c2557b [term 1 FOLLOWER]: Refusing update from remote peer 5e73598c0c03427cad9e4236c0963b64: Log matching property violated. Preceding OpId in replica: term: 1 index: 2. Preceding OpId from leader: term: 1 index: 3. (index mismatch)
I20260608 13:03:07.689286 12373 consensus_queue.cc:1048] T 46897ae4bdc440f7b0d8a9385bb940f0 P 5e73598c0c03427cad9e4236c0963b64 [LEADER]: Connected to new peer: Peer: permanent_uuid: "012c8286be60414ea2ce4bbc32d5d753" member_type: VOTER last_known_addr { host: "127.8.179.68" port: 40911 } attrs { promote: false }, Status: LMP_MISMATCH, Last received: 0.0, Next index: 3, Last known committed idx: 2, Time since last communication: 0.000s
I20260608 13:03:07.690372 12372 consensus_queue.cc:1048] T 46897ae4bdc440f7b0d8a9385bb940f0 P 5e73598c0c03427cad9e4236c0963b64 [LEADER]: Connected to new peer: Peer: permanent_uuid: "6e4f123f84464da885dff80af791ff74" member_type: VOTER last_known_addr { host: "127.8.179.66" port: 40123 } attrs { replace: true }, Status: LMP_MISMATCH, Last received: 0.0, Next index: 3, Last known committed idx: 2, Time since last communication: 0.000s
I20260608 13:03:07.691362 12112 consensus_queue.cc:1048] T 46897ae4bdc440f7b0d8a9385bb940f0 P 5e73598c0c03427cad9e4236c0963b64 [LEADER]: Connected to new peer: Peer: permanent_uuid: "ee2d09c2c1464f58b44b687d37c2557b" member_type: VOTER last_known_addr { host: "127.8.179.67" port: 33197 }, Status: LMP_MISMATCH, Last received: 0.0, Next index: 3, Last known committed idx: 2, Time since last communication: 0.000s
I20260608 13:03:07.711565 12112 raft_consensus.cc:2955] T 46897ae4bdc440f7b0d8a9385bb940f0 P 5e73598c0c03427cad9e4236c0963b64 [term 1 LEADER]: Committing config change with OpId 1.3: config changed from index 2 to 3, 012c8286be60414ea2ce4bbc32d5d753 (127.8.179.68) changed from NON_VOTER to VOTER. New config: { opid_index: 3 OBSOLETE_local: false peers { permanent_uuid: "6e4f123f84464da885dff80af791ff74" member_type: VOTER last_known_addr { host: "127.8.179.66" port: 40123 } attrs { replace: true } } peers { permanent_uuid: "5e73598c0c03427cad9e4236c0963b64" member_type: VOTER last_known_addr { host: "127.8.179.65" port: 41895 } } peers { permanent_uuid: "ee2d09c2c1464f58b44b687d37c2557b" member_type: VOTER last_known_addr { host: "127.8.179.67" port: 33197 } } peers { permanent_uuid: "012c8286be60414ea2ce4bbc32d5d753" member_type: VOTER last_known_addr { host: "127.8.179.68" port: 40911 } attrs { promote: false } } }
I20260608 13:03:07.714768 12059 raft_consensus.cc:2955] T 46897ae4bdc440f7b0d8a9385bb940f0 P ee2d09c2c1464f58b44b687d37c2557b [term 1 FOLLOWER]: Committing config change with OpId 1.3: config changed from index 2 to 3, 012c8286be60414ea2ce4bbc32d5d753 (127.8.179.68) changed from NON_VOTER to VOTER. New config: { opid_index: 3 OBSOLETE_local: false peers { permanent_uuid: "6e4f123f84464da885dff80af791ff74" member_type: VOTER last_known_addr { host: "127.8.179.66" port: 40123 } attrs { replace: true } } peers { permanent_uuid: "5e73598c0c03427cad9e4236c0963b64" member_type: VOTER last_known_addr { host: "127.8.179.65" port: 41895 } } peers { permanent_uuid: "ee2d09c2c1464f58b44b687d37c2557b" member_type: VOTER last_known_addr { host: "127.8.179.67" port: 33197 } } peers { permanent_uuid: "012c8286be60414ea2ce4bbc32d5d753" member_type: VOTER last_known_addr { host: "127.8.179.68" port: 40911 } attrs { promote: false } } }
I20260608 13:03:07.714869 12205 raft_consensus.cc:2955] T 46897ae4bdc440f7b0d8a9385bb940f0 P 012c8286be60414ea2ce4bbc32d5d753 [term 1 FOLLOWER]: Committing config change with OpId 1.3: config changed from index 2 to 3, 012c8286be60414ea2ce4bbc32d5d753 (127.8.179.68) changed from NON_VOTER to VOTER. New config: { opid_index: 3 OBSOLETE_local: false peers { permanent_uuid: "6e4f123f84464da885dff80af791ff74" member_type: VOTER last_known_addr { host: "127.8.179.66" port: 40123 } attrs { replace: true } } peers { permanent_uuid: "5e73598c0c03427cad9e4236c0963b64" member_type: VOTER last_known_addr { host: "127.8.179.65" port: 41895 } } peers { permanent_uuid: "ee2d09c2c1464f58b44b687d37c2557b" member_type: VOTER last_known_addr { host: "127.8.179.67" port: 33197 } } peers { permanent_uuid: "012c8286be60414ea2ce4bbc32d5d753" member_type: VOTER last_known_addr { host: "127.8.179.68" port: 40911 } attrs { promote: false } } }
I20260608 13:03:07.726666 11985 raft_consensus.cc:2955] T 46897ae4bdc440f7b0d8a9385bb940f0 P 6e4f123f84464da885dff80af791ff74 [term 1 FOLLOWER]: Committing config change with OpId 1.3: config changed from index 2 to 3, 012c8286be60414ea2ce4bbc32d5d753 (127.8.179.68) changed from NON_VOTER to VOTER. New config: { opid_index: 3 OBSOLETE_local: false peers { permanent_uuid: "6e4f123f84464da885dff80af791ff74" member_type: VOTER last_known_addr { host: "127.8.179.66" port: 40123 } attrs { replace: true } } peers { permanent_uuid: "5e73598c0c03427cad9e4236c0963b64" member_type: VOTER last_known_addr { host: "127.8.179.65" port: 41895 } } peers { permanent_uuid: "ee2d09c2c1464f58b44b687d37c2557b" member_type: VOTER last_known_addr { host: "127.8.179.67" port: 33197 } } peers { permanent_uuid: "012c8286be60414ea2ce4bbc32d5d753" member_type: VOTER last_known_addr { host: "127.8.179.68" port: 40911 } attrs { promote: false } } }
I20260608 13:03:07.728725 11804 catalog_manager.cc:5696] T 46897ae4bdc440f7b0d8a9385bb940f0 P 5e73598c0c03427cad9e4236c0963b64 reported cstate change: config changed from index 2 to 3, 012c8286be60414ea2ce4bbc32d5d753 (127.8.179.68) changed from NON_VOTER to VOTER. New cstate: current_term: 1 leader_uuid: "5e73598c0c03427cad9e4236c0963b64" committed_config { opid_index: 3 OBSOLETE_local: false peers { permanent_uuid: "6e4f123f84464da885dff80af791ff74" member_type: VOTER last_known_addr { host: "127.8.179.66" port: 40123 } attrs { replace: true } health_report { overall_health: HEALTHY } } peers { permanent_uuid: "5e73598c0c03427cad9e4236c0963b64" member_type: VOTER last_known_addr { host: "127.8.179.65" port: 41895 } health_report { overall_health: HEALTHY } } peers { permanent_uuid: "ee2d09c2c1464f58b44b687d37c2557b" member_type: VOTER last_known_addr { host: "127.8.179.67" port: 33197 } health_report { overall_health: HEALTHY } } peers { permanent_uuid: "012c8286be60414ea2ce4bbc32d5d753" member_type: VOTER last_known_addr { host: "127.8.179.68" port: 40911 } attrs { promote: false } health_report { overall_health: HEALTHY } } }
I20260608 13:03:07.735184 11983 raft_consensus.cc:1275] T 64f7edc1df59414fb392a4acd93b0d75 P 6e4f123f84464da885dff80af791ff74 [term 2 FOLLOWER]: Refusing update from remote peer ee2d09c2c1464f58b44b687d37c2557b: Log matching property violated. Preceding OpId in replica: term: 1 index: 1. Preceding OpId from leader: term: 2 index: 2. (index mismatch)
I20260608 13:03:07.737480 12111 consensus_queue.cc:1048] T 64f7edc1df59414fb392a4acd93b0d75 P ee2d09c2c1464f58b44b687d37c2557b [LEADER]: Connected to new peer: Peer: permanent_uuid: "6e4f123f84464da885dff80af791ff74" member_type: VOTER last_known_addr { host: "127.8.179.66" port: 40123 }, Status: LMP_MISMATCH, Last received: 0.0, Next index: 2, Last known committed idx: 1, Time since last communication: 0.000s
I20260608 13:03:07.748028 11908 consensus_queue.cc:237] T 46897ae4bdc440f7b0d8a9385bb940f0 P 5e73598c0c03427cad9e4236c0963b64 [LEADER]: Queue going to LEADER mode. State: All replicated index: 0, Majority replicated index: 3, Committed index: 3, Last appended: 1.3, Last appended by leader: 0, Current term: 1, Majority size: 2, State: 0, Mode: LEADER, active raft config: opid_index: 4 OBSOLETE_local: false peers { permanent_uuid: "5e73598c0c03427cad9e4236c0963b64" member_type: VOTER last_known_addr { host: "127.8.179.65" port: 41895 } } peers { permanent_uuid: "ee2d09c2c1464f58b44b687d37c2557b" member_type: VOTER last_known_addr { host: "127.8.179.67" port: 33197 } } peers { permanent_uuid: "012c8286be60414ea2ce4bbc32d5d753" member_type: VOTER last_known_addr { host: "127.8.179.68" port: 40911 } attrs { promote: false } }
I20260608 13:03:07.758921 12205 raft_consensus.cc:1275] T 46897ae4bdc440f7b0d8a9385bb940f0 P 012c8286be60414ea2ce4bbc32d5d753 [term 1 FOLLOWER]: Refusing update from remote peer 5e73598c0c03427cad9e4236c0963b64: Log matching property violated. Preceding OpId in replica: term: 1 index: 3. Preceding OpId from leader: term: 1 index: 4. (index mismatch)
I20260608 13:03:07.760375 12059 raft_consensus.cc:1275] T 46897ae4bdc440f7b0d8a9385bb940f0 P ee2d09c2c1464f58b44b687d37c2557b [term 1 FOLLOWER]: Refusing update from remote peer 5e73598c0c03427cad9e4236c0963b64: Log matching property violated. Preceding OpId in replica: term: 1 index: 3. Preceding OpId from leader: term: 1 index: 4. (index mismatch)
I20260608 13:03:07.760743 12112 consensus_queue.cc:1048] T 46897ae4bdc440f7b0d8a9385bb940f0 P 5e73598c0c03427cad9e4236c0963b64 [LEADER]: Connected to new peer: Peer: permanent_uuid: "012c8286be60414ea2ce4bbc32d5d753" member_type: VOTER last_known_addr { host: "127.8.179.68" port: 40911 } attrs { promote: false }, Status: LMP_MISMATCH, Last received: 0.0, Next index: 4, Last known committed idx: 3, Time since last communication: 0.000s
I20260608 13:03:07.767380 12112 consensus_queue.cc:1048] T 46897ae4bdc440f7b0d8a9385bb940f0 P 5e73598c0c03427cad9e4236c0963b64 [LEADER]: Connected to new peer: Peer: permanent_uuid: "ee2d09c2c1464f58b44b687d37c2557b" member_type: VOTER last_known_addr { host: "127.8.179.67" port: 33197 }, Status: LMP_MISMATCH, Last received: 0.0, Next index: 4, Last known committed idx: 3, Time since last communication: 0.000s
I20260608 13:03:07.774988 12372 raft_consensus.cc:2955] T 46897ae4bdc440f7b0d8a9385bb940f0 P 5e73598c0c03427cad9e4236c0963b64 [term 1 LEADER]: Committing config change with OpId 1.4: config changed from index 3 to 4, VOTER 6e4f123f84464da885dff80af791ff74 (127.8.179.66) evicted. New config: { opid_index: 4 OBSOLETE_local: false peers { permanent_uuid: "5e73598c0c03427cad9e4236c0963b64" member_type: VOTER last_known_addr { host: "127.8.179.65" port: 41895 } } peers { permanent_uuid: "ee2d09c2c1464f58b44b687d37c2557b" member_type: VOTER last_known_addr { host: "127.8.179.67" port: 33197 } } peers { permanent_uuid: "012c8286be60414ea2ce4bbc32d5d753" member_type: VOTER last_known_addr { host: "127.8.179.68" port: 40911 } attrs { promote: false } } }
I20260608 13:03:07.776988 12059 raft_consensus.cc:2955] T 46897ae4bdc440f7b0d8a9385bb940f0 P ee2d09c2c1464f58b44b687d37c2557b [term 1 FOLLOWER]: Committing config change with OpId 1.4: config changed from index 3 to 4, VOTER 6e4f123f84464da885dff80af791ff74 (127.8.179.66) evicted. New config: { opid_index: 4 OBSOLETE_local: false peers { permanent_uuid: "5e73598c0c03427cad9e4236c0963b64" member_type: VOTER last_known_addr { host: "127.8.179.65" port: 41895 } } peers { permanent_uuid: "ee2d09c2c1464f58b44b687d37c2557b" member_type: VOTER last_known_addr { host: "127.8.179.67" port: 33197 } } peers { permanent_uuid: "012c8286be60414ea2ce4bbc32d5d753" member_type: VOTER last_known_addr { host: "127.8.179.68" port: 40911 } attrs { promote: false } } }
I20260608 13:03:07.787313 12357 raft_consensus.cc:1064] T db1ca4533dd5437485b8beb8143f8694 P 6e4f123f84464da885dff80af791ff74: attempting to promote NON_VOTER 012c8286be60414ea2ce4bbc32d5d753 to VOTER
