I20260608 13:03:03.996358 12252 tablet_bootstrap.cc:492] T 3e450262db134b1ca1dc7cb9653ae8a1 P 5e73598c0c03427cad9e4236c0963b64: Bootstrap starting.
I20260608 13:03:04.002481 12046 tablet_service.cc:1511] Processing CreateTablet for tablet cad015f3cfaa4815ab7535ad6c897861 (DEFAULT_TABLE table=range_aware_rebalance_new_range [id=7f25933ce5ed48bb909c2742bb94fc14]), partition=HASH (key) PARTITION 5, RANGE (key) PARTITION 10 <= VALUES < 20
I20260608 13:03:04.004070 12046 data_dirs.cc:400] Could only allocate 1 dirs of requested 3 for tablet cad015f3cfaa4815ab7535ad6c897861. 1 dirs total, 0 dirs full, 0 dirs failed
I20260608 13:03:04.013444 12141 consensus_queue.cc:1048] T 46897ae4bdc440f7b0d8a9385bb940f0 P 5e73598c0c03427cad9e4236c0963b64 [LEADER]: Connected to new peer: Peer: permanent_uuid: "ee2d09c2c1464f58b44b687d37c2557b" member_type: VOTER last_known_addr { host: "127.8.179.67" port: 33197 }, Status: LMP_MISMATCH, Last received: 0.0, Next index: 1, Last known committed idx: 0, Time since last communication: 0.000s
I20260608 13:03:04.019236 11974 tablet_service.cc:1511] Processing CreateTablet for tablet 25c069cf762142a5a6271715e286119a (DEFAULT_TABLE table=range_aware_rebalance_new_range [id=7f25933ce5ed48bb909c2742bb94fc14]), partition=HASH (key) PARTITION 6, RANGE (key) PARTITION 10 <= VALUES < 20
I20260608 13:03:04.024452 11974 data_dirs.cc:400] Could only allocate 1 dirs of requested 3 for tablet 25c069cf762142a5a6271715e286119a. 1 dirs total, 0 dirs full, 0 dirs failed
I20260608 13:03:04.026806 12192 tablet_service.cc:1511] Processing CreateTablet for tablet 25c069cf762142a5a6271715e286119a (DEFAULT_TABLE table=range_aware_rebalance_new_range [id=7f25933ce5ed48bb909c2742bb94fc14]), partition=HASH (key) PARTITION 6, RANGE (key) PARTITION 10 <= VALUES < 20
I20260608 13:03:04.028373 12192 data_dirs.cc:400] Could only allocate 1 dirs of requested 3 for tablet 25c069cf762142a5a6271715e286119a. 1 dirs total, 0 dirs full, 0 dirs failed
W20260608 13:03:04.065682 11856 auto_rebalancer.cc:259] Could not retrieve cluster info: Service unavailable: Tablet not running
I20260608 13:03:04.068928 12104 tablet_bootstrap.cc:492] T 25c069cf762142a5a6271715e286119a P 6e4f123f84464da885dff80af791ff74: Bootstrap starting.
I20260608 13:03:04.083081 12255 tablet_bootstrap.cc:492] T cacedf8954854b61bdf8c9d5ca323757 P 012c8286be60414ea2ce4bbc32d5d753: Bootstrap starting.
I20260608 13:03:04.088929 12253 tablet_bootstrap.cc:492] T 3e450262db134b1ca1dc7cb9653ae8a1 P ee2d09c2c1464f58b44b687d37c2557b: Bootstrap starting.
I20260608 13:03:04.090682 11899 tablet_service.cc:1511] Processing CreateTablet for tablet 25c069cf762142a5a6271715e286119a (DEFAULT_TABLE table=range_aware_rebalance_new_range [id=7f25933ce5ed48bb909c2742bb94fc14]), partition=HASH (key) PARTITION 6, RANGE (key) PARTITION 10 <= VALUES < 20
I20260608 13:03:04.091976 12142 consensus_queue.cc:1048] T 46897ae4bdc440f7b0d8a9385bb940f0 P 5e73598c0c03427cad9e4236c0963b64 [LEADER]: Connected to new peer: Peer: permanent_uuid: "6e4f123f84464da885dff80af791ff74" member_type: VOTER last_known_addr { host: "127.8.179.66" port: 40123 }, Status: LMP_MISMATCH, Last received: 0.0, Next index: 1, Last known committed idx: 0, Time since last communication: 0.000s
I20260608 13:03:04.092469 11899 data_dirs.cc:400] Could only allocate 1 dirs of requested 3 for tablet 25c069cf762142a5a6271715e286119a. 1 dirs total, 0 dirs full, 0 dirs failed
I20260608 13:03:04.097954 12252 tablet_bootstrap.cc:654] T 3e450262db134b1ca1dc7cb9653ae8a1 P 5e73598c0c03427cad9e4236c0963b64: Neither blocks nor log segments found. Creating new log.
I20260608 13:03:04.107898 12104 tablet_bootstrap.cc:654] T 25c069cf762142a5a6271715e286119a P 6e4f123f84464da885dff80af791ff74: Neither blocks nor log segments found. Creating new log.
I20260608 13:03:04.119957 11898 tablet_service.cc:1511] Processing CreateTablet for tablet 882837516b004aee9648bd18ff56eb67 (DEFAULT_TABLE table=range_aware_rebalance_new_range [id=7f25933ce5ed48bb909c2742bb94fc14]), partition=HASH (key) PARTITION 7, RANGE (key) PARTITION 10 <= VALUES < 20
I20260608 13:03:04.121891 11898 data_dirs.cc:400] Could only allocate 1 dirs of requested 3 for tablet 882837516b004aee9648bd18ff56eb67. 1 dirs total, 0 dirs full, 0 dirs failed
I20260608 13:03:04.132767 12193 tablet_service.cc:1511] Processing CreateTablet for tablet 882837516b004aee9648bd18ff56eb67 (DEFAULT_TABLE table=range_aware_rebalance_new_range [id=7f25933ce5ed48bb909c2742bb94fc14]), partition=HASH (key) PARTITION 7, RANGE (key) PARTITION 10 <= VALUES < 20
I20260608 13:03:04.134788 12193 data_dirs.cc:400] Could only allocate 1 dirs of requested 3 for tablet 882837516b004aee9648bd18ff56eb67. 1 dirs total, 0 dirs full, 0 dirs failed
I20260608 13:03:04.144667 12255 tablet_bootstrap.cc:654] T cacedf8954854b61bdf8c9d5ca323757 P 012c8286be60414ea2ce4bbc32d5d753: Neither blocks nor log segments found. Creating new log.
I20260608 13:03:04.162963 12253 tablet_bootstrap.cc:654] T 3e450262db134b1ca1dc7cb9653ae8a1 P ee2d09c2c1464f58b44b687d37c2557b: Neither blocks nor log segments found. Creating new log.
I20260608 13:03:04.179514 12252 tablet_bootstrap.cc:492] T 3e450262db134b1ca1dc7cb9653ae8a1 P 5e73598c0c03427cad9e4236c0963b64: No bootstrap required, opened a new log
I20260608 13:03:04.180837 12252 ts_tablet_manager.cc:1403] T 3e450262db134b1ca1dc7cb9653ae8a1 P 5e73598c0c03427cad9e4236c0963b64: Time spent bootstrapping tablet: real 0.185s	user 0.040s	sys 0.026s
I20260608 13:03:04.185221 12046 tablet_service.cc:1511] Processing CreateTablet for tablet 882837516b004aee9648bd18ff56eb67 (DEFAULT_TABLE table=range_aware_rebalance_new_range [id=7f25933ce5ed48bb909c2742bb94fc14]), partition=HASH (key) PARTITION 7, RANGE (key) PARTITION 10 <= VALUES < 20
I20260608 13:03:04.186874 12046 data_dirs.cc:400] Could only allocate 1 dirs of requested 3 for tablet 882837516b004aee9648bd18ff56eb67. 1 dirs total, 0 dirs full, 0 dirs failed
I20260608 13:03:04.188791 12252 raft_consensus.cc:359] T 3e450262db134b1ca1dc7cb9653ae8a1 P 5e73598c0c03427cad9e4236c0963b64 [term 0 FOLLOWER]: Replica starting. Triggering 0 pending ops. Active config: opid_index: -1 OBSOLETE_local: false peers { permanent_uuid: "012c8286be60414ea2ce4bbc32d5d753" member_type: VOTER last_known_addr { host: "127.8.179.68" port: 40911 } } peers { permanent_uuid: "5e73598c0c03427cad9e4236c0963b64" member_type: VOTER last_known_addr { host: "127.8.179.65" port: 41895 } } peers { permanent_uuid: "ee2d09c2c1464f58b44b687d37c2557b" member_type: VOTER last_known_addr { host: "127.8.179.67" port: 33197 } }
I20260608 13:03:04.189728 12252 raft_consensus.cc:385] T 3e450262db134b1ca1dc7cb9653ae8a1 P 5e73598c0c03427cad9e4236c0963b64 [term 0 FOLLOWER]: Consensus starting up: Expiring failure detector timer to make a prompt election more likely
I20260608 13:03:04.190141 12252 raft_consensus.cc:740] T 3e450262db134b1ca1dc7cb9653ae8a1 P 5e73598c0c03427cad9e4236c0963b64 [term 0 FOLLOWER]: Becoming Follower/Learner. State: Replica: 5e73598c0c03427cad9e4236c0963b64, State: Initialized, Role: FOLLOWER
I20260608 13:03:04.191236 12252 consensus_queue.cc:260] T 3e450262db134b1ca1dc7cb9653ae8a1 P 5e73598c0c03427cad9e4236c0963b64 [NON_LEADER]: Queue going to NON_LEADER mode. State: All replicated index: 0, Majority replicated index: 0, Committed index: 0, Last appended: 0.0, Last appended by leader: 0, Current term: 0, Majority size: -1, State: 0, Mode: NON_LEADER, active raft config: opid_index: -1 OBSOLETE_local: false peers { permanent_uuid: "012c8286be60414ea2ce4bbc32d5d753" member_type: VOTER last_known_addr { host: "127.8.179.68" port: 40911 } } peers { permanent_uuid: "5e73598c0c03427cad9e4236c0963b64" member_type: VOTER last_known_addr { host: "127.8.179.65" port: 41895 } } peers { permanent_uuid: "ee2d09c2c1464f58b44b687d37c2557b" member_type: VOTER last_known_addr { host: "127.8.179.67" port: 33197 } }
I20260608 13:03:04.194514 12252 ts_tablet_manager.cc:1434] T 3e450262db134b1ca1dc7cb9653ae8a1 P 5e73598c0c03427cad9e4236c0963b64: Time spent starting tablet: real 0.012s	user 0.007s	sys 0.000s
I20260608 13:03:04.197903 12252 tablet_bootstrap.cc:492] T cacedf8954854b61bdf8c9d5ca323757 P 5e73598c0c03427cad9e4236c0963b64: Bootstrap starting.
I20260608 13:03:04.195108 12104 tablet_bootstrap.cc:492] T 25c069cf762142a5a6271715e286119a P 6e4f123f84464da885dff80af791ff74: No bootstrap required, opened a new log
I20260608 13:03:04.200941 12104 ts_tablet_manager.cc:1403] T 25c069cf762142a5a6271715e286119a P 6e4f123f84464da885dff80af791ff74: Time spent bootstrapping tablet: real 0.132s	user 0.012s	sys 0.003s
I20260608 13:03:04.196458 12255 tablet_bootstrap.cc:492] T cacedf8954854b61bdf8c9d5ca323757 P 012c8286be60414ea2ce4bbc32d5d753: No bootstrap required, opened a new log
I20260608 13:03:04.203722 12255 ts_tablet_manager.cc:1403] T cacedf8954854b61bdf8c9d5ca323757 P 012c8286be60414ea2ce4bbc32d5d753: Time spent bootstrapping tablet: real 0.121s	user 0.011s	sys 0.008s
I20260608 13:03:04.204155 12104 raft_consensus.cc:359] T 25c069cf762142a5a6271715e286119a P 6e4f123f84464da885dff80af791ff74 [term 0 FOLLOWER]: Replica starting. Triggering 0 pending ops. Active config: opid_index: -1 OBSOLETE_local: false peers { permanent_uuid: "012c8286be60414ea2ce4bbc32d5d753" member_type: VOTER last_known_addr { host: "127.8.179.68" port: 40911 } } peers { permanent_uuid: "6e4f123f84464da885dff80af791ff74" member_type: VOTER last_known_addr { host: "127.8.179.66" port: 40123 } } peers { permanent_uuid: "5e73598c0c03427cad9e4236c0963b64" member_type: VOTER last_known_addr { host: "127.8.179.65" port: 41895 } }
I20260608 13:03:04.205030 12104 raft_consensus.cc:385] T 25c069cf762142a5a6271715e286119a P 6e4f123f84464da885dff80af791ff74 [term 0 FOLLOWER]: Consensus starting up: Expiring failure detector timer to make a prompt election more likely
I20260608 13:03:04.205368 12104 raft_consensus.cc:740] T 25c069cf762142a5a6271715e286119a P 6e4f123f84464da885dff80af791ff74 [term 0 FOLLOWER]: Becoming Follower/Learner. State: Replica: 6e4f123f84464da885dff80af791ff74, State: Initialized, Role: FOLLOWER
I20260608 13:03:04.206281 12104 consensus_queue.cc:260] T 25c069cf762142a5a6271715e286119a P 6e4f123f84464da885dff80af791ff74 [NON_LEADER]: Queue going to NON_LEADER mode. State: All replicated index: 0, Majority replicated index: 0, Committed index: 0, Last appended: 0.0, Last appended by leader: 0, Current term: 0, Majority size: -1, State: 0, Mode: NON_LEADER, active raft config: opid_index: -1 OBSOLETE_local: false peers { permanent_uuid: "012c8286be60414ea2ce4bbc32d5d753" member_type: VOTER last_known_addr { host: "127.8.179.68" port: 40911 } } peers { permanent_uuid: "6e4f123f84464da885dff80af791ff74" member_type: VOTER last_known_addr { host: "127.8.179.66" port: 40123 } } peers { permanent_uuid: "5e73598c0c03427cad9e4236c0963b64" member_type: VOTER last_known_addr { host: "127.8.179.65" port: 41895 } }
I20260608 13:03:04.208547 12252 tablet_bootstrap.cc:654] T cacedf8954854b61bdf8c9d5ca323757 P 5e73598c0c03427cad9e4236c0963b64: Neither blocks nor log segments found. Creating new log.
I20260608 13:03:04.207185 12255 raft_consensus.cc:359] T cacedf8954854b61bdf8c9d5ca323757 P 012c8286be60414ea2ce4bbc32d5d753 [term 0 FOLLOWER]: Replica starting. Triggering 0 pending ops. Active config: opid_index: -1 OBSOLETE_local: false peers { permanent_uuid: "6e4f123f84464da885dff80af791ff74" member_type: VOTER last_known_addr { host: "127.8.179.66" port: 40123 } } peers { permanent_uuid: "5e73598c0c03427cad9e4236c0963b64" member_type: VOTER last_known_addr { host: "127.8.179.65" port: 41895 } } peers { permanent_uuid: "012c8286be60414ea2ce4bbc32d5d753" member_type: VOTER last_known_addr { host: "127.8.179.68" port: 40911 } }
I20260608 13:03:04.210650 12255 raft_consensus.cc:385] T cacedf8954854b61bdf8c9d5ca323757 P 012c8286be60414ea2ce4bbc32d5d753 [term 0 FOLLOWER]: Consensus starting up: Expiring failure detector timer to make a prompt election more likely
I20260608 13:03:04.211004 12255 raft_consensus.cc:740] T cacedf8954854b61bdf8c9d5ca323757 P 012c8286be60414ea2ce4bbc32d5d753 [term 0 FOLLOWER]: Becoming Follower/Learner. State: Replica: 012c8286be60414ea2ce4bbc32d5d753, State: Initialized, Role: FOLLOWER
I20260608 13:03:04.215202 12255 consensus_queue.cc:260] T cacedf8954854b61bdf8c9d5ca323757 P 012c8286be60414ea2ce4bbc32d5d753 [NON_LEADER]: Queue going to NON_LEADER mode. State: All replicated index: 0, Majority replicated index: 0, Committed index: 0, Last appended: 0.0, Last appended by leader: 0, Current term: 0, Majority size: -1, State: 0, Mode: NON_LEADER, active raft config: opid_index: -1 OBSOLETE_local: false peers { permanent_uuid: "6e4f123f84464da885dff80af791ff74" member_type: VOTER last_known_addr { host: "127.8.179.66" port: 40123 } } peers { permanent_uuid: "5e73598c0c03427cad9e4236c0963b64" member_type: VOTER last_known_addr { host: "127.8.179.65" port: 41895 } } peers { permanent_uuid: "012c8286be60414ea2ce4bbc32d5d753" member_type: VOTER last_known_addr { host: "127.8.179.68" port: 40911 } }
I20260608 13:03:04.226543 12252 tablet_bootstrap.cc:492] T cacedf8954854b61bdf8c9d5ca323757 P 5e73598c0c03427cad9e4236c0963b64: No bootstrap required, opened a new log
I20260608 13:03:04.227509 12252 ts_tablet_manager.cc:1403] T cacedf8954854b61bdf8c9d5ca323757 P 5e73598c0c03427cad9e4236c0963b64: Time spent bootstrapping tablet: real 0.030s	user 0.017s	sys 0.007s
I20260608 13:03:04.228284 12104 ts_tablet_manager.cc:1434] T 25c069cf762142a5a6271715e286119a P 6e4f123f84464da885dff80af791ff74: Time spent starting tablet: real 0.027s	user 0.001s	sys 0.006s
I20260608 13:03:04.231951 12104 tablet_bootstrap.cc:492] T cad015f3cfaa4815ab7535ad6c897861 P 6e4f123f84464da885dff80af791ff74: Bootstrap starting.
I20260608 13:03:04.233327 12252 raft_consensus.cc:359] T cacedf8954854b61bdf8c9d5ca323757 P 5e73598c0c03427cad9e4236c0963b64 [term 0 FOLLOWER]: Replica starting. Triggering 0 pending ops. Active config: opid_index: -1 OBSOLETE_local: false peers { permanent_uuid: "6e4f123f84464da885dff80af791ff74" member_type: VOTER last_known_addr { host: "127.8.179.66" port: 40123 } } peers { permanent_uuid: "5e73598c0c03427cad9e4236c0963b64" member_type: VOTER last_known_addr { host: "127.8.179.65" port: 41895 } } peers { permanent_uuid: "012c8286be60414ea2ce4bbc32d5d753" member_type: VOTER last_known_addr { host: "127.8.179.68" port: 40911 } }
I20260608 13:03:04.234599 12252 raft_consensus.cc:385] T cacedf8954854b61bdf8c9d5ca323757 P 5e73598c0c03427cad9e4236c0963b64 [term 0 FOLLOWER]: Consensus starting up: Expiring failure detector timer to make a prompt election more likely
I20260608 13:03:04.235121 12252 raft_consensus.cc:740] T cacedf8954854b61bdf8c9d5ca323757 P 5e73598c0c03427cad9e4236c0963b64 [term 0 FOLLOWER]: Becoming Follower/Learner. State: Replica: 5e73598c0c03427cad9e4236c0963b64, State: Initialized, Role: FOLLOWER
I20260608 13:03:04.236647 12252 consensus_queue.cc:260] T cacedf8954854b61bdf8c9d5ca323757 P 5e73598c0c03427cad9e4236c0963b64 [NON_LEADER]: Queue going to NON_LEADER mode. State: All replicated index: 0, Majority replicated index: 0, Committed index: 0, Last appended: 0.0, Last appended by leader: 0, Current term: 0, Majority size: -1, State: 0, Mode: NON_LEADER, active raft config: opid_index: -1 OBSOLETE_local: false peers { permanent_uuid: "6e4f123f84464da885dff80af791ff74" member_type: VOTER last_known_addr { host: "127.8.179.66" port: 40123 } } peers { permanent_uuid: "5e73598c0c03427cad9e4236c0963b64" member_type: VOTER last_known_addr { host: "127.8.179.65" port: 41895 } } peers { permanent_uuid: "012c8286be60414ea2ce4bbc32d5d753" member_type: VOTER last_known_addr { host: "127.8.179.68" port: 40911 } }
I20260608 13:03:04.239991 12104 tablet_bootstrap.cc:654] T cad015f3cfaa4815ab7535ad6c897861 P 6e4f123f84464da885dff80af791ff74: Neither blocks nor log segments found. Creating new log.
I20260608 13:03:04.240581 12252 ts_tablet_manager.cc:1434] T cacedf8954854b61bdf8c9d5ca323757 P 5e73598c0c03427cad9e4236c0963b64: Time spent starting tablet: real 0.012s	user 0.011s	sys 0.000s
I20260608 13:03:04.242038 12252 tablet_bootstrap.cc:492] T 01e5c81d1b7645cbb67a97be34ca9b6d P 5e73598c0c03427cad9e4236c0963b64: Bootstrap starting.
I20260608 13:03:04.241930 12255 ts_tablet_manager.cc:1434] T cacedf8954854b61bdf8c9d5ca323757 P 012c8286be60414ea2ce4bbc32d5d753: Time spent starting tablet: real 0.038s	user 0.010s	sys 0.000s
I20260608 13:03:04.243237 12233 heartbeater.cc:499] Master 127.8.179.126:42043 was elected leader, sending a full tablet report...
I20260608 13:03:04.251962 12252 tablet_bootstrap.cc:654] T 01e5c81d1b7645cbb67a97be34ca9b6d P 5e73598c0c03427cad9e4236c0963b64: Neither blocks nor log segments found. Creating new log.
I20260608 13:03:04.252074 12253 tablet_bootstrap.cc:492] T 3e450262db134b1ca1dc7cb9653ae8a1 P ee2d09c2c1464f58b44b687d37c2557b: No bootstrap required, opened a new log
I20260608 13:03:04.252912 12253 ts_tablet_manager.cc:1403] T 3e450262db134b1ca1dc7cb9653ae8a1 P ee2d09c2c1464f58b44b687d37c2557b: Time spent bootstrapping tablet: real 0.164s	user 0.017s	sys 0.033s
I20260608 13:03:04.253108 12255 tablet_bootstrap.cc:492] T cad015f3cfaa4815ab7535ad6c897861 P 012c8286be60414ea2ce4bbc32d5d753: Bootstrap starting.
I20260608 13:03:04.256348 12253 raft_consensus.cc:359] T 3e450262db134b1ca1dc7cb9653ae8a1 P ee2d09c2c1464f58b44b687d37c2557b [term 0 FOLLOWER]: Replica starting. Triggering 0 pending ops. Active config: opid_index: -1 OBSOLETE_local: false peers { permanent_uuid: "012c8286be60414ea2ce4bbc32d5d753" member_type: VOTER last_known_addr { host: "127.8.179.68" port: 40911 } } peers { permanent_uuid: "5e73598c0c03427cad9e4236c0963b64" member_type: VOTER last_known_addr { host: "127.8.179.65" port: 41895 } } peers { permanent_uuid: "ee2d09c2c1464f58b44b687d37c2557b" member_type: VOTER last_known_addr { host: "127.8.179.67" port: 33197 } }
I20260608 13:03:04.257148 12253 raft_consensus.cc:385] T 3e450262db134b1ca1dc7cb9653ae8a1 P ee2d09c2c1464f58b44b687d37c2557b [term 0 FOLLOWER]: Consensus starting up: Expiring failure detector timer to make a prompt election more likely
I20260608 13:03:04.257464 12253 raft_consensus.cc:740] T 3e450262db134b1ca1dc7cb9653ae8a1 P ee2d09c2c1464f58b44b687d37c2557b [term 0 FOLLOWER]: Becoming Follower/Learner. State: Replica: ee2d09c2c1464f58b44b687d37c2557b, State: Initialized, Role: FOLLOWER
I20260608 13:03:04.258404 12253 consensus_queue.cc:260] T 3e450262db134b1ca1dc7cb9653ae8a1 P ee2d09c2c1464f58b44b687d37c2557b [NON_LEADER]: Queue going to NON_LEADER mode. State: All replicated index: 0, Majority replicated index: 0, Committed index: 0, Last appended: 0.0, Last appended by leader: 0, Current term: 0, Majority size: -1, State: 0, Mode: NON_LEADER, active raft config: opid_index: -1 OBSOLETE_local: false peers { permanent_uuid: "012c8286be60414ea2ce4bbc32d5d753" member_type: VOTER last_known_addr { host: "127.8.179.68" port: 40911 } } peers { permanent_uuid: "5e73598c0c03427cad9e4236c0963b64" member_type: VOTER last_known_addr { host: "127.8.179.65" port: 41895 } } peers { permanent_uuid: "ee2d09c2c1464f58b44b687d37c2557b" member_type: VOTER last_known_addr { host: "127.8.179.67" port: 33197 } }
I20260608 13:03:04.262977 12104 tablet_bootstrap.cc:492] T cad015f3cfaa4815ab7535ad6c897861 P 6e4f123f84464da885dff80af791ff74: No bootstrap required, opened a new log
I20260608 13:03:04.263541 12104 ts_tablet_manager.cc:1403] T cad015f3cfaa4815ab7535ad6c897861 P 6e4f123f84464da885dff80af791ff74: Time spent bootstrapping tablet: real 0.032s	user 0.014s	sys 0.003s
I20260608 13:03:04.267921 12104 raft_consensus.cc:359] T cad015f3cfaa4815ab7535ad6c897861 P 6e4f123f84464da885dff80af791ff74 [term 0 FOLLOWER]: Replica starting. Triggering 0 pending ops. Active config: opid_index: -1 OBSOLETE_local: false peers { permanent_uuid: "012c8286be60414ea2ce4bbc32d5d753" member_type: VOTER last_known_addr { host: "127.8.179.68" port: 40911 } } peers { permanent_uuid: "6e4f123f84464da885dff80af791ff74" member_type: VOTER last_known_addr { host: "127.8.179.66" port: 40123 } } peers { permanent_uuid: "ee2d09c2c1464f58b44b687d37c2557b" member_type: VOTER last_known_addr { host: "127.8.179.67" port: 33197 } }
I20260608 13:03:04.268920 12104 raft_consensus.cc:385] T cad015f3cfaa4815ab7535ad6c897861 P 6e4f123f84464da885dff80af791ff74 [term 0 FOLLOWER]: Consensus starting up: Expiring failure detector timer to make a prompt election more likely
I20260608 13:03:04.269296 12104 raft_consensus.cc:740] T cad015f3cfaa4815ab7535ad6c897861 P 6e4f123f84464da885dff80af791ff74 [term 0 FOLLOWER]: Becoming Follower/Learner. State: Replica: 6e4f123f84464da885dff80af791ff74, State: Initialized, Role: FOLLOWER
I20260608 13:03:04.270287 12253 ts_tablet_manager.cc:1434] T 3e450262db134b1ca1dc7cb9653ae8a1 P ee2d09c2c1464f58b44b687d37c2557b: Time spent starting tablet: real 0.017s	user 0.004s	sys 0.002s
I20260608 13:03:04.270993 12255 tablet_bootstrap.cc:654] T cad015f3cfaa4815ab7535ad6c897861 P 012c8286be60414ea2ce4bbc32d5d753: Neither blocks nor log segments found. Creating new log.
I20260608 13:03:04.270303 12104 consensus_queue.cc:260] T cad015f3cfaa4815ab7535ad6c897861 P 6e4f123f84464da885dff80af791ff74 [NON_LEADER]: Queue going to NON_LEADER mode. State: All replicated index: 0, Majority replicated index: 0, Committed index: 0, Last appended: 0.0, Last appended by leader: 0, Current term: 0, Majority size: -1, State: 0, Mode: NON_LEADER, active raft config: opid_index: -1 OBSOLETE_local: false peers { permanent_uuid: "012c8286be60414ea2ce4bbc32d5d753" member_type: VOTER last_known_addr { host: "127.8.179.68" port: 40911 } } peers { permanent_uuid: "6e4f123f84464da885dff80af791ff74" member_type: VOTER last_known_addr { host: "127.8.179.66" port: 40123 } } peers { permanent_uuid: "ee2d09c2c1464f58b44b687d37c2557b" member_type: VOTER last_known_addr { host: "127.8.179.67" port: 33197 } }
I20260608 13:03:04.277144 12104 ts_tablet_manager.cc:1434] T cad015f3cfaa4815ab7535ad6c897861 P 6e4f123f84464da885dff80af791ff74: Time spent starting tablet: real 0.013s	user 0.008s	sys 0.000s
I20260608 13:03:04.271633 12253 tablet_bootstrap.cc:492] T 01e5c81d1b7645cbb67a97be34ca9b6d P ee2d09c2c1464f58b44b687d37c2557b: Bootstrap starting.
I20260608 13:03:04.278311 12104 tablet_bootstrap.cc:492] T 436e1a154e2e459baa7af5ddfbc55f9b P 6e4f123f84464da885dff80af791ff74: Bootstrap starting.
I20260608 13:03:04.287130 12135 raft_consensus.cc:493] T cacedf8954854b61bdf8c9d5ca323757 P 6e4f123f84464da885dff80af791ff74 [term 0 FOLLOWER]: Starting pre-election (no leader contacted us within the election timeout)
I20260608 13:03:04.288264 12104 tablet_bootstrap.cc:654] T 436e1a154e2e459baa7af5ddfbc55f9b P 6e4f123f84464da885dff80af791ff74: Neither blocks nor log segments found. Creating new log.
I20260608 13:03:04.287993 12135 raft_consensus.cc:515] T cacedf8954854b61bdf8c9d5ca323757 P 6e4f123f84464da885dff80af791ff74 [term 0 FOLLOWER]: Starting pre-election with config: opid_index: -1 OBSOLETE_local: false peers { permanent_uuid: "6e4f123f84464da885dff80af791ff74" member_type: VOTER last_known_addr { host: "127.8.179.66" port: 40123 } } peers { permanent_uuid: "5e73598c0c03427cad9e4236c0963b64" member_type: VOTER last_known_addr { host: "127.8.179.65" port: 41895 } } peers { permanent_uuid: "012c8286be60414ea2ce4bbc32d5d753" member_type: VOTER last_known_addr { host: "127.8.179.68" port: 40911 } }
I20260608 13:03:04.288359 12253 tablet_bootstrap.cc:654] T 01e5c81d1b7645cbb67a97be34ca9b6d P ee2d09c2c1464f58b44b687d37c2557b: Neither blocks nor log segments found. Creating new log.
I20260608 13:03:04.292802 11909 tablet_service.cc:1917] Received RequestConsensusVote() RPC: tablet_id: "cacedf8954854b61bdf8c9d5ca323757" candidate_uuid: "6e4f123f84464da885dff80af791ff74" candidate_term: 1 candidate_status { last_received { term: 0 index: 0 } } ignore_live_leader: false dest_uuid: "5e73598c0c03427cad9e4236c0963b64" is_pre_election: true
I20260608 13:03:04.293598 11909 raft_consensus.cc:2468] T cacedf8954854b61bdf8c9d5ca323757 P 5e73598c0c03427cad9e4236c0963b64 [term 0 FOLLOWER]: Leader pre-election vote request: Granting yes vote for candidate 6e4f123f84464da885dff80af791ff74 in term 0.
I20260608 13:03:04.295711 11950 leader_election.cc:304] T cacedf8954854b61bdf8c9d5ca323757 P 6e4f123f84464da885dff80af791ff74 [CANDIDATE]: Term 1 pre-election: Election decided. Result: candidate won. Election summary: received 2 responses out of 3 voters: 2 yes votes; 0 no votes. yes voters: 5e73598c0c03427cad9e4236c0963b64, 6e4f123f84464da885dff80af791ff74; no voters: 
I20260608 13:03:04.296965 12149 raft_consensus.cc:2804] T cacedf8954854b61bdf8c9d5ca323757 P 6e4f123f84464da885dff80af791ff74 [term 0 FOLLOWER]: Leader pre-election won for term 1
I20260608 13:03:04.297555 12149 raft_consensus.cc:493] T cacedf8954854b61bdf8c9d5ca323757 P 6e4f123f84464da885dff80af791ff74 [term 0 FOLLOWER]: Starting leader election (no leader contacted us within the election timeout)
I20260608 13:03:04.298045 12149 raft_consensus.cc:3060] T cacedf8954854b61bdf8c9d5ca323757 P 6e4f123f84464da885dff80af791ff74 [term 0 FOLLOWER]: Advancing to term 1
I20260608 13:03:04.299304 12252 tablet_bootstrap.cc:492] T 01e5c81d1b7645cbb67a97be34ca9b6d P 5e73598c0c03427cad9e4236c0963b64: No bootstrap required, opened a new log
I20260608 13:03:04.299974 12252 ts_tablet_manager.cc:1403] T 01e5c81d1b7645cbb67a97be34ca9b6d P 5e73598c0c03427cad9e4236c0963b64: Time spent bootstrapping tablet: real 0.058s	user 0.024s	sys 0.008s
I20260608 13:03:04.301697 12104 tablet_bootstrap.cc:492] T 436e1a154e2e459baa7af5ddfbc55f9b P 6e4f123f84464da885dff80af791ff74: No bootstrap required, opened a new log
I20260608 13:03:04.302470 12104 ts_tablet_manager.cc:1403] T 436e1a154e2e459baa7af5ddfbc55f9b P 6e4f123f84464da885dff80af791ff74: Time spent bootstrapping tablet: real 0.024s	user 0.015s	sys 0.004s
I20260608 13:03:04.306610 12104 raft_consensus.cc:359] T 436e1a154e2e459baa7af5ddfbc55f9b P 6e4f123f84464da885dff80af791ff74 [term 0 FOLLOWER]: Replica starting. Triggering 0 pending ops. Active config: opid_index: -1 OBSOLETE_local: false peers { permanent_uuid: "ee2d09c2c1464f58b44b687d37c2557b" member_type: VOTER last_known_addr { host: "127.8.179.67" port: 33197 } } peers { permanent_uuid: "6e4f123f84464da885dff80af791ff74" member_type: VOTER last_known_addr { host: "127.8.179.66" port: 40123 } } peers { permanent_uuid: "012c8286be60414ea2ce4bbc32d5d753" member_type: VOTER last_known_addr { host: "127.8.179.68" port: 40911 } }
I20260608 13:03:04.307542 12104 raft_consensus.cc:385] T 436e1a154e2e459baa7af5ddfbc55f9b P 6e4f123f84464da885dff80af791ff74 [term 0 FOLLOWER]: Consensus starting up: Expiring failure detector timer to make a prompt election more likely
I20260608 13:03:04.307928 12104 raft_consensus.cc:740] T 436e1a154e2e459baa7af5ddfbc55f9b P 6e4f123f84464da885dff80af791ff74 [term 0 FOLLOWER]: Becoming Follower/Learner. State: Replica: 6e4f123f84464da885dff80af791ff74, State: Initialized, Role: FOLLOWER
I20260608 13:03:04.308787 12104 consensus_queue.cc:260] T 436e1a154e2e459baa7af5ddfbc55f9b P 6e4f123f84464da885dff80af791ff74 [NON_LEADER]: Queue going to NON_LEADER mode. State: All replicated index: 0, Majority replicated index: 0, Committed index: 0, Last appended: 0.0, Last appended by leader: 0, Current term: 0, Majority size: -1, State: 0, Mode: NON_LEADER, active raft config: opid_index: -1 OBSOLETE_local: false peers { permanent_uuid: "ee2d09c2c1464f58b44b687d37c2557b" member_type: VOTER last_known_addr { host: "127.8.179.67" port: 33197 } } peers { permanent_uuid: "6e4f123f84464da885dff80af791ff74" member_type: VOTER last_known_addr { host: "127.8.179.66" port: 40123 } } peers { permanent_uuid: "012c8286be60414ea2ce4bbc32d5d753" member_type: VOTER last_known_addr { host: "127.8.179.68" port: 40911 } }
I20260608 13:03:04.309628 12255 tablet_bootstrap.cc:492] T cad015f3cfaa4815ab7535ad6c897861 P 012c8286be60414ea2ce4bbc32d5d753: No bootstrap required, opened a new log
I20260608 13:03:04.310207 12255 ts_tablet_manager.cc:1403] T cad015f3cfaa4815ab7535ad6c897861 P 012c8286be60414ea2ce4bbc32d5d753: Time spent bootstrapping tablet: real 0.057s	user 0.010s	sys 0.008s
I20260608 13:03:04.311477 12104 ts_tablet_manager.cc:1434] T 436e1a154e2e459baa7af5ddfbc55f9b P 6e4f123f84464da885dff80af791ff74: Time spent starting tablet: real 0.009s	user 0.008s	sys 0.000s
I20260608 13:03:04.312639 12104 tablet_bootstrap.cc:492] T 3e9f8f7bd0a34668a82d73dbb96c95bf P 6e4f123f84464da885dff80af791ff74: Bootstrap starting.
I20260608 13:03:04.313199 12135 leader_election.cc:290] T cacedf8954854b61bdf8c9d5ca323757 P 6e4f123f84464da885dff80af791ff74 [CANDIDATE]: Term 1 pre-election: Requested pre-vote from peers 5e73598c0c03427cad9e4236c0963b64 (127.8.179.65:41895), 012c8286be60414ea2ce4bbc32d5d753 (127.8.179.68:40911)
I20260608 13:03:04.313783 12255 raft_consensus.cc:359] T cad015f3cfaa4815ab7535ad6c897861 P 012c8286be60414ea2ce4bbc32d5d753 [term 0 FOLLOWER]: Replica starting. Triggering 0 pending ops. Active config: opid_index: -1 OBSOLETE_local: false peers { permanent_uuid: "012c8286be60414ea2ce4bbc32d5d753" member_type: VOTER last_known_addr { host: "127.8.179.68" port: 40911 } } peers { permanent_uuid: "6e4f123f84464da885dff80af791ff74" member_type: VOTER last_known_addr { host: "127.8.179.66" port: 40123 } } peers { permanent_uuid: "ee2d09c2c1464f58b44b687d37c2557b" member_type: VOTER last_known_addr { host: "127.8.179.67" port: 33197 } }
I20260608 13:03:04.314599 12255 raft_consensus.cc:385] T cad015f3cfaa4815ab7535ad6c897861 P 012c8286be60414ea2ce4bbc32d5d753 [term 0 FOLLOWER]: Consensus starting up: Expiring failure detector timer to make a prompt election more likely
I20260608 13:03:04.314949 12255 raft_consensus.cc:740] T cad015f3cfaa4815ab7535ad6c897861 P 012c8286be60414ea2ce4bbc32d5d753 [term 0 FOLLOWER]: Becoming Follower/Learner. State: Replica: 012c8286be60414ea2ce4bbc32d5d753, State: Initialized, Role: FOLLOWER
I20260608 13:03:04.307125 12252 raft_consensus.cc:359] T 01e5c81d1b7645cbb67a97be34ca9b6d P 5e73598c0c03427cad9e4236c0963b64 [term 0 FOLLOWER]: Replica starting. Triggering 0 pending ops. Active config: opid_index: -1 OBSOLETE_local: false peers { permanent_uuid: "012c8286be60414ea2ce4bbc32d5d753" member_type: VOTER last_known_addr { host: "127.8.179.68" port: 40911 } } peers { permanent_uuid: "ee2d09c2c1464f58b44b687d37c2557b" member_type: VOTER last_known_addr { host: "127.8.179.67" port: 33197 } } peers { permanent_uuid: "5e73598c0c03427cad9e4236c0963b64" member_type: VOTER last_known_addr { host: "127.8.179.65" port: 41895 } }
I20260608 13:03:04.315835 12252 raft_consensus.cc:385] T 01e5c81d1b7645cbb67a97be34ca9b6d P 5e73598c0c03427cad9e4236c0963b64 [term 0 FOLLOWER]: Consensus starting up: Expiring failure detector timer to make a prompt election more likely
I20260608 13:03:04.316267 12252 raft_consensus.cc:740] T 01e5c81d1b7645cbb67a97be34ca9b6d P 5e73598c0c03427cad9e4236c0963b64 [term 0 FOLLOWER]: Becoming Follower/Learner. State: Replica: 5e73598c0c03427cad9e4236c0963b64, State: Initialized, Role: FOLLOWER
I20260608 13:03:04.317480 12252 consensus_queue.cc:260] T 01e5c81d1b7645cbb67a97be34ca9b6d P 5e73598c0c03427cad9e4236c0963b64 [NON_LEADER]: Queue going to NON_LEADER mode. State: All replicated index: 0, Majority replicated index: 0, Committed index: 0, Last appended: 0.0, Last appended by leader: 0, Current term: 0, Majority size: -1, State: 0, Mode: NON_LEADER, active raft config: opid_index: -1 OBSOLETE_local: false peers { permanent_uuid: "012c8286be60414ea2ce4bbc32d5d753" member_type: VOTER last_known_addr { host: "127.8.179.68" port: 40911 } } peers { permanent_uuid: "ee2d09c2c1464f58b44b687d37c2557b" member_type: VOTER last_known_addr { host: "127.8.179.67" port: 33197 } } peers { permanent_uuid: "5e73598c0c03427cad9e4236c0963b64" member_type: VOTER last_known_addr { host: "127.8.179.65" port: 41895 } }
I20260608 13:03:04.319777 12252 ts_tablet_manager.cc:1434] T 01e5c81d1b7645cbb67a97be34ca9b6d P 5e73598c0c03427cad9e4236c0963b64: Time spent starting tablet: real 0.019s	user 0.009s	sys 0.000s
I20260608 13:03:04.320394 12255 consensus_queue.cc:260] T cad015f3cfaa4815ab7535ad6c897861 P 012c8286be60414ea2ce4bbc32d5d753 [NON_LEADER]: Queue going to NON_LEADER mode. State: All replicated index: 0, Majority replicated index: 0, Committed index: 0, Last appended: 0.0, Last appended by leader: 0, Current term: 0, Majority size: -1, State: 0, Mode: NON_LEADER, active raft config: opid_index: -1 OBSOLETE_local: false peers { permanent_uuid: "012c8286be60414ea2ce4bbc32d5d753" member_type: VOTER last_known_addr { host: "127.8.179.68" port: 40911 } } peers { permanent_uuid: "6e4f123f84464da885dff80af791ff74" member_type: VOTER last_known_addr { host: "127.8.179.66" port: 40123 } } peers { permanent_uuid: "ee2d09c2c1464f58b44b687d37c2557b" member_type: VOTER last_known_addr { host: "127.8.179.67" port: 33197 } }
I20260608 13:03:04.323410 12255 ts_tablet_manager.cc:1434] T cad015f3cfaa4815ab7535ad6c897861 P 012c8286be60414ea2ce4bbc32d5d753: Time spent starting tablet: real 0.013s	user 0.006s	sys 0.001s
I20260608 13:03:04.324608 12255 tablet_bootstrap.cc:492] T 3e450262db134b1ca1dc7cb9653ae8a1 P 012c8286be60414ea2ce4bbc32d5d753: Bootstrap starting.
I20260608 13:03:04.326480 12104 tablet_bootstrap.cc:654] T 3e9f8f7bd0a34668a82d73dbb96c95bf P 6e4f123f84464da885dff80af791ff74: Neither blocks nor log segments found. Creating new log.
I20260608 13:03:04.331343 12252 tablet_bootstrap.cc:492] T 3e9f8f7bd0a34668a82d73dbb96c95bf P 5e73598c0c03427cad9e4236c0963b64: Bootstrap starting.
I20260608 13:03:04.334813 12149 raft_consensus.cc:515] T cacedf8954854b61bdf8c9d5ca323757 P 6e4f123f84464da885dff80af791ff74 [term 1 FOLLOWER]: Starting leader election with config: opid_index: -1 OBSOLETE_local: false peers { permanent_uuid: "6e4f123f84464da885dff80af791ff74" member_type: VOTER last_known_addr { host: "127.8.179.66" port: 40123 } } peers { permanent_uuid: "5e73598c0c03427cad9e4236c0963b64" member_type: VOTER last_known_addr { host: "127.8.179.65" port: 41895 } } peers { permanent_uuid: "012c8286be60414ea2ce4bbc32d5d753" member_type: VOTER last_known_addr { host: "127.8.179.68" port: 40911 } }
I20260608 13:03:04.330610 11804 catalog_manager.cc:6241] T 00000000000000000000000000000000 P 5590f917101d4e7fbbc7a17c1c51c7de: range_aware_rebalance_new_range [id=7f25933ce5ed48bb909c2742bb94fc14] alter complete (version 0)
I20260608 13:03:04.345038 12149 leader_election.cc:290] T cacedf8954854b61bdf8c9d5ca323757 P 6e4f123f84464da885dff80af791ff74 [CANDIDATE]: Term 1 election: Requested vote from peers 5e73598c0c03427cad9e4236c0963b64 (127.8.179.65:41895), 012c8286be60414ea2ce4bbc32d5d753 (127.8.179.68:40911)
I20260608 13:03:04.345497 12255 tablet_bootstrap.cc:654] T 3e450262db134b1ca1dc7cb9653ae8a1 P 012c8286be60414ea2ce4bbc32d5d753: Neither blocks nor log segments found. Creating new log.
I20260608 13:03:04.354514 11909 tablet_service.cc:1917] Received RequestConsensusVote() RPC: tablet_id: "cacedf8954854b61bdf8c9d5ca323757" candidate_uuid: "6e4f123f84464da885dff80af791ff74" candidate_term: 1 candidate_status { last_received { term: 0 index: 0 } } ignore_live_leader: false dest_uuid: "5e73598c0c03427cad9e4236c0963b64"
I20260608 13:03:04.355353 11909 raft_consensus.cc:3060] T cacedf8954854b61bdf8c9d5ca323757 P 5e73598c0c03427cad9e4236c0963b64 [term 0 FOLLOWER]: Advancing to term 1
I20260608 13:03:04.355976 12104 tablet_bootstrap.cc:492] T 3e9f8f7bd0a34668a82d73dbb96c95bf P 6e4f123f84464da885dff80af791ff74: No bootstrap required, opened a new log
I20260608 13:03:04.356688 12104 ts_tablet_manager.cc:1403] T 3e9f8f7bd0a34668a82d73dbb96c95bf P 6e4f123f84464da885dff80af791ff74: Time spent bootstrapping tablet: real 0.044s	user 0.018s	sys 0.011s
I20260608 13:03:04.359066 12255 tablet_bootstrap.cc:492] T 3e450262db134b1ca1dc7cb9653ae8a1 P 012c8286be60414ea2ce4bbc32d5d753: No bootstrap required, opened a new log
I20260608 13:03:04.359691 12255 ts_tablet_manager.cc:1403] T 3e450262db134b1ca1dc7cb9653ae8a1 P 012c8286be60414ea2ce4bbc32d5d753: Time spent bootstrapping tablet: real 0.035s	user 0.006s	sys 0.012s
I20260608 13:03:04.360514 12104 raft_consensus.cc:359] T 3e9f8f7bd0a34668a82d73dbb96c95bf P 6e4f123f84464da885dff80af791ff74 [term 0 FOLLOWER]: Replica starting. Triggering 0 pending ops. Active config: opid_index: -1 OBSOLETE_local: false peers { permanent_uuid: "012c8286be60414ea2ce4bbc32d5d753" member_type: VOTER last_known_addr { host: "127.8.179.68" port: 40911 } } peers { permanent_uuid: "5e73598c0c03427cad9e4236c0963b64" member_type: VOTER last_known_addr { host: "127.8.179.65" port: 41895 } } peers { permanent_uuid: "6e4f123f84464da885dff80af791ff74" member_type: VOTER last_known_addr { host: "127.8.179.66" port: 40123 } }
I20260608 13:03:04.361474 12104 raft_consensus.cc:385] T 3e9f8f7bd0a34668a82d73dbb96c95bf P 6e4f123f84464da885dff80af791ff74 [term 0 FOLLOWER]: Consensus starting up: Expiring failure detector timer to make a prompt election more likely
I20260608 13:03:04.361840 12104 raft_consensus.cc:740] T 3e9f8f7bd0a34668a82d73dbb96c95bf P 6e4f123f84464da885dff80af791ff74 [term 0 FOLLOWER]: Becoming Follower/Learner. State: Replica: 6e4f123f84464da885dff80af791ff74, State: Initialized, Role: FOLLOWER
I20260608 13:03:04.362696 12253 tablet_bootstrap.cc:492] T 01e5c81d1b7645cbb67a97be34ca9b6d P ee2d09c2c1464f58b44b687d37c2557b: No bootstrap required, opened a new log
I20260608 13:03:04.363358 12253 ts_tablet_manager.cc:1403] T 01e5c81d1b7645cbb67a97be34ca9b6d P ee2d09c2c1464f58b44b687d37c2557b: Time spent bootstrapping tablet: real 0.092s	user 0.027s	sys 0.027s
I20260608 13:03:04.362895 12104 consensus_queue.cc:260] T 3e9f8f7bd0a34668a82d73dbb96c95bf P 6e4f123f84464da885dff80af791ff74 [NON_LEADER]: Queue going to NON_LEADER mode. State: All replicated index: 0, Majority replicated index: 0, Committed index: 0, Last appended: 0.0, Last appended by leader: 0, Current term: 0, Majority size: -1, State: 0, Mode: NON_LEADER, active raft config: opid_index: -1 OBSOLETE_local: false peers { permanent_uuid: "012c8286be60414ea2ce4bbc32d5d753" member_type: VOTER last_known_addr { host: "127.8.179.68" port: 40911 } } peers { permanent_uuid: "5e73598c0c03427cad9e4236c0963b64" member_type: VOTER last_known_addr { host: "127.8.179.65" port: 41895 } } peers { permanent_uuid: "6e4f123f84464da885dff80af791ff74" member_type: VOTER last_known_addr { host: "127.8.179.66" port: 40123 } }
I20260608 13:03:04.363497 12255 raft_consensus.cc:359] T 3e450262db134b1ca1dc7cb9653ae8a1 P 012c8286be60414ea2ce4bbc32d5d753 [term 0 FOLLOWER]: Replica starting. Triggering 0 pending ops. Active config: opid_index: -1 OBSOLETE_local: false peers { permanent_uuid: "012c8286be60414ea2ce4bbc32d5d753" member_type: VOTER last_known_addr { host: "127.8.179.68" port: 40911 } } peers { permanent_uuid: "5e73598c0c03427cad9e4236c0963b64" member_type: VOTER last_known_addr { host: "127.8.179.65" port: 41895 } } peers { permanent_uuid: "ee2d09c2c1464f58b44b687d37c2557b" member_type: VOTER last_known_addr { host: "127.8.179.67" port: 33197 } }
I20260608 13:03:04.364365 12255 raft_consensus.cc:385] T 3e450262db134b1ca1dc7cb9653ae8a1 P 012c8286be60414ea2ce4bbc32d5d753 [term 0 FOLLOWER]: Consensus starting up: Expiring failure detector timer to make a prompt election more likely
I20260608 13:03:04.364741 12255 raft_consensus.cc:740] T 3e450262db134b1ca1dc7cb9653ae8a1 P 012c8286be60414ea2ce4bbc32d5d753 [term 0 FOLLOWER]: Becoming Follower/Learner. State: Replica: 012c8286be60414ea2ce4bbc32d5d753, State: Initialized, Role: FOLLOWER
I20260608 13:03:04.366138 12104 ts_tablet_manager.cc:1434] T 3e9f8f7bd0a34668a82d73dbb96c95bf P 6e4f123f84464da885dff80af791ff74: Time spent starting tablet: real 0.009s	user 0.007s	sys 0.000s
I20260608 13:03:04.365731 12255 consensus_queue.cc:260] T 3e450262db134b1ca1dc7cb9653ae8a1 P 012c8286be60414ea2ce4bbc32d5d753 [NON_LEADER]: Queue going to NON_LEADER mode. State: All replicated index: 0, Majority replicated index: 0, Committed index: 0, Last appended: 0.0, Last appended by leader: 0, Current term: 0, Majority size: -1, State: 0, Mode: NON_LEADER, active raft config: opid_index: -1 OBSOLETE_local: false peers { permanent_uuid: "012c8286be60414ea2ce4bbc32d5d753" member_type: VOTER last_known_addr { host: "127.8.179.68" port: 40911 } } peers { permanent_uuid: "5e73598c0c03427cad9e4236c0963b64" member_type: VOTER last_known_addr { host: "127.8.179.65" port: 41895 } } peers { permanent_uuid: "ee2d09c2c1464f58b44b687d37c2557b" member_type: VOTER last_known_addr { host: "127.8.179.67" port: 33197 } }
I20260608 13:03:04.368817 12253 raft_consensus.cc:359] T 01e5c81d1b7645cbb67a97be34ca9b6d P ee2d09c2c1464f58b44b687d37c2557b [term 0 FOLLOWER]: Replica starting. Triggering 0 pending ops. Active config: opid_index: -1 OBSOLETE_local: false peers { permanent_uuid: "012c8286be60414ea2ce4bbc32d5d753" member_type: VOTER last_known_addr { host: "127.8.179.68" port: 40911 } } peers { permanent_uuid: "ee2d09c2c1464f58b44b687d37c2557b" member_type: VOTER last_known_addr { host: "127.8.179.67" port: 33197 } } peers { permanent_uuid: "5e73598c0c03427cad9e4236c0963b64" member_type: VOTER last_known_addr { host: "127.8.179.65" port: 41895 } }
I20260608 13:03:04.369640 12253 raft_consensus.cc:385] T 01e5c81d1b7645cbb67a97be34ca9b6d P ee2d09c2c1464f58b44b687d37c2557b [term 0 FOLLOWER]: Consensus starting up: Expiring failure detector timer to make a prompt election more likely
I20260608 13:03:04.369997 12253 raft_consensus.cc:740] T 01e5c81d1b7645cbb67a97be34ca9b6d P ee2d09c2c1464f58b44b687d37c2557b [term 0 FOLLOWER]: Becoming Follower/Learner. State: Replica: ee2d09c2c1464f58b44b687d37c2557b, State: Initialized, Role: FOLLOWER
I20260608 13:03:04.370847 12253 consensus_queue.cc:260] T 01e5c81d1b7645cbb67a97be34ca9b6d P ee2d09c2c1464f58b44b687d37c2557b [NON_LEADER]: Queue going to NON_LEADER mode. State: All replicated index: 0, Majority replicated index: 0, Committed index: 0, Last appended: 0.0, Last appended by leader: 0, Current term: 0, Majority size: -1, State: 0, Mode: NON_LEADER, active raft config: opid_index: -1 OBSOLETE_local: false peers { permanent_uuid: "012c8286be60414ea2ce4bbc32d5d753" member_type: VOTER last_known_addr { host: "127.8.179.68" port: 40911 } } peers { permanent_uuid: "ee2d09c2c1464f58b44b687d37c2557b" member_type: VOTER last_known_addr { host: "127.8.179.67" port: 33197 } } peers { permanent_uuid: "5e73598c0c03427cad9e4236c0963b64" member_type: VOTER last_known_addr { host: "127.8.179.65" port: 41895 } }
I20260608 13:03:04.373813 12253 ts_tablet_manager.cc:1434] T 01e5c81d1b7645cbb67a97be34ca9b6d P ee2d09c2c1464f58b44b687d37c2557b: Time spent starting tablet: real 0.010s	user 0.006s	sys 0.001s
I20260608 13:03:04.368538 12255 ts_tablet_manager.cc:1434] T 3e450262db134b1ca1dc7cb9653ae8a1 P 012c8286be60414ea2ce4bbc32d5d753: Time spent starting tablet: real 0.008s	user 0.007s	sys 0.001s
I20260608 13:03:04.375385 12208 tablet_service.cc:1917] Received RequestConsensusVote() RPC: tablet_id: "cacedf8954854b61bdf8c9d5ca323757" candidate_uuid: "6e4f123f84464da885dff80af791ff74" candidate_term: 1 candidate_status { last_received { term: 0 index: 0 } } ignore_live_leader: false dest_uuid: "012c8286be60414ea2ce4bbc32d5d753" is_pre_election: true
I20260608 13:03:04.376222 12208 raft_consensus.cc:2468] T cacedf8954854b61bdf8c9d5ca323757 P 012c8286be60414ea2ce4bbc32d5d753 [term 0 FOLLOWER]: Leader pre-election vote request: Granting yes vote for candidate 6e4f123f84464da885dff80af791ff74 in term 0.
I20260608 13:03:04.381412 12253 tablet_bootstrap.cc:492] T 436e1a154e2e459baa7af5ddfbc55f9b P ee2d09c2c1464f58b44b687d37c2557b: Bootstrap starting.
I20260608 13:03:04.382091 11909 raft_consensus.cc:2468] T cacedf8954854b61bdf8c9d5ca323757 P 5e73598c0c03427cad9e4236c0963b64 [term 1 FOLLOWER]: Leader election vote request: Granting yes vote for candidate 6e4f123f84464da885dff80af791ff74 in term 1.
I20260608 13:03:04.382031 12207 tablet_service.cc:1917] Received RequestConsensusVote() RPC: tablet_id: "cacedf8954854b61bdf8c9d5ca323757" candidate_uuid: "6e4f123f84464da885dff80af791ff74" candidate_term: 1 candidate_status { last_received { term: 0 index: 0 } } ignore_live_leader: false dest_uuid: "012c8286be60414ea2ce4bbc32d5d753"
I20260608 13:03:04.388744 12207 raft_consensus.cc:3060] T cacedf8954854b61bdf8c9d5ca323757 P 012c8286be60414ea2ce4bbc32d5d753 [term 0 FOLLOWER]: Advancing to term 1
I20260608 13:03:04.390496 12253 tablet_bootstrap.cc:654] T 436e1a154e2e459baa7af5ddfbc55f9b P ee2d09c2c1464f58b44b687d37c2557b: Neither blocks nor log segments found. Creating new log.
I20260608 13:03:04.398324 12207 raft_consensus.cc:2468] T cacedf8954854b61bdf8c9d5ca323757 P 012c8286be60414ea2ce4bbc32d5d753 [term 1 FOLLOWER]: Leader election vote request: Granting yes vote for candidate 6e4f123f84464da885dff80af791ff74 in term 1.
I20260608 13:03:04.388077 12252 tablet_bootstrap.cc:654] T 3e9f8f7bd0a34668a82d73dbb96c95bf P 5e73598c0c03427cad9e4236c0963b64: Neither blocks nor log segments found. Creating new log.
I20260608 13:03:04.383565 12255 tablet_bootstrap.cc:492] T 3e9f8f7bd0a34668a82d73dbb96c95bf P 012c8286be60414ea2ce4bbc32d5d753: Bootstrap starting.
I20260608 13:03:04.399873 11950 leader_election.cc:304] T cacedf8954854b61bdf8c9d5ca323757 P 6e4f123f84464da885dff80af791ff74 [CANDIDATE]: Term 1 election: Election decided. Result: candidate won. Election summary: received 2 responses out of 3 voters: 2 yes votes; 0 no votes. yes voters: 5e73598c0c03427cad9e4236c0963b64, 6e4f123f84464da885dff80af791ff74; no voters: 
I20260608 13:03:04.400230 12253 tablet_bootstrap.cc:492] T 436e1a154e2e459baa7af5ddfbc55f9b P ee2d09c2c1464f58b44b687d37c2557b: No bootstrap required, opened a new log
I20260608 13:03:04.400837 12253 ts_tablet_manager.cc:1403] T 436e1a154e2e459baa7af5ddfbc55f9b P ee2d09c2c1464f58b44b687d37c2557b: Time spent bootstrapping tablet: real 0.020s	user 0.009s	sys 0.008s
I20260608 13:03:04.400928 12149 raft_consensus.cc:2804] T cacedf8954854b61bdf8c9d5ca323757 P 6e4f123f84464da885dff80af791ff74 [term 1 FOLLOWER]: Leader election won for term 1
I20260608 13:03:04.401618 12149 raft_consensus.cc:697] T cacedf8954854b61bdf8c9d5ca323757 P 6e4f123f84464da885dff80af791ff74 [term 1 LEADER]: Becoming Leader. State: Replica: 6e4f123f84464da885dff80af791ff74, State: Running, Role: LEADER
I20260608 13:03:04.402549 12149 consensus_queue.cc:237] T cacedf8954854b61bdf8c9d5ca323757 P 6e4f123f84464da885dff80af791ff74 [LEADER]: Queue going to LEADER mode. State: All replicated index: 0, Majority replicated index: 0, Committed index: 0, Last appended: 0.0, Last appended by leader: 0, Current term: 1, Majority size: 2, State: 0, Mode: LEADER, active raft config: opid_index: -1 OBSOLETE_local: false peers { permanent_uuid: "6e4f123f84464da885dff80af791ff74" member_type: VOTER last_known_addr { host: "127.8.179.66" port: 40123 } } peers { permanent_uuid: "5e73598c0c03427cad9e4236c0963b64" member_type: VOTER last_known_addr { host: "127.8.179.65" port: 41895 } } peers { permanent_uuid: "012c8286be60414ea2ce4bbc32d5d753" member_type: VOTER last_known_addr { host: "127.8.179.68" port: 40911 } }
I20260608 13:03:04.405751 12253 raft_consensus.cc:359] T 436e1a154e2e459baa7af5ddfbc55f9b P ee2d09c2c1464f58b44b687d37c2557b [term 0 FOLLOWER]: Replica starting. Triggering 0 pending ops. Active config: opid_index: -1 OBSOLETE_local: false peers { permanent_uuid: "ee2d09c2c1464f58b44b687d37c2557b" member_type: VOTER last_known_addr { host: "127.8.179.67" port: 33197 } } peers { permanent_uuid: "6e4f123f84464da885dff80af791ff74" member_type: VOTER last_known_addr { host: "127.8.179.66" port: 40123 } } peers { permanent_uuid: "012c8286be60414ea2ce4bbc32d5d753" member_type: VOTER last_known_addr { host: "127.8.179.68" port: 40911 } }
I20260608 13:03:04.406636 12253 raft_consensus.cc:385] T 436e1a154e2e459baa7af5ddfbc55f9b P ee2d09c2c1464f58b44b687d37c2557b [term 0 FOLLOWER]: Consensus starting up: Expiring failure detector timer to make a prompt election more likely
I20260608 13:03:04.407024 12253 raft_consensus.cc:740] T 436e1a154e2e459baa7af5ddfbc55f9b P ee2d09c2c1464f58b44b687d37c2557b [term 0 FOLLOWER]: Becoming Follower/Learner. State: Replica: ee2d09c2c1464f58b44b687d37c2557b, State: Initialized, Role: FOLLOWER
I20260608 13:03:04.408084 12253 consensus_queue.cc:260] T 436e1a154e2e459baa7af5ddfbc55f9b P ee2d09c2c1464f58b44b687d37c2557b [NON_LEADER]: Queue going to NON_LEADER mode. State: All replicated index: 0, Majority replicated index: 0, Committed index: 0, Last appended: 0.0, Last appended by leader: 0, Current term: 0, Majority size: -1, State: 0, Mode: NON_LEADER, active raft config: opid_index: -1 OBSOLETE_local: false peers { permanent_uuid: "ee2d09c2c1464f58b44b687d37c2557b" member_type: VOTER last_known_addr { host: "127.8.179.67" port: 33197 } } peers { permanent_uuid: "6e4f123f84464da885dff80af791ff74" member_type: VOTER last_known_addr { host: "127.8.179.66" port: 40123 } } peers { permanent_uuid: "012c8286be60414ea2ce4bbc32d5d753" member_type: VOTER last_known_addr { host: "127.8.179.68" port: 40911 } }
I20260608 13:03:04.410751 12255 tablet_bootstrap.cc:654] T 3e9f8f7bd0a34668a82d73dbb96c95bf P 012c8286be60414ea2ce4bbc32d5d753: Neither blocks nor log segments found. Creating new log.
I20260608 13:03:04.412102 12253 ts_tablet_manager.cc:1434] T 436e1a154e2e459baa7af5ddfbc55f9b P ee2d09c2c1464f58b44b687d37c2557b: Time spent starting tablet: real 0.011s	user 0.011s	sys 0.000s
I20260608 13:03:04.413641 12253 tablet_bootstrap.cc:492] T cad015f3cfaa4815ab7535ad6c897861 P ee2d09c2c1464f58b44b687d37c2557b: Bootstrap starting.
I20260608 13:03:04.423903 12253 tablet_bootstrap.cc:654] T cad015f3cfaa4815ab7535ad6c897861 P ee2d09c2c1464f58b44b687d37c2557b: Neither blocks nor log segments found. Creating new log.
