I20260608 13:01:43.781500 30547 tablet_bootstrap.cc:492] T 22099e6f0da34439ab07e9d04989ff3b P 4494a49e054d4ecbbd0ee4f38259ecd7: No bootstrap required, opened a new log
I20260608 13:01:43.781693 30548 tablet_bootstrap.cc:492] T 12bbb2ab6f1240d79c0992921380dc38 P c1b645f7327c451dad4a141ccaef0e98: No bootstrap required, opened a new log
I20260608 13:01:43.782366 30548 ts_tablet_manager.cc:1403] T 12bbb2ab6f1240d79c0992921380dc38 P c1b645f7327c451dad4a141ccaef0e98: Time spent bootstrapping tablet: real 0.023s	user 0.006s	sys 0.013s
I20260608 13:01:43.782339 30547 ts_tablet_manager.cc:1403] T 22099e6f0da34439ab07e9d04989ff3b P 4494a49e054d4ecbbd0ee4f38259ecd7: Time spent bootstrapping tablet: real 0.029s	user 0.024s	sys 0.000s
I20260608 13:01:43.782768 30549 tablet_bootstrap.cc:492] T 3fec8aa59ab246a3808525219bbb459e P 0af9dcedd684448cbb7c4eb89169e2d9: Bootstrap starting.
I20260608 13:01:43.785705 30548 raft_consensus.cc:359] T 12bbb2ab6f1240d79c0992921380dc38 P c1b645f7327c451dad4a141ccaef0e98 [term 0 FOLLOWER]: Replica starting. Triggering 0 pending ops. Active config: opid_index: -1 OBSOLETE_local: false peers { permanent_uuid: "4494a49e054d4ecbbd0ee4f38259ecd7" member_type: VOTER last_known_addr { host: "127.28.253.193" port: 39207 } } peers { permanent_uuid: "c1b645f7327c451dad4a141ccaef0e98" member_type: VOTER last_known_addr { host: "127.28.253.194" port: 36197 } } peers { permanent_uuid: "0af9dcedd684448cbb7c4eb89169e2d9" member_type: VOTER last_known_addr { host: "127.28.253.195" port: 40239 } }
I20260608 13:01:43.786468 30548 raft_consensus.cc:385] T 12bbb2ab6f1240d79c0992921380dc38 P c1b645f7327c451dad4a141ccaef0e98 [term 0 FOLLOWER]: Consensus starting up: Expiring failure detector timer to make a prompt election more likely
I20260608 13:01:43.786058 30547 raft_consensus.cc:359] T 22099e6f0da34439ab07e9d04989ff3b P 4494a49e054d4ecbbd0ee4f38259ecd7 [term 0 FOLLOWER]: Replica starting. Triggering 0 pending ops. Active config: opid_index: -1 OBSOLETE_local: false peers { permanent_uuid: "4494a49e054d4ecbbd0ee4f38259ecd7" member_type: VOTER last_known_addr { host: "127.28.253.193" port: 39207 } } peers { permanent_uuid: "c1b645f7327c451dad4a141ccaef0e98" member_type: VOTER last_known_addr { host: "127.28.253.194" port: 36197 } } peers { permanent_uuid: "0af9dcedd684448cbb7c4eb89169e2d9" member_type: VOTER last_known_addr { host: "127.28.253.195" port: 40239 } }
I20260608 13:01:43.786799 30548 raft_consensus.cc:740] T 12bbb2ab6f1240d79c0992921380dc38 P c1b645f7327c451dad4a141ccaef0e98 [term 0 FOLLOWER]: Becoming Follower/Learner. State: Replica: c1b645f7327c451dad4a141ccaef0e98, State: Initialized, Role: FOLLOWER
I20260608 13:01:43.787040 30547 raft_consensus.cc:385] T 22099e6f0da34439ab07e9d04989ff3b P 4494a49e054d4ecbbd0ee4f38259ecd7 [term 0 FOLLOWER]: Consensus starting up: Expiring failure detector timer to make a prompt election more likely
I20260608 13:01:43.787516 30547 raft_consensus.cc:740] T 22099e6f0da34439ab07e9d04989ff3b P 4494a49e054d4ecbbd0ee4f38259ecd7 [term 0 FOLLOWER]: Becoming Follower/Learner. State: Replica: 4494a49e054d4ecbbd0ee4f38259ecd7, State: Initialized, Role: FOLLOWER
I20260608 13:01:43.787755 30548 consensus_queue.cc:260] T 12bbb2ab6f1240d79c0992921380dc38 P c1b645f7327c451dad4a141ccaef0e98 [NON_LEADER]: Queue going to NON_LEADER mode. State: All replicated index: 0, Majority replicated index: 0, Committed index: 0, Last appended: 0.0, Last appended by leader: 0, Current term: 0, Majority size: -1, State: 0, Mode: NON_LEADER, active raft config: opid_index: -1 OBSOLETE_local: false peers { permanent_uuid: "4494a49e054d4ecbbd0ee4f38259ecd7" member_type: VOTER last_known_addr { host: "127.28.253.193" port: 39207 } } peers { permanent_uuid: "c1b645f7327c451dad4a141ccaef0e98" member_type: VOTER last_known_addr { host: "127.28.253.194" port: 36197 } } peers { permanent_uuid: "0af9dcedd684448cbb7c4eb89169e2d9" member_type: VOTER last_known_addr { host: "127.28.253.195" port: 40239 } }
I20260608 13:01:43.788408 30547 consensus_queue.cc:260] T 22099e6f0da34439ab07e9d04989ff3b P 4494a49e054d4ecbbd0ee4f38259ecd7 [NON_LEADER]: Queue going to NON_LEADER mode. State: All replicated index: 0, Majority replicated index: 0, Committed index: 0, Last appended: 0.0, Last appended by leader: 0, Current term: 0, Majority size: -1, State: 0, Mode: NON_LEADER, active raft config: opid_index: -1 OBSOLETE_local: false peers { permanent_uuid: "4494a49e054d4ecbbd0ee4f38259ecd7" member_type: VOTER last_known_addr { host: "127.28.253.193" port: 39207 } } peers { permanent_uuid: "c1b645f7327c451dad4a141ccaef0e98" member_type: VOTER last_known_addr { host: "127.28.253.194" port: 36197 } } peers { permanent_uuid: "0af9dcedd684448cbb7c4eb89169e2d9" member_type: VOTER last_known_addr { host: "127.28.253.195" port: 40239 } }
I20260608 13:01:43.789518 30549 tablet_bootstrap.cc:654] T 3fec8aa59ab246a3808525219bbb459e P 0af9dcedd684448cbb7c4eb89169e2d9: Neither blocks nor log segments found. Creating new log.
I20260608 13:01:43.792747 30548 ts_tablet_manager.cc:1434] T 12bbb2ab6f1240d79c0992921380dc38 P c1b645f7327c451dad4a141ccaef0e98: Time spent starting tablet: real 0.010s	user 0.006s	sys 0.000s
I20260608 13:01:43.792876 30547 ts_tablet_manager.cc:1434] T 22099e6f0da34439ab07e9d04989ff3b P 4494a49e054d4ecbbd0ee4f38259ecd7: Time spent starting tablet: real 0.010s	user 0.006s	sys 0.000s
I20260608 13:01:43.793866 30548 tablet_bootstrap.cc:492] T 00b86a4e69c540b6ba51ac0039b2cde3 P c1b645f7327c451dad4a141ccaef0e98: Bootstrap starting.
I20260608 13:01:43.794478 30547 tablet_bootstrap.cc:492] T 3fec8aa59ab246a3808525219bbb459e P 4494a49e054d4ecbbd0ee4f38259ecd7: Bootstrap starting.
I20260608 13:01:43.803597 30547 tablet_bootstrap.cc:654] T 3fec8aa59ab246a3808525219bbb459e P 4494a49e054d4ecbbd0ee4f38259ecd7: Neither blocks nor log segments found. Creating new log.
I20260608 13:01:43.805555 30548 tablet_bootstrap.cc:654] T 00b86a4e69c540b6ba51ac0039b2cde3 P c1b645f7327c451dad4a141ccaef0e98: Neither blocks nor log segments found. Creating new log.
I20260608 13:01:43.814201 30548 tablet_bootstrap.cc:492] T 00b86a4e69c540b6ba51ac0039b2cde3 P c1b645f7327c451dad4a141ccaef0e98: No bootstrap required, opened a new log
I20260608 13:01:43.814713 30548 ts_tablet_manager.cc:1403] T 00b86a4e69c540b6ba51ac0039b2cde3 P c1b645f7327c451dad4a141ccaef0e98: Time spent bootstrapping tablet: real 0.021s	user 0.010s	sys 0.004s
I20260608 13:01:43.817647 30548 raft_consensus.cc:359] T 00b86a4e69c540b6ba51ac0039b2cde3 P c1b645f7327c451dad4a141ccaef0e98 [term 0 FOLLOWER]: Replica starting. Triggering 0 pending ops. Active config: opid_index: -1 OBSOLETE_local: false peers { permanent_uuid: "4494a49e054d4ecbbd0ee4f38259ecd7" member_type: VOTER last_known_addr { host: "127.28.253.193" port: 39207 } } peers { permanent_uuid: "c1b645f7327c451dad4a141ccaef0e98" member_type: VOTER last_known_addr { host: "127.28.253.194" port: 36197 } } peers { permanent_uuid: "0af9dcedd684448cbb7c4eb89169e2d9" member_type: VOTER last_known_addr { host: "127.28.253.195" port: 40239 } }
I20260608 13:01:43.818293 30549 tablet_bootstrap.cc:492] T 3fec8aa59ab246a3808525219bbb459e P 0af9dcedd684448cbb7c4eb89169e2d9: No bootstrap required, opened a new log
I20260608 13:01:43.818401 30548 raft_consensus.cc:385] T 00b86a4e69c540b6ba51ac0039b2cde3 P c1b645f7327c451dad4a141ccaef0e98 [term 0 FOLLOWER]: Consensus starting up: Expiring failure detector timer to make a prompt election more likely
I20260608 13:01:43.818881 30549 ts_tablet_manager.cc:1403] T 3fec8aa59ab246a3808525219bbb459e P 0af9dcedd684448cbb7c4eb89169e2d9: Time spent bootstrapping tablet: real 0.036s	user 0.016s	sys 0.019s
I20260608 13:01:43.819089 30547 tablet_bootstrap.cc:492] T 3fec8aa59ab246a3808525219bbb459e P 4494a49e054d4ecbbd0ee4f38259ecd7: No bootstrap required, opened a new log
I20260608 13:01:43.818856 30548 raft_consensus.cc:740] T 00b86a4e69c540b6ba51ac0039b2cde3 P c1b645f7327c451dad4a141ccaef0e98 [term 0 FOLLOWER]: Becoming Follower/Learner. State: Replica: c1b645f7327c451dad4a141ccaef0e98, State: Initialized, Role: FOLLOWER
I20260608 13:01:43.819710 30547 ts_tablet_manager.cc:1403] T 3fec8aa59ab246a3808525219bbb459e P 4494a49e054d4ecbbd0ee4f38259ecd7: Time spent bootstrapping tablet: real 0.026s	user 0.014s	sys 0.009s
I20260608 13:01:43.820076 30548 consensus_queue.cc:260] T 00b86a4e69c540b6ba51ac0039b2cde3 P c1b645f7327c451dad4a141ccaef0e98 [NON_LEADER]: Queue going to NON_LEADER mode. State: All replicated index: 0, Majority replicated index: 0, Committed index: 0, Last appended: 0.0, Last appended by leader: 0, Current term: 0, Majority size: -1, State: 0, Mode: NON_LEADER, active raft config: opid_index: -1 OBSOLETE_local: false peers { permanent_uuid: "4494a49e054d4ecbbd0ee4f38259ecd7" member_type: VOTER last_known_addr { host: "127.28.253.193" port: 39207 } } peers { permanent_uuid: "c1b645f7327c451dad4a141ccaef0e98" member_type: VOTER last_known_addr { host: "127.28.253.194" port: 36197 } } peers { permanent_uuid: "0af9dcedd684448cbb7c4eb89169e2d9" member_type: VOTER last_known_addr { host: "127.28.253.195" port: 40239 } }
I20260608 13:01:43.822402 30548 ts_tablet_manager.cc:1434] T 00b86a4e69c540b6ba51ac0039b2cde3 P c1b645f7327c451dad4a141ccaef0e98: Time spent starting tablet: real 0.007s	user 0.008s	sys 0.000s
I20260608 13:01:43.822283 30549 raft_consensus.cc:359] T 3fec8aa59ab246a3808525219bbb459e P 0af9dcedd684448cbb7c4eb89169e2d9 [term 0 FOLLOWER]: Replica starting. Triggering 0 pending ops. Active config: opid_index: -1 OBSOLETE_local: false peers { permanent_uuid: "4494a49e054d4ecbbd0ee4f38259ecd7" member_type: VOTER last_known_addr { host: "127.28.253.193" port: 39207 } } peers { permanent_uuid: "c1b645f7327c451dad4a141ccaef0e98" member_type: VOTER last_known_addr { host: "127.28.253.194" port: 36197 } } peers { permanent_uuid: "0af9dcedd684448cbb7c4eb89169e2d9" member_type: VOTER last_known_addr { host: "127.28.253.195" port: 40239 } }
I20260608 13:01:43.822557 30547 raft_consensus.cc:359] T 3fec8aa59ab246a3808525219bbb459e P 4494a49e054d4ecbbd0ee4f38259ecd7 [term 0 FOLLOWER]: Replica starting. Triggering 0 pending ops. Active config: opid_index: -1 OBSOLETE_local: false peers { permanent_uuid: "4494a49e054d4ecbbd0ee4f38259ecd7" member_type: VOTER last_known_addr { host: "127.28.253.193" port: 39207 } } peers { permanent_uuid: "c1b645f7327c451dad4a141ccaef0e98" member_type: VOTER last_known_addr { host: "127.28.253.194" port: 36197 } } peers { permanent_uuid: "0af9dcedd684448cbb7c4eb89169e2d9" member_type: VOTER last_known_addr { host: "127.28.253.195" port: 40239 } }
I20260608 13:01:43.823050 30549 raft_consensus.cc:385] T 3fec8aa59ab246a3808525219bbb459e P 0af9dcedd684448cbb7c4eb89169e2d9 [term 0 FOLLOWER]: Consensus starting up: Expiring failure detector timer to make a prompt election more likely
I20260608 13:01:43.823503 30548 tablet_bootstrap.cc:492] T bf95e543c08643a08c04428e093566b9 P c1b645f7327c451dad4a141ccaef0e98: Bootstrap starting.
I20260608 13:01:43.823382 30549 raft_consensus.cc:740] T 3fec8aa59ab246a3808525219bbb459e P 0af9dcedd684448cbb7c4eb89169e2d9 [term 0 FOLLOWER]: Becoming Follower/Learner. State: Replica: 0af9dcedd684448cbb7c4eb89169e2d9, State: Initialized, Role: FOLLOWER
I20260608 13:01:43.823344 30547 raft_consensus.cc:385] T 3fec8aa59ab246a3808525219bbb459e P 4494a49e054d4ecbbd0ee4f38259ecd7 [term 0 FOLLOWER]: Consensus starting up: Expiring failure detector timer to make a prompt election more likely
I20260608 13:01:43.824079 30547 raft_consensus.cc:740] T 3fec8aa59ab246a3808525219bbb459e P 4494a49e054d4ecbbd0ee4f38259ecd7 [term 0 FOLLOWER]: Becoming Follower/Learner. State: Replica: 4494a49e054d4ecbbd0ee4f38259ecd7, State: Initialized, Role: FOLLOWER
I20260608 13:01:43.824556 30549 consensus_queue.cc:260] T 3fec8aa59ab246a3808525219bbb459e P 0af9dcedd684448cbb7c4eb89169e2d9 [NON_LEADER]: Queue going to NON_LEADER mode. State: All replicated index: 0, Majority replicated index: 0, Committed index: 0, Last appended: 0.0, Last appended by leader: 0, Current term: 0, Majority size: -1, State: 0, Mode: NON_LEADER, active raft config: opid_index: -1 OBSOLETE_local: false peers { permanent_uuid: "4494a49e054d4ecbbd0ee4f38259ecd7" member_type: VOTER last_known_addr { host: "127.28.253.193" port: 39207 } } peers { permanent_uuid: "c1b645f7327c451dad4a141ccaef0e98" member_type: VOTER last_known_addr { host: "127.28.253.194" port: 36197 } } peers { permanent_uuid: "0af9dcedd684448cbb7c4eb89169e2d9" member_type: VOTER last_known_addr { host: "127.28.253.195" port: 40239 } }
I20260608 13:01:43.827194 30549 ts_tablet_manager.cc:1434] T 3fec8aa59ab246a3808525219bbb459e P 0af9dcedd684448cbb7c4eb89169e2d9: Time spent starting tablet: real 0.008s	user 0.003s	sys 0.003s
I20260608 13:01:43.824991 30547 consensus_queue.cc:260] T 3fec8aa59ab246a3808525219bbb459e P 4494a49e054d4ecbbd0ee4f38259ecd7 [NON_LEADER]: Queue going to NON_LEADER mode. State: All replicated index: 0, Majority replicated index: 0, Committed index: 0, Last appended: 0.0, Last appended by leader: 0, Current term: 0, Majority size: -1, State: 0, Mode: NON_LEADER, active raft config: opid_index: -1 OBSOLETE_local: false peers { permanent_uuid: "4494a49e054d4ecbbd0ee4f38259ecd7" member_type: VOTER last_known_addr { host: "127.28.253.193" port: 39207 } } peers { permanent_uuid: "c1b645f7327c451dad4a141ccaef0e98" member_type: VOTER last_known_addr { host: "127.28.253.194" port: 36197 } } peers { permanent_uuid: "0af9dcedd684448cbb7c4eb89169e2d9" member_type: VOTER last_known_addr { host: "127.28.253.195" port: 40239 } }
I20260608 13:01:43.829487 30547 ts_tablet_manager.cc:1434] T 3fec8aa59ab246a3808525219bbb459e P 4494a49e054d4ecbbd0ee4f38259ecd7: Time spent starting tablet: real 0.009s	user 0.008s	sys 0.000s
I20260608 13:01:43.830473 30548 tablet_bootstrap.cc:654] T bf95e543c08643a08c04428e093566b9 P c1b645f7327c451dad4a141ccaef0e98: Neither blocks nor log segments found. Creating new log.
I20260608 13:01:43.830521 30547 tablet_bootstrap.cc:492] T 6d833e765c714abf86e041865ccab4d7 P 4494a49e054d4ecbbd0ee4f38259ecd7: Bootstrap starting.
I20260608 13:01:43.830627 30549 tablet_bootstrap.cc:492] T 00b86a4e69c540b6ba51ac0039b2cde3 P 0af9dcedd684448cbb7c4eb89169e2d9: Bootstrap starting.
I20260608 13:01:43.837584 30547 tablet_bootstrap.cc:654] T 6d833e765c714abf86e041865ccab4d7 P 4494a49e054d4ecbbd0ee4f38259ecd7: Neither blocks nor log segments found. Creating new log.
I20260608 13:01:43.838740 30549 tablet_bootstrap.cc:654] T 00b86a4e69c540b6ba51ac0039b2cde3 P 0af9dcedd684448cbb7c4eb89169e2d9: Neither blocks nor log segments found. Creating new log.
I20260608 13:01:43.842730 30548 tablet_bootstrap.cc:492] T bf95e543c08643a08c04428e093566b9 P c1b645f7327c451dad4a141ccaef0e98: No bootstrap required, opened a new log
I20260608 13:01:43.843417 30548 ts_tablet_manager.cc:1403] T bf95e543c08643a08c04428e093566b9 P c1b645f7327c451dad4a141ccaef0e98: Time spent bootstrapping tablet: real 0.020s	user 0.013s	sys 0.005s
I20260608 13:01:43.847308 30548 raft_consensus.cc:359] T bf95e543c08643a08c04428e093566b9 P c1b645f7327c451dad4a141ccaef0e98 [term 0 FOLLOWER]: Replica starting. Triggering 0 pending ops. Active config: opid_index: -1 OBSOLETE_local: false peers { permanent_uuid: "c1b645f7327c451dad4a141ccaef0e98" member_type: VOTER last_known_addr { host: "127.28.253.194" port: 36197 } } peers { permanent_uuid: "4494a49e054d4ecbbd0ee4f38259ecd7" member_type: VOTER last_known_addr { host: "127.28.253.193" port: 39207 } } peers { permanent_uuid: "0af9dcedd684448cbb7c4eb89169e2d9" member_type: VOTER last_known_addr { host: "127.28.253.195" port: 40239 } }
I20260608 13:01:43.848292 30548 raft_consensus.cc:385] T bf95e543c08643a08c04428e093566b9 P c1b645f7327c451dad4a141ccaef0e98 [term 0 FOLLOWER]: Consensus starting up: Expiring failure detector timer to make a prompt election more likely
I20260608 13:01:43.848757 30548 raft_consensus.cc:740] T bf95e543c08643a08c04428e093566b9 P c1b645f7327c451dad4a141ccaef0e98 [term 0 FOLLOWER]: Becoming Follower/Learner. State: Replica: c1b645f7327c451dad4a141ccaef0e98, State: Initialized, Role: FOLLOWER
I20260608 13:01:43.850062 30548 consensus_queue.cc:260] T bf95e543c08643a08c04428e093566b9 P c1b645f7327c451dad4a141ccaef0e98 [NON_LEADER]: Queue going to NON_LEADER mode. State: All replicated index: 0, Majority replicated index: 0, Committed index: 0, Last appended: 0.0, Last appended by leader: 0, Current term: 0, Majority size: -1, State: 0, Mode: NON_LEADER, active raft config: opid_index: -1 OBSOLETE_local: false peers { permanent_uuid: "c1b645f7327c451dad4a141ccaef0e98" member_type: VOTER last_known_addr { host: "127.28.253.194" port: 36197 } } peers { permanent_uuid: "4494a49e054d4ecbbd0ee4f38259ecd7" member_type: VOTER last_known_addr { host: "127.28.253.193" port: 39207 } } peers { permanent_uuid: "0af9dcedd684448cbb7c4eb89169e2d9" member_type: VOTER last_known_addr { host: "127.28.253.195" port: 40239 } }
I20260608 13:01:43.855960 30548 ts_tablet_manager.cc:1434] T bf95e543c08643a08c04428e093566b9 P c1b645f7327c451dad4a141ccaef0e98: Time spent starting tablet: real 0.012s	user 0.002s	sys 0.007s
I20260608 13:01:43.857415 30548 tablet_bootstrap.cc:492] T 22099e6f0da34439ab07e9d04989ff3b P c1b645f7327c451dad4a141ccaef0e98: Bootstrap starting.
I20260608 13:01:43.864774 30549 tablet_bootstrap.cc:492] T 00b86a4e69c540b6ba51ac0039b2cde3 P 0af9dcedd684448cbb7c4eb89169e2d9: No bootstrap required, opened a new log
I20260608 13:01:43.865335 30549 ts_tablet_manager.cc:1403] T 00b86a4e69c540b6ba51ac0039b2cde3 P 0af9dcedd684448cbb7c4eb89169e2d9: Time spent bootstrapping tablet: real 0.037s	user 0.008s	sys 0.023s
I20260608 13:01:43.866274 30548 tablet_bootstrap.cc:654] T 22099e6f0da34439ab07e9d04989ff3b P c1b645f7327c451dad4a141ccaef0e98: Neither blocks nor log segments found. Creating new log.
I20260608 13:01:43.868422 30549 raft_consensus.cc:359] T 00b86a4e69c540b6ba51ac0039b2cde3 P 0af9dcedd684448cbb7c4eb89169e2d9 [term 0 FOLLOWER]: Replica starting. Triggering 0 pending ops. Active config: opid_index: -1 OBSOLETE_local: false peers { permanent_uuid: "4494a49e054d4ecbbd0ee4f38259ecd7" member_type: VOTER last_known_addr { host: "127.28.253.193" port: 39207 } } peers { permanent_uuid: "c1b645f7327c451dad4a141ccaef0e98" member_type: VOTER last_known_addr { host: "127.28.253.194" port: 36197 } } peers { permanent_uuid: "0af9dcedd684448cbb7c4eb89169e2d9" member_type: VOTER last_known_addr { host: "127.28.253.195" port: 40239 } }
I20260608 13:01:43.869397 30549 raft_consensus.cc:385] T 00b86a4e69c540b6ba51ac0039b2cde3 P 0af9dcedd684448cbb7c4eb89169e2d9 [term 0 FOLLOWER]: Consensus starting up: Expiring failure detector timer to make a prompt election more likely
I20260608 13:01:43.869810 30549 raft_consensus.cc:740] T 00b86a4e69c540b6ba51ac0039b2cde3 P 0af9dcedd684448cbb7c4eb89169e2d9 [term 0 FOLLOWER]: Becoming Follower/Learner. State: Replica: 0af9dcedd684448cbb7c4eb89169e2d9, State: Initialized, Role: FOLLOWER
I20260608 13:01:43.870997 30549 consensus_queue.cc:260] T 00b86a4e69c540b6ba51ac0039b2cde3 P 0af9dcedd684448cbb7c4eb89169e2d9 [NON_LEADER]: Queue going to NON_LEADER mode. State: All replicated index: 0, Majority replicated index: 0, Committed index: 0, Last appended: 0.0, Last appended by leader: 0, Current term: 0, Majority size: -1, State: 0, Mode: NON_LEADER, active raft config: opid_index: -1 OBSOLETE_local: false peers { permanent_uuid: "4494a49e054d4ecbbd0ee4f38259ecd7" member_type: VOTER last_known_addr { host: "127.28.253.193" port: 39207 } } peers { permanent_uuid: "c1b645f7327c451dad4a141ccaef0e98" member_type: VOTER last_known_addr { host: "127.28.253.194" port: 36197 } } peers { permanent_uuid: "0af9dcedd684448cbb7c4eb89169e2d9" member_type: VOTER last_known_addr { host: "127.28.253.195" port: 40239 } }
I20260608 13:01:43.874353 30549 ts_tablet_manager.cc:1434] T 00b86a4e69c540b6ba51ac0039b2cde3 P 0af9dcedd684448cbb7c4eb89169e2d9: Time spent starting tablet: real 0.009s	user 0.006s	sys 0.005s
I20260608 13:01:43.875239 30553 raft_consensus.cc:493] T 799e207431ae4ed3833bc2c88e598eea P c1b645f7327c451dad4a141ccaef0e98 [term 0 FOLLOWER]: Starting pre-election (no leader contacted us within the election timeout)
I20260608 13:01:43.875548 30549 tablet_bootstrap.cc:492] T 12bbb2ab6f1240d79c0992921380dc38 P 0af9dcedd684448cbb7c4eb89169e2d9: Bootstrap starting.
I20260608 13:01:43.875775 30553 raft_consensus.cc:515] T 799e207431ae4ed3833bc2c88e598eea P c1b645f7327c451dad4a141ccaef0e98 [term 0 FOLLOWER]: Starting pre-election with config: opid_index: -1 OBSOLETE_local: false peers { permanent_uuid: "4494a49e054d4ecbbd0ee4f38259ecd7" member_type: VOTER last_known_addr { host: "127.28.253.193" port: 39207 } } peers { permanent_uuid: "c1b645f7327c451dad4a141ccaef0e98" member_type: VOTER last_known_addr { host: "127.28.253.194" port: 36197 } } peers { permanent_uuid: "0af9dcedd684448cbb7c4eb89169e2d9" member_type: VOTER last_known_addr { host: "127.28.253.195" port: 40239 } }
I20260608 13:01:43.882323 30557 raft_consensus.cc:493] T 22099e6f0da34439ab07e9d04989ff3b P 0af9dcedd684448cbb7c4eb89169e2d9 [term 0 FOLLOWER]: Starting pre-election (no leader contacted us within the election timeout)
I20260608 13:01:43.883028 30557 raft_consensus.cc:515] T 22099e6f0da34439ab07e9d04989ff3b P 0af9dcedd684448cbb7c4eb89169e2d9 [term 0 FOLLOWER]: Starting pre-election with config: opid_index: -1 OBSOLETE_local: false peers { permanent_uuid: "4494a49e054d4ecbbd0ee4f38259ecd7" member_type: VOTER last_known_addr { host: "127.28.253.193" port: 39207 } } peers { permanent_uuid: "c1b645f7327c451dad4a141ccaef0e98" member_type: VOTER last_known_addr { host: "127.28.253.194" port: 36197 } } peers { permanent_uuid: "0af9dcedd684448cbb7c4eb89169e2d9" member_type: VOTER last_known_addr { host: "127.28.253.195" port: 40239 } }
I20260608 13:01:43.890851 30549 tablet_bootstrap.cc:654] T 12bbb2ab6f1240d79c0992921380dc38 P 0af9dcedd684448cbb7c4eb89169e2d9: Neither blocks nor log segments found. Creating new log.
I20260608 13:01:43.887454 30553 leader_election.cc:290] T 799e207431ae4ed3833bc2c88e598eea P c1b645f7327c451dad4a141ccaef0e98 [CANDIDATE]: Term 1 pre-election: Requested pre-vote from peers 4494a49e054d4ecbbd0ee4f38259ecd7 (127.28.253.193:39207), 0af9dcedd684448cbb7c4eb89169e2d9 (127.28.253.195:40239)
I20260608 13:01:43.887908 30557 leader_election.cc:290] T 22099e6f0da34439ab07e9d04989ff3b P 0af9dcedd684448cbb7c4eb89169e2d9 [CANDIDATE]: Term 1 pre-election: Requested pre-vote from peers 4494a49e054d4ecbbd0ee4f38259ecd7 (127.28.253.193:39207), c1b645f7327c451dad4a141ccaef0e98 (127.28.253.194:36197)
I20260608 13:01:43.913641 30548 tablet_bootstrap.cc:492] T 22099e6f0da34439ab07e9d04989ff3b P c1b645f7327c451dad4a141ccaef0e98: No bootstrap required, opened a new log
I20260608 13:01:43.914422 30548 ts_tablet_manager.cc:1403] T 22099e6f0da34439ab07e9d04989ff3b P c1b645f7327c451dad4a141ccaef0e98: Time spent bootstrapping tablet: real 0.057s	user 0.020s	sys 0.004s
I20260608 13:01:43.918573 30548 raft_consensus.cc:359] T 22099e6f0da34439ab07e9d04989ff3b P c1b645f7327c451dad4a141ccaef0e98 [term 0 FOLLOWER]: Replica starting. Triggering 0 pending ops. Active config: opid_index: -1 OBSOLETE_local: false peers { permanent_uuid: "4494a49e054d4ecbbd0ee4f38259ecd7" member_type: VOTER last_known_addr { host: "127.28.253.193" port: 39207 } } peers { permanent_uuid: "c1b645f7327c451dad4a141ccaef0e98" member_type: VOTER last_known_addr { host: "127.28.253.194" port: 36197 } } peers { permanent_uuid: "0af9dcedd684448cbb7c4eb89169e2d9" member_type: VOTER last_known_addr { host: "127.28.253.195" port: 40239 } }
I20260608 13:01:43.919786 30548 raft_consensus.cc:385] T 22099e6f0da34439ab07e9d04989ff3b P c1b645f7327c451dad4a141ccaef0e98 [term 0 FOLLOWER]: Consensus starting up: Expiring failure detector timer to make a prompt election more likely
I20260608 13:01:43.920241 30548 raft_consensus.cc:740] T 22099e6f0da34439ab07e9d04989ff3b P c1b645f7327c451dad4a141ccaef0e98 [term 0 FOLLOWER]: Becoming Follower/Learner. State: Replica: c1b645f7327c451dad4a141ccaef0e98, State: Initialized, Role: FOLLOWER
I20260608 13:01:43.921474 30548 consensus_queue.cc:260] T 22099e6f0da34439ab07e9d04989ff3b P c1b645f7327c451dad4a141ccaef0e98 [NON_LEADER]: Queue going to NON_LEADER mode. State: All replicated index: 0, Majority replicated index: 0, Committed index: 0, Last appended: 0.0, Last appended by leader: 0, Current term: 0, Majority size: -1, State: 0, Mode: NON_LEADER, active raft config: opid_index: -1 OBSOLETE_local: false peers { permanent_uuid: "4494a49e054d4ecbbd0ee4f38259ecd7" member_type: VOTER last_known_addr { host: "127.28.253.193" port: 39207 } } peers { permanent_uuid: "c1b645f7327c451dad4a141ccaef0e98" member_type: VOTER last_known_addr { host: "127.28.253.194" port: 36197 } } peers { permanent_uuid: "0af9dcedd684448cbb7c4eb89169e2d9" member_type: VOTER last_known_addr { host: "127.28.253.195" port: 40239 } }
I20260608 13:01:43.925943 30547 tablet_bootstrap.cc:492] T 6d833e765c714abf86e041865ccab4d7 P 4494a49e054d4ecbbd0ee4f38259ecd7: No bootstrap required, opened a new log
I20260608 13:01:43.926748 30547 ts_tablet_manager.cc:1403] T 6d833e765c714abf86e041865ccab4d7 P 4494a49e054d4ecbbd0ee4f38259ecd7: Time spent bootstrapping tablet: real 0.096s	user 0.028s	sys 0.040s
I20260608 13:01:43.930989 30547 raft_consensus.cc:359] T 6d833e765c714abf86e041865ccab4d7 P 4494a49e054d4ecbbd0ee4f38259ecd7 [term 0 FOLLOWER]: Replica starting. Triggering 0 pending ops. Active config: opid_index: -1 OBSOLETE_local: false peers { permanent_uuid: "4494a49e054d4ecbbd0ee4f38259ecd7" member_type: VOTER last_known_addr { host: "127.28.253.193" port: 39207 } } peers { permanent_uuid: "c1b645f7327c451dad4a141ccaef0e98" member_type: VOTER last_known_addr { host: "127.28.253.194" port: 36197 } } peers { permanent_uuid: "0af9dcedd684448cbb7c4eb89169e2d9" member_type: VOTER last_known_addr { host: "127.28.253.195" port: 40239 } }
I20260608 13:01:43.932083 30547 raft_consensus.cc:385] T 6d833e765c714abf86e041865ccab4d7 P 4494a49e054d4ecbbd0ee4f38259ecd7 [term 0 FOLLOWER]: Consensus starting up: Expiring failure detector timer to make a prompt election more likely
I20260608 13:01:43.932559 30547 raft_consensus.cc:740] T 6d833e765c714abf86e041865ccab4d7 P 4494a49e054d4ecbbd0ee4f38259ecd7 [term 0 FOLLOWER]: Becoming Follower/Learner. State: Replica: 4494a49e054d4ecbbd0ee4f38259ecd7, State: Initialized, Role: FOLLOWER
I20260608 13:01:43.933902 30547 consensus_queue.cc:260] T 6d833e765c714abf86e041865ccab4d7 P 4494a49e054d4ecbbd0ee4f38259ecd7 [NON_LEADER]: Queue going to NON_LEADER mode. State: All replicated index: 0, Majority replicated index: 0, Committed index: 0, Last appended: 0.0, Last appended by leader: 0, Current term: 0, Majority size: -1, State: 0, Mode: NON_LEADER, active raft config: opid_index: -1 OBSOLETE_local: false peers { permanent_uuid: "4494a49e054d4ecbbd0ee4f38259ecd7" member_type: VOTER last_known_addr { host: "127.28.253.193" port: 39207 } } peers { permanent_uuid: "c1b645f7327c451dad4a141ccaef0e98" member_type: VOTER last_known_addr { host: "127.28.253.194" port: 36197 } } peers { permanent_uuid: "0af9dcedd684448cbb7c4eb89169e2d9" member_type: VOTER last_known_addr { host: "127.28.253.195" port: 40239 } }
I20260608 13:01:43.937340 30547 ts_tablet_manager.cc:1434] T 6d833e765c714abf86e041865ccab4d7 P 4494a49e054d4ecbbd0ee4f38259ecd7: Time spent starting tablet: real 0.010s	user 0.007s	sys 0.000s
I20260608 13:01:43.940629 30547 tablet_bootstrap.cc:492] T 799e207431ae4ed3833bc2c88e598eea P 4494a49e054d4ecbbd0ee4f38259ecd7: Bootstrap starting.
I20260608 13:01:43.942660 30549 tablet_bootstrap.cc:492] T 12bbb2ab6f1240d79c0992921380dc38 P 0af9dcedd684448cbb7c4eb89169e2d9: No bootstrap required, opened a new log
I20260608 13:01:43.943480 30549 ts_tablet_manager.cc:1403] T 12bbb2ab6f1240d79c0992921380dc38 P 0af9dcedd684448cbb7c4eb89169e2d9: Time spent bootstrapping tablet: real 0.068s	user 0.008s	sys 0.005s
I20260608 13:01:43.943514 30502 tablet_service.cc:1917] Received RequestConsensusVote() RPC: tablet_id: "799e207431ae4ed3833bc2c88e598eea" candidate_uuid: "c1b645f7327c451dad4a141ccaef0e98" candidate_term: 1 candidate_status { last_received { term: 0 index: 0 } } ignore_live_leader: false dest_uuid: "0af9dcedd684448cbb7c4eb89169e2d9" is_pre_election: true
I20260608 13:01:43.944867 30548 ts_tablet_manager.cc:1434] T 22099e6f0da34439ab07e9d04989ff3b P c1b645f7327c451dad4a141ccaef0e98: Time spent starting tablet: real 0.030s	user 0.010s	sys 0.000s
I20260608 13:01:43.946897 30549 raft_consensus.cc:359] T 12bbb2ab6f1240d79c0992921380dc38 P 0af9dcedd684448cbb7c4eb89169e2d9 [term 0 FOLLOWER]: Replica starting. Triggering 0 pending ops. Active config: opid_index: -1 OBSOLETE_local: false peers { permanent_uuid: "4494a49e054d4ecbbd0ee4f38259ecd7" member_type: VOTER last_known_addr { host: "127.28.253.193" port: 39207 } } peers { permanent_uuid: "c1b645f7327c451dad4a141ccaef0e98" member_type: VOTER last_known_addr { host: "127.28.253.194" port: 36197 } } peers { permanent_uuid: "0af9dcedd684448cbb7c4eb89169e2d9" member_type: VOTER last_known_addr { host: "127.28.253.195" port: 40239 } }
I20260608 13:01:43.947858 30549 raft_consensus.cc:385] T 12bbb2ab6f1240d79c0992921380dc38 P 0af9dcedd684448cbb7c4eb89169e2d9 [term 0 FOLLOWER]: Consensus starting up: Expiring failure detector timer to make a prompt election more likely
I20260608 13:01:43.948247 30549 raft_consensus.cc:740] T 12bbb2ab6f1240d79c0992921380dc38 P 0af9dcedd684448cbb7c4eb89169e2d9 [term 0 FOLLOWER]: Becoming Follower/Learner. State: Replica: 0af9dcedd684448cbb7c4eb89169e2d9, State: Initialized, Role: FOLLOWER
I20260608 13:01:43.948809 30548 tablet_bootstrap.cc:492] T 6d833e765c714abf86e041865ccab4d7 P c1b645f7327c451dad4a141ccaef0e98: Bootstrap starting.
I20260608 13:01:43.949240 30549 consensus_queue.cc:260] T 12bbb2ab6f1240d79c0992921380dc38 P 0af9dcedd684448cbb7c4eb89169e2d9 [NON_LEADER]: Queue going to NON_LEADER mode. State: All replicated index: 0, Majority replicated index: 0, Committed index: 0, Last appended: 0.0, Last appended by leader: 0, Current term: 0, Majority size: -1, State: 0, Mode: NON_LEADER, active raft config: opid_index: -1 OBSOLETE_local: false peers { permanent_uuid: "4494a49e054d4ecbbd0ee4f38259ecd7" member_type: VOTER last_known_addr { host: "127.28.253.193" port: 39207 } } peers { permanent_uuid: "c1b645f7327c451dad4a141ccaef0e98" member_type: VOTER last_known_addr { host: "127.28.253.194" port: 36197 } } peers { permanent_uuid: "0af9dcedd684448cbb7c4eb89169e2d9" member_type: VOTER last_known_addr { host: "127.28.253.195" port: 40239 } }
W20260608 13:01:43.954169 30391 leader_election.cc:343] T 799e207431ae4ed3833bc2c88e598eea P c1b645f7327c451dad4a141ccaef0e98 [CANDIDATE]: Term 1 pre-election: Tablet error from VoteRequest() call to peer 0af9dcedd684448cbb7c4eb89169e2d9 (127.28.253.195:40239): Illegal state: must be running to vote when last-logged opid is not known
I20260608 13:01:43.956018 30549 ts_tablet_manager.cc:1434] T 12bbb2ab6f1240d79c0992921380dc38 P 0af9dcedd684448cbb7c4eb89169e2d9: Time spent starting tablet: real 0.012s	user 0.006s	sys 0.000s
I20260608 13:01:43.957158 30549 tablet_bootstrap.cc:492] T 6d833e765c714abf86e041865ccab4d7 P 0af9dcedd684448cbb7c4eb89169e2d9: Bootstrap starting.
I20260608 13:01:43.958382 30428 tablet_service.cc:1917] Received RequestConsensusVote() RPC: tablet_id: "22099e6f0da34439ab07e9d04989ff3b" candidate_uuid: "0af9dcedd684448cbb7c4eb89169e2d9" candidate_term: 1 candidate_status { last_received { term: 0 index: 0 } } ignore_live_leader: false dest_uuid: "c1b645f7327c451dad4a141ccaef0e98" is_pre_election: true
I20260608 13:01:43.959185 30428 raft_consensus.cc:2468] T 22099e6f0da34439ab07e9d04989ff3b P c1b645f7327c451dad4a141ccaef0e98 [term 0 FOLLOWER]: Leader pre-election vote request: Granting yes vote for candidate 0af9dcedd684448cbb7c4eb89169e2d9 in term 0.
I20260608 13:01:43.960769 30467 leader_election.cc:304] T 22099e6f0da34439ab07e9d04989ff3b P 0af9dcedd684448cbb7c4eb89169e2d9 [CANDIDATE]: Term 1 pre-election: Election decided. Result: candidate won. Election summary: received 2 responses out of 3 voters: 2 yes votes; 0 no votes. yes voters: 0af9dcedd684448cbb7c4eb89169e2d9, c1b645f7327c451dad4a141ccaef0e98; no voters: 
I20260608 13:01:43.962325 30557 raft_consensus.cc:2804] T 22099e6f0da34439ab07e9d04989ff3b P 0af9dcedd684448cbb7c4eb89169e2d9 [term 0 FOLLOWER]: Leader pre-election won for term 1
I20260608 13:01:43.962734 30557 raft_consensus.cc:493] T 22099e6f0da34439ab07e9d04989ff3b P 0af9dcedd684448cbb7c4eb89169e2d9 [term 0 FOLLOWER]: Starting leader election (no leader contacted us within the election timeout)
I20260608 13:01:43.962908 30547 tablet_bootstrap.cc:654] T 799e207431ae4ed3833bc2c88e598eea P 4494a49e054d4ecbbd0ee4f38259ecd7: Neither blocks nor log segments found. Creating new log.
I20260608 13:01:43.963135 30557 raft_consensus.cc:3060] T 22099e6f0da34439ab07e9d04989ff3b P 0af9dcedd684448cbb7c4eb89169e2d9 [term 0 FOLLOWER]: Advancing to term 1
I20260608 13:01:43.963963 30549 tablet_bootstrap.cc:654] T 6d833e765c714abf86e041865ccab4d7 P 0af9dcedd684448cbb7c4eb89169e2d9: Neither blocks nor log segments found. Creating new log.
I20260608 13:01:43.961061 30548 tablet_bootstrap.cc:654] T 6d833e765c714abf86e041865ccab4d7 P c1b645f7327c451dad4a141ccaef0e98: Neither blocks nor log segments found. Creating new log.
I20260608 13:01:43.971788 30557 raft_consensus.cc:515] T 22099e6f0da34439ab07e9d04989ff3b P 0af9dcedd684448cbb7c4eb89169e2d9 [term 1 FOLLOWER]: Starting leader election with config: opid_index: -1 OBSOLETE_local: false peers { permanent_uuid: "4494a49e054d4ecbbd0ee4f38259ecd7" member_type: VOTER last_known_addr { host: "127.28.253.193" port: 39207 } } peers { permanent_uuid: "c1b645f7327c451dad4a141ccaef0e98" member_type: VOTER last_known_addr { host: "127.28.253.194" port: 36197 } } peers { permanent_uuid: "0af9dcedd684448cbb7c4eb89169e2d9" member_type: VOTER last_known_addr { host: "127.28.253.195" port: 40239 } }
I20260608 13:01:43.974335 30557 leader_election.cc:290] T 22099e6f0da34439ab07e9d04989ff3b P 0af9dcedd684448cbb7c4eb89169e2d9 [CANDIDATE]: Term 1 election: Requested vote from peers 4494a49e054d4ecbbd0ee4f38259ecd7 (127.28.253.193:39207), c1b645f7327c451dad4a141ccaef0e98 (127.28.253.194:36197)
I20260608 13:01:43.977514 30353 tablet_service.cc:1917] Received RequestConsensusVote() RPC: tablet_id: "22099e6f0da34439ab07e9d04989ff3b" candidate_uuid: "0af9dcedd684448cbb7c4eb89169e2d9" candidate_term: 1 candidate_status { last_received { term: 0 index: 0 } } ignore_live_leader: false dest_uuid: "4494a49e054d4ecbbd0ee4f38259ecd7" is_pre_election: true
I20260608 13:01:43.979162 30352 tablet_service.cc:1917] Received RequestConsensusVote() RPC: tablet_id: "22099e6f0da34439ab07e9d04989ff3b" candidate_uuid: "0af9dcedd684448cbb7c4eb89169e2d9" candidate_term: 1 candidate_status { last_received { term: 0 index: 0 } } ignore_live_leader: false dest_uuid: "4494a49e054d4ecbbd0ee4f38259ecd7"
I20260608 13:01:43.979465 30353 raft_consensus.cc:2468] T 22099e6f0da34439ab07e9d04989ff3b P 4494a49e054d4ecbbd0ee4f38259ecd7 [term 0 FOLLOWER]: Leader pre-election vote request: Granting yes vote for candidate 0af9dcedd684448cbb7c4eb89169e2d9 in term 0.
I20260608 13:01:43.982404 30428 tablet_service.cc:1917] Received RequestConsensusVote() RPC: tablet_id: "22099e6f0da34439ab07e9d04989ff3b" candidate_uuid: "0af9dcedd684448cbb7c4eb89169e2d9" candidate_term: 1 candidate_status { last_received { term: 0 index: 0 } } ignore_live_leader: false dest_uuid: "c1b645f7327c451dad4a141ccaef0e98"
I20260608 13:01:43.982602 30352 tablet_service.cc:1917] Received RequestConsensusVote() RPC: tablet_id: "799e207431ae4ed3833bc2c88e598eea" candidate_uuid: "c1b645f7327c451dad4a141ccaef0e98" candidate_term: 1 candidate_status { last_received { term: 0 index: 0 } } ignore_live_leader: false dest_uuid: "4494a49e054d4ecbbd0ee4f38259ecd7" is_pre_election: true
I20260608 13:01:43.983043 30428 raft_consensus.cc:3060] T 22099e6f0da34439ab07e9d04989ff3b P c1b645f7327c451dad4a141ccaef0e98 [term 0 FOLLOWER]: Advancing to term 1
W20260608 13:01:43.986907 30394 leader_election.cc:343] T 799e207431ae4ed3833bc2c88e598eea P c1b645f7327c451dad4a141ccaef0e98 [CANDIDATE]: Term 1 pre-election: Tablet error from VoteRequest() call to peer 4494a49e054d4ecbbd0ee4f38259ecd7 (127.28.253.193:39207): Illegal state: must be running to vote when last-logged opid is not known
I20260608 13:01:43.989470 30394 leader_election.cc:304] T 799e207431ae4ed3833bc2c88e598eea P c1b645f7327c451dad4a141ccaef0e98 [CANDIDATE]: Term 1 pre-election: Election decided. Result: candidate lost. Election summary: received 3 responses out of 3 voters: 1 yes votes; 2 no votes. yes voters: c1b645f7327c451dad4a141ccaef0e98; no voters: 0af9dcedd684448cbb7c4eb89169e2d9, 4494a49e054d4ecbbd0ee4f38259ecd7
I20260608 13:01:43.993741 30547 tablet_bootstrap.cc:492] T 799e207431ae4ed3833bc2c88e598eea P 4494a49e054d4ecbbd0ee4f38259ecd7: No bootstrap required, opened a new log
I20260608 13:01:43.994330 30547 ts_tablet_manager.cc:1403] T 799e207431ae4ed3833bc2c88e598eea P 4494a49e054d4ecbbd0ee4f38259ecd7: Time spent bootstrapping tablet: real 0.056s	user 0.010s	sys 0.006s
I20260608 13:01:43.996948 30547 raft_consensus.cc:359] T 799e207431ae4ed3833bc2c88e598eea P 4494a49e054d4ecbbd0ee4f38259ecd7 [term 0 FOLLOWER]: Replica starting. Triggering 0 pending ops. Active config: opid_index: -1 OBSOLETE_local: false peers { permanent_uuid: "4494a49e054d4ecbbd0ee4f38259ecd7" member_type: VOTER last_known_addr { host: "127.28.253.193" port: 39207 } } peers { permanent_uuid: "c1b645f7327c451dad4a141ccaef0e98" member_type: VOTER last_known_addr { host: "127.28.253.194" port: 36197 } } peers { permanent_uuid: "0af9dcedd684448cbb7c4eb89169e2d9" member_type: VOTER last_known_addr { host: "127.28.253.195" port: 40239 } }
I20260608 13:01:43.997493 30547 raft_consensus.cc:385] T 799e207431ae4ed3833bc2c88e598eea P 4494a49e054d4ecbbd0ee4f38259ecd7 [term 0 FOLLOWER]: Consensus starting up: Expiring failure detector timer to make a prompt election more likely
I20260608 13:01:43.993651 30553 raft_consensus.cc:2749] T 799e207431ae4ed3833bc2c88e598eea P c1b645f7327c451dad4a141ccaef0e98 [term 0 FOLLOWER]: Leader pre-election lost for term 1. Reason: could not achieve majority
I20260608 13:01:43.997681 30547 raft_consensus.cc:740] T 799e207431ae4ed3833bc2c88e598eea P 4494a49e054d4ecbbd0ee4f38259ecd7 [term 0 FOLLOWER]: Becoming Follower/Learner. State: Replica: 4494a49e054d4ecbbd0ee4f38259ecd7, State: Initialized, Role: FOLLOWER
I20260608 13:01:43.998168 30428 raft_consensus.cc:2468] T 22099e6f0da34439ab07e9d04989ff3b P c1b645f7327c451dad4a141ccaef0e98 [term 1 FOLLOWER]: Leader election vote request: Granting yes vote for candidate 0af9dcedd684448cbb7c4eb89169e2d9 in term 1.
I20260608 13:01:43.998617 30547 consensus_queue.cc:260] T 799e207431ae4ed3833bc2c88e598eea P 4494a49e054d4ecbbd0ee4f38259ecd7 [NON_LEADER]: Queue going to NON_LEADER mode. State: All replicated index: 0, Majority replicated index: 0, Committed index: 0, Last appended: 0.0, Last appended by leader: 0, Current term: 0, Majority size: -1, State: 0, Mode: NON_LEADER, active raft config: opid_index: -1 OBSOLETE_local: false peers { permanent_uuid: "4494a49e054d4ecbbd0ee4f38259ecd7" member_type: VOTER last_known_addr { host: "127.28.253.193" port: 39207 } } peers { permanent_uuid: "c1b645f7327c451dad4a141ccaef0e98" member_type: VOTER last_known_addr { host: "127.28.253.194" port: 36197 } } peers { permanent_uuid: "0af9dcedd684448cbb7c4eb89169e2d9" member_type: VOTER last_known_addr { host: "127.28.253.195" port: 40239 } }
I20260608 13:01:43.999815 30467 leader_election.cc:304] T 22099e6f0da34439ab07e9d04989ff3b P 0af9dcedd684448cbb7c4eb89169e2d9 [CANDIDATE]: Term 1 election: Election decided. Result: candidate won. Election summary: received 3 responses out of 3 voters: 2 yes votes; 1 no votes. yes voters: 0af9dcedd684448cbb7c4eb89169e2d9, c1b645f7327c451dad4a141ccaef0e98; no voters: 4494a49e054d4ecbbd0ee4f38259ecd7
I20260608 13:01:44.000687 30549 tablet_bootstrap.cc:492] T 6d833e765c714abf86e041865ccab4d7 P 0af9dcedd684448cbb7c4eb89169e2d9: No bootstrap required, opened a new log
I20260608 13:01:44.001262 30549 ts_tablet_manager.cc:1403] T 6d833e765c714abf86e041865ccab4d7 P 0af9dcedd684448cbb7c4eb89169e2d9: Time spent bootstrapping tablet: real 0.044s	user 0.003s	sys 0.010s
I20260608 13:01:44.001298 30557 raft_consensus.cc:2804] T 22099e6f0da34439ab07e9d04989ff3b P 0af9dcedd684448cbb7c4eb89169e2d9 [term 1 FOLLOWER]: Leader election won for term 1
I20260608 13:01:44.004555 30547 ts_tablet_manager.cc:1434] T 799e207431ae4ed3833bc2c88e598eea P 4494a49e054d4ecbbd0ee4f38259ecd7: Time spent starting tablet: real 0.010s	user 0.004s	sys 0.001s
I20260608 13:01:44.004714 30549 raft_consensus.cc:359] T 6d833e765c714abf86e041865ccab4d7 P 0af9dcedd684448cbb7c4eb89169e2d9 [term 0 FOLLOWER]: Replica starting. Triggering 0 pending ops. Active config: opid_index: -1 OBSOLETE_local: false peers { permanent_uuid: "4494a49e054d4ecbbd0ee4f38259ecd7" member_type: VOTER last_known_addr { host: "127.28.253.193" port: 39207 } } peers { permanent_uuid: "c1b645f7327c451dad4a141ccaef0e98" member_type: VOTER last_known_addr { host: "127.28.253.194" port: 36197 } } peers { permanent_uuid: "0af9dcedd684448cbb7c4eb89169e2d9" member_type: VOTER last_known_addr { host: "127.28.253.195" port: 40239 } }
I20260608 13:01:44.005520 30549 raft_consensus.cc:385] T 6d833e765c714abf86e041865ccab4d7 P 0af9dcedd684448cbb7c4eb89169e2d9 [term 0 FOLLOWER]: Consensus starting up: Expiring failure detector timer to make a prompt election more likely
I20260608 13:01:44.005878 30549 raft_consensus.cc:740] T 6d833e765c714abf86e041865ccab4d7 P 0af9dcedd684448cbb7c4eb89169e2d9 [term 0 FOLLOWER]: Becoming Follower/Learner. State: Replica: 0af9dcedd684448cbb7c4eb89169e2d9, State: Initialized, Role: FOLLOWER
I20260608 13:01:44.006035 30547 tablet_bootstrap.cc:492] T 12bbb2ab6f1240d79c0992921380dc38 P 4494a49e054d4ecbbd0ee4f38259ecd7: Bootstrap starting.
I20260608 13:01:44.006932 30549 consensus_queue.cc:260] T 6d833e765c714abf86e041865ccab4d7 P 0af9dcedd684448cbb7c4eb89169e2d9 [NON_LEADER]: Queue going to NON_LEADER mode. State: All replicated index: 0, Majority replicated index: 0, Committed index: 0, Last appended: 0.0, Last appended by leader: 0, Current term: 0, Majority size: -1, State: 0, Mode: NON_LEADER, active raft config: opid_index: -1 OBSOLETE_local: false peers { permanent_uuid: "4494a49e054d4ecbbd0ee4f38259ecd7" member_type: VOTER last_known_addr { host: "127.28.253.193" port: 39207 } } peers { permanent_uuid: "c1b645f7327c451dad4a141ccaef0e98" member_type: VOTER last_known_addr { host: "127.28.253.194" port: 36197 } } peers { permanent_uuid: "0af9dcedd684448cbb7c4eb89169e2d9" member_type: VOTER last_known_addr { host: "127.28.253.195" port: 40239 } }
I20260608 13:01:44.008508 30548 tablet_bootstrap.cc:492] T 6d833e765c714abf86e041865ccab4d7 P c1b645f7327c451dad4a141ccaef0e98: No bootstrap required, opened a new log
I20260608 13:01:44.009220 30548 ts_tablet_manager.cc:1403] T 6d833e765c714abf86e041865ccab4d7 P c1b645f7327c451dad4a141ccaef0e98: Time spent bootstrapping tablet: real 0.061s	user 0.017s	sys 0.001s
I20260608 13:01:44.010135 30575 raft_consensus.cc:493] T 00b86a4e69c540b6ba51ac0039b2cde3 P 0af9dcedd684448cbb7c4eb89169e2d9 [term 0 FOLLOWER]: Starting pre-election (no leader contacted us within the election timeout)
I20260608 13:01:44.010643 30575 raft_consensus.cc:515] T 00b86a4e69c540b6ba51ac0039b2cde3 P 0af9dcedd684448cbb7c4eb89169e2d9 [term 0 FOLLOWER]: Starting pre-election with config: opid_index: -1 OBSOLETE_local: false peers { permanent_uuid: "4494a49e054d4ecbbd0ee4f38259ecd7" member_type: VOTER last_known_addr { host: "127.28.253.193" port: 39207 } } peers { permanent_uuid: "c1b645f7327c451dad4a141ccaef0e98" member_type: VOTER last_known_addr { host: "127.28.253.194" port: 36197 } } peers { permanent_uuid: "0af9dcedd684448cbb7c4eb89169e2d9" member_type: VOTER last_known_addr { host: "127.28.253.195" port: 40239 } }
I20260608 13:01:44.013871 30352 tablet_service.cc:1917] Received RequestConsensusVote() RPC: tablet_id: "00b86a4e69c540b6ba51ac0039b2cde3" candidate_uuid: "0af9dcedd684448cbb7c4eb89169e2d9" candidate_term: 1 candidate_status { last_received { term: 0 index: 0 } } ignore_live_leader: false dest_uuid: "4494a49e054d4ecbbd0ee4f38259ecd7" is_pre_election: true
I20260608 13:01:44.014073 30548 raft_consensus.cc:359] T 6d833e765c714abf86e041865ccab4d7 P c1b645f7327c451dad4a141ccaef0e98 [term 0 FOLLOWER]: Replica starting. Triggering 0 pending ops. Active config: opid_index: -1 OBSOLETE_local: false peers { permanent_uuid: "4494a49e054d4ecbbd0ee4f38259ecd7" member_type: VOTER last_known_addr { host: "127.28.253.193" port: 39207 } } peers { permanent_uuid: "c1b645f7327c451dad4a141ccaef0e98" member_type: VOTER last_known_addr { host: "127.28.253.194" port: 36197 } } peers { permanent_uuid: "0af9dcedd684448cbb7c4eb89169e2d9" member_type: VOTER last_known_addr { host: "127.28.253.195" port: 40239 } }
I20260608 13:01:44.014792 30548 raft_consensus.cc:385] T 6d833e765c714abf86e041865ccab4d7 P c1b645f7327c451dad4a141ccaef0e98 [term 0 FOLLOWER]: Consensus starting up: Expiring failure detector timer to make a prompt election more likely
I20260608 13:01:44.015118 30548 raft_consensus.cc:740] T 6d833e765c714abf86e041865ccab4d7 P c1b645f7327c451dad4a141ccaef0e98 [term 0 FOLLOWER]: Becoming Follower/Learner. State: Replica: c1b645f7327c451dad4a141ccaef0e98, State: Initialized, Role: FOLLOWER
W20260608 13:01:44.015578 30468 leader_election.cc:343] T 00b86a4e69c540b6ba51ac0039b2cde3 P 0af9dcedd684448cbb7c4eb89169e2d9 [CANDIDATE]: Term 1 pre-election: Tablet error from VoteRequest() call to peer 4494a49e054d4ecbbd0ee4f38259ecd7 (127.28.253.193:39207): Illegal state: must be running to vote when last-logged opid is not known
I20260608 13:01:44.016155 30548 consensus_queue.cc:260] T 6d833e765c714abf86e041865ccab4d7 P c1b645f7327c451dad4a141ccaef0e98 [NON_LEADER]: Queue going to NON_LEADER mode. State: All replicated index: 0, Majority replicated index: 0, Committed index: 0, Last appended: 0.0, Last appended by leader: 0, Current term: 0, Majority size: -1, State: 0, Mode: NON_LEADER, active raft config: opid_index: -1 OBSOLETE_local: false peers { permanent_uuid: "4494a49e054d4ecbbd0ee4f38259ecd7" member_type: VOTER last_known_addr { host: "127.28.253.193" port: 39207 } } peers { permanent_uuid: "c1b645f7327c451dad4a141ccaef0e98" member_type: VOTER last_known_addr { host: "127.28.253.194" port: 36197 } } peers { permanent_uuid: "0af9dcedd684448cbb7c4eb89169e2d9" member_type: VOTER last_known_addr { host: "127.28.253.195" port: 40239 } }
I20260608 13:01:44.017741 30575 leader_election.cc:290] T 00b86a4e69c540b6ba51ac0039b2cde3 P 0af9dcedd684448cbb7c4eb89169e2d9 [CANDIDATE]: Term 1 pre-election: Requested pre-vote from peers 4494a49e054d4ecbbd0ee4f38259ecd7 (127.28.253.193:39207), c1b645f7327c451dad4a141ccaef0e98 (127.28.253.194:36197)
I20260608 13:01:44.018466 30575 raft_consensus.cc:493] T 3fec8aa59ab246a3808525219bbb459e P 0af9dcedd684448cbb7c4eb89169e2d9 [term 0 FOLLOWER]: Starting pre-election (no leader contacted us within the election timeout)
I20260608 13:01:44.018906 30428 tablet_service.cc:1917] Received RequestConsensusVote() RPC: tablet_id: "00b86a4e69c540b6ba51ac0039b2cde3" candidate_uuid: "0af9dcedd684448cbb7c4eb89169e2d9" candidate_term: 1 candidate_status { last_received { term: 0 index: 0 } } ignore_live_leader: false dest_uuid: "c1b645f7327c451dad4a141ccaef0e98" is_pre_election: true
I20260608 13:01:44.019586 30428 raft_consensus.cc:2468] T 00b86a4e69c540b6ba51ac0039b2cde3 P c1b645f7327c451dad4a141ccaef0e98 [term 0 FOLLOWER]: Leader pre-election vote request: Granting yes vote for candidate 0af9dcedd684448cbb7c4eb89169e2d9 in term 0.
I20260608 13:01:44.018920 30575 raft_consensus.cc:515] T 3fec8aa59ab246a3808525219bbb459e P 0af9dcedd684448cbb7c4eb89169e2d9 [term 0 FOLLOWER]: Starting pre-election with config: opid_index: -1 OBSOLETE_local: false peers { permanent_uuid: "4494a49e054d4ecbbd0ee4f38259ecd7" member_type: VOTER last_known_addr { host: "127.28.253.193" port: 39207 } } peers { permanent_uuid: "c1b645f7327c451dad4a141ccaef0e98" member_type: VOTER last_known_addr { host: "127.28.253.194" port: 36197 } } peers { permanent_uuid: "0af9dcedd684448cbb7c4eb89169e2d9" member_type: VOTER last_known_addr { host: "127.28.253.195" port: 40239 } }
I20260608 13:01:44.021389 30467 leader_election.cc:304] T 00b86a4e69c540b6ba51ac0039b2cde3 P 0af9dcedd684448cbb7c4eb89169e2d9 [CANDIDATE]: Term 1 pre-election: Election decided. Result: candidate won. Election summary: received 3 responses out of 3 voters: 2 yes votes; 1 no votes. yes voters: 0af9dcedd684448cbb7c4eb89169e2d9, c1b645f7327c451dad4a141ccaef0e98; no voters: 4494a49e054d4ecbbd0ee4f38259ecd7
I20260608 13:01:44.023764 30547 tablet_bootstrap.cc:654] T 12bbb2ab6f1240d79c0992921380dc38 P 4494a49e054d4ecbbd0ee4f38259ecd7: Neither blocks nor log segments found. Creating new log.
I20260608 13:01:44.023706 30352 tablet_service.cc:1917] Received RequestConsensusVote() RPC: tablet_id: "3fec8aa59ab246a3808525219bbb459e" candidate_uuid: "0af9dcedd684448cbb7c4eb89169e2d9" candidate_term: 1 candidate_status { last_received { term: 0 index: 0 } } ignore_live_leader: false dest_uuid: "4494a49e054d4ecbbd0ee4f38259ecd7" is_pre_election: true
I20260608 13:01:44.025766 30352 raft_consensus.cc:2468] T 3fec8aa59ab246a3808525219bbb459e P 4494a49e054d4ecbbd0ee4f38259ecd7 [term 0 FOLLOWER]: Leader pre-election vote request: Granting yes vote for candidate 0af9dcedd684448cbb7c4eb89169e2d9 in term 0.
I20260608 13:01:44.026206 30549 ts_tablet_manager.cc:1434] T 6d833e765c714abf86e041865ccab4d7 P 0af9dcedd684448cbb7c4eb89169e2d9: Time spent starting tablet: real 0.024s	user 0.010s	sys 0.006s
