I20260608 12:40:20.166169  3447 tablet_service.cc:1511] Processing CreateTablet for tablet b033d23b1c9c4e78995d78d4942fba50 (DEFAULT_TABLE table=range_aware_rebalance_new_range [id=9e95bd1ee0b44ba790b51944371eb3e1]), partition=HASH (key) PARTITION 3, RANGE (key) PARTITION 0 <= VALUES < 10
I20260608 12:40:20.159264  3445 tablet_service.cc:1511] Processing CreateTablet for tablet 5b5e191f4d3540da8ea7fe64e27a3dbf (DEFAULT_TABLE table=range_aware_rebalance_new_range [id=9e95bd1ee0b44ba790b51944371eb3e1]), partition=HASH (key) PARTITION 5, RANGE (key) PARTITION 0 <= VALUES < 10
I20260608 12:40:20.161041  3448 data_dirs.cc:400] Could only allocate 1 dirs of requested 3 for tablet ad1526a83917420b969b41c791efdaf7. 1 dirs total, 0 dirs full, 0 dirs failed
I20260608 12:40:20.167433  3594 tablet_service.cc:1511] Processing CreateTablet for tablet 5b5e191f4d3540da8ea7fe64e27a3dbf (DEFAULT_TABLE table=range_aware_rebalance_new_range [id=9e95bd1ee0b44ba790b51944371eb3e1]), partition=HASH (key) PARTITION 5, RANGE (key) PARTITION 0 <= VALUES < 10
I20260608 12:40:20.168162  3445 data_dirs.cc:400] Could only allocate 1 dirs of requested 3 for tablet 5b5e191f4d3540da8ea7fe64e27a3dbf. 1 dirs total, 0 dirs full, 0 dirs failed
I20260608 12:40:20.168880  3450 data_dirs.cc:400] Could only allocate 1 dirs of requested 3 for tablet 560a72135516477d8bf129ccec2543c5. 1 dirs total, 0 dirs full, 0 dirs failed
I20260608 12:40:20.168951  3594 data_dirs.cc:400] Could only allocate 1 dirs of requested 3 for tablet 5b5e191f4d3540da8ea7fe64e27a3dbf. 1 dirs total, 0 dirs full, 0 dirs failed
I20260608 12:40:20.170224  3519 tablet_service.cc:1511] Processing CreateTablet for tablet 3f1bdbfe172040709fde1e3cf8d253b5 (DEFAULT_TABLE table=range_aware_rebalance_new_range [id=9e95bd1ee0b44ba790b51944371eb3e1]), partition=HASH (key) PARTITION 6, RANGE (key) PARTITION 0 <= VALUES < 10
I20260608 12:40:20.171813  3595 data_dirs.cc:400] Could only allocate 1 dirs of requested 3 for tablet d93e3715dc8446fea8e07d2923dda203. 1 dirs total, 0 dirs full, 0 dirs failed
I20260608 12:40:20.172330  3444 data_dirs.cc:400] Could only allocate 1 dirs of requested 3 for tablet 3f1bdbfe172040709fde1e3cf8d253b5. 1 dirs total, 0 dirs full, 0 dirs failed
I20260608 12:40:20.174993  3447 data_dirs.cc:400] Could only allocate 1 dirs of requested 3 for tablet b033d23b1c9c4e78995d78d4942fba50. 1 dirs total, 0 dirs full, 0 dirs failed
I20260608 12:40:20.169024  3520 tablet_service.cc:1511] Processing CreateTablet for tablet 5b5e191f4d3540da8ea7fe64e27a3dbf (DEFAULT_TABLE table=range_aware_rebalance_new_range [id=9e95bd1ee0b44ba790b51944371eb3e1]), partition=HASH (key) PARTITION 5, RANGE (key) PARTITION 0 <= VALUES < 10
I20260608 12:40:20.178519  3446 data_dirs.cc:400] Could only allocate 1 dirs of requested 3 for tablet d93e3715dc8446fea8e07d2923dda203. 1 dirs total, 0 dirs full, 0 dirs failed
I20260608 12:40:20.148119  3521 data_dirs.cc:400] Could only allocate 1 dirs of requested 3 for tablet d93e3715dc8446fea8e07d2923dda203. 1 dirs total, 0 dirs full, 0 dirs failed
I20260608 12:40:20.182452  3449 data_dirs.cc:400] Could only allocate 1 dirs of requested 3 for tablet e63edbdc3b6543ba96ad7bdb20dc432c. 1 dirs total, 0 dirs full, 0 dirs failed
I20260608 12:40:20.186492  3525 data_dirs.cc:400] Could only allocate 1 dirs of requested 3 for tablet 560a72135516477d8bf129ccec2543c5. 1 dirs total, 0 dirs full, 0 dirs failed
I20260608 12:40:20.190500  3520 data_dirs.cc:400] Could only allocate 1 dirs of requested 3 for tablet 5b5e191f4d3540da8ea7fe64e27a3dbf. 1 dirs total, 0 dirs full, 0 dirs failed
I20260608 12:40:20.194484  3523 data_dirs.cc:400] Could only allocate 1 dirs of requested 3 for tablet ad1526a83917420b969b41c791efdaf7. 1 dirs total, 0 dirs full, 0 dirs failed
I20260608 12:40:20.198508  3522 data_dirs.cc:400] Could only allocate 1 dirs of requested 3 for tablet b033d23b1c9c4e78995d78d4942fba50. 1 dirs total, 0 dirs full, 0 dirs failed
I20260608 12:40:20.202489  3519 data_dirs.cc:400] Could only allocate 1 dirs of requested 3 for tablet 3f1bdbfe172040709fde1e3cf8d253b5. 1 dirs total, 0 dirs full, 0 dirs failed
I20260608 12:40:20.206478  3524 data_dirs.cc:400] Could only allocate 1 dirs of requested 3 for tablet e63edbdc3b6543ba96ad7bdb20dc432c. 1 dirs total, 0 dirs full, 0 dirs failed
I20260608 12:40:20.219153  3594 tablet_service.cc:1511] Processing CreateTablet for tablet 3f1bdbfe172040709fde1e3cf8d253b5 (DEFAULT_TABLE table=range_aware_rebalance_new_range [id=9e95bd1ee0b44ba790b51944371eb3e1]), partition=HASH (key) PARTITION 6, RANGE (key) PARTITION 0 <= VALUES < 10
I20260608 12:40:20.219501  3443 tablet_service.cc:1511] Processing CreateTablet for tablet 08cb1fb3432749da92db84d2748b6e15 (DEFAULT_TABLE table=range_aware_rebalance_new_range [id=9e95bd1ee0b44ba790b51944371eb3e1]), partition=HASH (key) PARTITION 7, RANGE (key) PARTITION 0 <= VALUES < 10
I20260608 12:40:20.220979  3443 data_dirs.cc:400] Could only allocate 1 dirs of requested 3 for tablet 08cb1fb3432749da92db84d2748b6e15. 1 dirs total, 0 dirs full, 0 dirs failed
I20260608 12:40:20.223012  3655 tablet_bootstrap.cc:492] T ad1526a83917420b969b41c791efdaf7 P 8e08768002434142a590f58f8e032e83: Bootstrap starting.
I20260608 12:40:20.223717  3594 data_dirs.cc:400] Could only allocate 1 dirs of requested 3 for tablet 3f1bdbfe172040709fde1e3cf8d253b5. 1 dirs total, 0 dirs full, 0 dirs failed
I20260608 12:40:20.236771  3518 tablet_service.cc:1511] Processing CreateTablet for tablet 08cb1fb3432749da92db84d2748b6e15 (DEFAULT_TABLE table=range_aware_rebalance_new_range [id=9e95bd1ee0b44ba790b51944371eb3e1]), partition=HASH (key) PARTITION 7, RANGE (key) PARTITION 0 <= VALUES < 10
I20260608 12:40:20.238327  3518 data_dirs.cc:400] Could only allocate 1 dirs of requested 3 for tablet 08cb1fb3432749da92db84d2748b6e15. 1 dirs total, 0 dirs full, 0 dirs failed
I20260608 12:40:20.238780  3597 tablet_service.cc:1511] Processing CreateTablet for tablet 08cb1fb3432749da92db84d2748b6e15 (DEFAULT_TABLE table=range_aware_rebalance_new_range [id=9e95bd1ee0b44ba790b51944371eb3e1]), partition=HASH (key) PARTITION 7, RANGE (key) PARTITION 0 <= VALUES < 10
I20260608 12:40:20.240214  3597 data_dirs.cc:400] Could only allocate 1 dirs of requested 3 for tablet 08cb1fb3432749da92db84d2748b6e15. 1 dirs total, 0 dirs full, 0 dirs failed
I20260608 12:40:20.259716  3654 tablet_bootstrap.cc:492] T 3f1bdbfe172040709fde1e3cf8d253b5 P 2304a0ed2c5e4eff8bc0755bed96aa6e: Bootstrap starting.
I20260608 12:40:20.278237  3654 tablet_bootstrap.cc:654] T 3f1bdbfe172040709fde1e3cf8d253b5 P 2304a0ed2c5e4eff8bc0755bed96aa6e: Neither blocks nor log segments found. Creating new log.
I20260608 12:40:20.281984  3655 tablet_bootstrap.cc:654] T ad1526a83917420b969b41c791efdaf7 P 8e08768002434142a590f58f8e032e83: Neither blocks nor log segments found. Creating new log.
I20260608 12:40:20.295349  3657 tablet_bootstrap.cc:492] T b033d23b1c9c4e78995d78d4942fba50 P 799c796ef24f488e8889381a9179ad08: Bootstrap starting.
I20260608 12:40:20.297753  3654 tablet_bootstrap.cc:492] T 3f1bdbfe172040709fde1e3cf8d253b5 P 2304a0ed2c5e4eff8bc0755bed96aa6e: No bootstrap required, opened a new log
I20260608 12:40:20.298379  3654 ts_tablet_manager.cc:1403] T 3f1bdbfe172040709fde1e3cf8d253b5 P 2304a0ed2c5e4eff8bc0755bed96aa6e: Time spent bootstrapping tablet: real 0.039s	user 0.004s	sys 0.008s
I20260608 12:40:20.298925  3655 tablet_bootstrap.cc:492] T ad1526a83917420b969b41c791efdaf7 P 8e08768002434142a590f58f8e032e83: No bootstrap required, opened a new log
I20260608 12:40:20.299465  3655 ts_tablet_manager.cc:1403] T ad1526a83917420b969b41c791efdaf7 P 8e08768002434142a590f58f8e032e83: Time spent bootstrapping tablet: real 0.077s	user 0.010s	sys 0.002s
I20260608 12:40:20.301296  3654 raft_consensus.cc:359] T 3f1bdbfe172040709fde1e3cf8d253b5 P 2304a0ed2c5e4eff8bc0755bed96aa6e [term 0 FOLLOWER]: Replica starting. Triggering 0 pending ops. Active config: opid_index: -1 OBSOLETE_local: false peers { permanent_uuid: "799c796ef24f488e8889381a9179ad08" member_type: VOTER last_known_addr { host: "127.0.107.194" port: 36677 } } peers { permanent_uuid: "2304a0ed2c5e4eff8bc0755bed96aa6e" member_type: VOTER last_known_addr { host: "127.0.107.193" port: 39365 } } peers { permanent_uuid: "8e08768002434142a590f58f8e032e83" member_type: VOTER last_known_addr { host: "127.0.107.195" port: 39343 } }
I20260608 12:40:20.301896  3654 raft_consensus.cc:385] T 3f1bdbfe172040709fde1e3cf8d253b5 P 2304a0ed2c5e4eff8bc0755bed96aa6e [term 0 FOLLOWER]: Consensus starting up: Expiring failure detector timer to make a prompt election more likely
I20260608 12:40:20.302201  3654 raft_consensus.cc:740] T 3f1bdbfe172040709fde1e3cf8d253b5 P 2304a0ed2c5e4eff8bc0755bed96aa6e [term 0 FOLLOWER]: Becoming Follower/Learner. State: Replica: 2304a0ed2c5e4eff8bc0755bed96aa6e, State: Initialized, Role: FOLLOWER
I20260608 12:40:20.302827  3657 tablet_bootstrap.cc:654] T b033d23b1c9c4e78995d78d4942fba50 P 799c796ef24f488e8889381a9179ad08: Neither blocks nor log segments found. Creating new log.
I20260608 12:40:20.302467  3655 raft_consensus.cc:359] T ad1526a83917420b969b41c791efdaf7 P 8e08768002434142a590f58f8e032e83 [term 0 FOLLOWER]: Replica starting. Triggering 0 pending ops. Active config: opid_index: -1 OBSOLETE_local: false peers { permanent_uuid: "2304a0ed2c5e4eff8bc0755bed96aa6e" member_type: VOTER last_known_addr { host: "127.0.107.193" port: 39365 } } peers { permanent_uuid: "799c796ef24f488e8889381a9179ad08" member_type: VOTER last_known_addr { host: "127.0.107.194" port: 36677 } } peers { permanent_uuid: "8e08768002434142a590f58f8e032e83" member_type: VOTER last_known_addr { host: "127.0.107.195" port: 39343 } }
I20260608 12:40:20.303292  3655 raft_consensus.cc:385] T ad1526a83917420b969b41c791efdaf7 P 8e08768002434142a590f58f8e032e83 [term 0 FOLLOWER]: Consensus starting up: Expiring failure detector timer to make a prompt election more likely
I20260608 12:40:20.302920  3654 consensus_queue.cc:260] T 3f1bdbfe172040709fde1e3cf8d253b5 P 2304a0ed2c5e4eff8bc0755bed96aa6e [NON_LEADER]: Queue going to NON_LEADER mode. State: All replicated index: 0, Majority replicated index: 0, Committed index: 0, Last appended: 0.0, Last appended by leader: 0, Current term: 0, Majority size: -1, State: 0, Mode: NON_LEADER, active raft config: opid_index: -1 OBSOLETE_local: false peers { permanent_uuid: "799c796ef24f488e8889381a9179ad08" member_type: VOTER last_known_addr { host: "127.0.107.194" port: 36677 } } peers { permanent_uuid: "2304a0ed2c5e4eff8bc0755bed96aa6e" member_type: VOTER last_known_addr { host: "127.0.107.193" port: 39365 } } peers { permanent_uuid: "8e08768002434142a590f58f8e032e83" member_type: VOTER last_known_addr { host: "127.0.107.195" port: 39343 } }
I20260608 12:40:20.303630  3655 raft_consensus.cc:740] T ad1526a83917420b969b41c791efdaf7 P 8e08768002434142a590f58f8e032e83 [term 0 FOLLOWER]: Becoming Follower/Learner. State: Replica: 8e08768002434142a590f58f8e032e83, State: Initialized, Role: FOLLOWER
I20260608 12:40:20.304486  3655 consensus_queue.cc:260] T ad1526a83917420b969b41c791efdaf7 P 8e08768002434142a590f58f8e032e83 [NON_LEADER]: Queue going to NON_LEADER mode. State: All replicated index: 0, Majority replicated index: 0, Committed index: 0, Last appended: 0.0, Last appended by leader: 0, Current term: 0, Majority size: -1, State: 0, Mode: NON_LEADER, active raft config: opid_index: -1 OBSOLETE_local: false peers { permanent_uuid: "2304a0ed2c5e4eff8bc0755bed96aa6e" member_type: VOTER last_known_addr { host: "127.0.107.193" port: 39365 } } peers { permanent_uuid: "799c796ef24f488e8889381a9179ad08" member_type: VOTER last_known_addr { host: "127.0.107.194" port: 36677 } } peers { permanent_uuid: "8e08768002434142a590f58f8e032e83" member_type: VOTER last_known_addr { host: "127.0.107.195" port: 39343 } }
I20260608 12:40:20.306229  3654 ts_tablet_manager.cc:1434] T 3f1bdbfe172040709fde1e3cf8d253b5 P 2304a0ed2c5e4eff8bc0755bed96aa6e: Time spent starting tablet: real 0.007s	user 0.007s	sys 0.000s
I20260608 12:40:20.307375  3654 tablet_bootstrap.cc:492] T e63edbdc3b6543ba96ad7bdb20dc432c P 2304a0ed2c5e4eff8bc0755bed96aa6e: Bootstrap starting.
I20260608 12:40:20.313700  3654 tablet_bootstrap.cc:654] T e63edbdc3b6543ba96ad7bdb20dc432c P 2304a0ed2c5e4eff8bc0755bed96aa6e: Neither blocks nor log segments found. Creating new log.
I20260608 12:40:20.319710  3657 tablet_bootstrap.cc:492] T b033d23b1c9c4e78995d78d4942fba50 P 799c796ef24f488e8889381a9179ad08: No bootstrap required, opened a new log
I20260608 12:40:20.320511  3657 ts_tablet_manager.cc:1403] T b033d23b1c9c4e78995d78d4942fba50 P 799c796ef24f488e8889381a9179ad08: Time spent bootstrapping tablet: real 0.025s	user 0.011s	sys 0.008s
I20260608 12:40:20.324251  3655 ts_tablet_manager.cc:1434] T ad1526a83917420b969b41c791efdaf7 P 8e08768002434142a590f58f8e032e83: Time spent starting tablet: real 0.024s	user 0.009s	sys 0.014s
I20260608 12:40:20.324420  3657 raft_consensus.cc:359] T b033d23b1c9c4e78995d78d4942fba50 P 799c796ef24f488e8889381a9179ad08 [term 0 FOLLOWER]: Replica starting. Triggering 0 pending ops. Active config: opid_index: -1 OBSOLETE_local: false peers { permanent_uuid: "799c796ef24f488e8889381a9179ad08" member_type: VOTER last_known_addr { host: "127.0.107.194" port: 36677 } } peers { permanent_uuid: "2304a0ed2c5e4eff8bc0755bed96aa6e" member_type: VOTER last_known_addr { host: "127.0.107.193" port: 39365 } } peers { permanent_uuid: "8e08768002434142a590f58f8e032e83" member_type: VOTER last_known_addr { host: "127.0.107.195" port: 39343 } }
I20260608 12:40:20.325315  3657 raft_consensus.cc:385] T b033d23b1c9c4e78995d78d4942fba50 P 799c796ef24f488e8889381a9179ad08 [term 0 FOLLOWER]: Consensus starting up: Expiring failure detector timer to make a prompt election more likely
I20260608 12:40:20.325410  3655 tablet_bootstrap.cc:492] T b033d23b1c9c4e78995d78d4942fba50 P 8e08768002434142a590f58f8e032e83: Bootstrap starting.
I20260608 12:40:20.325758  3657 raft_consensus.cc:740] T b033d23b1c9c4e78995d78d4942fba50 P 799c796ef24f488e8889381a9179ad08 [term 0 FOLLOWER]: Becoming Follower/Learner. State: Replica: 799c796ef24f488e8889381a9179ad08, State: Initialized, Role: FOLLOWER
I20260608 12:40:20.326311  3654 tablet_bootstrap.cc:492] T e63edbdc3b6543ba96ad7bdb20dc432c P 2304a0ed2c5e4eff8bc0755bed96aa6e: No bootstrap required, opened a new log
I20260608 12:40:20.326831  3654 ts_tablet_manager.cc:1403] T e63edbdc3b6543ba96ad7bdb20dc432c P 2304a0ed2c5e4eff8bc0755bed96aa6e: Time spent bootstrapping tablet: real 0.020s	user 0.015s	sys 0.004s
I20260608 12:40:20.326944  3657 consensus_queue.cc:260] T b033d23b1c9c4e78995d78d4942fba50 P 799c796ef24f488e8889381a9179ad08 [NON_LEADER]: Queue going to NON_LEADER mode. State: All replicated index: 0, Majority replicated index: 0, Committed index: 0, Last appended: 0.0, Last appended by leader: 0, Current term: 0, Majority size: -1, State: 0, Mode: NON_LEADER, active raft config: opid_index: -1 OBSOLETE_local: false peers { permanent_uuid: "799c796ef24f488e8889381a9179ad08" member_type: VOTER last_known_addr { host: "127.0.107.194" port: 36677 } } peers { permanent_uuid: "2304a0ed2c5e4eff8bc0755bed96aa6e" member_type: VOTER last_known_addr { host: "127.0.107.193" port: 39365 } } peers { permanent_uuid: "8e08768002434142a590f58f8e032e83" member_type: VOTER last_known_addr { host: "127.0.107.195" port: 39343 } }
I20260608 12:40:20.329926  3654 raft_consensus.cc:359] T e63edbdc3b6543ba96ad7bdb20dc432c P 2304a0ed2c5e4eff8bc0755bed96aa6e [term 0 FOLLOWER]: Replica starting. Triggering 0 pending ops. Active config: opid_index: -1 OBSOLETE_local: false peers { permanent_uuid: "2304a0ed2c5e4eff8bc0755bed96aa6e" member_type: VOTER last_known_addr { host: "127.0.107.193" port: 39365 } } peers { permanent_uuid: "799c796ef24f488e8889381a9179ad08" member_type: VOTER last_known_addr { host: "127.0.107.194" port: 36677 } } peers { permanent_uuid: "8e08768002434142a590f58f8e032e83" member_type: VOTER last_known_addr { host: "127.0.107.195" port: 39343 } }
I20260608 12:40:20.330729  3654 raft_consensus.cc:385] T e63edbdc3b6543ba96ad7bdb20dc432c P 2304a0ed2c5e4eff8bc0755bed96aa6e [term 0 FOLLOWER]: Consensus starting up: Expiring failure detector timer to make a prompt election more likely
I20260608 12:40:20.331051  3654 raft_consensus.cc:740] T e63edbdc3b6543ba96ad7bdb20dc432c P 2304a0ed2c5e4eff8bc0755bed96aa6e [term 0 FOLLOWER]: Becoming Follower/Learner. State: Replica: 2304a0ed2c5e4eff8bc0755bed96aa6e, State: Initialized, Role: FOLLOWER
I20260608 12:40:20.331859  3654 consensus_queue.cc:260] T e63edbdc3b6543ba96ad7bdb20dc432c P 2304a0ed2c5e4eff8bc0755bed96aa6e [NON_LEADER]: Queue going to NON_LEADER mode. State: All replicated index: 0, Majority replicated index: 0, Committed index: 0, Last appended: 0.0, Last appended by leader: 0, Current term: 0, Majority size: -1, State: 0, Mode: NON_LEADER, active raft config: opid_index: -1 OBSOLETE_local: false peers { permanent_uuid: "2304a0ed2c5e4eff8bc0755bed96aa6e" member_type: VOTER last_known_addr { host: "127.0.107.193" port: 39365 } } peers { permanent_uuid: "799c796ef24f488e8889381a9179ad08" member_type: VOTER last_known_addr { host: "127.0.107.194" port: 36677 } } peers { permanent_uuid: "8e08768002434142a590f58f8e032e83" member_type: VOTER last_known_addr { host: "127.0.107.195" port: 39343 } }
I20260608 12:40:20.334164  3655 tablet_bootstrap.cc:654] T b033d23b1c9c4e78995d78d4942fba50 P 8e08768002434142a590f58f8e032e83: Neither blocks nor log segments found. Creating new log.
I20260608 12:40:20.334184  3654 ts_tablet_manager.cc:1434] T e63edbdc3b6543ba96ad7bdb20dc432c P 2304a0ed2c5e4eff8bc0755bed96aa6e: Time spent starting tablet: real 0.007s	user 0.005s	sys 0.003s
I20260608 12:40:20.335680  3654 tablet_bootstrap.cc:492] T d93e3715dc8446fea8e07d2923dda203 P 2304a0ed2c5e4eff8bc0755bed96aa6e: Bootstrap starting.
I20260608 12:40:20.337056  3657 ts_tablet_manager.cc:1434] T b033d23b1c9c4e78995d78d4942fba50 P 799c796ef24f488e8889381a9179ad08: Time spent starting tablet: real 0.016s	user 0.003s	sys 0.011s
I20260608 12:40:20.342279  3654 tablet_bootstrap.cc:654] T d93e3715dc8446fea8e07d2923dda203 P 2304a0ed2c5e4eff8bc0755bed96aa6e: Neither blocks nor log segments found. Creating new log.
I20260608 12:40:20.357244  3657 tablet_bootstrap.cc:492] T 08cb1fb3432749da92db84d2748b6e15 P 799c796ef24f488e8889381a9179ad08: Bootstrap starting.
I20260608 12:40:20.359875  3654 tablet_bootstrap.cc:492] T d93e3715dc8446fea8e07d2923dda203 P 2304a0ed2c5e4eff8bc0755bed96aa6e: No bootstrap required, opened a new log
I20260608 12:40:20.360364  3654 ts_tablet_manager.cc:1403] T d93e3715dc8446fea8e07d2923dda203 P 2304a0ed2c5e4eff8bc0755bed96aa6e: Time spent bootstrapping tablet: real 0.025s	user 0.009s	sys 0.012s
I20260608 12:40:20.362880  3654 raft_consensus.cc:359] T d93e3715dc8446fea8e07d2923dda203 P 2304a0ed2c5e4eff8bc0755bed96aa6e [term 0 FOLLOWER]: Replica starting. Triggering 0 pending ops. Active config: opid_index: -1 OBSOLETE_local: false peers { permanent_uuid: "2304a0ed2c5e4eff8bc0755bed96aa6e" member_type: VOTER last_known_addr { host: "127.0.107.193" port: 39365 } } peers { permanent_uuid: "799c796ef24f488e8889381a9179ad08" member_type: VOTER last_known_addr { host: "127.0.107.194" port: 36677 } } peers { permanent_uuid: "8e08768002434142a590f58f8e032e83" member_type: VOTER last_known_addr { host: "127.0.107.195" port: 39343 } }
I20260608 12:40:20.363709  3654 raft_consensus.cc:385] T d93e3715dc8446fea8e07d2923dda203 P 2304a0ed2c5e4eff8bc0755bed96aa6e [term 0 FOLLOWER]: Consensus starting up: Expiring failure detector timer to make a prompt election more likely
I20260608 12:40:20.363996  3654 raft_consensus.cc:740] T d93e3715dc8446fea8e07d2923dda203 P 2304a0ed2c5e4eff8bc0755bed96aa6e [term 0 FOLLOWER]: Becoming Follower/Learner. State: Replica: 2304a0ed2c5e4eff8bc0755bed96aa6e, State: Initialized, Role: FOLLOWER
I20260608 12:40:20.364874  3657 tablet_bootstrap.cc:654] T 08cb1fb3432749da92db84d2748b6e15 P 799c796ef24f488e8889381a9179ad08: Neither blocks nor log segments found. Creating new log.
I20260608 12:40:20.364696  3654 consensus_queue.cc:260] T d93e3715dc8446fea8e07d2923dda203 P 2304a0ed2c5e4eff8bc0755bed96aa6e [NON_LEADER]: Queue going to NON_LEADER mode. State: All replicated index: 0, Majority replicated index: 0, Committed index: 0, Last appended: 0.0, Last appended by leader: 0, Current term: 0, Majority size: -1, State: 0, Mode: NON_LEADER, active raft config: opid_index: -1 OBSOLETE_local: false peers { permanent_uuid: "2304a0ed2c5e4eff8bc0755bed96aa6e" member_type: VOTER last_known_addr { host: "127.0.107.193" port: 39365 } } peers { permanent_uuid: "799c796ef24f488e8889381a9179ad08" member_type: VOTER last_known_addr { host: "127.0.107.194" port: 36677 } } peers { permanent_uuid: "8e08768002434142a590f58f8e032e83" member_type: VOTER last_known_addr { host: "127.0.107.195" port: 39343 } }
I20260608 12:40:20.365288  3655 tablet_bootstrap.cc:492] T b033d23b1c9c4e78995d78d4942fba50 P 8e08768002434142a590f58f8e032e83: No bootstrap required, opened a new log
I20260608 12:40:20.365854  3655 ts_tablet_manager.cc:1403] T b033d23b1c9c4e78995d78d4942fba50 P 8e08768002434142a590f58f8e032e83: Time spent bootstrapping tablet: real 0.041s	user 0.022s	sys 0.015s
I20260608 12:40:20.366912  3654 ts_tablet_manager.cc:1434] T d93e3715dc8446fea8e07d2923dda203 P 2304a0ed2c5e4eff8bc0755bed96aa6e: Time spent starting tablet: real 0.006s	user 0.007s	sys 0.000s
I20260608 12:40:20.367983  3654 tablet_bootstrap.cc:492] T 5b5e191f4d3540da8ea7fe64e27a3dbf P 2304a0ed2c5e4eff8bc0755bed96aa6e: Bootstrap starting.
I20260608 12:40:20.369452  3655 raft_consensus.cc:359] T b033d23b1c9c4e78995d78d4942fba50 P 8e08768002434142a590f58f8e032e83 [term 0 FOLLOWER]: Replica starting. Triggering 0 pending ops. Active config: opid_index: -1 OBSOLETE_local: false peers { permanent_uuid: "799c796ef24f488e8889381a9179ad08" member_type: VOTER last_known_addr { host: "127.0.107.194" port: 36677 } } peers { permanent_uuid: "2304a0ed2c5e4eff8bc0755bed96aa6e" member_type: VOTER last_known_addr { host: "127.0.107.193" port: 39365 } } peers { permanent_uuid: "8e08768002434142a590f58f8e032e83" member_type: VOTER last_known_addr { host: "127.0.107.195" port: 39343 } }
I20260608 12:40:20.370528  3655 raft_consensus.cc:385] T b033d23b1c9c4e78995d78d4942fba50 P 8e08768002434142a590f58f8e032e83 [term 0 FOLLOWER]: Consensus starting up: Expiring failure detector timer to make a prompt election more likely
I20260608 12:40:20.370924  3655 raft_consensus.cc:740] T b033d23b1c9c4e78995d78d4942fba50 P 8e08768002434142a590f58f8e032e83 [term 0 FOLLOWER]: Becoming Follower/Learner. State: Replica: 8e08768002434142a590f58f8e032e83, State: Initialized, Role: FOLLOWER
I20260608 12:40:20.372089  3655 consensus_queue.cc:260] T b033d23b1c9c4e78995d78d4942fba50 P 8e08768002434142a590f58f8e032e83 [NON_LEADER]: Queue going to NON_LEADER mode. State: All replicated index: 0, Majority replicated index: 0, Committed index: 0, Last appended: 0.0, Last appended by leader: 0, Current term: 0, Majority size: -1, State: 0, Mode: NON_LEADER, active raft config: opid_index: -1 OBSOLETE_local: false peers { permanent_uuid: "799c796ef24f488e8889381a9179ad08" member_type: VOTER last_known_addr { host: "127.0.107.194" port: 36677 } } peers { permanent_uuid: "2304a0ed2c5e4eff8bc0755bed96aa6e" member_type: VOTER last_known_addr { host: "127.0.107.193" port: 39365 } } peers { permanent_uuid: "8e08768002434142a590f58f8e032e83" member_type: VOTER last_known_addr { host: "127.0.107.195" port: 39343 } }
I20260608 12:40:20.375430  3654 tablet_bootstrap.cc:654] T 5b5e191f4d3540da8ea7fe64e27a3dbf P 2304a0ed2c5e4eff8bc0755bed96aa6e: Neither blocks nor log segments found. Creating new log.
I20260608 12:40:20.375449  3655 ts_tablet_manager.cc:1434] T b033d23b1c9c4e78995d78d4942fba50 P 8e08768002434142a590f58f8e032e83: Time spent starting tablet: real 0.009s	user 0.008s	sys 0.000s
I20260608 12:40:20.378597  3655 tablet_bootstrap.cc:492] T 5b5e191f4d3540da8ea7fe64e27a3dbf P 8e08768002434142a590f58f8e032e83: Bootstrap starting.
I20260608 12:40:20.383008  3657 tablet_bootstrap.cc:492] T 08cb1fb3432749da92db84d2748b6e15 P 799c796ef24f488e8889381a9179ad08: No bootstrap required, opened a new log
I20260608 12:40:20.383598  3657 ts_tablet_manager.cc:1403] T 08cb1fb3432749da92db84d2748b6e15 P 799c796ef24f488e8889381a9179ad08: Time spent bootstrapping tablet: real 0.027s	user 0.013s	sys 0.008s
I20260608 12:40:20.385777  3655 tablet_bootstrap.cc:654] T 5b5e191f4d3540da8ea7fe64e27a3dbf P 8e08768002434142a590f58f8e032e83: Neither blocks nor log segments found. Creating new log.
I20260608 12:40:20.386994  3657 raft_consensus.cc:359] T 08cb1fb3432749da92db84d2748b6e15 P 799c796ef24f488e8889381a9179ad08 [term 0 FOLLOWER]: Replica starting. Triggering 0 pending ops. Active config: opid_index: -1 OBSOLETE_local: false peers { permanent_uuid: "2304a0ed2c5e4eff8bc0755bed96aa6e" member_type: VOTER last_known_addr { host: "127.0.107.193" port: 39365 } } peers { permanent_uuid: "799c796ef24f488e8889381a9179ad08" member_type: VOTER last_known_addr { host: "127.0.107.194" port: 36677 } } peers { permanent_uuid: "8e08768002434142a590f58f8e032e83" member_type: VOTER last_known_addr { host: "127.0.107.195" port: 39343 } }
I20260608 12:40:20.387775  3657 raft_consensus.cc:385] T 08cb1fb3432749da92db84d2748b6e15 P 799c796ef24f488e8889381a9179ad08 [term 0 FOLLOWER]: Consensus starting up: Expiring failure detector timer to make a prompt election more likely
I20260608 12:40:20.388090  3657 raft_consensus.cc:740] T 08cb1fb3432749da92db84d2748b6e15 P 799c796ef24f488e8889381a9179ad08 [term 0 FOLLOWER]: Becoming Follower/Learner. State: Replica: 799c796ef24f488e8889381a9179ad08, State: Initialized, Role: FOLLOWER
I20260608 12:40:20.389106  3657 consensus_queue.cc:260] T 08cb1fb3432749da92db84d2748b6e15 P 799c796ef24f488e8889381a9179ad08 [NON_LEADER]: Queue going to NON_LEADER mode. State: All replicated index: 0, Majority replicated index: 0, Committed index: 0, Last appended: 0.0, Last appended by leader: 0, Current term: 0, Majority size: -1, State: 0, Mode: NON_LEADER, active raft config: opid_index: -1 OBSOLETE_local: false peers { permanent_uuid: "2304a0ed2c5e4eff8bc0755bed96aa6e" member_type: VOTER last_known_addr { host: "127.0.107.193" port: 39365 } } peers { permanent_uuid: "799c796ef24f488e8889381a9179ad08" member_type: VOTER last_known_addr { host: "127.0.107.194" port: 36677 } } peers { permanent_uuid: "8e08768002434142a590f58f8e032e83" member_type: VOTER last_known_addr { host: "127.0.107.195" port: 39343 } }
I20260608 12:40:20.392170  3657 ts_tablet_manager.cc:1434] T 08cb1fb3432749da92db84d2748b6e15 P 799c796ef24f488e8889381a9179ad08: Time spent starting tablet: real 0.008s	user 0.001s	sys 0.006s
I20260608 12:40:20.393545  3657 tablet_bootstrap.cc:492] T ad1526a83917420b969b41c791efdaf7 P 799c796ef24f488e8889381a9179ad08: Bootstrap starting.
I20260608 12:40:20.401387  3654 tablet_bootstrap.cc:492] T 5b5e191f4d3540da8ea7fe64e27a3dbf P 2304a0ed2c5e4eff8bc0755bed96aa6e: No bootstrap required, opened a new log
I20260608 12:40:20.401930  3654 ts_tablet_manager.cc:1403] T 5b5e191f4d3540da8ea7fe64e27a3dbf P 2304a0ed2c5e4eff8bc0755bed96aa6e: Time spent bootstrapping tablet: real 0.034s	user 0.019s	sys 0.011s
I20260608 12:40:20.402490  3657 tablet_bootstrap.cc:654] T ad1526a83917420b969b41c791efdaf7 P 799c796ef24f488e8889381a9179ad08: Neither blocks nor log segments found. Creating new log.
I20260608 12:40:20.402449  3655 tablet_bootstrap.cc:492] T 5b5e191f4d3540da8ea7fe64e27a3dbf P 8e08768002434142a590f58f8e032e83: No bootstrap required, opened a new log
I20260608 12:40:20.404824  3655 ts_tablet_manager.cc:1403] T 5b5e191f4d3540da8ea7fe64e27a3dbf P 8e08768002434142a590f58f8e032e83: Time spent bootstrapping tablet: real 0.026s	user 0.008s	sys 0.011s
I20260608 12:40:20.404944  3654 raft_consensus.cc:359] T 5b5e191f4d3540da8ea7fe64e27a3dbf P 2304a0ed2c5e4eff8bc0755bed96aa6e [term 0 FOLLOWER]: Replica starting. Triggering 0 pending ops. Active config: opid_index: -1 OBSOLETE_local: false peers { permanent_uuid: "2304a0ed2c5e4eff8bc0755bed96aa6e" member_type: VOTER last_known_addr { host: "127.0.107.193" port: 39365 } } peers { permanent_uuid: "799c796ef24f488e8889381a9179ad08" member_type: VOTER last_known_addr { host: "127.0.107.194" port: 36677 } } peers { permanent_uuid: "8e08768002434142a590f58f8e032e83" member_type: VOTER last_known_addr { host: "127.0.107.195" port: 39343 } }
I20260608 12:40:20.405767  3654 raft_consensus.cc:385] T 5b5e191f4d3540da8ea7fe64e27a3dbf P 2304a0ed2c5e4eff8bc0755bed96aa6e [term 0 FOLLOWER]: Consensus starting up: Expiring failure detector timer to make a prompt election more likely
I20260608 12:40:20.406121  3654 raft_consensus.cc:740] T 5b5e191f4d3540da8ea7fe64e27a3dbf P 2304a0ed2c5e4eff8bc0755bed96aa6e [term 0 FOLLOWER]: Becoming Follower/Learner. State: Replica: 2304a0ed2c5e4eff8bc0755bed96aa6e, State: Initialized, Role: FOLLOWER
I20260608 12:40:20.406925  3654 consensus_queue.cc:260] T 5b5e191f4d3540da8ea7fe64e27a3dbf P 2304a0ed2c5e4eff8bc0755bed96aa6e [NON_LEADER]: Queue going to NON_LEADER mode. State: All replicated index: 0, Majority replicated index: 0, Committed index: 0, Last appended: 0.0, Last appended by leader: 0, Current term: 0, Majority size: -1, State: 0, Mode: NON_LEADER, active raft config: opid_index: -1 OBSOLETE_local: false peers { permanent_uuid: "2304a0ed2c5e4eff8bc0755bed96aa6e" member_type: VOTER last_known_addr { host: "127.0.107.193" port: 39365 } } peers { permanent_uuid: "799c796ef24f488e8889381a9179ad08" member_type: VOTER last_known_addr { host: "127.0.107.194" port: 36677 } } peers { permanent_uuid: "8e08768002434142a590f58f8e032e83" member_type: VOTER last_known_addr { host: "127.0.107.195" port: 39343 } }
I20260608 12:40:20.409283  3654 ts_tablet_manager.cc:1434] T 5b5e191f4d3540da8ea7fe64e27a3dbf P 2304a0ed2c5e4eff8bc0755bed96aa6e: Time spent starting tablet: real 0.007s	user 0.004s	sys 0.000s
I20260608 12:40:20.409075  3655 raft_consensus.cc:359] T 5b5e191f4d3540da8ea7fe64e27a3dbf P 8e08768002434142a590f58f8e032e83 [term 0 FOLLOWER]: Replica starting. Triggering 0 pending ops. Active config: opid_index: -1 OBSOLETE_local: false peers { permanent_uuid: "2304a0ed2c5e4eff8bc0755bed96aa6e" member_type: VOTER last_known_addr { host: "127.0.107.193" port: 39365 } } peers { permanent_uuid: "799c796ef24f488e8889381a9179ad08" member_type: VOTER last_known_addr { host: "127.0.107.194" port: 36677 } } peers { permanent_uuid: "8e08768002434142a590f58f8e032e83" member_type: VOTER last_known_addr { host: "127.0.107.195" port: 39343 } }
I20260608 12:40:20.410162  3655 raft_consensus.cc:385] T 5b5e191f4d3540da8ea7fe64e27a3dbf P 8e08768002434142a590f58f8e032e83 [term 0 FOLLOWER]: Consensus starting up: Expiring failure detector timer to make a prompt election more likely
I20260608 12:40:20.410693  3655 raft_consensus.cc:740] T 5b5e191f4d3540da8ea7fe64e27a3dbf P 8e08768002434142a590f58f8e032e83 [term 0 FOLLOWER]: Becoming Follower/Learner. State: Replica: 8e08768002434142a590f58f8e032e83, State: Initialized, Role: FOLLOWER
I20260608 12:40:20.410331  3654 tablet_bootstrap.cc:492] T 560a72135516477d8bf129ccec2543c5 P 2304a0ed2c5e4eff8bc0755bed96aa6e: Bootstrap starting.
I20260608 12:40:20.411965  3655 consensus_queue.cc:260] T 5b5e191f4d3540da8ea7fe64e27a3dbf P 8e08768002434142a590f58f8e032e83 [NON_LEADER]: Queue going to NON_LEADER mode. State: All replicated index: 0, Majority replicated index: 0, Committed index: 0, Last appended: 0.0, Last appended by leader: 0, Current term: 0, Majority size: -1, State: 0, Mode: NON_LEADER, active raft config: opid_index: -1 OBSOLETE_local: false peers { permanent_uuid: "2304a0ed2c5e4eff8bc0755bed96aa6e" member_type: VOTER last_known_addr { host: "127.0.107.193" port: 39365 } } peers { permanent_uuid: "799c796ef24f488e8889381a9179ad08" member_type: VOTER last_known_addr { host: "127.0.107.194" port: 36677 } } peers { permanent_uuid: "8e08768002434142a590f58f8e032e83" member_type: VOTER last_known_addr { host: "127.0.107.195" port: 39343 } }
I20260608 12:40:20.413769  3657 tablet_bootstrap.cc:492] T ad1526a83917420b969b41c791efdaf7 P 799c796ef24f488e8889381a9179ad08: No bootstrap required, opened a new log
I20260608 12:40:20.414295  3657 ts_tablet_manager.cc:1403] T ad1526a83917420b969b41c791efdaf7 P 799c796ef24f488e8889381a9179ad08: Time spent bootstrapping tablet: real 0.021s	user 0.014s	sys 0.003s
I20260608 12:40:20.417232  3657 raft_consensus.cc:359] T ad1526a83917420b969b41c791efdaf7 P 799c796ef24f488e8889381a9179ad08 [term 0 FOLLOWER]: Replica starting. Triggering 0 pending ops. Active config: opid_index: -1 OBSOLETE_local: false peers { permanent_uuid: "2304a0ed2c5e4eff8bc0755bed96aa6e" member_type: VOTER last_known_addr { host: "127.0.107.193" port: 39365 } } peers { permanent_uuid: "799c796ef24f488e8889381a9179ad08" member_type: VOTER last_known_addr { host: "127.0.107.194" port: 36677 } } peers { permanent_uuid: "8e08768002434142a590f58f8e032e83" member_type: VOTER last_known_addr { host: "127.0.107.195" port: 39343 } }
I20260608 12:40:20.417933  3657 raft_consensus.cc:385] T ad1526a83917420b969b41c791efdaf7 P 799c796ef24f488e8889381a9179ad08 [term 0 FOLLOWER]: Consensus starting up: Expiring failure detector timer to make a prompt election more likely
I20260608 12:40:20.418205  3654 tablet_bootstrap.cc:654] T 560a72135516477d8bf129ccec2543c5 P 2304a0ed2c5e4eff8bc0755bed96aa6e: Neither blocks nor log segments found. Creating new log.
I20260608 12:40:20.418260  3657 raft_consensus.cc:740] T ad1526a83917420b969b41c791efdaf7 P 799c796ef24f488e8889381a9179ad08 [term 0 FOLLOWER]: Becoming Follower/Learner. State: Replica: 799c796ef24f488e8889381a9179ad08, State: Initialized, Role: FOLLOWER
I20260608 12:40:20.419471  3657 consensus_queue.cc:260] T ad1526a83917420b969b41c791efdaf7 P 799c796ef24f488e8889381a9179ad08 [NON_LEADER]: Queue going to NON_LEADER mode. State: All replicated index: 0, Majority replicated index: 0, Committed index: 0, Last appended: 0.0, Last appended by leader: 0, Current term: 0, Majority size: -1, State: 0, Mode: NON_LEADER, active raft config: opid_index: -1 OBSOLETE_local: false peers { permanent_uuid: "2304a0ed2c5e4eff8bc0755bed96aa6e" member_type: VOTER last_known_addr { host: "127.0.107.193" port: 39365 } } peers { permanent_uuid: "799c796ef24f488e8889381a9179ad08" member_type: VOTER last_known_addr { host: "127.0.107.194" port: 36677 } } peers { permanent_uuid: "8e08768002434142a590f58f8e032e83" member_type: VOTER last_known_addr { host: "127.0.107.195" port: 39343 } }
I20260608 12:40:20.422369  3655 ts_tablet_manager.cc:1434] T 5b5e191f4d3540da8ea7fe64e27a3dbf P 8e08768002434142a590f58f8e032e83: Time spent starting tablet: real 0.017s	user 0.009s	sys 0.000s
I20260608 12:40:20.424436  3657 ts_tablet_manager.cc:1434] T ad1526a83917420b969b41c791efdaf7 P 799c796ef24f488e8889381a9179ad08: Time spent starting tablet: real 0.010s	user 0.006s	sys 0.000s
I20260608 12:40:20.424842  3654 tablet_bootstrap.cc:492] T 560a72135516477d8bf129ccec2543c5 P 2304a0ed2c5e4eff8bc0755bed96aa6e: No bootstrap required, opened a new log
I20260608 12:40:20.425348  3654 ts_tablet_manager.cc:1403] T 560a72135516477d8bf129ccec2543c5 P 2304a0ed2c5e4eff8bc0755bed96aa6e: Time spent bootstrapping tablet: real 0.015s	user 0.012s	sys 0.000s
I20260608 12:40:20.425447  3657 tablet_bootstrap.cc:492] T e63edbdc3b6543ba96ad7bdb20dc432c P 799c796ef24f488e8889381a9179ad08: Bootstrap starting.
I20260608 12:40:20.428592  3654 raft_consensus.cc:359] T 560a72135516477d8bf129ccec2543c5 P 2304a0ed2c5e4eff8bc0755bed96aa6e [term 0 FOLLOWER]: Replica starting. Triggering 0 pending ops. Active config: opid_index: -1 OBSOLETE_local: false peers { permanent_uuid: "799c796ef24f488e8889381a9179ad08" member_type: VOTER last_known_addr { host: "127.0.107.194" port: 36677 } } peers { permanent_uuid: "2304a0ed2c5e4eff8bc0755bed96aa6e" member_type: VOTER last_known_addr { host: "127.0.107.193" port: 39365 } } peers { permanent_uuid: "8e08768002434142a590f58f8e032e83" member_type: VOTER last_known_addr { host: "127.0.107.195" port: 39343 } }
I20260608 12:40:20.429324  3654 raft_consensus.cc:385] T 560a72135516477d8bf129ccec2543c5 P 2304a0ed2c5e4eff8bc0755bed96aa6e [term 0 FOLLOWER]: Consensus starting up: Expiring failure detector timer to make a prompt election more likely
I20260608 12:40:20.429620  3654 raft_consensus.cc:740] T 560a72135516477d8bf129ccec2543c5 P 2304a0ed2c5e4eff8bc0755bed96aa6e [term 0 FOLLOWER]: Becoming Follower/Learner. State: Replica: 2304a0ed2c5e4eff8bc0755bed96aa6e, State: Initialized, Role: FOLLOWER
I20260608 12:40:20.430179  3655 tablet_bootstrap.cc:492] T 560a72135516477d8bf129ccec2543c5 P 8e08768002434142a590f58f8e032e83: Bootstrap starting.
I20260608 12:40:20.430402  3654 consensus_queue.cc:260] T 560a72135516477d8bf129ccec2543c5 P 2304a0ed2c5e4eff8bc0755bed96aa6e [NON_LEADER]: Queue going to NON_LEADER mode. State: All replicated index: 0, Majority replicated index: 0, Committed index: 0, Last appended: 0.0, Last appended by leader: 0, Current term: 0, Majority size: -1, State: 0, Mode: NON_LEADER, active raft config: opid_index: -1 OBSOLETE_local: false peers { permanent_uuid: "799c796ef24f488e8889381a9179ad08" member_type: VOTER last_known_addr { host: "127.0.107.194" port: 36677 } } peers { permanent_uuid: "2304a0ed2c5e4eff8bc0755bed96aa6e" member_type: VOTER last_known_addr { host: "127.0.107.193" port: 39365 } } peers { permanent_uuid: "8e08768002434142a590f58f8e032e83" member_type: VOTER last_known_addr { host: "127.0.107.195" port: 39343 } }
I20260608 12:40:20.432562  3657 tablet_bootstrap.cc:654] T e63edbdc3b6543ba96ad7bdb20dc432c P 799c796ef24f488e8889381a9179ad08: Neither blocks nor log segments found. Creating new log.
I20260608 12:40:20.432839  3654 ts_tablet_manager.cc:1434] T 560a72135516477d8bf129ccec2543c5 P 2304a0ed2c5e4eff8bc0755bed96aa6e: Time spent starting tablet: real 0.007s	user 0.000s	sys 0.004s
I20260608 12:40:20.433895  3654 tablet_bootstrap.cc:492] T 08cb1fb3432749da92db84d2748b6e15 P 2304a0ed2c5e4eff8bc0755bed96aa6e: Bootstrap starting.
I20260608 12:40:20.438042  3655 tablet_bootstrap.cc:654] T 560a72135516477d8bf129ccec2543c5 P 8e08768002434142a590f58f8e032e83: Neither blocks nor log segments found. Creating new log.
I20260608 12:40:20.440477  3654 tablet_bootstrap.cc:654] T 08cb1fb3432749da92db84d2748b6e15 P 2304a0ed2c5e4eff8bc0755bed96aa6e: Neither blocks nor log segments found. Creating new log.
I20260608 12:40:20.452623  3660 raft_consensus.cc:493] T ad1526a83917420b969b41c791efdaf7 P 8e08768002434142a590f58f8e032e83 [term 0 FOLLOWER]: Starting pre-election (no leader contacted us within the election timeout)
I20260608 12:40:20.454464  3660 raft_consensus.cc:515] T ad1526a83917420b969b41c791efdaf7 P 8e08768002434142a590f58f8e032e83 [term 0 FOLLOWER]: Starting pre-election with config: opid_index: -1 OBSOLETE_local: false peers { permanent_uuid: "2304a0ed2c5e4eff8bc0755bed96aa6e" member_type: VOTER last_known_addr { host: "127.0.107.193" port: 39365 } } peers { permanent_uuid: "799c796ef24f488e8889381a9179ad08" member_type: VOTER last_known_addr { host: "127.0.107.194" port: 36677 } } peers { permanent_uuid: "8e08768002434142a590f58f8e032e83" member_type: VOTER last_known_addr { host: "127.0.107.195" port: 39343 } }
I20260608 12:40:20.457432  3654 tablet_bootstrap.cc:492] T 08cb1fb3432749da92db84d2748b6e15 P 2304a0ed2c5e4eff8bc0755bed96aa6e: No bootstrap required, opened a new log
I20260608 12:40:20.457914  3654 ts_tablet_manager.cc:1403] T 08cb1fb3432749da92db84d2748b6e15 P 2304a0ed2c5e4eff8bc0755bed96aa6e: Time spent bootstrapping tablet: real 0.024s	user 0.019s	sys 0.000s
I20260608 12:40:20.458750  3660 leader_election.cc:290] T ad1526a83917420b969b41c791efdaf7 P 8e08768002434142a590f58f8e032e83 [CANDIDATE]: Term 1 pre-election: Requested pre-vote from peers 2304a0ed2c5e4eff8bc0755bed96aa6e (127.0.107.193:39365), 799c796ef24f488e8889381a9179ad08 (127.0.107.194:36677)
I20260608 12:40:20.462218  3654 raft_consensus.cc:359] T 08cb1fb3432749da92db84d2748b6e15 P 2304a0ed2c5e4eff8bc0755bed96aa6e [term 0 FOLLOWER]: Replica starting. Triggering 0 pending ops. Active config: opid_index: -1 OBSOLETE_local: false peers { permanent_uuid: "2304a0ed2c5e4eff8bc0755bed96aa6e" member_type: VOTER last_known_addr { host: "127.0.107.193" port: 39365 } } peers { permanent_uuid: "799c796ef24f488e8889381a9179ad08" member_type: VOTER last_known_addr { host: "127.0.107.194" port: 36677 } } peers { permanent_uuid: "8e08768002434142a590f58f8e032e83" member_type: VOTER last_known_addr { host: "127.0.107.195" port: 39343 } }
I20260608 12:40:20.464044  3655 tablet_bootstrap.cc:492] T 560a72135516477d8bf129ccec2543c5 P 8e08768002434142a590f58f8e032e83: No bootstrap required, opened a new log
I20260608 12:40:20.464004  3654 raft_consensus.cc:385] T 08cb1fb3432749da92db84d2748b6e15 P 2304a0ed2c5e4eff8bc0755bed96aa6e [term 0 FOLLOWER]: Consensus starting up: Expiring failure detector timer to make a prompt election more likely
I20260608 12:40:20.464787  3655 ts_tablet_manager.cc:1403] T 560a72135516477d8bf129ccec2543c5 P 8e08768002434142a590f58f8e032e83: Time spent bootstrapping tablet: real 0.035s	user 0.015s	sys 0.016s
I20260608 12:40:20.464785  3654 raft_consensus.cc:740] T 08cb1fb3432749da92db84d2748b6e15 P 2304a0ed2c5e4eff8bc0755bed96aa6e [term 0 FOLLOWER]: Becoming Follower/Learner. State: Replica: 2304a0ed2c5e4eff8bc0755bed96aa6e, State: Initialized, Role: FOLLOWER
I20260608 12:40:20.465562  3657 tablet_bootstrap.cc:492] T e63edbdc3b6543ba96ad7bdb20dc432c P 799c796ef24f488e8889381a9179ad08: No bootstrap required, opened a new log
I20260608 12:40:20.466148  3657 ts_tablet_manager.cc:1403] T e63edbdc3b6543ba96ad7bdb20dc432c P 799c796ef24f488e8889381a9179ad08: Time spent bootstrapping tablet: real 0.041s	user 0.022s	sys 0.007s
I20260608 12:40:20.466624  3654 consensus_queue.cc:260] T 08cb1fb3432749da92db84d2748b6e15 P 2304a0ed2c5e4eff8bc0755bed96aa6e [NON_LEADER]: Queue going to NON_LEADER mode. State: All replicated index: 0, Majority replicated index: 0, Committed index: 0, Last appended: 0.0, Last appended by leader: 0, Current term: 0, Majority size: -1, State: 0, Mode: NON_LEADER, active raft config: opid_index: -1 OBSOLETE_local: false peers { permanent_uuid: "2304a0ed2c5e4eff8bc0755bed96aa6e" member_type: VOTER last_known_addr { host: "127.0.107.193" port: 39365 } } peers { permanent_uuid: "799c796ef24f488e8889381a9179ad08" member_type: VOTER last_known_addr { host: "127.0.107.194" port: 36677 } } peers { permanent_uuid: "8e08768002434142a590f58f8e032e83" member_type: VOTER last_known_addr { host: "127.0.107.195" port: 39343 } }
I20260608 12:40:20.467409  3663 raft_consensus.cc:493] T b033d23b1c9c4e78995d78d4942fba50 P 799c796ef24f488e8889381a9179ad08 [term 0 FOLLOWER]: Starting pre-election (no leader contacted us within the election timeout)
I20260608 12:40:20.468027  3663 raft_consensus.cc:515] T b033d23b1c9c4e78995d78d4942fba50 P 799c796ef24f488e8889381a9179ad08 [term 0 FOLLOWER]: Starting pre-election with config: opid_index: -1 OBSOLETE_local: false peers { permanent_uuid: "799c796ef24f488e8889381a9179ad08" member_type: VOTER last_known_addr { host: "127.0.107.194" port: 36677 } } peers { permanent_uuid: "2304a0ed2c5e4eff8bc0755bed96aa6e" member_type: VOTER last_known_addr { host: "127.0.107.193" port: 39365 } } peers { permanent_uuid: "8e08768002434142a590f58f8e032e83" member_type: VOTER last_known_addr { host: "127.0.107.195" port: 39343 } }
I20260608 12:40:20.469261  3657 raft_consensus.cc:359] T e63edbdc3b6543ba96ad7bdb20dc432c P 799c796ef24f488e8889381a9179ad08 [term 0 FOLLOWER]: Replica starting. Triggering 0 pending ops. Active config: opid_index: -1 OBSOLETE_local: false peers { permanent_uuid: "2304a0ed2c5e4eff8bc0755bed96aa6e" member_type: VOTER last_known_addr { host: "127.0.107.193" port: 39365 } } peers { permanent_uuid: "799c796ef24f488e8889381a9179ad08" member_type: VOTER last_known_addr { host: "127.0.107.194" port: 36677 } } peers { permanent_uuid: "8e08768002434142a590f58f8e032e83" member_type: VOTER last_known_addr { host: "127.0.107.195" port: 39343 } }
I20260608 12:40:20.469978  3657 raft_consensus.cc:385] T e63edbdc3b6543ba96ad7bdb20dc432c P 799c796ef24f488e8889381a9179ad08 [term 0 FOLLOWER]: Consensus starting up: Expiring failure detector timer to make a prompt election more likely
I20260608 12:40:20.470304  3657 raft_consensus.cc:740] T e63edbdc3b6543ba96ad7bdb20dc432c P 799c796ef24f488e8889381a9179ad08 [term 0 FOLLOWER]: Becoming Follower/Learner. State: Replica: 799c796ef24f488e8889381a9179ad08, State: Initialized, Role: FOLLOWER
I20260608 12:40:20.471197  3657 consensus_queue.cc:260] T e63edbdc3b6543ba96ad7bdb20dc432c P 799c796ef24f488e8889381a9179ad08 [NON_LEADER]: Queue going to NON_LEADER mode. State: All replicated index: 0, Majority replicated index: 0, Committed index: 0, Last appended: 0.0, Last appended by leader: 0, Current term: 0, Majority size: -1, State: 0, Mode: NON_LEADER, active raft config: opid_index: -1 OBSOLETE_local: false peers { permanent_uuid: "2304a0ed2c5e4eff8bc0755bed96aa6e" member_type: VOTER last_known_addr { host: "127.0.107.193" port: 39365 } } peers { permanent_uuid: "799c796ef24f488e8889381a9179ad08" member_type: VOTER last_known_addr { host: "127.0.107.194" port: 36677 } } peers { permanent_uuid: "8e08768002434142a590f58f8e032e83" member_type: VOTER last_known_addr { host: "127.0.107.195" port: 39343 } }
I20260608 12:40:20.477289  3654 ts_tablet_manager.cc:1434] T 08cb1fb3432749da92db84d2748b6e15 P 2304a0ed2c5e4eff8bc0755bed96aa6e: Time spent starting tablet: real 0.019s	user 0.007s	sys 0.001s
I20260608 12:40:20.477175  3663 leader_election.cc:290] T b033d23b1c9c4e78995d78d4942fba50 P 799c796ef24f488e8889381a9179ad08 [CANDIDATE]: Term 1 pre-election: Requested pre-vote from peers 2304a0ed2c5e4eff8bc0755bed96aa6e (127.0.107.193:39365), 8e08768002434142a590f58f8e032e83 (127.0.107.195:39343)
I20260608 12:40:20.478701  3654 tablet_bootstrap.cc:492] T ad1526a83917420b969b41c791efdaf7 P 2304a0ed2c5e4eff8bc0755bed96aa6e: Bootstrap starting.
I20260608 12:40:20.481849  3655 raft_consensus.cc:359] T 560a72135516477d8bf129ccec2543c5 P 8e08768002434142a590f58f8e032e83 [term 0 FOLLOWER]: Replica starting. Triggering 0 pending ops. Active config: opid_index: -1 OBSOLETE_local: false peers { permanent_uuid: "799c796ef24f488e8889381a9179ad08" member_type: VOTER last_known_addr { host: "127.0.107.194" port: 36677 } } peers { permanent_uuid: "2304a0ed2c5e4eff8bc0755bed96aa6e" member_type: VOTER last_known_addr { host: "127.0.107.193" port: 39365 } } peers { permanent_uuid: "8e08768002434142a590f58f8e032e83" member_type: VOTER last_known_addr { host: "127.0.107.195" port: 39343 } }
I20260608 12:40:20.482784  3655 raft_consensus.cc:385] T 560a72135516477d8bf129ccec2543c5 P 8e08768002434142a590f58f8e032e83 [term 0 FOLLOWER]: Consensus starting up: Expiring failure detector timer to make a prompt election more likely
I20260608 12:40:20.483084  3655 raft_consensus.cc:740] T 560a72135516477d8bf129ccec2543c5 P 8e08768002434142a590f58f8e032e83 [term 0 FOLLOWER]: Becoming Follower/Learner. State: Replica: 8e08768002434142a590f58f8e032e83, State: Initialized, Role: FOLLOWER
I20260608 12:40:20.485882  3654 tablet_bootstrap.cc:654] T ad1526a83917420b969b41c791efdaf7 P 2304a0ed2c5e4eff8bc0755bed96aa6e: Neither blocks nor log segments found. Creating new log.
I20260608 12:40:20.488996  3655 consensus_queue.cc:260] T 560a72135516477d8bf129ccec2543c5 P 8e08768002434142a590f58f8e032e83 [NON_LEADER]: Queue going to NON_LEADER mode. State: All replicated index: 0, Majority replicated index: 0, Committed index: 0, Last appended: 0.0, Last appended by leader: 0, Current term: 0, Majority size: -1, State: 0, Mode: NON_LEADER, active raft config: opid_index: -1 OBSOLETE_local: false peers { permanent_uuid: "799c796ef24f488e8889381a9179ad08" member_type: VOTER last_known_addr { host: "127.0.107.194" port: 36677 } } peers { permanent_uuid: "2304a0ed2c5e4eff8bc0755bed96aa6e" member_type: VOTER last_known_addr { host: "127.0.107.193" port: 39365 } } peers { permanent_uuid: "8e08768002434142a590f58f8e032e83" member_type: VOTER last_known_addr { host: "127.0.107.195" port: 39343 } }
I20260608 12:40:20.491741  3655 ts_tablet_manager.cc:1434] T 560a72135516477d8bf129ccec2543c5 P 8e08768002434142a590f58f8e032e83: Time spent starting tablet: real 0.026s	user 0.005s	sys 0.002s
I20260608 12:40:20.492795  3655 tablet_bootstrap.cc:492] T e63edbdc3b6543ba96ad7bdb20dc432c P 8e08768002434142a590f58f8e032e83: Bootstrap starting.
I20260608 12:40:20.506596  3657 ts_tablet_manager.cc:1434] T e63edbdc3b6543ba96ad7bdb20dc432c P 799c796ef24f488e8889381a9179ad08: Time spent starting tablet: real 0.040s	user 0.007s	sys 0.004s
I20260608 12:40:20.507916  3657 tablet_bootstrap.cc:492] T 5b5e191f4d3540da8ea7fe64e27a3dbf P 799c796ef24f488e8889381a9179ad08: Bootstrap starting.
I20260608 12:40:20.510586  3655 tablet_bootstrap.cc:654] T e63edbdc3b6543ba96ad7bdb20dc432c P 8e08768002434142a590f58f8e032e83: Neither blocks nor log segments found. Creating new log.
I20260608 12:40:20.516377  3535 tablet_service.cc:1917] Received RequestConsensusVote() RPC: tablet_id: "ad1526a83917420b969b41c791efdaf7" candidate_uuid: "8e08768002434142a590f58f8e032e83" candidate_term: 1 candidate_status { last_received { term: 0 index: 0 } } ignore_live_leader: false dest_uuid: "799c796ef24f488e8889381a9179ad08" is_pre_election: true
I20260608 12:40:20.517356  3535 raft_consensus.cc:2468] T ad1526a83917420b969b41c791efdaf7 P 799c796ef24f488e8889381a9179ad08 [term 0 FOLLOWER]: Leader pre-election vote request: Granting yes vote for candidate 8e08768002434142a590f58f8e032e83 in term 0.
