I20260608 13:02:54.221956 32762 consensus_queue.cc:1048] T 6174592cd7df400c82a4573a018cf117 P 5dfcc4f7c18d453bb2d16685658e3303 [LEADER]: Connected to new peer: Peer: permanent_uuid: "a95171982746439d975a2c4bb203c511" member_type: VOTER last_known_addr { host: "127.28.160.67" port: 42955 }, Status: LMP_MISMATCH, Last received: 0.0, Next index: 2, Last known committed idx: 1, Time since last communication: 0.000s
I20260608 13:02:54.225628 32303 raft_consensus.cc:2468] T dd201b8371e14cc0adc215abf27438a4 P 6bec620bff72409188135a67f1634925 [term 2 FOLLOWER]: Leader election vote request: Granting yes vote for candidate 5dfcc4f7c18d453bb2d16685658e3303 in term 2.
I20260608 13:02:54.226883 32726 consensus_queue.cc:1048] T 6174592cd7df400c82a4573a018cf117 P 5dfcc4f7c18d453bb2d16685658e3303 [LEADER]: Connected to new peer: Peer: permanent_uuid: "6bec620bff72409188135a67f1634925" member_type: VOTER last_known_addr { host: "127.28.160.65" port: 41681 } attrs { replace: true }, Status: LMP_MISMATCH, Last received: 0.0, Next index: 2, Last known committed idx: 1, Time since last communication: 0.000s
I20260608 13:02:54.228288 32343 leader_election.cc:304] T dd201b8371e14cc0adc215abf27438a4 P 5dfcc4f7c18d453bb2d16685658e3303 [CANDIDATE]: Term 2 election: Election decided. Result: candidate won. Election summary: received 2 responses out of 3 voters: 2 yes votes; 0 no votes. yes voters: 5dfcc4f7c18d453bb2d16685658e3303, 6bec620bff72409188135a67f1634925; no voters: 
I20260608 13:02:54.229769 32726 raft_consensus.cc:2804] T dd201b8371e14cc0adc215abf27438a4 P 5dfcc4f7c18d453bb2d16685658e3303 [term 2 FOLLOWER]: Leader election won for term 2
I20260608 13:02:54.230333 32726 raft_consensus.cc:697] T dd201b8371e14cc0adc215abf27438a4 P 5dfcc4f7c18d453bb2d16685658e3303 [term 2 LEADER]: Becoming Leader. State: Replica: 5dfcc4f7c18d453bb2d16685658e3303, State: Running, Role: LEADER
I20260608 13:02:54.231293 32726 consensus_queue.cc:237] T dd201b8371e14cc0adc215abf27438a4 P 5dfcc4f7c18d453bb2d16685658e3303 [LEADER]: Queue going to LEADER mode. State: All replicated index: 0, Majority replicated index: 1, Committed index: 1, Last appended: 1.1, Last appended by leader: 1, Current term: 2, Majority size: 2, State: 0, Mode: LEADER, active raft config: opid_index: -1 OBSOLETE_local: false peers { permanent_uuid: "6bec620bff72409188135a67f1634925" member_type: VOTER last_known_addr { host: "127.28.160.65" port: 41681 } } peers { permanent_uuid: "5dfcc4f7c18d453bb2d16685658e3303" member_type: VOTER last_known_addr { host: "127.28.160.66" port: 42221 } } peers { permanent_uuid: "a95171982746439d975a2c4bb203c511" member_type: VOTER last_known_addr { host: "127.28.160.67" port: 42955 } }
I20260608 13:02:54.232312 32200 catalog_manager.cc:5696] T c4ecb049296146d285ef29730ec9f737 P 5dfcc4f7c18d453bb2d16685658e3303 reported cstate change: term changed from 1 to 2, leader changed from 6bec620bff72409188135a67f1634925 (127.28.160.65) to 5dfcc4f7c18d453bb2d16685658e3303 (127.28.160.66). New cstate: current_term: 2 leader_uuid: "5dfcc4f7c18d453bb2d16685658e3303" committed_config { opid_index: -1 OBSOLETE_local: false peers { permanent_uuid: "6bec620bff72409188135a67f1634925" member_type: VOTER last_known_addr { host: "127.28.160.65" port: 41681 } health_report { overall_health: UNKNOWN } } peers { permanent_uuid: "5dfcc4f7c18d453bb2d16685658e3303" member_type: VOTER last_known_addr { host: "127.28.160.66" port: 42221 } health_report { overall_health: HEALTHY } } peers { permanent_uuid: "a95171982746439d975a2c4bb203c511" member_type: VOTER last_known_addr { host: "127.28.160.67" port: 42955 } health_report { overall_health: UNKNOWN } } }
I20260608 13:02:54.214221 32451 raft_consensus.cc:2468] T dd201b8371e14cc0adc215abf27438a4 P a95171982746439d975a2c4bb203c511 [term 2 FOLLOWER]: Leader election vote request: Granting yes vote for candidate 5dfcc4f7c18d453bb2d16685658e3303 in term 2.
I20260608 13:02:54.246833 32764 raft_consensus.cc:2955] T 6174592cd7df400c82a4573a018cf117 P 5dfcc4f7c18d453bb2d16685658e3303 [term 1 LEADER]: Committing config change with OpId 1.2: config changed from index -1 to 2, NON_VOTER e322932a1d3948efb742099fc6998e68 (127.28.160.68) added. New config: { opid_index: 2 OBSOLETE_local: false peers { permanent_uuid: "5dfcc4f7c18d453bb2d16685658e3303" member_type: VOTER last_known_addr { host: "127.28.160.66" port: 42221 } } peers { permanent_uuid: "6bec620bff72409188135a67f1634925" member_type: VOTER last_known_addr { host: "127.28.160.65" port: 41681 } attrs { replace: true } } peers { permanent_uuid: "a95171982746439d975a2c4bb203c511" member_type: VOTER last_known_addr { host: "127.28.160.67" port: 42955 } } peers { permanent_uuid: "e322932a1d3948efb742099fc6998e68" member_type: NON_VOTER last_known_addr { host: "127.28.160.68" port: 36603 } attrs { promote: true } } }
I20260608 13:02:54.254227 32452 raft_consensus.cc:2955] T 6174592cd7df400c82a4573a018cf117 P a95171982746439d975a2c4bb203c511 [term 1 FOLLOWER]: Committing config change with OpId 1.2: config changed from index -1 to 2, NON_VOTER e322932a1d3948efb742099fc6998e68 (127.28.160.68) added. New config: { opid_index: 2 OBSOLETE_local: false peers { permanent_uuid: "5dfcc4f7c18d453bb2d16685658e3303" member_type: VOTER last_known_addr { host: "127.28.160.66" port: 42221 } } peers { permanent_uuid: "6bec620bff72409188135a67f1634925" member_type: VOTER last_known_addr { host: "127.28.160.65" port: 41681 } attrs { replace: true } } peers { permanent_uuid: "a95171982746439d975a2c4bb203c511" member_type: VOTER last_known_addr { host: "127.28.160.67" port: 42955 } } peers { permanent_uuid: "e322932a1d3948efb742099fc6998e68" member_type: NON_VOTER last_known_addr { host: "127.28.160.68" port: 36603 } attrs { promote: true } } }
I20260608 13:02:54.259473 32759 raft_consensus.cc:993] T f87986e58b85481b8150abe191e82071 P 6bec620bff72409188135a67f1634925: : Instructing follower a95171982746439d975a2c4bb203c511 to start an election
I20260608 13:02:54.260020 32759 raft_consensus.cc:1081] T f87986e58b85481b8150abe191e82071 P 6bec620bff72409188135a67f1634925 [term 1 LEADER]: Signalling peer a95171982746439d975a2c4bb203c511 to start an election
I20260608 13:02:54.260648 32200 catalog_manager.cc:5696] T dd201b8371e14cc0adc215abf27438a4 P 5dfcc4f7c18d453bb2d16685658e3303 reported cstate change: term changed from 1 to 2, leader changed from 6bec620bff72409188135a67f1634925 (127.28.160.65) to 5dfcc4f7c18d453bb2d16685658e3303 (127.28.160.66). New cstate: current_term: 2 leader_uuid: "5dfcc4f7c18d453bb2d16685658e3303" committed_config { opid_index: -1 OBSOLETE_local: false peers { permanent_uuid: "6bec620bff72409188135a67f1634925" member_type: VOTER last_known_addr { host: "127.28.160.65" port: 41681 } health_report { overall_health: UNKNOWN } } peers { permanent_uuid: "5dfcc4f7c18d453bb2d16685658e3303" member_type: VOTER last_known_addr { host: "127.28.160.66" port: 42221 } health_report { overall_health: HEALTHY } } peers { permanent_uuid: "a95171982746439d975a2c4bb203c511" member_type: VOTER last_known_addr { host: "127.28.160.67" port: 42955 } health_report { overall_health: UNKNOWN } } }
I20260608 13:02:54.262099 32451 tablet_service.cc:2044] Received Run Leader Election RPC: tablet_id: "f87986e58b85481b8150abe191e82071"
dest_uuid: "a95171982746439d975a2c4bb203c511"
 from {username='slave'} at 127.0.0.1:36106
I20260608 13:02:54.262701 32451 raft_consensus.cc:493] T f87986e58b85481b8150abe191e82071 P a95171982746439d975a2c4bb203c511 [term 1 FOLLOWER]: Starting forced leader election (received explicit request)
I20260608 13:02:54.263084 32451 raft_consensus.cc:3060] T f87986e58b85481b8150abe191e82071 P a95171982746439d975a2c4bb203c511 [term 1 FOLLOWER]: Advancing to term 2
I20260608 13:02:54.270262 32451 raft_consensus.cc:515] T f87986e58b85481b8150abe191e82071 P a95171982746439d975a2c4bb203c511 [term 2 FOLLOWER]: Starting forced leader election with config: opid_index: -1 OBSOLETE_local: false peers { permanent_uuid: "5dfcc4f7c18d453bb2d16685658e3303" member_type: VOTER last_known_addr { host: "127.28.160.66" port: 42221 } } peers { permanent_uuid: "6bec620bff72409188135a67f1634925" member_type: VOTER last_known_addr { host: "127.28.160.65" port: 41681 } } peers { permanent_uuid: "a95171982746439d975a2c4bb203c511" member_type: VOTER last_known_addr { host: "127.28.160.67" port: 42955 } }
I20260608 13:02:54.273370 32376 tablet_service.cc:1917] Received RequestConsensusVote() RPC: tablet_id: "f87986e58b85481b8150abe191e82071" candidate_uuid: "a95171982746439d975a2c4bb203c511" candidate_term: 2 candidate_status { last_received { term: 1 index: 1 } } ignore_live_leader: true dest_uuid: "5dfcc4f7c18d453bb2d16685658e3303"
I20260608 13:02:54.274015 32376 raft_consensus.cc:3060] T f87986e58b85481b8150abe191e82071 P 5dfcc4f7c18d453bb2d16685658e3303 [term 1 FOLLOWER]: Advancing to term 2
I20260608 13:02:54.277755 32202 catalog_manager.cc:5696] T 6174592cd7df400c82a4573a018cf117 P a95171982746439d975a2c4bb203c511 reported cstate change: config changed from index -1 to 2, NON_VOTER e322932a1d3948efb742099fc6998e68 (127.28.160.68) added. New cstate: current_term: 1 leader_uuid: "5dfcc4f7c18d453bb2d16685658e3303" committed_config { opid_index: 2 OBSOLETE_local: false peers { permanent_uuid: "5dfcc4f7c18d453bb2d16685658e3303" member_type: VOTER last_known_addr { host: "127.28.160.66" port: 42221 } } peers { permanent_uuid: "6bec620bff72409188135a67f1634925" member_type: VOTER last_known_addr { host: "127.28.160.65" port: 41681 } attrs { replace: true } } peers { permanent_uuid: "a95171982746439d975a2c4bb203c511" member_type: VOTER last_known_addr { host: "127.28.160.67" port: 42955 } } peers { permanent_uuid: "e322932a1d3948efb742099fc6998e68" member_type: NON_VOTER last_known_addr { host: "127.28.160.68" port: 36603 } attrs { promote: true } } }
I20260608 13:02:54.281180 32376 raft_consensus.cc:2468] T f87986e58b85481b8150abe191e82071 P 5dfcc4f7c18d453bb2d16685658e3303 [term 2 FOLLOWER]: Leader election vote request: Granting yes vote for candidate a95171982746439d975a2c4bb203c511 in term 2.
I20260608 13:02:54.282678 32417 leader_election.cc:304] T f87986e58b85481b8150abe191e82071 P a95171982746439d975a2c4bb203c511 [CANDIDATE]: Term 2 election: Election decided. Result: candidate won. Election summary: received 2 responses out of 3 voters: 2 yes votes; 0 no votes. yes voters: 5dfcc4f7c18d453bb2d16685658e3303, a95171982746439d975a2c4bb203c511; no voters: 
I20260608 13:02:54.283660 32557 raft_consensus.cc:2804] T f87986e58b85481b8150abe191e82071 P a95171982746439d975a2c4bb203c511 [term 2 FOLLOWER]: Leader election won for term 2
I20260608 13:02:54.284267 32557 raft_consensus.cc:697] T f87986e58b85481b8150abe191e82071 P a95171982746439d975a2c4bb203c511 [term 2 LEADER]: Becoming Leader. State: Replica: a95171982746439d975a2c4bb203c511, State: Running, Role: LEADER
I20260608 13:02:54.285156 32557 consensus_queue.cc:237] T f87986e58b85481b8150abe191e82071 P a95171982746439d975a2c4bb203c511 [LEADER]: Queue going to LEADER mode. State: All replicated index: 0, Majority replicated index: 1, Committed index: 1, Last appended: 1.1, Last appended by leader: 1, Current term: 2, Majority size: 2, State: 0, Mode: LEADER, active raft config: opid_index: -1 OBSOLETE_local: false peers { permanent_uuid: "5dfcc4f7c18d453bb2d16685658e3303" member_type: VOTER last_known_addr { host: "127.28.160.66" port: 42221 } } peers { permanent_uuid: "6bec620bff72409188135a67f1634925" member_type: VOTER last_known_addr { host: "127.28.160.65" port: 41681 } } peers { permanent_uuid: "a95171982746439d975a2c4bb203c511" member_type: VOTER last_known_addr { host: "127.28.160.67" port: 42955 } }
I20260608 13:02:54.287189 32451 leader_election.cc:290] T f87986e58b85481b8150abe191e82071 P a95171982746439d975a2c4bb203c511 [CANDIDATE]: Term 2 election: Requested vote from peers 5dfcc4f7c18d453bb2d16685658e3303 (127.28.160.66:42221), 6bec620bff72409188135a67f1634925 (127.28.160.65:41681)
I20260608 13:02:54.289809 32303 tablet_service.cc:1917] Received RequestConsensusVote() RPC: tablet_id: "f87986e58b85481b8150abe191e82071" candidate_uuid: "a95171982746439d975a2c4bb203c511" candidate_term: 2 candidate_status { last_received { term: 1 index: 1 } } ignore_live_leader: true dest_uuid: "6bec620bff72409188135a67f1634925"
I20260608 13:02:54.290416 32303 raft_consensus.cc:3055] T f87986e58b85481b8150abe191e82071 P 6bec620bff72409188135a67f1634925 [term 1 LEADER]: Stepping down as leader of term 1
I20260608 13:02:54.290782 32303 raft_consensus.cc:740] T f87986e58b85481b8150abe191e82071 P 6bec620bff72409188135a67f1634925 [term 1 LEADER]: Becoming Follower/Learner. State: Replica: 6bec620bff72409188135a67f1634925, State: Running, Role: LEADER
I20260608 13:02:54.291626 32303 consensus_queue.cc:260] T f87986e58b85481b8150abe191e82071 P 6bec620bff72409188135a67f1634925 [NON_LEADER]: Queue going to NON_LEADER mode. State: All replicated index: 0, Majority replicated index: 1, Committed index: 1, Last appended: 1.1, Last appended by leader: 1, Current term: 1, Majority size: -1, State: 0, Mode: NON_LEADER, active raft config: opid_index: -1 OBSOLETE_local: false peers { permanent_uuid: "5dfcc4f7c18d453bb2d16685658e3303" member_type: VOTER last_known_addr { host: "127.28.160.66" port: 42221 } } peers { permanent_uuid: "6bec620bff72409188135a67f1634925" member_type: VOTER last_known_addr { host: "127.28.160.65" port: 41681 } } peers { permanent_uuid: "a95171982746439d975a2c4bb203c511" member_type: VOTER last_known_addr { host: "127.28.160.67" port: 42955 } }
I20260608 13:02:54.292868 32303 raft_consensus.cc:3060] T f87986e58b85481b8150abe191e82071 P 6bec620bff72409188135a67f1634925 [term 1 FOLLOWER]: Advancing to term 2
I20260608 13:02:54.296736 32302 raft_consensus.cc:2955] T 6174592cd7df400c82a4573a018cf117 P 6bec620bff72409188135a67f1634925 [term 1 FOLLOWER]: Committing config change with OpId 1.2: config changed from index -1 to 2, NON_VOTER e322932a1d3948efb742099fc6998e68 (127.28.160.68) added. New config: { opid_index: 2 OBSOLETE_local: false peers { permanent_uuid: "5dfcc4f7c18d453bb2d16685658e3303" member_type: VOTER last_known_addr { host: "127.28.160.66" port: 42221 } } peers { permanent_uuid: "6bec620bff72409188135a67f1634925" member_type: VOTER last_known_addr { host: "127.28.160.65" port: 41681 } attrs { replace: true } } peers { permanent_uuid: "a95171982746439d975a2c4bb203c511" member_type: VOTER last_known_addr { host: "127.28.160.67" port: 42955 } } peers { permanent_uuid: "e322932a1d3948efb742099fc6998e68" member_type: NON_VOTER last_known_addr { host: "127.28.160.68" port: 36603 } attrs { promote: true } } }
I20260608 13:02:54.304939 32202 catalog_manager.cc:5696] T f87986e58b85481b8150abe191e82071 P a95171982746439d975a2c4bb203c511 reported cstate change: term changed from 1 to 2, leader changed from 6bec620bff72409188135a67f1634925 (127.28.160.65) to a95171982746439d975a2c4bb203c511 (127.28.160.67). New cstate: current_term: 2 leader_uuid: "a95171982746439d975a2c4bb203c511" committed_config { opid_index: -1 OBSOLETE_local: false peers { permanent_uuid: "5dfcc4f7c18d453bb2d16685658e3303" member_type: VOTER last_known_addr { host: "127.28.160.66" port: 42221 } health_report { overall_health: UNKNOWN } } peers { permanent_uuid: "6bec620bff72409188135a67f1634925" member_type: VOTER last_known_addr { host: "127.28.160.65" port: 41681 } health_report { overall_health: UNKNOWN } } peers { permanent_uuid: "a95171982746439d975a2c4bb203c511" member_type: VOTER last_known_addr { host: "127.28.160.67" port: 42955 } health_report { overall_health: HEALTHY } } }
I20260608 13:02:54.313510 32303 raft_consensus.cc:2468] T f87986e58b85481b8150abe191e82071 P 6bec620bff72409188135a67f1634925 [term 2 FOLLOWER]: Leader election vote request: Granting yes vote for candidate a95171982746439d975a2c4bb203c511 in term 2.
I20260608 13:02:54.445484   301 ts_tablet_manager.cc:933] T c9e89833138e4c399948803079550226 P e322932a1d3948efb742099fc6998e68: Initiating tablet copy from peer a95171982746439d975a2c4bb203c511 (127.28.160.67:42955)
I20260608 13:02:54.447482   301 tablet_copy_client.cc:323] T c9e89833138e4c399948803079550226 P e322932a1d3948efb742099fc6998e68: tablet copy: Beginning tablet copy session from remote peer at address 127.28.160.67:42955
I20260608 13:02:54.449733 32463 tablet_copy_service.cc:140] P a95171982746439d975a2c4bb203c511: Received BeginTabletCopySession request for tablet c9e89833138e4c399948803079550226 from peer e322932a1d3948efb742099fc6998e68 ({username='slave'} at 127.0.0.1:36116)
I20260608 13:02:54.450395 32463 tablet_copy_service.cc:161] P a95171982746439d975a2c4bb203c511: Beginning new tablet copy session on tablet c9e89833138e4c399948803079550226 from peer e322932a1d3948efb742099fc6998e68 at {username='slave'} at 127.0.0.1:36116: session id = e322932a1d3948efb742099fc6998e68-c9e89833138e4c399948803079550226
I20260608 13:02:54.460566 32463 tablet_copy_source_session.cc:215] T c9e89833138e4c399948803079550226 P a95171982746439d975a2c4bb203c511: Tablet Copy: opened 0 blocks and 1 log segments
I20260608 13:02:54.465804   301 data_dirs.cc:400] Could only allocate 1 dirs of requested 3 for tablet c9e89833138e4c399948803079550226. 1 dirs total, 0 dirs full, 0 dirs failed
I20260608 13:02:54.482772   301 tablet_copy_client.cc:806] T c9e89833138e4c399948803079550226 P e322932a1d3948efb742099fc6998e68: tablet copy: Starting download of 0 data blocks...
I20260608 13:02:54.483408   301 tablet_copy_client.cc:670] T c9e89833138e4c399948803079550226 P e322932a1d3948efb742099fc6998e68: tablet copy: Starting download of 1 WAL segments...
I20260608 13:02:54.487934   301 tablet_copy_client.cc:538] T c9e89833138e4c399948803079550226 P e322932a1d3948efb742099fc6998e68: tablet copy: Tablet Copy complete. Replacing tablet superblock.
I20260608 13:02:54.497058   301 tablet_bootstrap.cc:492] T c9e89833138e4c399948803079550226 P e322932a1d3948efb742099fc6998e68: Bootstrap starting.
I20260608 13:02:54.542651   301 tablet_bootstrap.cc:492] T c9e89833138e4c399948803079550226 P e322932a1d3948efb742099fc6998e68: Bootstrap replayed 1/1 log segments. Stats: ops{read=2 overwritten=0 applied=2 ignored=0} inserts{seen=0 ignored=0} mutations{seen=0 ignored=0} orphaned_commits=0. Pending: 0 replicates
I20260608 13:02:54.543707   301 tablet_bootstrap.cc:492] T c9e89833138e4c399948803079550226 P e322932a1d3948efb742099fc6998e68: Bootstrap complete.
I20260608 13:02:54.544528   301 ts_tablet_manager.cc:1403] T c9e89833138e4c399948803079550226 P e322932a1d3948efb742099fc6998e68: Time spent bootstrapping tablet: real 0.048s	user 0.022s	sys 0.018s
I20260608 13:02:54.548112   301 raft_consensus.cc:359] T c9e89833138e4c399948803079550226 P e322932a1d3948efb742099fc6998e68 [term 1 LEARNER]: Replica starting. Triggering 0 pending ops. Active config: opid_index: 2 OBSOLETE_local: false peers { permanent_uuid: "a95171982746439d975a2c4bb203c511" member_type: VOTER last_known_addr { host: "127.28.160.67" port: 42955 } } peers { permanent_uuid: "5dfcc4f7c18d453bb2d16685658e3303" member_type: VOTER last_known_addr { host: "127.28.160.66" port: 42221 } } peers { permanent_uuid: "6bec620bff72409188135a67f1634925" member_type: VOTER last_known_addr { host: "127.28.160.65" port: 41681 } attrs { replace: true } } peers { permanent_uuid: "e322932a1d3948efb742099fc6998e68" member_type: NON_VOTER last_known_addr { host: "127.28.160.68" port: 36603 } attrs { promote: true } }
I20260608 13:02:54.549058   301 raft_consensus.cc:740] T c9e89833138e4c399948803079550226 P e322932a1d3948efb742099fc6998e68 [term 1 LEARNER]: Becoming Follower/Learner. State: Replica: e322932a1d3948efb742099fc6998e68, State: Initialized, Role: LEARNER
I20260608 13:02:54.549796   301 consensus_queue.cc:260] T c9e89833138e4c399948803079550226 P e322932a1d3948efb742099fc6998e68 [NON_LEADER]: Queue going to NON_LEADER mode. State: All replicated index: 0, Majority replicated index: 0, Committed index: 2, Last appended: 1.2, Last appended by leader: 2, Current term: 0, Majority size: -1, State: 0, Mode: NON_LEADER, active raft config: opid_index: 2 OBSOLETE_local: false peers { permanent_uuid: "a95171982746439d975a2c4bb203c511" member_type: VOTER last_known_addr { host: "127.28.160.67" port: 42955 } } peers { permanent_uuid: "5dfcc4f7c18d453bb2d16685658e3303" member_type: VOTER last_known_addr { host: "127.28.160.66" port: 42221 } } peers { permanent_uuid: "6bec620bff72409188135a67f1634925" member_type: VOTER last_known_addr { host: "127.28.160.65" port: 41681 } attrs { replace: true } } peers { permanent_uuid: "e322932a1d3948efb742099fc6998e68" member_type: NON_VOTER last_known_addr { host: "127.28.160.68" port: 36603 } attrs { promote: true } }
I20260608 13:02:54.554502   301 ts_tablet_manager.cc:1434] T c9e89833138e4c399948803079550226 P e322932a1d3948efb742099fc6998e68: Time spent starting tablet: real 0.010s	user 0.002s	sys 0.005s
I20260608 13:02:54.556573 32463 tablet_copy_service.cc:342] P a95171982746439d975a2c4bb203c511: Request end of tablet copy session e322932a1d3948efb742099fc6998e68-c9e89833138e4c399948803079550226 received from {username='slave'} at 127.0.0.1:36116
I20260608 13:02:54.557025 32463 tablet_copy_service.cc:434] P a95171982746439d975a2c4bb203c511: ending tablet copy session e322932a1d3948efb742099fc6998e68-c9e89833138e4c399948803079550226 on tablet c9e89833138e4c399948803079550226 with peer e322932a1d3948efb742099fc6998e68
I20260608 13:02:54.592583   301 ts_tablet_manager.cc:933] T 58f04017a44d4642b29fa0304ffb1413 P e322932a1d3948efb742099fc6998e68: Initiating tablet copy from peer 6bec620bff72409188135a67f1634925 (127.28.160.65:41681)
I20260608 13:02:54.594877   301 tablet_copy_client.cc:323] T 58f04017a44d4642b29fa0304ffb1413 P e322932a1d3948efb742099fc6998e68: tablet copy: Beginning tablet copy session from remote peer at address 127.28.160.65:41681
I20260608 13:02:54.597296 32314 tablet_copy_service.cc:140] P 6bec620bff72409188135a67f1634925: Received BeginTabletCopySession request for tablet 58f04017a44d4642b29fa0304ffb1413 from peer e322932a1d3948efb742099fc6998e68 ({username='slave'} at 127.0.0.1:60552)
I20260608 13:02:54.597896 32314 tablet_copy_service.cc:161] P 6bec620bff72409188135a67f1634925: Beginning new tablet copy session on tablet 58f04017a44d4642b29fa0304ffb1413 from peer e322932a1d3948efb742099fc6998e68 at {username='slave'} at 127.0.0.1:60552: session id = e322932a1d3948efb742099fc6998e68-58f04017a44d4642b29fa0304ffb1413
I20260608 13:02:54.604035 32303 raft_consensus.cc:1275] T c4ecb049296146d285ef29730ec9f737 P 6bec620bff72409188135a67f1634925 [term 2 FOLLOWER]: Refusing update from remote peer 5dfcc4f7c18d453bb2d16685658e3303: Log matching property violated. Preceding OpId in replica: term: 1 index: 1. Preceding OpId from leader: term: 2 index: 2. (index mismatch)
I20260608 13:02:54.605950 32726 consensus_queue.cc:1048] T c4ecb049296146d285ef29730ec9f737 P 5dfcc4f7c18d453bb2d16685658e3303 [LEADER]: Connected to new peer: Peer: permanent_uuid: "6bec620bff72409188135a67f1634925" member_type: VOTER last_known_addr { host: "127.28.160.65" port: 41681 }, Status: LMP_MISMATCH, Last received: 0.0, Next index: 2, Last known committed idx: 1, Time since last communication: 0.000s
I20260608 13:02:54.606297 32314 tablet_copy_source_session.cc:215] T 58f04017a44d4642b29fa0304ffb1413 P 6bec620bff72409188135a67f1634925: Tablet Copy: opened 0 blocks and 1 log segments
I20260608 13:02:54.619047   301 data_dirs.cc:400] Could only allocate 1 dirs of requested 3 for tablet 58f04017a44d4642b29fa0304ffb1413. 1 dirs total, 0 dirs full, 0 dirs failed
I20260608 13:02:54.643399   301 tablet_copy_client.cc:806] T 58f04017a44d4642b29fa0304ffb1413 P e322932a1d3948efb742099fc6998e68: tablet copy: Starting download of 0 data blocks...
I20260608 13:02:54.644332   301 tablet_copy_client.cc:670] T 58f04017a44d4642b29fa0304ffb1413 P e322932a1d3948efb742099fc6998e68: tablet copy: Starting download of 1 WAL segments...
I20260608 13:02:54.647008 32451 raft_consensus.cc:1275] T c4ecb049296146d285ef29730ec9f737 P a95171982746439d975a2c4bb203c511 [term 2 FOLLOWER]: Refusing update from remote peer 5dfcc4f7c18d453bb2d16685658e3303: Log matching property violated. Preceding OpId in replica: term: 1 index: 1. Preceding OpId from leader: term: 2 index: 2. (index mismatch)
I20260608 13:02:54.648710 32762 consensus_queue.cc:1048] T c4ecb049296146d285ef29730ec9f737 P 5dfcc4f7c18d453bb2d16685658e3303 [LEADER]: Connected to new peer: Peer: permanent_uuid: "a95171982746439d975a2c4bb203c511" member_type: VOTER last_known_addr { host: "127.28.160.67" port: 42955 }, Status: LMP_MISMATCH, Last received: 0.0, Next index: 2, Last known committed idx: 1, Time since last communication: 0.000s
I20260608 13:02:54.649636   301 tablet_copy_client.cc:538] T 58f04017a44d4642b29fa0304ffb1413 P e322932a1d3948efb742099fc6998e68: tablet copy: Tablet Copy complete. Replacing tablet superblock.
I20260608 13:02:54.658699   308 ts_tablet_manager.cc:933] T e9ac3d313d48460ab38a797cf0c0c189 P e322932a1d3948efb742099fc6998e68: Initiating tablet copy from peer 6bec620bff72409188135a67f1634925 (127.28.160.65:41681)
I20260608 13:02:54.665421 32452 raft_consensus.cc:1275] T dd201b8371e14cc0adc215abf27438a4 P a95171982746439d975a2c4bb203c511 [term 2 FOLLOWER]: Refusing update from remote peer 5dfcc4f7c18d453bb2d16685658e3303: Log matching property violated. Preceding OpId in replica: term: 1 index: 1. Preceding OpId from leader: term: 2 index: 2. (index mismatch)
I20260608 13:02:54.667976 32762 consensus_queue.cc:1048] T dd201b8371e14cc0adc215abf27438a4 P 5dfcc4f7c18d453bb2d16685658e3303 [LEADER]: Connected to new peer: Peer: permanent_uuid: "a95171982746439d975a2c4bb203c511" member_type: VOTER last_known_addr { host: "127.28.160.67" port: 42955 }, Status: LMP_MISMATCH, Last received: 0.0, Next index: 2, Last known committed idx: 1, Time since last communication: 0.000s
I20260608 13:02:54.668606   308 tablet_copy_client.cc:323] T e9ac3d313d48460ab38a797cf0c0c189 P e322932a1d3948efb742099fc6998e68: tablet copy: Beginning tablet copy session from remote peer at address 127.28.160.65:41681
I20260608 13:02:54.670850 32314 tablet_copy_service.cc:140] P 6bec620bff72409188135a67f1634925: Received BeginTabletCopySession request for tablet e9ac3d313d48460ab38a797cf0c0c189 from peer e322932a1d3948efb742099fc6998e68 ({username='slave'} at 127.0.0.1:60552)
I20260608 13:02:54.671386 32314 tablet_copy_service.cc:161] P 6bec620bff72409188135a67f1634925: Beginning new tablet copy session on tablet e9ac3d313d48460ab38a797cf0c0c189 from peer e322932a1d3948efb742099fc6998e68 at {username='slave'} at 127.0.0.1:60552: session id = e322932a1d3948efb742099fc6998e68-e9ac3d313d48460ab38a797cf0c0c189
I20260608 13:02:54.683996 32314 tablet_copy_source_session.cc:215] T e9ac3d313d48460ab38a797cf0c0c189 P 6bec620bff72409188135a67f1634925: Tablet Copy: opened 0 blocks and 1 log segments
I20260608 13:02:54.690151   301 tablet_bootstrap.cc:492] T 58f04017a44d4642b29fa0304ffb1413 P e322932a1d3948efb742099fc6998e68: Bootstrap starting.
I20260608 13:02:54.692741   308 data_dirs.cc:400] Could only allocate 1 dirs of requested 3 for tablet e9ac3d313d48460ab38a797cf0c0c189. 1 dirs total, 0 dirs full, 0 dirs failed
I20260608 13:02:54.721076   308 tablet_copy_client.cc:806] T e9ac3d313d48460ab38a797cf0c0c189 P e322932a1d3948efb742099fc6998e68: tablet copy: Starting download of 0 data blocks...
I20260608 13:02:54.721755   308 tablet_copy_client.cc:670] T e9ac3d313d48460ab38a797cf0c0c189 P e322932a1d3948efb742099fc6998e68: tablet copy: Starting download of 1 WAL segments...
I20260608 13:02:54.730270   308 tablet_copy_client.cc:538] T e9ac3d313d48460ab38a797cf0c0c189 P e322932a1d3948efb742099fc6998e68: tablet copy: Tablet Copy complete. Replacing tablet superblock.
I20260608 13:02:54.746724 32302 raft_consensus.cc:1275] T dd201b8371e14cc0adc215abf27438a4 P 6bec620bff72409188135a67f1634925 [term 2 FOLLOWER]: Refusing update from remote peer 5dfcc4f7c18d453bb2d16685658e3303: Log matching property violated. Preceding OpId in replica: term: 1 index: 1. Preceding OpId from leader: term: 2 index: 2. (index mismatch)
I20260608 13:02:54.748767 32726 consensus_queue.cc:1048] T dd201b8371e14cc0adc215abf27438a4 P 5dfcc4f7c18d453bb2d16685658e3303 [LEADER]: Connected to new peer: Peer: permanent_uuid: "6bec620bff72409188135a67f1634925" member_type: VOTER last_known_addr { host: "127.28.160.65" port: 41681 }, Status: LMP_MISMATCH, Last received: 0.0, Next index: 2, Last known committed idx: 1, Time since last communication: 0.000s
I20260608 13:02:54.755016   301 tablet_bootstrap.cc:492] T 58f04017a44d4642b29fa0304ffb1413 P e322932a1d3948efb742099fc6998e68: Bootstrap replayed 1/1 log segments. Stats: ops{read=2 overwritten=0 applied=2 ignored=0} inserts{seen=0 ignored=0} mutations{seen=0 ignored=0} orphaned_commits=0. Pending: 0 replicates
I20260608 13:02:54.756165   301 tablet_bootstrap.cc:492] T 58f04017a44d4642b29fa0304ffb1413 P e322932a1d3948efb742099fc6998e68: Bootstrap complete.
I20260608 13:02:54.756880   301 ts_tablet_manager.cc:1403] T 58f04017a44d4642b29fa0304ffb1413 P e322932a1d3948efb742099fc6998e68: Time spent bootstrapping tablet: real 0.067s	user 0.020s	sys 0.010s
I20260608 13:02:54.760133   301 raft_consensus.cc:359] T 58f04017a44d4642b29fa0304ffb1413 P e322932a1d3948efb742099fc6998e68 [term 1 LEARNER]: Replica starting. Triggering 0 pending ops. Active config: opid_index: 2 OBSOLETE_local: false peers { permanent_uuid: "6bec620bff72409188135a67f1634925" member_type: VOTER last_known_addr { host: "127.28.160.65" port: 41681 } } peers { permanent_uuid: "5dfcc4f7c18d453bb2d16685658e3303" member_type: VOTER last_known_addr { host: "127.28.160.66" port: 42221 } attrs { replace: true } } peers { permanent_uuid: "a95171982746439d975a2c4bb203c511" member_type: VOTER last_known_addr { host: "127.28.160.67" port: 42955 } } peers { permanent_uuid: "e322932a1d3948efb742099fc6998e68" member_type: NON_VOTER last_known_addr { host: "127.28.160.68" port: 36603 } attrs { promote: true } }
I20260608 13:02:54.760991   301 raft_consensus.cc:740] T 58f04017a44d4642b29fa0304ffb1413 P e322932a1d3948efb742099fc6998e68 [term 1 LEARNER]: Becoming Follower/Learner. State: Replica: e322932a1d3948efb742099fc6998e68, State: Initialized, Role: LEARNER
I20260608 13:02:54.761677   301 consensus_queue.cc:260] T 58f04017a44d4642b29fa0304ffb1413 P e322932a1d3948efb742099fc6998e68 [NON_LEADER]: Queue going to NON_LEADER mode. State: All replicated index: 0, Majority replicated index: 0, Committed index: 2, Last appended: 1.2, Last appended by leader: 2, Current term: 0, Majority size: -1, State: 0, Mode: NON_LEADER, active raft config: opid_index: 2 OBSOLETE_local: false peers { permanent_uuid: "6bec620bff72409188135a67f1634925" member_type: VOTER last_known_addr { host: "127.28.160.65" port: 41681 } } peers { permanent_uuid: "5dfcc4f7c18d453bb2d16685658e3303" member_type: VOTER last_known_addr { host: "127.28.160.66" port: 42221 } attrs { replace: true } } peers { permanent_uuid: "a95171982746439d975a2c4bb203c511" member_type: VOTER last_known_addr { host: "127.28.160.67" port: 42955 } } peers { permanent_uuid: "e322932a1d3948efb742099fc6998e68" member_type: NON_VOTER last_known_addr { host: "127.28.160.68" port: 36603 } attrs { promote: true } }
I20260608 13:02:54.766270   308 tablet_bootstrap.cc:492] T e9ac3d313d48460ab38a797cf0c0c189 P e322932a1d3948efb742099fc6998e68: Bootstrap starting.
I20260608 13:02:54.770428   301 ts_tablet_manager.cc:1434] T 58f04017a44d4642b29fa0304ffb1413 P e322932a1d3948efb742099fc6998e68: Time spent starting tablet: real 0.013s	user 0.007s	sys 0.001s
I20260608 13:02:54.772994 32314 tablet_copy_service.cc:342] P 6bec620bff72409188135a67f1634925: Request end of tablet copy session e322932a1d3948efb742099fc6998e68-58f04017a44d4642b29fa0304ffb1413 received from {username='slave'} at 127.0.0.1:60552
I20260608 13:02:54.773440 32314 tablet_copy_service.cc:434] P 6bec620bff72409188135a67f1634925: ending tablet copy session e322932a1d3948efb742099fc6998e68-58f04017a44d4642b29fa0304ffb1413 on tablet 58f04017a44d4642b29fa0304ffb1413 with peer e322932a1d3948efb742099fc6998e68
I20260608 13:02:54.816169   308 tablet_bootstrap.cc:492] T e9ac3d313d48460ab38a797cf0c0c189 P e322932a1d3948efb742099fc6998e68: Bootstrap replayed 1/1 log segments. Stats: ops{read=2 overwritten=0 applied=2 ignored=0} inserts{seen=0 ignored=0} mutations{seen=0 ignored=0} orphaned_commits=0. Pending: 0 replicates
I20260608 13:02:54.817157   308 tablet_bootstrap.cc:492] T e9ac3d313d48460ab38a797cf0c0c189 P e322932a1d3948efb742099fc6998e68: Bootstrap complete.
I20260608 13:02:54.817862   308 ts_tablet_manager.cc:1403] T e9ac3d313d48460ab38a797cf0c0c189 P e322932a1d3948efb742099fc6998e68: Time spent bootstrapping tablet: real 0.053s	user 0.025s	sys 0.000s
I20260608 13:02:54.821193   308 raft_consensus.cc:359] T e9ac3d313d48460ab38a797cf0c0c189 P e322932a1d3948efb742099fc6998e68 [term 1 LEARNER]: Replica starting. Triggering 0 pending ops. Active config: opid_index: 2 OBSOLETE_local: false peers { permanent_uuid: "6bec620bff72409188135a67f1634925" member_type: VOTER last_known_addr { host: "127.28.160.65" port: 41681 } } peers { permanent_uuid: "5dfcc4f7c18d453bb2d16685658e3303" member_type: VOTER last_known_addr { host: "127.28.160.66" port: 42221 } } peers { permanent_uuid: "a95171982746439d975a2c4bb203c511" member_type: VOTER last_known_addr { host: "127.28.160.67" port: 42955 } attrs { replace: true } } peers { permanent_uuid: "e322932a1d3948efb742099fc6998e68" member_type: NON_VOTER last_known_addr { host: "127.28.160.68" port: 36603 } attrs { promote: true } }
I20260608 13:02:54.822054   308 raft_consensus.cc:740] T e9ac3d313d48460ab38a797cf0c0c189 P e322932a1d3948efb742099fc6998e68 [term 1 LEARNER]: Becoming Follower/Learner. State: Replica: e322932a1d3948efb742099fc6998e68, State: Initialized, Role: LEARNER
I20260608 13:02:54.822726   308 consensus_queue.cc:260] T e9ac3d313d48460ab38a797cf0c0c189 P e322932a1d3948efb742099fc6998e68 [NON_LEADER]: Queue going to NON_LEADER mode. State: All replicated index: 0, Majority replicated index: 0, Committed index: 2, Last appended: 1.2, Last appended by leader: 2, Current term: 0, Majority size: -1, State: 0, Mode: NON_LEADER, active raft config: opid_index: 2 OBSOLETE_local: false peers { permanent_uuid: "6bec620bff72409188135a67f1634925" member_type: VOTER last_known_addr { host: "127.28.160.65" port: 41681 } } peers { permanent_uuid: "5dfcc4f7c18d453bb2d16685658e3303" member_type: VOTER last_known_addr { host: "127.28.160.66" port: 42221 } } peers { permanent_uuid: "a95171982746439d975a2c4bb203c511" member_type: VOTER last_known_addr { host: "127.28.160.67" port: 42955 } attrs { replace: true } } peers { permanent_uuid: "e322932a1d3948efb742099fc6998e68" member_type: NON_VOTER last_known_addr { host: "127.28.160.68" port: 36603 } attrs { promote: true } }
I20260608 13:02:54.825685   308 ts_tablet_manager.cc:1434] T e9ac3d313d48460ab38a797cf0c0c189 P e322932a1d3948efb742099fc6998e68: Time spent starting tablet: real 0.008s	user 0.008s	sys 0.000s
I20260608 13:02:54.827634 32314 tablet_copy_service.cc:342] P 6bec620bff72409188135a67f1634925: Request end of tablet copy session e322932a1d3948efb742099fc6998e68-e9ac3d313d48460ab38a797cf0c0c189 received from {username='slave'} at 127.0.0.1:60552
I20260608 13:02:54.828102 32314 tablet_copy_service.cc:434] P 6bec620bff72409188135a67f1634925: ending tablet copy session e322932a1d3948efb742099fc6998e68-e9ac3d313d48460ab38a797cf0c0c189 on tablet e9ac3d313d48460ab38a797cf0c0c189 with peer e322932a1d3948efb742099fc6998e68
I20260608 13:02:54.836562 32302 raft_consensus.cc:1275] T f87986e58b85481b8150abe191e82071 P 6bec620bff72409188135a67f1634925 [term 2 FOLLOWER]: Refusing update from remote peer a95171982746439d975a2c4bb203c511: Log matching property violated. Preceding OpId in replica: term: 1 index: 1. Preceding OpId from leader: term: 2 index: 2. (index mismatch)
I20260608 13:02:54.837121   308 ts_tablet_manager.cc:933] T 6174592cd7df400c82a4573a018cf117 P e322932a1d3948efb742099fc6998e68: Initiating tablet copy from peer 5dfcc4f7c18d453bb2d16685658e3303 (127.28.160.66:42221)
I20260608 13:02:54.838455 32743 consensus_queue.cc:1048] T f87986e58b85481b8150abe191e82071 P a95171982746439d975a2c4bb203c511 [LEADER]: Connected to new peer: Peer: permanent_uuid: "6bec620bff72409188135a67f1634925" member_type: VOTER last_known_addr { host: "127.28.160.65" port: 41681 }, Status: LMP_MISMATCH, Last received: 0.0, Next index: 2, Last known committed idx: 1, Time since last communication: 0.000s
I20260608 13:02:54.841809   308 tablet_copy_client.cc:323] T 6174592cd7df400c82a4573a018cf117 P e322932a1d3948efb742099fc6998e68: tablet copy: Beginning tablet copy session from remote peer at address 127.28.160.66:42221
I20260608 13:02:54.843892 32389 tablet_copy_service.cc:140] P 5dfcc4f7c18d453bb2d16685658e3303: Received BeginTabletCopySession request for tablet 6174592cd7df400c82a4573a018cf117 from peer e322932a1d3948efb742099fc6998e68 ({username='slave'} at 127.0.0.1:59732)
I20260608 13:02:54.844520 32389 tablet_copy_service.cc:161] P 5dfcc4f7c18d453bb2d16685658e3303: Beginning new tablet copy session on tablet 6174592cd7df400c82a4573a018cf117 from peer e322932a1d3948efb742099fc6998e68 at {username='slave'} at 127.0.0.1:59732: session id = e322932a1d3948efb742099fc6998e68-6174592cd7df400c82a4573a018cf117
I20260608 13:02:54.860646 32376 raft_consensus.cc:1275] T f87986e58b85481b8150abe191e82071 P 5dfcc4f7c18d453bb2d16685658e3303 [term 2 FOLLOWER]: Refusing update from remote peer a95171982746439d975a2c4bb203c511: Log matching property violated. Preceding OpId in replica: term: 1 index: 1. Preceding OpId from leader: term: 2 index: 2. (index mismatch)
I20260608 13:02:54.862684 32743 consensus_queue.cc:1048] T f87986e58b85481b8150abe191e82071 P a95171982746439d975a2c4bb203c511 [LEADER]: Connected to new peer: Peer: permanent_uuid: "5dfcc4f7c18d453bb2d16685658e3303" member_type: VOTER last_known_addr { host: "127.28.160.66" port: 42221 }, Status: LMP_MISMATCH, Last received: 0.0, Next index: 2, Last known committed idx: 1, Time since last communication: 0.000s
I20260608 13:02:54.867841 32389 tablet_copy_source_session.cc:215] T 6174592cd7df400c82a4573a018cf117 P 5dfcc4f7c18d453bb2d16685658e3303: Tablet Copy: opened 0 blocks and 1 log segments
I20260608 13:02:54.887998   308 data_dirs.cc:400] Could only allocate 1 dirs of requested 3 for tablet 6174592cd7df400c82a4573a018cf117. 1 dirs total, 0 dirs full, 0 dirs failed
I20260608 13:02:54.909097   308 tablet_copy_client.cc:806] T 6174592cd7df400c82a4573a018cf117 P e322932a1d3948efb742099fc6998e68: tablet copy: Starting download of 0 data blocks...
I20260608 13:02:54.909689   308 tablet_copy_client.cc:670] T 6174592cd7df400c82a4573a018cf117 P e322932a1d3948efb742099fc6998e68: tablet copy: Starting download of 1 WAL segments...
I20260608 13:02:54.914096   308 tablet_copy_client.cc:538] T 6174592cd7df400c82a4573a018cf117 P e322932a1d3948efb742099fc6998e68: tablet copy: Tablet Copy complete. Replacing tablet superblock.
I20260608 13:02:54.920529   308 tablet_bootstrap.cc:492] T 6174592cd7df400c82a4573a018cf117 P e322932a1d3948efb742099fc6998e68: Bootstrap starting.
I20260608 13:02:54.939970   308 tablet_bootstrap.cc:492] T 6174592cd7df400c82a4573a018cf117 P e322932a1d3948efb742099fc6998e68: Bootstrap replayed 1/1 log segments. Stats: ops{read=2 overwritten=0 applied=2 ignored=0} inserts{seen=0 ignored=0} mutations{seen=0 ignored=0} orphaned_commits=0. Pending: 0 replicates
I20260608 13:02:54.940762   308 tablet_bootstrap.cc:492] T 6174592cd7df400c82a4573a018cf117 P e322932a1d3948efb742099fc6998e68: Bootstrap complete.
I20260608 13:02:54.941344   308 ts_tablet_manager.cc:1403] T 6174592cd7df400c82a4573a018cf117 P e322932a1d3948efb742099fc6998e68: Time spent bootstrapping tablet: real 0.021s	user 0.016s	sys 0.004s
I20260608 13:02:54.943676   308 raft_consensus.cc:359] T 6174592cd7df400c82a4573a018cf117 P e322932a1d3948efb742099fc6998e68 [term 1 LEARNER]: Replica starting. Triggering 0 pending ops. Active config: opid_index: 2 OBSOLETE_local: false peers { permanent_uuid: "5dfcc4f7c18d453bb2d16685658e3303" member_type: VOTER last_known_addr { host: "127.28.160.66" port: 42221 } } peers { permanent_uuid: "6bec620bff72409188135a67f1634925" member_type: VOTER last_known_addr { host: "127.28.160.65" port: 41681 } attrs { replace: true } } peers { permanent_uuid: "a95171982746439d975a2c4bb203c511" member_type: VOTER last_known_addr { host: "127.28.160.67" port: 42955 } } peers { permanent_uuid: "e322932a1d3948efb742099fc6998e68" member_type: NON_VOTER last_known_addr { host: "127.28.160.68" port: 36603 } attrs { promote: true } }
I20260608 13:02:54.944375   308 raft_consensus.cc:740] T 6174592cd7df400c82a4573a018cf117 P e322932a1d3948efb742099fc6998e68 [term 1 LEARNER]: Becoming Follower/Learner. State: Replica: e322932a1d3948efb742099fc6998e68, State: Initialized, Role: LEARNER
I20260608 13:02:54.944918   308 consensus_queue.cc:260] T 6174592cd7df400c82a4573a018cf117 P e322932a1d3948efb742099fc6998e68 [NON_LEADER]: Queue going to NON_LEADER mode. State: All replicated index: 0, Majority replicated index: 0, Committed index: 2, Last appended: 1.2, Last appended by leader: 2, Current term: 0, Majority size: -1, State: 0, Mode: NON_LEADER, active raft config: opid_index: 2 OBSOLETE_local: false peers { permanent_uuid: "5dfcc4f7c18d453bb2d16685658e3303" member_type: VOTER last_known_addr { host: "127.28.160.66" port: 42221 } } peers { permanent_uuid: "6bec620bff72409188135a67f1634925" member_type: VOTER last_known_addr { host: "127.28.160.65" port: 41681 } attrs { replace: true } } peers { permanent_uuid: "a95171982746439d975a2c4bb203c511" member_type: VOTER last_known_addr { host: "127.28.160.67" port: 42955 } } peers { permanent_uuid: "e322932a1d3948efb742099fc6998e68" member_type: NON_VOTER last_known_addr { host: "127.28.160.68" port: 36603 } attrs { promote: true } }
I20260608 13:02:54.947253   308 ts_tablet_manager.cc:1434] T 6174592cd7df400c82a4573a018cf117 P e322932a1d3948efb742099fc6998e68: Time spent starting tablet: real 0.006s	user 0.004s	sys 0.000s
I20260608 13:02:54.949661 32389 tablet_copy_service.cc:342] P 5dfcc4f7c18d453bb2d16685658e3303: Request end of tablet copy session e322932a1d3948efb742099fc6998e68-6174592cd7df400c82a4573a018cf117 received from {username='slave'} at 127.0.0.1:59732
I20260608 13:02:54.950109 32389 tablet_copy_service.cc:434] P 5dfcc4f7c18d453bb2d16685658e3303: ending tablet copy session e322932a1d3948efb742099fc6998e68-6174592cd7df400c82a4573a018cf117 on tablet 6174592cd7df400c82a4573a018cf117 with peer e322932a1d3948efb742099fc6998e68
I20260608 13:02:54.959872 32613 raft_consensus.cc:1217] T c9e89833138e4c399948803079550226 P e322932a1d3948efb742099fc6998e68 [term 1 LEARNER]: Deduplicated request from leader. Original: 1.1->[1.2-1.2]   Dedup: 1.2->[]
I20260608 13:02:54.983891 32613 raft_consensus.cc:1217] T 58f04017a44d4642b29fa0304ffb1413 P e322932a1d3948efb742099fc6998e68 [term 1 LEARNER]: Deduplicated request from leader. Original: 1.1->[1.2-1.2]   Dedup: 1.2->[]
I20260608 13:02:55.037379 32613 raft_consensus.cc:1217] T e9ac3d313d48460ab38a797cf0c0c189 P e322932a1d3948efb742099fc6998e68 [term 1 LEARNER]: Deduplicated request from leader. Original: 1.1->[1.2-1.2]   Dedup: 1.2->[]
I20260608 13:02:55.350627   320 raft_consensus.cc:1064] T c9e89833138e4c399948803079550226 P a95171982746439d975a2c4bb203c511: attempting to promote NON_VOTER e322932a1d3948efb742099fc6998e68 to VOTER
I20260608 13:02:55.353379   320 consensus_queue.cc:237] T c9e89833138e4c399948803079550226 P a95171982746439d975a2c4bb203c511 [LEADER]: Queue going to LEADER mode. State: All replicated index: 0, Majority replicated index: 2, Committed index: 2, Last appended: 1.2, Last appended by leader: 0, Current term: 1, Majority size: 3, State: 0, Mode: LEADER, active raft config: opid_index: 3 OBSOLETE_local: false peers { permanent_uuid: "a95171982746439d975a2c4bb203c511" member_type: VOTER last_known_addr { host: "127.28.160.67" port: 42955 } } peers { permanent_uuid: "5dfcc4f7c18d453bb2d16685658e3303" member_type: VOTER last_known_addr { host: "127.28.160.66" port: 42221 } } peers { permanent_uuid: "6bec620bff72409188135a67f1634925" member_type: VOTER last_known_addr { host: "127.28.160.65" port: 41681 } attrs { replace: true } } peers { permanent_uuid: "e322932a1d3948efb742099fc6998e68" member_type: VOTER last_known_addr { host: "127.28.160.68" port: 36603 } attrs { promote: false } }
I20260608 13:02:55.360862 32613 raft_consensus.cc:1275] T c9e89833138e4c399948803079550226 P e322932a1d3948efb742099fc6998e68 [term 1 LEARNER]: Refusing update from remote peer a95171982746439d975a2c4bb203c511: Log matching property violated. Preceding OpId in replica: term: 1 index: 2. Preceding OpId from leader: term: 1 index: 3. (index mismatch)
I20260608 13:02:55.363552 32302 raft_consensus.cc:1275] T c9e89833138e4c399948803079550226 P 6bec620bff72409188135a67f1634925 [term 1 FOLLOWER]: Refusing update from remote peer a95171982746439d975a2c4bb203c511: Log matching property violated. Preceding OpId in replica: term: 1 index: 2. Preceding OpId from leader: term: 1 index: 3. (index mismatch)
I20260608 13:02:55.364627 32374 raft_consensus.cc:1275] T c9e89833138e4c399948803079550226 P 5dfcc4f7c18d453bb2d16685658e3303 [term 1 FOLLOWER]: Refusing update from remote peer a95171982746439d975a2c4bb203c511: Log matching property violated. Preceding OpId in replica: term: 1 index: 2. Preceding OpId from leader: term: 1 index: 3. (index mismatch)
I20260608 13:02:55.363649 32557 consensus_queue.cc:1048] T c9e89833138e4c399948803079550226 P a95171982746439d975a2c4bb203c511 [LEADER]: Connected to new peer: Peer: permanent_uuid: "e322932a1d3948efb742099fc6998e68" member_type: VOTER last_known_addr { host: "127.28.160.68" port: 36603 } attrs { promote: false }, Status: LMP_MISMATCH, Last received: 0.0, Next index: 3, Last known committed idx: 2, Time since last communication: 0.001s
I20260608 13:02:55.368625 32557 consensus_queue.cc:1048] T c9e89833138e4c399948803079550226 P a95171982746439d975a2c4bb203c511 [LEADER]: Connected to new peer: Peer: permanent_uuid: "5dfcc4f7c18d453bb2d16685658e3303" member_type: VOTER last_known_addr { host: "127.28.160.66" port: 42221 }, Status: LMP_MISMATCH, Last received: 0.0, Next index: 3, Last known committed idx: 2, Time since last communication: 0.001s
I20260608 13:02:55.369794   304 consensus_queue.cc:1048] T c9e89833138e4c399948803079550226 P a95171982746439d975a2c4bb203c511 [LEADER]: Connected to new peer: Peer: permanent_uuid: "6bec620bff72409188135a67f1634925" member_type: VOTER last_known_addr { host: "127.28.160.65" port: 41681 } attrs { replace: true }, Status: LMP_MISMATCH, Last received: 0.0, Next index: 3, Last known committed idx: 2, Time since last communication: 0.000s
I20260608 13:02:55.398159 32614 raft_consensus.cc:1217] T 6174592cd7df400c82a4573a018cf117 P e322932a1d3948efb742099fc6998e68 [term 1 LEARNER]: Deduplicated request from leader. Original: 1.1->[1.2-1.2]   Dedup: 1.2->[]
I20260608 13:02:55.406975   320 raft_consensus.cc:2955] T c9e89833138e4c399948803079550226 P a95171982746439d975a2c4bb203c511 [term 1 LEADER]: Committing config change with OpId 1.3: config changed from index 2 to 3, e322932a1d3948efb742099fc6998e68 (127.28.160.68) changed from NON_VOTER to VOTER. New config: { opid_index: 3 OBSOLETE_local: false peers { permanent_uuid: "a95171982746439d975a2c4bb203c511" member_type: VOTER last_known_addr { host: "127.28.160.67" port: 42955 } } peers { permanent_uuid: "5dfcc4f7c18d453bb2d16685658e3303" member_type: VOTER last_known_addr { host: "127.28.160.66" port: 42221 } } peers { permanent_uuid: "6bec620bff72409188135a67f1634925" member_type: VOTER last_known_addr { host: "127.28.160.65" port: 41681 } attrs { replace: true } } peers { permanent_uuid: "e322932a1d3948efb742099fc6998e68" member_type: VOTER last_known_addr { host: "127.28.160.68" port: 36603 } attrs { promote: false } } }
I20260608 13:02:55.416858 32613 raft_consensus.cc:2955] T c9e89833138e4c399948803079550226 P e322932a1d3948efb742099fc6998e68 [term 1 FOLLOWER]: Committing config change with OpId 1.3: config changed from index 2 to 3, e322932a1d3948efb742099fc6998e68 (127.28.160.68) changed from NON_VOTER to VOTER. New config: { opid_index: 3 OBSOLETE_local: false peers { permanent_uuid: "a95171982746439d975a2c4bb203c511" member_type: VOTER last_known_addr { host: "127.28.160.67" port: 42955 } } peers { permanent_uuid: "5dfcc4f7c18d453bb2d16685658e3303" member_type: VOTER last_known_addr { host: "127.28.160.66" port: 42221 } } peers { permanent_uuid: "6bec620bff72409188135a67f1634925" member_type: VOTER last_known_addr { host: "127.28.160.65" port: 41681 } attrs { replace: true } } peers { permanent_uuid: "e322932a1d3948efb742099fc6998e68" member_type: VOTER last_known_addr { host: "127.28.160.68" port: 36603 } attrs { promote: false } } }
I20260608 13:02:55.429642 32376 raft_consensus.cc:2955] T c9e89833138e4c399948803079550226 P 5dfcc4f7c18d453bb2d16685658e3303 [term 1 FOLLOWER]: Committing config change with OpId 1.3: config changed from index 2 to 3, e322932a1d3948efb742099fc6998e68 (127.28.160.68) changed from NON_VOTER to VOTER. New config: { opid_index: 3 OBSOLETE_local: false peers { permanent_uuid: "a95171982746439d975a2c4bb203c511" member_type: VOTER last_known_addr { host: "127.28.160.67" port: 42955 } } peers { permanent_uuid: "5dfcc4f7c18d453bb2d16685658e3303" member_type: VOTER last_known_addr { host: "127.28.160.66" port: 42221 } } peers { permanent_uuid: "6bec620bff72409188135a67f1634925" member_type: VOTER last_known_addr { host: "127.28.160.65" port: 41681 } attrs { replace: true } } peers { permanent_uuid: "e322932a1d3948efb742099fc6998e68" member_type: VOTER last_known_addr { host: "127.28.160.68" port: 36603 } attrs { promote: false } } }
