I20260608 13:01:54.029562 31278 raft_consensus.cc:359] T 5521a2fc5db44e4aaf9eeaa9b0b213be P 2385f432c20f4920b61134969e6c76b4 [term 0 FOLLOWER]: Replica starting. Triggering 0 pending ops. Active config: opid_index: -1 OBSOLETE_local: false peers { permanent_uuid: "780350eaeece4c04852c66a02d4fe79f" member_type: VOTER last_known_addr { host: "127.28.160.65" port: 44145 } } peers { permanent_uuid: "4f3de1f6c6634eb8b19a4a06e5d74252" member_type: VOTER last_known_addr { host: "127.28.160.66" port: 36929 } } peers { permanent_uuid: "2385f432c20f4920b61134969e6c76b4" member_type: VOTER last_known_addr { host: "127.28.160.67" port: 35177 } }
I20260608 13:01:54.030628 31278 raft_consensus.cc:385] T 5521a2fc5db44e4aaf9eeaa9b0b213be P 2385f432c20f4920b61134969e6c76b4 [term 0 FOLLOWER]: Consensus starting up: Expiring failure detector timer to make a prompt election more likely
I20260608 13:01:54.031047 31278 raft_consensus.cc:740] T 5521a2fc5db44e4aaf9eeaa9b0b213be P 2385f432c20f4920b61134969e6c76b4 [term 0 FOLLOWER]: Becoming Follower/Learner. State: Replica: 2385f432c20f4920b61134969e6c76b4, State: Initialized, Role: FOLLOWER
I20260608 13:01:54.032799 31278 consensus_queue.cc:260] T 5521a2fc5db44e4aaf9eeaa9b0b213be P 2385f432c20f4920b61134969e6c76b4 [NON_LEADER]: Queue going to NON_LEADER mode. State: All replicated index: 0, Majority replicated index: 0, Committed index: 0, Last appended: 0.0, Last appended by leader: 0, Current term: 0, Majority size: -1, State: 0, Mode: NON_LEADER, active raft config: opid_index: -1 OBSOLETE_local: false peers { permanent_uuid: "780350eaeece4c04852c66a02d4fe79f" member_type: VOTER last_known_addr { host: "127.28.160.65" port: 44145 } } peers { permanent_uuid: "4f3de1f6c6634eb8b19a4a06e5d74252" member_type: VOTER last_known_addr { host: "127.28.160.66" port: 36929 } } peers { permanent_uuid: "2385f432c20f4920b61134969e6c76b4" member_type: VOTER last_known_addr { host: "127.28.160.67" port: 35177 } }
I20260608 13:01:54.035673 31278 ts_tablet_manager.cc:1434] T 5521a2fc5db44e4aaf9eeaa9b0b213be P 2385f432c20f4920b61134969e6c76b4: Time spent starting tablet: real 0.010s	user 0.004s	sys 0.005s
I20260608 13:01:54.037024 31280 tablet_bootstrap.cc:492] T 875081bd8c88426da88af7d24cb889bb P 780350eaeece4c04852c66a02d4fe79f: No bootstrap required, opened a new log
I20260608 13:01:54.037652 31280 ts_tablet_manager.cc:1403] T 875081bd8c88426da88af7d24cb889bb P 780350eaeece4c04852c66a02d4fe79f: Time spent bootstrapping tablet: real 0.033s	user 0.015s	sys 0.010s
I20260608 13:01:54.040099 31280 raft_consensus.cc:359] T 875081bd8c88426da88af7d24cb889bb P 780350eaeece4c04852c66a02d4fe79f [term 0 FOLLOWER]: Replica starting. Triggering 0 pending ops. Active config: opid_index: -1 OBSOLETE_local: false peers { permanent_uuid: "2385f432c20f4920b61134969e6c76b4" member_type: VOTER last_known_addr { host: "127.28.160.67" port: 35177 } } peers { permanent_uuid: "4f3de1f6c6634eb8b19a4a06e5d74252" member_type: VOTER last_known_addr { host: "127.28.160.66" port: 36929 } } peers { permanent_uuid: "780350eaeece4c04852c66a02d4fe79f" member_type: VOTER last_known_addr { host: "127.28.160.65" port: 44145 } }
I20260608 13:01:54.040946 31280 raft_consensus.cc:385] T 875081bd8c88426da88af7d24cb889bb P 780350eaeece4c04852c66a02d4fe79f [term 0 FOLLOWER]: Consensus starting up: Expiring failure detector timer to make a prompt election more likely
I20260608 13:01:54.041244 31280 raft_consensus.cc:740] T 875081bd8c88426da88af7d24cb889bb P 780350eaeece4c04852c66a02d4fe79f [term 0 FOLLOWER]: Becoming Follower/Learner. State: Replica: 780350eaeece4c04852c66a02d4fe79f, State: Initialized, Role: FOLLOWER
I20260608 13:01:54.041641 31279 ts_tablet_manager.cc:1434] T 5521a2fc5db44e4aaf9eeaa9b0b213be P 4f3de1f6c6634eb8b19a4a06e5d74252: Time spent starting tablet: real 0.047s	user 0.025s	sys 0.015s
I20260608 13:01:54.042182 31280 consensus_queue.cc:260] T 875081bd8c88426da88af7d24cb889bb P 780350eaeece4c04852c66a02d4fe79f [NON_LEADER]: Queue going to NON_LEADER mode. State: All replicated index: 0, Majority replicated index: 0, Committed index: 0, Last appended: 0.0, Last appended by leader: 0, Current term: 0, Majority size: -1, State: 0, Mode: NON_LEADER, active raft config: opid_index: -1 OBSOLETE_local: false peers { permanent_uuid: "2385f432c20f4920b61134969e6c76b4" member_type: VOTER last_known_addr { host: "127.28.160.67" port: 35177 } } peers { permanent_uuid: "4f3de1f6c6634eb8b19a4a06e5d74252" member_type: VOTER last_known_addr { host: "127.28.160.66" port: 36929 } } peers { permanent_uuid: "780350eaeece4c04852c66a02d4fe79f" member_type: VOTER last_known_addr { host: "127.28.160.65" port: 44145 } }
I20260608 13:01:54.042778 31279 tablet_bootstrap.cc:492] T 875081bd8c88426da88af7d24cb889bb P 4f3de1f6c6634eb8b19a4a06e5d74252: Bootstrap starting.
I20260608 13:01:54.044906 31280 ts_tablet_manager.cc:1434] T 875081bd8c88426da88af7d24cb889bb P 780350eaeece4c04852c66a02d4fe79f: Time spent starting tablet: real 0.007s	user 0.006s	sys 0.000s
I20260608 13:01:54.050652 31279 tablet_bootstrap.cc:654] T 875081bd8c88426da88af7d24cb889bb P 4f3de1f6c6634eb8b19a4a06e5d74252: Neither blocks nor log segments found. Creating new log.
I20260608 13:01:54.058503 31279 tablet_bootstrap.cc:492] T 875081bd8c88426da88af7d24cb889bb P 4f3de1f6c6634eb8b19a4a06e5d74252: No bootstrap required, opened a new log
I20260608 13:01:54.059037 31279 ts_tablet_manager.cc:1403] T 875081bd8c88426da88af7d24cb889bb P 4f3de1f6c6634eb8b19a4a06e5d74252: Time spent bootstrapping tablet: real 0.017s	user 0.013s	sys 0.000s
I20260608 13:01:54.061376 31279 raft_consensus.cc:359] T 875081bd8c88426da88af7d24cb889bb P 4f3de1f6c6634eb8b19a4a06e5d74252 [term 0 FOLLOWER]: Replica starting. Triggering 0 pending ops. Active config: opid_index: -1 OBSOLETE_local: false peers { permanent_uuid: "2385f432c20f4920b61134969e6c76b4" member_type: VOTER last_known_addr { host: "127.28.160.67" port: 35177 } } peers { permanent_uuid: "4f3de1f6c6634eb8b19a4a06e5d74252" member_type: VOTER last_known_addr { host: "127.28.160.66" port: 36929 } } peers { permanent_uuid: "780350eaeece4c04852c66a02d4fe79f" member_type: VOTER last_known_addr { host: "127.28.160.65" port: 44145 } }
I20260608 13:01:54.061897 31279 raft_consensus.cc:385] T 875081bd8c88426da88af7d24cb889bb P 4f3de1f6c6634eb8b19a4a06e5d74252 [term 0 FOLLOWER]: Consensus starting up: Expiring failure detector timer to make a prompt election more likely
I20260608 13:01:54.062086 31279 raft_consensus.cc:740] T 875081bd8c88426da88af7d24cb889bb P 4f3de1f6c6634eb8b19a4a06e5d74252 [term 0 FOLLOWER]: Becoming Follower/Learner. State: Replica: 4f3de1f6c6634eb8b19a4a06e5d74252, State: Initialized, Role: FOLLOWER
I20260608 13:01:54.062724 31279 consensus_queue.cc:260] T 875081bd8c88426da88af7d24cb889bb P 4f3de1f6c6634eb8b19a4a06e5d74252 [NON_LEADER]: Queue going to NON_LEADER mode. State: All replicated index: 0, Majority replicated index: 0, Committed index: 0, Last appended: 0.0, Last appended by leader: 0, Current term: 0, Majority size: -1, State: 0, Mode: NON_LEADER, active raft config: opid_index: -1 OBSOLETE_local: false peers { permanent_uuid: "2385f432c20f4920b61134969e6c76b4" member_type: VOTER last_known_addr { host: "127.28.160.67" port: 35177 } } peers { permanent_uuid: "4f3de1f6c6634eb8b19a4a06e5d74252" member_type: VOTER last_known_addr { host: "127.28.160.66" port: 36929 } } peers { permanent_uuid: "780350eaeece4c04852c66a02d4fe79f" member_type: VOTER last_known_addr { host: "127.28.160.65" port: 44145 } }
I20260608 13:01:54.064381 31279 ts_tablet_manager.cc:1434] T 875081bd8c88426da88af7d24cb889bb P 4f3de1f6c6634eb8b19a4a06e5d74252: Time spent starting tablet: real 0.005s	user 0.005s	sys 0.002s
I20260608 13:01:54.068090 31284 raft_consensus.cc:493] T 5521a2fc5db44e4aaf9eeaa9b0b213be P 2385f432c20f4920b61134969e6c76b4 [term 0 FOLLOWER]: Starting pre-election (no leader contacted us within the election timeout)
I20260608 13:01:54.068572 31284 raft_consensus.cc:515] T 5521a2fc5db44e4aaf9eeaa9b0b213be P 2385f432c20f4920b61134969e6c76b4 [term 0 FOLLOWER]: Starting pre-election with config: opid_index: -1 OBSOLETE_local: false peers { permanent_uuid: "780350eaeece4c04852c66a02d4fe79f" member_type: VOTER last_known_addr { host: "127.28.160.65" port: 44145 } } peers { permanent_uuid: "4f3de1f6c6634eb8b19a4a06e5d74252" member_type: VOTER last_known_addr { host: "127.28.160.66" port: 36929 } } peers { permanent_uuid: "2385f432c20f4920b61134969e6c76b4" member_type: VOTER last_known_addr { host: "127.28.160.67" port: 35177 } }
I20260608 13:01:54.072396 31284 leader_election.cc:290] T 5521a2fc5db44e4aaf9eeaa9b0b213be P 2385f432c20f4920b61134969e6c76b4 [CANDIDATE]: Term 1 pre-election: Requested pre-vote from peers 780350eaeece4c04852c66a02d4fe79f (127.28.160.65:44145), 4f3de1f6c6634eb8b19a4a06e5d74252 (127.28.160.66:36929)
I20260608 13:01:54.086869 31159 tablet_service.cc:1917] Received RequestConsensusVote() RPC: tablet_id: "5521a2fc5db44e4aaf9eeaa9b0b213be" candidate_uuid: "2385f432c20f4920b61134969e6c76b4" candidate_term: 1 candidate_status { last_received { term: 0 index: 0 } } ignore_live_leader: false dest_uuid: "4f3de1f6c6634eb8b19a4a06e5d74252" is_pre_election: true
I20260608 13:01:54.086900 31084 tablet_service.cc:1917] Received RequestConsensusVote() RPC: tablet_id: "5521a2fc5db44e4aaf9eeaa9b0b213be" candidate_uuid: "2385f432c20f4920b61134969e6c76b4" candidate_term: 1 candidate_status { last_received { term: 0 index: 0 } } ignore_live_leader: false dest_uuid: "780350eaeece4c04852c66a02d4fe79f" is_pre_election: true
I20260608 13:01:54.087968 31159 raft_consensus.cc:2468] T 5521a2fc5db44e4aaf9eeaa9b0b213be P 4f3de1f6c6634eb8b19a4a06e5d74252 [term 0 FOLLOWER]: Leader pre-election vote request: Granting yes vote for candidate 2385f432c20f4920b61134969e6c76b4 in term 0.
I20260608 13:01:54.087968 31084 raft_consensus.cc:2468] T 5521a2fc5db44e4aaf9eeaa9b0b213be P 780350eaeece4c04852c66a02d4fe79f [term 0 FOLLOWER]: Leader pre-election vote request: Granting yes vote for candidate 2385f432c20f4920b61134969e6c76b4 in term 0.
I20260608 13:01:54.089895 31196 leader_election.cc:304] T 5521a2fc5db44e4aaf9eeaa9b0b213be P 2385f432c20f4920b61134969e6c76b4 [CANDIDATE]: Term 1 pre-election: Election decided. Result: candidate won. Election summary: received 2 responses out of 3 voters: 2 yes votes; 0 no votes. yes voters: 2385f432c20f4920b61134969e6c76b4, 780350eaeece4c04852c66a02d4fe79f; no voters: 
I20260608 13:01:54.090660 31284 raft_consensus.cc:2804] T 5521a2fc5db44e4aaf9eeaa9b0b213be P 2385f432c20f4920b61134969e6c76b4 [term 0 FOLLOWER]: Leader pre-election won for term 1
I20260608 13:01:54.091010 31284 raft_consensus.cc:493] T 5521a2fc5db44e4aaf9eeaa9b0b213be P 2385f432c20f4920b61134969e6c76b4 [term 0 FOLLOWER]: Starting leader election (no leader contacted us within the election timeout)
I20260608 13:01:54.091315 31284 raft_consensus.cc:3060] T 5521a2fc5db44e4aaf9eeaa9b0b213be P 2385f432c20f4920b61134969e6c76b4 [term 0 FOLLOWER]: Advancing to term 1
I20260608 13:01:54.096150 31284 raft_consensus.cc:515] T 5521a2fc5db44e4aaf9eeaa9b0b213be P 2385f432c20f4920b61134969e6c76b4 [term 1 FOLLOWER]: Starting leader election with config: opid_index: -1 OBSOLETE_local: false peers { permanent_uuid: "780350eaeece4c04852c66a02d4fe79f" member_type: VOTER last_known_addr { host: "127.28.160.65" port: 44145 } } peers { permanent_uuid: "4f3de1f6c6634eb8b19a4a06e5d74252" member_type: VOTER last_known_addr { host: "127.28.160.66" port: 36929 } } peers { permanent_uuid: "2385f432c20f4920b61134969e6c76b4" member_type: VOTER last_known_addr { host: "127.28.160.67" port: 35177 } }
I20260608 13:01:54.097941 31284 leader_election.cc:290] T 5521a2fc5db44e4aaf9eeaa9b0b213be P 2385f432c20f4920b61134969e6c76b4 [CANDIDATE]: Term 1 election: Requested vote from peers 780350eaeece4c04852c66a02d4fe79f (127.28.160.65:44145), 4f3de1f6c6634eb8b19a4a06e5d74252 (127.28.160.66:36929)
I20260608 13:01:54.098915 31084 tablet_service.cc:1917] Received RequestConsensusVote() RPC: tablet_id: "5521a2fc5db44e4aaf9eeaa9b0b213be" candidate_uuid: "2385f432c20f4920b61134969e6c76b4" candidate_term: 1 candidate_status { last_received { term: 0 index: 0 } } ignore_live_leader: false dest_uuid: "780350eaeece4c04852c66a02d4fe79f"
I20260608 13:01:54.099081 31159 tablet_service.cc:1917] Received RequestConsensusVote() RPC: tablet_id: "5521a2fc5db44e4aaf9eeaa9b0b213be" candidate_uuid: "2385f432c20f4920b61134969e6c76b4" candidate_term: 1 candidate_status { last_received { term: 0 index: 0 } } ignore_live_leader: false dest_uuid: "4f3de1f6c6634eb8b19a4a06e5d74252"
I20260608 13:01:54.099431 31084 raft_consensus.cc:3060] T 5521a2fc5db44e4aaf9eeaa9b0b213be P 780350eaeece4c04852c66a02d4fe79f [term 0 FOLLOWER]: Advancing to term 1
I20260608 13:01:54.099661 31159 raft_consensus.cc:3060] T 5521a2fc5db44e4aaf9eeaa9b0b213be P 4f3de1f6c6634eb8b19a4a06e5d74252 [term 0 FOLLOWER]: Advancing to term 1
I20260608 13:01:54.104794 31084 raft_consensus.cc:2468] T 5521a2fc5db44e4aaf9eeaa9b0b213be P 780350eaeece4c04852c66a02d4fe79f [term 1 FOLLOWER]: Leader election vote request: Granting yes vote for candidate 2385f432c20f4920b61134969e6c76b4 in term 1.
I20260608 13:01:54.105257 31159 raft_consensus.cc:2468] T 5521a2fc5db44e4aaf9eeaa9b0b213be P 4f3de1f6c6634eb8b19a4a06e5d74252 [term 1 FOLLOWER]: Leader election vote request: Granting yes vote for candidate 2385f432c20f4920b61134969e6c76b4 in term 1.
I20260608 13:01:54.105990 31196 leader_election.cc:304] T 5521a2fc5db44e4aaf9eeaa9b0b213be P 2385f432c20f4920b61134969e6c76b4 [CANDIDATE]: Term 1 election: Election decided. Result: candidate won. Election summary: received 2 responses out of 3 voters: 2 yes votes; 0 no votes. yes voters: 2385f432c20f4920b61134969e6c76b4, 780350eaeece4c04852c66a02d4fe79f; no voters: 
I20260608 13:01:54.107611 31284 raft_consensus.cc:2804] T 5521a2fc5db44e4aaf9eeaa9b0b213be P 2385f432c20f4920b61134969e6c76b4 [term 1 FOLLOWER]: Leader election won for term 1
I20260608 13:01:54.109181 31284 raft_consensus.cc:697] T 5521a2fc5db44e4aaf9eeaa9b0b213be P 2385f432c20f4920b61134969e6c76b4 [term 1 LEADER]: Becoming Leader. State: Replica: 2385f432c20f4920b61134969e6c76b4, State: Running, Role: LEADER
I20260608 13:01:54.109915 31284 consensus_queue.cc:237] T 5521a2fc5db44e4aaf9eeaa9b0b213be P 2385f432c20f4920b61134969e6c76b4 [LEADER]: Queue going to LEADER mode. State: All replicated index: 0, Majority replicated index: 0, Committed index: 0, Last appended: 0.0, Last appended by leader: 0, Current term: 1, Majority size: 2, State: 0, Mode: LEADER, active raft config: opid_index: -1 OBSOLETE_local: false peers { permanent_uuid: "780350eaeece4c04852c66a02d4fe79f" member_type: VOTER last_known_addr { host: "127.28.160.65" port: 44145 } } peers { permanent_uuid: "4f3de1f6c6634eb8b19a4a06e5d74252" member_type: VOTER last_known_addr { host: "127.28.160.66" port: 36929 } } peers { permanent_uuid: "2385f432c20f4920b61134969e6c76b4" member_type: VOTER last_known_addr { host: "127.28.160.67" port: 35177 } }
I20260608 13:01:54.119325 30982 catalog_manager.cc:5696] T 5521a2fc5db44e4aaf9eeaa9b0b213be P 2385f432c20f4920b61134969e6c76b4 reported cstate change: term changed from 0 to 1, leader changed from <none> to 2385f432c20f4920b61134969e6c76b4 (127.28.160.67). New cstate: current_term: 1 leader_uuid: "2385f432c20f4920b61134969e6c76b4" committed_config { opid_index: -1 OBSOLETE_local: false peers { permanent_uuid: "780350eaeece4c04852c66a02d4fe79f" member_type: VOTER last_known_addr { host: "127.28.160.65" port: 44145 } health_report { overall_health: UNKNOWN } } peers { permanent_uuid: "4f3de1f6c6634eb8b19a4a06e5d74252" member_type: VOTER last_known_addr { host: "127.28.160.66" port: 36929 } health_report { overall_health: UNKNOWN } } peers { permanent_uuid: "2385f432c20f4920b61134969e6c76b4" member_type: VOTER last_known_addr { host: "127.28.160.67" port: 35177 } health_report { overall_health: HEALTHY } } }
I20260608 13:01:54.124433 31286 raft_consensus.cc:493] T 875081bd8c88426da88af7d24cb889bb P 4f3de1f6c6634eb8b19a4a06e5d74252 [term 0 FOLLOWER]: Starting pre-election (no leader contacted us within the election timeout)
I20260608 13:01:54.125017 31286 raft_consensus.cc:515] T 875081bd8c88426da88af7d24cb889bb P 4f3de1f6c6634eb8b19a4a06e5d74252 [term 0 FOLLOWER]: Starting pre-election with config: opid_index: -1 OBSOLETE_local: false peers { permanent_uuid: "2385f432c20f4920b61134969e6c76b4" member_type: VOTER last_known_addr { host: "127.28.160.67" port: 35177 } } peers { permanent_uuid: "4f3de1f6c6634eb8b19a4a06e5d74252" member_type: VOTER last_known_addr { host: "127.28.160.66" port: 36929 } } peers { permanent_uuid: "780350eaeece4c04852c66a02d4fe79f" member_type: VOTER last_known_addr { host: "127.28.160.65" port: 44145 } }
I20260608 13:01:54.126596 31285 raft_consensus.cc:493] T 875081bd8c88426da88af7d24cb889bb P 780350eaeece4c04852c66a02d4fe79f [term 0 FOLLOWER]: Starting pre-election (no leader contacted us within the election timeout)
I20260608 13:01:54.127121 31285 raft_consensus.cc:515] T 875081bd8c88426da88af7d24cb889bb P 780350eaeece4c04852c66a02d4fe79f [term 0 FOLLOWER]: Starting pre-election with config: opid_index: -1 OBSOLETE_local: false peers { permanent_uuid: "2385f432c20f4920b61134969e6c76b4" member_type: VOTER last_known_addr { host: "127.28.160.67" port: 35177 } } peers { permanent_uuid: "4f3de1f6c6634eb8b19a4a06e5d74252" member_type: VOTER last_known_addr { host: "127.28.160.66" port: 36929 } } peers { permanent_uuid: "780350eaeece4c04852c66a02d4fe79f" member_type: VOTER last_known_addr { host: "127.28.160.65" port: 44145 } }
I20260608 13:01:54.127764 31286 leader_election.cc:290] T 875081bd8c88426da88af7d24cb889bb P 4f3de1f6c6634eb8b19a4a06e5d74252 [CANDIDATE]: Term 1 pre-election: Requested pre-vote from peers 2385f432c20f4920b61134969e6c76b4 (127.28.160.67:35177), 780350eaeece4c04852c66a02d4fe79f (127.28.160.65:44145)
I20260608 13:01:54.132180 31285 leader_election.cc:290] T 875081bd8c88426da88af7d24cb889bb P 780350eaeece4c04852c66a02d4fe79f [CANDIDATE]: Term 1 pre-election: Requested pre-vote from peers 2385f432c20f4920b61134969e6c76b4 (127.28.160.67:35177), 4f3de1f6c6634eb8b19a4a06e5d74252 (127.28.160.66:36929)
I20260608 13:01:54.150923 31233 tablet_service.cc:1917] Received RequestConsensusVote() RPC: tablet_id: "875081bd8c88426da88af7d24cb889bb" candidate_uuid: "4f3de1f6c6634eb8b19a4a06e5d74252" candidate_term: 1 candidate_status { last_received { term: 0 index: 0 } } ignore_live_leader: false dest_uuid: "2385f432c20f4920b61134969e6c76b4" is_pre_election: true
I20260608 13:01:54.151335 31084 tablet_service.cc:1917] Received RequestConsensusVote() RPC: tablet_id: "875081bd8c88426da88af7d24cb889bb" candidate_uuid: "4f3de1f6c6634eb8b19a4a06e5d74252" candidate_term: 1 candidate_status { last_received { term: 0 index: 0 } } ignore_live_leader: false dest_uuid: "780350eaeece4c04852c66a02d4fe79f" is_pre_election: true
I20260608 13:01:54.151791 31233 raft_consensus.cc:2468] T 875081bd8c88426da88af7d24cb889bb P 2385f432c20f4920b61134969e6c76b4 [term 0 FOLLOWER]: Leader pre-election vote request: Granting yes vote for candidate 4f3de1f6c6634eb8b19a4a06e5d74252 in term 0.
I20260608 13:01:54.152102 31084 raft_consensus.cc:2468] T 875081bd8c88426da88af7d24cb889bb P 780350eaeece4c04852c66a02d4fe79f [term 0 FOLLOWER]: Leader pre-election vote request: Granting yes vote for candidate 4f3de1f6c6634eb8b19a4a06e5d74252 in term 0.
I20260608 13:01:54.153229 31232 tablet_service.cc:1917] Received RequestConsensusVote() RPC: tablet_id: "875081bd8c88426da88af7d24cb889bb" candidate_uuid: "780350eaeece4c04852c66a02d4fe79f" candidate_term: 1 candidate_status { last_received { term: 0 index: 0 } } ignore_live_leader: false dest_uuid: "2385f432c20f4920b61134969e6c76b4" is_pre_election: true
I20260608 13:01:54.153331 31124 leader_election.cc:304] T 875081bd8c88426da88af7d24cb889bb P 4f3de1f6c6634eb8b19a4a06e5d74252 [CANDIDATE]: Term 1 pre-election: Election decided. Result: candidate won. Election summary: received 2 responses out of 3 voters: 2 yes votes; 0 no votes. yes voters: 2385f432c20f4920b61134969e6c76b4, 4f3de1f6c6634eb8b19a4a06e5d74252; no voters: 
I20260608 13:01:54.154093 31232 raft_consensus.cc:2468] T 875081bd8c88426da88af7d24cb889bb P 2385f432c20f4920b61134969e6c76b4 [term 0 FOLLOWER]: Leader pre-election vote request: Granting yes vote for candidate 780350eaeece4c04852c66a02d4fe79f in term 0.
I20260608 13:01:54.154452 31286 raft_consensus.cc:2804] T 875081bd8c88426da88af7d24cb889bb P 4f3de1f6c6634eb8b19a4a06e5d74252 [term 0 FOLLOWER]: Leader pre-election won for term 1
I20260608 13:01:54.154953 31286 raft_consensus.cc:493] T 875081bd8c88426da88af7d24cb889bb P 4f3de1f6c6634eb8b19a4a06e5d74252 [term 0 FOLLOWER]: Starting leader election (no leader contacted us within the election timeout)
I20260608 13:01:54.155021 31159 tablet_service.cc:1917] Received RequestConsensusVote() RPC: tablet_id: "875081bd8c88426da88af7d24cb889bb" candidate_uuid: "780350eaeece4c04852c66a02d4fe79f" candidate_term: 1 candidate_status { last_received { term: 0 index: 0 } } ignore_live_leader: false dest_uuid: "4f3de1f6c6634eb8b19a4a06e5d74252" is_pre_election: true
I20260608 13:01:54.155405 31286 raft_consensus.cc:3060] T 875081bd8c88426da88af7d24cb889bb P 4f3de1f6c6634eb8b19a4a06e5d74252 [term 0 FOLLOWER]: Advancing to term 1
I20260608 13:01:54.155525 31049 leader_election.cc:304] T 875081bd8c88426da88af7d24cb889bb P 780350eaeece4c04852c66a02d4fe79f [CANDIDATE]: Term 1 pre-election: Election decided. Result: candidate won. Election summary: received 2 responses out of 3 voters: 2 yes votes; 0 no votes. yes voters: 2385f432c20f4920b61134969e6c76b4, 780350eaeece4c04852c66a02d4fe79f; no voters: 
I20260608 13:01:54.156518 31285 raft_consensus.cc:2804] T 875081bd8c88426da88af7d24cb889bb P 780350eaeece4c04852c66a02d4fe79f [term 0 FOLLOWER]: Leader pre-election won for term 1
I20260608 13:01:54.156924 31285 raft_consensus.cc:493] T 875081bd8c88426da88af7d24cb889bb P 780350eaeece4c04852c66a02d4fe79f [term 0 FOLLOWER]: Starting leader election (no leader contacted us within the election timeout)
I20260608 13:01:54.157271 31285 raft_consensus.cc:3060] T 875081bd8c88426da88af7d24cb889bb P 780350eaeece4c04852c66a02d4fe79f [term 0 FOLLOWER]: Advancing to term 1
I20260608 13:01:54.163182 31286 raft_consensus.cc:515] T 875081bd8c88426da88af7d24cb889bb P 4f3de1f6c6634eb8b19a4a06e5d74252 [term 1 FOLLOWER]: Starting leader election with config: opid_index: -1 OBSOLETE_local: false peers { permanent_uuid: "2385f432c20f4920b61134969e6c76b4" member_type: VOTER last_known_addr { host: "127.28.160.67" port: 35177 } } peers { permanent_uuid: "4f3de1f6c6634eb8b19a4a06e5d74252" member_type: VOTER last_known_addr { host: "127.28.160.66" port: 36929 } } peers { permanent_uuid: "780350eaeece4c04852c66a02d4fe79f" member_type: VOTER last_known_addr { host: "127.28.160.65" port: 44145 } }
I20260608 13:01:54.164562 31159 raft_consensus.cc:2393] T 875081bd8c88426da88af7d24cb889bb P 4f3de1f6c6634eb8b19a4a06e5d74252 [term 1 FOLLOWER]: Leader pre-election vote request: Denying vote to candidate 780350eaeece4c04852c66a02d4fe79f in current term 1: Already voted for candidate 4f3de1f6c6634eb8b19a4a06e5d74252 in this term.
I20260608 13:01:54.165792 31286 leader_election.cc:290] T 875081bd8c88426da88af7d24cb889bb P 4f3de1f6c6634eb8b19a4a06e5d74252 [CANDIDATE]: Term 1 election: Requested vote from peers 2385f432c20f4920b61134969e6c76b4 (127.28.160.67:35177), 780350eaeece4c04852c66a02d4fe79f (127.28.160.65:44145)
I20260608 13:01:54.164317 31285 raft_consensus.cc:515] T 875081bd8c88426da88af7d24cb889bb P 780350eaeece4c04852c66a02d4fe79f [term 1 FOLLOWER]: Starting leader election with config: opid_index: -1 OBSOLETE_local: false peers { permanent_uuid: "2385f432c20f4920b61134969e6c76b4" member_type: VOTER last_known_addr { host: "127.28.160.67" port: 35177 } } peers { permanent_uuid: "4f3de1f6c6634eb8b19a4a06e5d74252" member_type: VOTER last_known_addr { host: "127.28.160.66" port: 36929 } } peers { permanent_uuid: "780350eaeece4c04852c66a02d4fe79f" member_type: VOTER last_known_addr { host: "127.28.160.65" port: 44145 } }
I20260608 13:01:54.166761 31232 tablet_service.cc:1917] Received RequestConsensusVote() RPC: tablet_id: "875081bd8c88426da88af7d24cb889bb" candidate_uuid: "4f3de1f6c6634eb8b19a4a06e5d74252" candidate_term: 1 candidate_status { last_received { term: 0 index: 0 } } ignore_live_leader: false dest_uuid: "2385f432c20f4920b61134969e6c76b4"
I20260608 13:01:54.167382 31232 raft_consensus.cc:3060] T 875081bd8c88426da88af7d24cb889bb P 2385f432c20f4920b61134969e6c76b4 [term 0 FOLLOWER]: Advancing to term 1
I20260608 13:01:54.168025 31285 leader_election.cc:290] T 875081bd8c88426da88af7d24cb889bb P 780350eaeece4c04852c66a02d4fe79f [CANDIDATE]: Term 1 election: Requested vote from peers 2385f432c20f4920b61134969e6c76b4 (127.28.160.67:35177), 4f3de1f6c6634eb8b19a4a06e5d74252 (127.28.160.66:36929)
I20260608 13:01:54.168910 31233 tablet_service.cc:1917] Received RequestConsensusVote() RPC: tablet_id: "875081bd8c88426da88af7d24cb889bb" candidate_uuid: "780350eaeece4c04852c66a02d4fe79f" candidate_term: 1 candidate_status { last_received { term: 0 index: 0 } } ignore_live_leader: false dest_uuid: "2385f432c20f4920b61134969e6c76b4"
I20260608 13:01:54.169488 31084 tablet_service.cc:1917] Received RequestConsensusVote() RPC: tablet_id: "875081bd8c88426da88af7d24cb889bb" candidate_uuid: "4f3de1f6c6634eb8b19a4a06e5d74252" candidate_term: 1 candidate_status { last_received { term: 0 index: 0 } } ignore_live_leader: false dest_uuid: "780350eaeece4c04852c66a02d4fe79f"
I20260608 13:01:54.169634 31158 tablet_service.cc:1917] Received RequestConsensusVote() RPC: tablet_id: "875081bd8c88426da88af7d24cb889bb" candidate_uuid: "780350eaeece4c04852c66a02d4fe79f" candidate_term: 1 candidate_status { last_received { term: 0 index: 0 } } ignore_live_leader: false dest_uuid: "4f3de1f6c6634eb8b19a4a06e5d74252"
I20260608 13:01:54.170292 31084 raft_consensus.cc:2393] T 875081bd8c88426da88af7d24cb889bb P 780350eaeece4c04852c66a02d4fe79f [term 1 FOLLOWER]: Leader election vote request: Denying vote to candidate 4f3de1f6c6634eb8b19a4a06e5d74252 in current term 1: Already voted for candidate 780350eaeece4c04852c66a02d4fe79f in this term.
I20260608 13:01:54.170547 31158 raft_consensus.cc:2393] T 875081bd8c88426da88af7d24cb889bb P 4f3de1f6c6634eb8b19a4a06e5d74252 [term 1 FOLLOWER]: Leader election vote request: Denying vote to candidate 780350eaeece4c04852c66a02d4fe79f in current term 1: Already voted for candidate 4f3de1f6c6634eb8b19a4a06e5d74252 in this term.
I20260608 13:01:54.171969 31050 leader_election.cc:304] T 875081bd8c88426da88af7d24cb889bb P 780350eaeece4c04852c66a02d4fe79f [CANDIDATE]: Term 1 election: Election decided. Result: candidate lost. Election summary: received 3 responses out of 3 voters: 1 yes votes; 2 no votes. yes voters: 780350eaeece4c04852c66a02d4fe79f; no voters: 2385f432c20f4920b61134969e6c76b4, 4f3de1f6c6634eb8b19a4a06e5d74252
I20260608 13:01:54.172889 31285 raft_consensus.cc:2749] T 875081bd8c88426da88af7d24cb889bb P 780350eaeece4c04852c66a02d4fe79f [term 1 FOLLOWER]: Leader election lost for term 1. Reason: could not achieve majority
I20260608 13:01:54.174489 31232 raft_consensus.cc:2468] T 875081bd8c88426da88af7d24cb889bb P 2385f432c20f4920b61134969e6c76b4 [term 1 FOLLOWER]: Leader election vote request: Granting yes vote for candidate 4f3de1f6c6634eb8b19a4a06e5d74252 in term 1.
I20260608 13:01:54.175634 31124 leader_election.cc:304] T 875081bd8c88426da88af7d24cb889bb P 4f3de1f6c6634eb8b19a4a06e5d74252 [CANDIDATE]: Term 1 election: Election decided. Result: candidate won. Election summary: received 3 responses out of 3 voters: 2 yes votes; 1 no votes. yes voters: 2385f432c20f4920b61134969e6c76b4, 4f3de1f6c6634eb8b19a4a06e5d74252; no voters: 780350eaeece4c04852c66a02d4fe79f
I20260608 13:01:54.176407 31286 raft_consensus.cc:2804] T 875081bd8c88426da88af7d24cb889bb P 4f3de1f6c6634eb8b19a4a06e5d74252 [term 1 FOLLOWER]: Leader election won for term 1
I20260608 13:01:54.177537 31286 raft_consensus.cc:697] T 875081bd8c88426da88af7d24cb889bb P 4f3de1f6c6634eb8b19a4a06e5d74252 [term 1 LEADER]: Becoming Leader. State: Replica: 4f3de1f6c6634eb8b19a4a06e5d74252, State: Running, Role: LEADER
I20260608 13:01:54.178416 31286 consensus_queue.cc:237] T 875081bd8c88426da88af7d24cb889bb P 4f3de1f6c6634eb8b19a4a06e5d74252 [LEADER]: Queue going to LEADER mode. State: All replicated index: 0, Majority replicated index: 0, Committed index: 0, Last appended: 0.0, Last appended by leader: 0, Current term: 1, Majority size: 2, State: 0, Mode: LEADER, active raft config: opid_index: -1 OBSOLETE_local: false peers { permanent_uuid: "2385f432c20f4920b61134969e6c76b4" member_type: VOTER last_known_addr { host: "127.28.160.67" port: 35177 } } peers { permanent_uuid: "4f3de1f6c6634eb8b19a4a06e5d74252" member_type: VOTER last_known_addr { host: "127.28.160.66" port: 36929 } } peers { permanent_uuid: "780350eaeece4c04852c66a02d4fe79f" member_type: VOTER last_known_addr { host: "127.28.160.65" port: 44145 } }
I20260608 13:01:54.190032 30982 catalog_manager.cc:5696] T 875081bd8c88426da88af7d24cb889bb P 4f3de1f6c6634eb8b19a4a06e5d74252 reported cstate change: term changed from 0 to 1, leader changed from <none> to 4f3de1f6c6634eb8b19a4a06e5d74252 (127.28.160.66). New cstate: current_term: 1 leader_uuid: "4f3de1f6c6634eb8b19a4a06e5d74252" committed_config { opid_index: -1 OBSOLETE_local: false peers { permanent_uuid: "2385f432c20f4920b61134969e6c76b4" member_type: VOTER last_known_addr { host: "127.28.160.67" port: 35177 } health_report { overall_health: UNKNOWN } } peers { permanent_uuid: "4f3de1f6c6634eb8b19a4a06e5d74252" member_type: VOTER last_known_addr { host: "127.28.160.66" port: 36929 } health_report { overall_health: HEALTHY } } peers { permanent_uuid: "780350eaeece4c04852c66a02d4fe79f" member_type: VOTER last_known_addr { host: "127.28.160.65" port: 44145 } health_report { overall_health: UNKNOWN } } }
I20260608 13:01:54.386890 31035 auto_leader_rebalancer.cc:140] leader rebalance for table test-workload
I20260608 13:01:54.389196 31035 auto_leader_rebalancer.cc:388] table: test-workload, leader rebalance finish, leader transfer count: 0
I20260608 13:01:54.389621 31035 auto_leader_rebalancer.cc:451] All tables' leader rebalancing finished this round
I20260608 13:01:54.605471 31284 consensus_queue.cc:1048] T 5521a2fc5db44e4aaf9eeaa9b0b213be P 2385f432c20f4920b61134969e6c76b4 [LEADER]: Connected to new peer: Peer: permanent_uuid: "4f3de1f6c6634eb8b19a4a06e5d74252" member_type: VOTER last_known_addr { host: "127.28.160.66" port: 36929 }, Status: LMP_MISMATCH, Last received: 0.0, Next index: 1, Last known committed idx: 0, Time since last communication: 0.000s
I20260608 13:01:54.619333 31302 consensus_queue.cc:1048] T 5521a2fc5db44e4aaf9eeaa9b0b213be P 2385f432c20f4920b61134969e6c76b4 [LEADER]: Connected to new peer: Peer: permanent_uuid: "780350eaeece4c04852c66a02d4fe79f" member_type: VOTER last_known_addr { host: "127.28.160.65" port: 44145 }, Status: LMP_MISMATCH, Last received: 0.0, Next index: 1, Last known committed idx: 0, Time since last communication: 0.000s
I20260608 13:01:54.678503 31286 consensus_queue.cc:1048] T 875081bd8c88426da88af7d24cb889bb P 4f3de1f6c6634eb8b19a4a06e5d74252 [LEADER]: Connected to new peer: Peer: permanent_uuid: "2385f432c20f4920b61134969e6c76b4" member_type: VOTER last_known_addr { host: "127.28.160.67" port: 35177 }, Status: LMP_MISMATCH, Last received: 0.0, Next index: 1, Last known committed idx: 0, Time since last communication: 0.000s
I20260608 13:01:54.692080 31286 consensus_queue.cc:1048] T 875081bd8c88426da88af7d24cb889bb P 4f3de1f6c6634eb8b19a4a06e5d74252 [LEADER]: Connected to new peer: Peer: permanent_uuid: "780350eaeece4c04852c66a02d4fe79f" member_type: VOTER last_known_addr { host: "127.28.160.65" port: 44145 }, Status: LMP_MISMATCH, Last received: 0.0, Next index: 1, Last known committed idx: 0, Time since last communication: 0.000s
I20260608 13:01:56.390631 31035 auto_leader_rebalancer.cc:140] leader rebalance for table test-workload
I20260608 13:01:56.393324 31035 auto_leader_rebalancer.cc:388] table: test-workload, leader rebalance finish, leader transfer count: 0
I20260608 13:01:56.393813 31035 auto_leader_rebalancer.cc:451] All tables' leader rebalancing finished this round
I20260608 13:01:58.394850 31035 auto_leader_rebalancer.cc:140] leader rebalance for table test-workload
I20260608 13:01:58.397068 31035 auto_leader_rebalancer.cc:388] table: test-workload, leader rebalance finish, leader transfer count: 0
I20260608 13:01:58.397367 31035 auto_leader_rebalancer.cc:451] All tables' leader rebalancing finished this round
I20260608 13:02:00.398479 31035 auto_leader_rebalancer.cc:140] leader rebalance for table test-workload
I20260608 13:02:00.401214 31035 auto_leader_rebalancer.cc:388] table: test-workload, leader rebalance finish, leader transfer count: 0
I20260608 13:02:00.401655 31035 auto_leader_rebalancer.cc:451] All tables' leader rebalancing finished this round
I20260608 13:02:02.402689 31035 auto_leader_rebalancer.cc:140] leader rebalance for table test-workload
I20260608 13:02:02.404699 31035 auto_leader_rebalancer.cc:388] table: test-workload, leader rebalance finish, leader transfer count: 0
I20260608 13:02:02.405004 31035 auto_leader_rebalancer.cc:451] All tables' leader rebalancing finished this round
I20260608 13:02:04.405917 31035 auto_leader_rebalancer.cc:140] leader rebalance for table test-workload
I20260608 13:02:04.407997 31035 auto_leader_rebalancer.cc:388] table: test-workload, leader rebalance finish, leader transfer count: 0
I20260608 13:02:04.408305 31035 auto_leader_rebalancer.cc:451] All tables' leader rebalancing finished this round
I20260608 13:02:05.267689 29313 file_cache.cc:492] Constructed file cache file cache with capacity 419430
W20260608 13:02:05.275982 31315 instance_detector.cc:116] could not retrieve AWS instance metadata: Network error: curl error: HTTP response code said error: The requested URL returned error: 404
W20260608 13:02:05.276176 31316 instance_detector.cc:116] could not retrieve Azure instance metadata: Network error: curl error: HTTP response code said error: The requested URL returned error: 404
W20260608 13:02:05.278252 31318 instance_detector.cc:116] could not retrieve OpenStack instance metadata: Network error: curl error: HTTP response code said error: The requested URL returned error: 404
I20260608 13:02:05.280781 29313 server_base.cc:1061] running on GCE node
I20260608 13:02:05.282636 29313 hybrid_clock.cc:584] initializing the hybrid clock with 'system_unsync' time source
W20260608 13:02:05.282925 29313 system_unsync_time.cc:38] NTP support is disabled. Clock error bounds will not be accurate. This configuration is not suitable for distributed clusters.
I20260608 13:02:05.283154 29313 hybrid_clock.cc:648] HybridClock initialized: now 1780923725283135 us; error 0 us; skew 500 ppm
I20260608 13:02:05.283818 29313 server_base.cc:861] Flag tcmalloc_max_total_thread_cache_bytes is not working since tcmalloc is not enabled.
I20260608 13:02:05.286979 29313 webserver.cc:533] Webserver started at http://127.28.160.68:35263/ using document root <none> and password file <none>
I20260608 13:02:05.287588 29313 fs_manager.cc:362] Metadata directory not provided
I20260608 13:02:05.287827 29313 fs_manager.cc:368] Using write-ahead log directory (fs_wal_dir) as metadata directory
I20260608 13:02:05.288237 29313 server_base.cc:909] This appears to be a new deployment of Kudu; creating new FS layout
I20260608 13:02:05.289821 29313 fs_manager.cc:1068] Generated new instance metadata in path /tmp/dist-test-taskIn02_c/test-tmp/auto_rebalancer-test.0.AutoRebalancerTest.MovesScheduledIfAddTserver.1780923689277970-29313-0/minicluster-data/ts-3-root/instance:
uuid: "bacc145d3507462d81836d99e7a30d5c"
format_stamp: "Formatted at 2026-06-08 13:02:05 on dist-test-slave-1w8l"
I20260608 13:02:05.295506 29313 fs_manager.cc:696] Time spent creating directory manager: real 0.005s	user 0.006s	sys 0.001s
I20260608 13:02:05.299649 31323 log_block_manager.cc:4031] Time spent loading block containers with low live blocks: real 0.000s	user 0.000s	sys 0.000s
I20260608 13:02:05.300630 29313 fs_manager.cc:730] Time spent opening block manager: real 0.003s	user 0.003s	sys 0.000s
I20260608 13:02:05.301007 29313 fs_manager.cc:647] Opened local filesystem: /tmp/dist-test-taskIn02_c/test-tmp/auto_rebalancer-test.0.AutoRebalancerTest.MovesScheduledIfAddTserver.1780923689277970-29313-0/minicluster-data/ts-3-root
uuid: "bacc145d3507462d81836d99e7a30d5c"
format_stamp: "Formatted at 2026-06-08 13:02:05 on dist-test-slave-1w8l"
I20260608 13:02:05.301342 29313 fs_report.cc:389] FS layout report
--------------------
wal directory: /tmp/dist-test-taskIn02_c/test-tmp/auto_rebalancer-test.0.AutoRebalancerTest.MovesScheduledIfAddTserver.1780923689277970-29313-0/minicluster-data/ts-3-root
metadata directory: /tmp/dist-test-taskIn02_c/test-tmp/auto_rebalancer-test.0.AutoRebalancerTest.MovesScheduledIfAddTserver.1780923689277970-29313-0/minicluster-data/ts-3-root
1 data directories: /tmp/dist-test-taskIn02_c/test-tmp/auto_rebalancer-test.0.AutoRebalancerTest.MovesScheduledIfAddTserver.1780923689277970-29313-0/minicluster-data/ts-3-root/data
Total live blocks: 0
Total live bytes: 0
Total live bytes (after alignment): 0
Total number of LBM containers: 0 (0 full)
Did not check for missing blocks
Did not check for orphaned blocks
Total full LBM containers with extra space: 0 (0 repaired)
Total full LBM container extra space in bytes: 0 (0 repaired)
Total incomplete LBM containers: 0 (0 repaired)
Total LBM partial records: 0 (0 repaired)
Total corrupted LBM metadata records in RocksDB: 0 (0 repaired)
I20260608 13:02:05.330631 29313 rpc_server.cc:225] running with OpenSSL 1.1.1  11 Sep 2018
I20260608 13:02:05.332340 29313 kserver.cc:163] Server-wide thread pool size limit: 3276
I20260608 13:02:05.334342 29313 txn_system_client.cc:432] TxnSystemClient initialization is disabled...
I20260608 13:02:05.337193 29313 ts_tablet_manager.cc:585] Loaded tablet metadata (0 total tablets, 0 live tablets)
I20260608 13:02:05.337419 29313 ts_tablet_manager.cc:531] Time spent load tablet metadata: real 0.000s	user 0.000s	sys 0.000s
I20260608 13:02:05.337632 29313 ts_tablet_manager.cc:616] Registered 0 tablets
I20260608 13:02:05.337781 29313 ts_tablet_manager.cc:595] Time spent register tablets: real 0.000s	user 0.000s	sys 0.000s
I20260608 13:02:05.380750 29313 rpc_server.cc:307] RPC server started. Bound to: 127.28.160.68:43385
I20260608 13:02:05.380896 31385 acceptor_pool.cc:272] collecting diagnostics on the listening RPC socket 127.28.160.68:43385 every 8 connection(s)
I20260608 13:02:05.404599 31386 heartbeater.cc:344] Connected to a master server at 127.28.160.126:36777
I20260608 13:02:05.405047 31386 heartbeater.cc:461] Registering TS with master...
I20260608 13:02:05.405890 31386 heartbeater.cc:507] Master 127.28.160.126:36777 requested a full tablet report, sending...
I20260608 13:02:05.408224 30981 ts_manager.cc:194] Registered new tserver with Master: bacc145d3507462d81836d99e7a30d5c (127.28.160.68:43385)
I20260608 13:02:05.409775 30981 master_service.cc:502] Signed X509 certificate for tserver {username='slave'} at 127.0.0.1:58610
I20260608 13:02:05.459043 31158 consensus_queue.cc:237] T 875081bd8c88426da88af7d24cb889bb P 4f3de1f6c6634eb8b19a4a06e5d74252 [LEADER]: Queue going to LEADER mode. State: All replicated index: 0, Majority replicated index: 1, Committed index: 1, Last appended: 1.1, Last appended by leader: 0, Current term: 1, Majority size: 2, State: 0, Mode: LEADER, active raft config: opid_index: 2 OBSOLETE_local: false peers { permanent_uuid: "2385f432c20f4920b61134969e6c76b4" member_type: VOTER last_known_addr { host: "127.28.160.67" port: 35177 } } peers { permanent_uuid: "4f3de1f6c6634eb8b19a4a06e5d74252" member_type: VOTER last_known_addr { host: "127.28.160.66" port: 36929 } } peers { permanent_uuid: "780350eaeece4c04852c66a02d4fe79f" member_type: VOTER last_known_addr { host: "127.28.160.65" port: 44145 } attrs { replace: true } } peers { permanent_uuid: "bacc145d3507462d81836d99e7a30d5c" member_type: NON_VOTER last_known_addr { host: "127.28.160.68" port: 43385 } attrs { promote: true } }
I20260608 13:02:05.468151 31084 raft_consensus.cc:1275] T 875081bd8c88426da88af7d24cb889bb P 780350eaeece4c04852c66a02d4fe79f [term 1 FOLLOWER]: Refusing update from remote peer 4f3de1f6c6634eb8b19a4a06e5d74252: Log matching property violated. Preceding OpId in replica: term: 1 index: 1. Preceding OpId from leader: term: 1 index: 2. (index mismatch)
I20260608 13:02:05.470204 31314 consensus_queue.cc:1048] T 875081bd8c88426da88af7d24cb889bb P 4f3de1f6c6634eb8b19a4a06e5d74252 [LEADER]: Connected to new peer: Peer: permanent_uuid: "780350eaeece4c04852c66a02d4fe79f" member_type: VOTER last_known_addr { host: "127.28.160.65" port: 44145 } attrs { replace: true }, Status: LMP_MISMATCH, Last received: 0.0, Next index: 2, Last known committed idx: 1, Time since last communication: 0.001s
I20260608 13:02:05.471746 31232 raft_consensus.cc:1275] T 875081bd8c88426da88af7d24cb889bb P 2385f432c20f4920b61134969e6c76b4 [term 1 FOLLOWER]: Refusing update from remote peer 4f3de1f6c6634eb8b19a4a06e5d74252: Log matching property violated. Preceding OpId in replica: term: 1 index: 1. Preceding OpId from leader: term: 1 index: 2. (index mismatch)
I20260608 13:02:05.473313 31314 consensus_queue.cc:1048] T 875081bd8c88426da88af7d24cb889bb P 4f3de1f6c6634eb8b19a4a06e5d74252 [LEADER]: Connected to new peer: Peer: permanent_uuid: "2385f432c20f4920b61134969e6c76b4" member_type: VOTER last_known_addr { host: "127.28.160.67" port: 35177 }, Status: LMP_MISMATCH, Last received: 0.0, Next index: 2, Last known committed idx: 1, Time since last communication: 0.000s
W20260608 13:02:05.484338 31125 consensus_peers.cc:597] T 875081bd8c88426da88af7d24cb889bb P 4f3de1f6c6634eb8b19a4a06e5d74252 -> Peer bacc145d3507462d81836d99e7a30d5c (127.28.160.68:43385): Couldn't send request to peer bacc145d3507462d81836d99e7a30d5c. Error code: TABLET_NOT_FOUND (6). Status: Not found: Tablet not found: 875081bd8c88426da88af7d24cb889bb. This is attempt 1: this message will repeat every 5th retry.
I20260608 13:02:05.483878 31393 raft_consensus.cc:2955] T 875081bd8c88426da88af7d24cb889bb P 4f3de1f6c6634eb8b19a4a06e5d74252 [term 1 LEADER]: Committing config change with OpId 1.2: config changed from index -1 to 2, NON_VOTER bacc145d3507462d81836d99e7a30d5c (127.28.160.68) added. New config: { opid_index: 2 OBSOLETE_local: false peers { permanent_uuid: "2385f432c20f4920b61134969e6c76b4" member_type: VOTER last_known_addr { host: "127.28.160.67" port: 35177 } } peers { permanent_uuid: "4f3de1f6c6634eb8b19a4a06e5d74252" member_type: VOTER last_known_addr { host: "127.28.160.66" port: 36929 } } peers { permanent_uuid: "780350eaeece4c04852c66a02d4fe79f" member_type: VOTER last_known_addr { host: "127.28.160.65" port: 44145 } attrs { replace: true } } peers { permanent_uuid: "bacc145d3507462d81836d99e7a30d5c" member_type: NON_VOTER last_known_addr { host: "127.28.160.68" port: 43385 } attrs { promote: true } } }
I20260608 13:02:05.486585 31084 raft_consensus.cc:2955] T 875081bd8c88426da88af7d24cb889bb P 780350eaeece4c04852c66a02d4fe79f [term 1 FOLLOWER]: Committing config change with OpId 1.2: config changed from index -1 to 2, NON_VOTER bacc145d3507462d81836d99e7a30d5c (127.28.160.68) added. New config: { opid_index: 2 OBSOLETE_local: false peers { permanent_uuid: "2385f432c20f4920b61134969e6c76b4" member_type: VOTER last_known_addr { host: "127.28.160.67" port: 35177 } } peers { permanent_uuid: "4f3de1f6c6634eb8b19a4a06e5d74252" member_type: VOTER last_known_addr { host: "127.28.160.66" port: 36929 } } peers { permanent_uuid: "780350eaeece4c04852c66a02d4fe79f" member_type: VOTER last_known_addr { host: "127.28.160.65" port: 44145 } attrs { replace: true } } peers { permanent_uuid: "bacc145d3507462d81836d99e7a30d5c" member_type: NON_VOTER last_known_addr { host: "127.28.160.68" port: 43385 } attrs { promote: true } } }
I20260608 13:02:05.493454 31232 raft_consensus.cc:2955] T 875081bd8c88426da88af7d24cb889bb P 2385f432c20f4920b61134969e6c76b4 [term 1 FOLLOWER]: Committing config change with OpId 1.2: config changed from index -1 to 2, NON_VOTER bacc145d3507462d81836d99e7a30d5c (127.28.160.68) added. New config: { opid_index: 2 OBSOLETE_local: false peers { permanent_uuid: "2385f432c20f4920b61134969e6c76b4" member_type: VOTER last_known_addr { host: "127.28.160.67" port: 35177 } } peers { permanent_uuid: "4f3de1f6c6634eb8b19a4a06e5d74252" member_type: VOTER last_known_addr { host: "127.28.160.66" port: 36929 } } peers { permanent_uuid: "780350eaeece4c04852c66a02d4fe79f" member_type: VOTER last_known_addr { host: "127.28.160.65" port: 44145 } attrs { replace: true } } peers { permanent_uuid: "bacc145d3507462d81836d99e7a30d5c" member_type: NON_VOTER last_known_addr { host: "127.28.160.68" port: 43385 } attrs { promote: true } } }
I20260608 13:02:05.503019 30981 catalog_manager.cc:5696] T 875081bd8c88426da88af7d24cb889bb P 4f3de1f6c6634eb8b19a4a06e5d74252 reported cstate change: config changed from index -1 to 2, NON_VOTER bacc145d3507462d81836d99e7a30d5c (127.28.160.68) added. New cstate: current_term: 1 leader_uuid: "4f3de1f6c6634eb8b19a4a06e5d74252" committed_config { opid_index: 2 OBSOLETE_local: false peers { permanent_uuid: "2385f432c20f4920b61134969e6c76b4" member_type: VOTER last_known_addr { host: "127.28.160.67" port: 35177 } health_report { overall_health: HEALTHY } } peers { permanent_uuid: "4f3de1f6c6634eb8b19a4a06e5d74252" member_type: VOTER last_known_addr { host: "127.28.160.66" port: 36929 } health_report { overall_health: HEALTHY } } peers { permanent_uuid: "780350eaeece4c04852c66a02d4fe79f" member_type: VOTER last_known_addr { host: "127.28.160.65" port: 44145 } attrs { replace: true } health_report { overall_health: HEALTHY } } peers { permanent_uuid: "bacc145d3507462d81836d99e7a30d5c" member_type: NON_VOTER last_known_addr { host: "127.28.160.68" port: 43385 } attrs { promote: true } health_report { overall_health: UNKNOWN } } }
I20260608 13:02:05.983637 31404 ts_tablet_manager.cc:933] T 875081bd8c88426da88af7d24cb889bb P bacc145d3507462d81836d99e7a30d5c: Initiating tablet copy from peer 4f3de1f6c6634eb8b19a4a06e5d74252 (127.28.160.66:36929)
I20260608 13:02:05.985517 31404 tablet_copy_client.cc:323] T 875081bd8c88426da88af7d24cb889bb P bacc145d3507462d81836d99e7a30d5c: tablet copy: Beginning tablet copy session from remote peer at address 127.28.160.66:36929
I20260608 13:02:05.997279 31169 tablet_copy_service.cc:140] P 4f3de1f6c6634eb8b19a4a06e5d74252: Received BeginTabletCopySession request for tablet 875081bd8c88426da88af7d24cb889bb from peer bacc145d3507462d81836d99e7a30d5c ({username='slave'} at 127.0.0.1:57600)
I20260608 13:02:05.998351 31169 tablet_copy_service.cc:161] P 4f3de1f6c6634eb8b19a4a06e5d74252: Beginning new tablet copy session on tablet 875081bd8c88426da88af7d24cb889bb from peer bacc145d3507462d81836d99e7a30d5c at {username='slave'} at 127.0.0.1:57600: session id = bacc145d3507462d81836d99e7a30d5c-875081bd8c88426da88af7d24cb889bb
I20260608 13:02:06.004882 31169 tablet_copy_source_session.cc:215] T 875081bd8c88426da88af7d24cb889bb P 4f3de1f6c6634eb8b19a4a06e5d74252: Tablet Copy: opened 0 blocks and 1 log segments
I20260608 13:02:06.007859 31404 data_dirs.cc:400] Could only allocate 1 dirs of requested 3 for tablet 875081bd8c88426da88af7d24cb889bb. 1 dirs total, 0 dirs full, 0 dirs failed
I20260608 13:02:06.019270 31404 tablet_copy_client.cc:806] T 875081bd8c88426da88af7d24cb889bb P bacc145d3507462d81836d99e7a30d5c: tablet copy: Starting download of 0 data blocks...
I20260608 13:02:06.019994 31404 tablet_copy_client.cc:670] T 875081bd8c88426da88af7d24cb889bb P bacc145d3507462d81836d99e7a30d5c: tablet copy: Starting download of 1 WAL segments...
I20260608 13:02:06.023890 31404 tablet_copy_client.cc:538] T 875081bd8c88426da88af7d24cb889bb P bacc145d3507462d81836d99e7a30d5c: tablet copy: Tablet Copy complete. Replacing tablet superblock.
I20260608 13:02:06.030045 31404 tablet_bootstrap.cc:492] T 875081bd8c88426da88af7d24cb889bb P bacc145d3507462d81836d99e7a30d5c: Bootstrap starting.
I20260608 13:02:06.048846 31404 tablet_bootstrap.cc:492] T 875081bd8c88426da88af7d24cb889bb P bacc145d3507462d81836d99e7a30d5c: Bootstrap replayed 1/1 log segments. Stats: ops{read=2 overwritten=0 applied=2 ignored=0} inserts{seen=0 ignored=0} mutations{seen=0 ignored=0} orphaned_commits=0. Pending: 0 replicates
I20260608 13:02:06.049836 31404 tablet_bootstrap.cc:492] T 875081bd8c88426da88af7d24cb889bb P bacc145d3507462d81836d99e7a30d5c: Bootstrap complete.
I20260608 13:02:06.050575 31404 ts_tablet_manager.cc:1403] T 875081bd8c88426da88af7d24cb889bb P bacc145d3507462d81836d99e7a30d5c: Time spent bootstrapping tablet: real 0.021s	user 0.018s	sys 0.001s
I20260608 13:02:06.054028 31404 raft_consensus.cc:359] T 875081bd8c88426da88af7d24cb889bb P bacc145d3507462d81836d99e7a30d5c [term 1 LEARNER]: Replica starting. Triggering 0 pending ops. Active config: opid_index: 2 OBSOLETE_local: false peers { permanent_uuid: "2385f432c20f4920b61134969e6c76b4" member_type: VOTER last_known_addr { host: "127.28.160.67" port: 35177 } } peers { permanent_uuid: "4f3de1f6c6634eb8b19a4a06e5d74252" member_type: VOTER last_known_addr { host: "127.28.160.66" port: 36929 } } peers { permanent_uuid: "780350eaeece4c04852c66a02d4fe79f" member_type: VOTER last_known_addr { host: "127.28.160.65" port: 44145 } attrs { replace: true } } peers { permanent_uuid: "bacc145d3507462d81836d99e7a30d5c" member_type: NON_VOTER last_known_addr { host: "127.28.160.68" port: 43385 } attrs { promote: true } }
