I20260608 13:03:10.004594  8563 server_base.cc:1061] running on GCE node
I20260608 13:03:10.005359 12798 heartbeater.cc:344] Connected to a master server at 127.8.92.254:33305
I20260608 13:03:10.005669  8563 hybrid_clock.cc:584] initializing the hybrid clock with 'system_unsync' time source
I20260608 13:03:10.005755 12798 heartbeater.cc:461] Registering TS with master...
W20260608 13:03:10.005942  8563 system_unsync_time.cc:38] NTP support is disabled. Clock error bounds will not be accurate. This configuration is not suitable for distributed clusters.
I20260608 13:03:10.006156  8563 hybrid_clock.cc:648] HybridClock initialized: now 1780923790006140 us; error 0 us; skew 500 ppm
I20260608 13:03:10.006577 12798 heartbeater.cc:507] Master 127.8.92.254:33305 requested a full tablet report, sending...
I20260608 13:03:10.006816  8563 server_base.cc:861] Flag tcmalloc_max_total_thread_cache_bytes is not working since tcmalloc is not enabled.
I20260608 13:03:10.008782 12595 ts_manager.cc:194] Registered new tserver with Master: 39af757dead24849b5a785fd981e6646 (127.8.92.194:39923)
I20260608 13:03:10.009344  8563 webserver.cc:533] Webserver started at http://127.8.92.195:37579/ using document root <none> and password file <none>
I20260608 13:03:10.009860  8563 fs_manager.cc:362] Metadata directory not provided
I20260608 13:03:10.010058  8563 fs_manager.cc:368] Using write-ahead log directory (fs_wal_dir) as metadata directory
I20260608 13:03:10.010306  8563 server_base.cc:909] This appears to be a new deployment of Kudu; creating new FS layout
I20260608 13:03:10.010279 12595 master_service.cc:502] Signed X509 certificate for tserver {username='slave'} at 127.0.0.1:48918
I20260608 13:03:10.011829  8563 fs_manager.cc:1068] Generated new instance metadata in path /tmp/dist-test-taskY_uULn/test-tmp/auto_rebalancer-test.0.AutoRebalancerTest.NoReplicaMovesIfCannotFixPlacementPolicy.1780923688681728-8563-0/minicluster-data/ts-2-root/instance:
uuid: "13da2a23f9364df587d036103dbfad33"
format_stamp: "Formatted at 2026-06-08 13:03:10 on dist-test-slave-mmfc"
I20260608 13:03:10.016225  8563 fs_manager.cc:696] Time spent creating directory manager: real 0.004s	user 0.002s	sys 0.002s
I20260608 13:03:10.019344 12809 log_block_manager.cc:4031] Time spent loading block containers with low live blocks: real 0.000s	user 0.000s	sys 0.000s
I20260608 13:03:10.020072  8563 fs_manager.cc:730] Time spent opening block manager: real 0.002s	user 0.002s	sys 0.001s
I20260608 13:03:10.020340  8563 fs_manager.cc:647] Opened local filesystem: /tmp/dist-test-taskY_uULn/test-tmp/auto_rebalancer-test.0.AutoRebalancerTest.NoReplicaMovesIfCannotFixPlacementPolicy.1780923688681728-8563-0/minicluster-data/ts-2-root
uuid: "13da2a23f9364df587d036103dbfad33"
format_stamp: "Formatted at 2026-06-08 13:03:10 on dist-test-slave-mmfc"
I20260608 13:03:10.020608  8563 fs_report.cc:389] FS layout report
--------------------
wal directory: /tmp/dist-test-taskY_uULn/test-tmp/auto_rebalancer-test.0.AutoRebalancerTest.NoReplicaMovesIfCannotFixPlacementPolicy.1780923688681728-8563-0/minicluster-data/ts-2-root
metadata directory: /tmp/dist-test-taskY_uULn/test-tmp/auto_rebalancer-test.0.AutoRebalancerTest.NoReplicaMovesIfCannotFixPlacementPolicy.1780923688681728-8563-0/minicluster-data/ts-2-root
1 data directories: /tmp/dist-test-taskY_uULn/test-tmp/auto_rebalancer-test.0.AutoRebalancerTest.NoReplicaMovesIfCannotFixPlacementPolicy.1780923688681728-8563-0/minicluster-data/ts-2-root/data
Total live blocks: 0
Total live bytes: 0
Total live bytes (after alignment): 0
Total number of LBM containers: 0 (0 full)
Did not check for missing blocks
Did not check for orphaned blocks
Total full LBM containers with extra space: 0 (0 repaired)
Total full LBM container extra space in bytes: 0 (0 repaired)
Total incomplete LBM containers: 0 (0 repaired)
Total LBM partial records: 0 (0 repaired)
Total corrupted LBM metadata records in RocksDB: 0 (0 repaired)
I20260608 13:03:10.044878  8563 rpc_server.cc:225] running with OpenSSL 1.1.1  11 Sep 2018
I20260608 13:03:10.046044  8563 kserver.cc:163] Server-wide thread pool size limit: 3276
I20260608 13:03:10.047278  8563 txn_system_client.cc:432] TxnSystemClient initialization is disabled...
I20260608 13:03:10.049494  8563 ts_tablet_manager.cc:585] Loaded tablet metadata (0 total tablets, 0 live tablets)
I20260608 13:03:10.049710  8563 ts_tablet_manager.cc:531] Time spent load tablet metadata: real 0.000s	user 0.000s	sys 0.000s
I20260608 13:03:10.049924  8563 ts_tablet_manager.cc:616] Registered 0 tablets
I20260608 13:03:10.050118  8563 ts_tablet_manager.cc:595] Time spent register tablets: real 0.000s	user 0.000s	sys 0.000s
I20260608 13:03:10.086529  8563 rpc_server.cc:307] RPC server started. Bound to: 127.8.92.195:35171
I20260608 13:03:10.086668 12871 acceptor_pool.cc:272] collecting diagnostics on the listening RPC socket 127.8.92.195:35171 every 8 connection(s)
I20260608 13:03:10.099133 12872 heartbeater.cc:344] Connected to a master server at 127.8.92.254:33305
I20260608 13:03:10.099617 12872 heartbeater.cc:461] Registering TS with master...
I20260608 13:03:10.100207 12872 heartbeater.cc:507] Master 127.8.92.254:33305 requested a full tablet report, sending...
I20260608 13:03:10.101817 12595 ts_manager.cc:194] Registered new tserver with Master: 13da2a23f9364df587d036103dbfad33 (127.8.92.195:35171)
I20260608 13:03:10.101976  8563 internal_mini_cluster.cc:371] 3 TS(s) registered with all masters after 0.012385667s
I20260608 13:03:10.103185 12595 master_service.cc:502] Signed X509 certificate for tserver {username='slave'} at 127.0.0.1:48920
I20260608 13:03:10.903633 12723 heartbeater.cc:499] Master 127.8.92.254:33305 was elected leader, sending a full tablet report...
I20260608 13:03:11.012828 12798 heartbeater.cc:499] Master 127.8.92.254:33305 was elected leader, sending a full tablet report...
I20260608 13:03:11.105865 12872 heartbeater.cc:499] Master 127.8.92.254:33305 was elected leader, sending a full tablet report...
I20260608 13:03:11.165272 12595 catalog_manager.cc:2282] Servicing CreateTable request from {username='slave'} at 127.0.0.1:48946:
name: "test-workload"
schema {
  columns {
    name: "key"
    type: INT32
    is_key: true
    is_nullable: false
    encoding: AUTO_ENCODING
    compression: DEFAULT_COMPRESSION
    cfile_block_size: 0
    immutable: false
  }
  columns {
    name: "int_val"
    type: INT32
    is_key: false
    is_nullable: false
    encoding: AUTO_ENCODING
    compression: DEFAULT_COMPRESSION
    cfile_block_size: 0
    immutable: false
  }
  columns {
    name: "string_val"
    type: STRING
    is_key: false
    is_nullable: true
    encoding: AUTO_ENCODING
    compression: DEFAULT_COMPRESSION
    cfile_block_size: 0
    immutable: false
  }
}
num_replicas: 3
split_rows_range_bounds {
}
partition_schema {
  range_schema {
    columns {
      name: "key"
    }
  }
}
W20260608 13:03:11.167181 12595 catalog_manager.cc:7076] The number of live tablet servers is not enough to re-replicate a tablet replica of the newly created table test-workload in case of a server failure: 4 tablet servers would be needed, 3 are available. Consider bringing up more tablet servers.
I20260608 13:03:11.219244 12688 tablet_service.cc:1511] Processing CreateTablet for tablet 33671f06ea4b4f37a24e17e785fb32aa (DEFAULT_TABLE table=test-workload [id=d8790d164b9b4220850c2bb214608365]), partition=RANGE (key) PARTITION UNBOUNDED
I20260608 13:03:11.220561 12688 data_dirs.cc:400] Could only allocate 1 dirs of requested 3 for tablet 33671f06ea4b4f37a24e17e785fb32aa. 1 dirs total, 0 dirs full, 0 dirs failed
I20260608 13:03:11.222888 12837 tablet_service.cc:1511] Processing CreateTablet for tablet 33671f06ea4b4f37a24e17e785fb32aa (DEFAULT_TABLE table=test-workload [id=d8790d164b9b4220850c2bb214608365]), partition=RANGE (key) PARTITION UNBOUNDED
I20260608 13:03:11.224120 12837 data_dirs.cc:400] Could only allocate 1 dirs of requested 3 for tablet 33671f06ea4b4f37a24e17e785fb32aa. 1 dirs total, 0 dirs full, 0 dirs failed
I20260608 13:03:11.224923 12763 tablet_service.cc:1511] Processing CreateTablet for tablet 33671f06ea4b4f37a24e17e785fb32aa (DEFAULT_TABLE table=test-workload [id=d8790d164b9b4220850c2bb214608365]), partition=RANGE (key) PARTITION UNBOUNDED
I20260608 13:03:11.226068 12763 data_dirs.cc:400] Could only allocate 1 dirs of requested 3 for tablet 33671f06ea4b4f37a24e17e785fb32aa. 1 dirs total, 0 dirs full, 0 dirs failed
I20260608 13:03:11.237687 12893 tablet_bootstrap.cc:492] T 33671f06ea4b4f37a24e17e785fb32aa P ebe019f9fbcc484db2fee4b4cec046ce: Bootstrap starting.
I20260608 13:03:11.239593 12894 tablet_bootstrap.cc:492] T 33671f06ea4b4f37a24e17e785fb32aa P 39af757dead24849b5a785fd981e6646: Bootstrap starting.
I20260608 13:03:11.240577 12895 tablet_bootstrap.cc:492] T 33671f06ea4b4f37a24e17e785fb32aa P 13da2a23f9364df587d036103dbfad33: Bootstrap starting.
I20260608 13:03:11.245875 12895 tablet_bootstrap.cc:654] T 33671f06ea4b4f37a24e17e785fb32aa P 13da2a23f9364df587d036103dbfad33: Neither blocks nor log segments found. Creating new log.
I20260608 13:03:11.246398 12894 tablet_bootstrap.cc:654] T 33671f06ea4b4f37a24e17e785fb32aa P 39af757dead24849b5a785fd981e6646: Neither blocks nor log segments found. Creating new log.
I20260608 13:03:11.246398 12893 tablet_bootstrap.cc:654] T 33671f06ea4b4f37a24e17e785fb32aa P ebe019f9fbcc484db2fee4b4cec046ce: Neither blocks nor log segments found. Creating new log.
I20260608 13:03:11.250976 12895 tablet_bootstrap.cc:492] T 33671f06ea4b4f37a24e17e785fb32aa P 13da2a23f9364df587d036103dbfad33: No bootstrap required, opened a new log
I20260608 13:03:11.251387 12895 ts_tablet_manager.cc:1403] T 33671f06ea4b4f37a24e17e785fb32aa P 13da2a23f9364df587d036103dbfad33: Time spent bootstrapping tablet: real 0.011s	user 0.007s	sys 0.003s
I20260608 13:03:11.252311 12894 tablet_bootstrap.cc:492] T 33671f06ea4b4f37a24e17e785fb32aa P 39af757dead24849b5a785fd981e6646: No bootstrap required, opened a new log
I20260608 13:03:11.252836 12893 tablet_bootstrap.cc:492] T 33671f06ea4b4f37a24e17e785fb32aa P ebe019f9fbcc484db2fee4b4cec046ce: No bootstrap required, opened a new log
I20260608 13:03:11.252830 12894 ts_tablet_manager.cc:1403] T 33671f06ea4b4f37a24e17e785fb32aa P 39af757dead24849b5a785fd981e6646: Time spent bootstrapping tablet: real 0.014s	user 0.003s	sys 0.010s
I20260608 13:03:11.253592 12893 ts_tablet_manager.cc:1403] T 33671f06ea4b4f37a24e17e785fb32aa P ebe019f9fbcc484db2fee4b4cec046ce: Time spent bootstrapping tablet: real 0.016s	user 0.011s	sys 0.002s
I20260608 13:03:11.254451 12895 raft_consensus.cc:359] T 33671f06ea4b4f37a24e17e785fb32aa P 13da2a23f9364df587d036103dbfad33 [term 0 FOLLOWER]: Replica starting. Triggering 0 pending ops. Active config: opid_index: -1 OBSOLETE_local: false peers { permanent_uuid: "ebe019f9fbcc484db2fee4b4cec046ce" member_type: VOTER last_known_addr { host: "127.8.92.193" port: 34183 } } peers { permanent_uuid: "13da2a23f9364df587d036103dbfad33" member_type: VOTER last_known_addr { host: "127.8.92.195" port: 35171 } } peers { permanent_uuid: "39af757dead24849b5a785fd981e6646" member_type: VOTER last_known_addr { host: "127.8.92.194" port: 39923 } }
I20260608 13:03:11.255214 12895 raft_consensus.cc:385] T 33671f06ea4b4f37a24e17e785fb32aa P 13da2a23f9364df587d036103dbfad33 [term 0 FOLLOWER]: Consensus starting up: Expiring failure detector timer to make a prompt election more likely
I20260608 13:03:11.255566 12895 raft_consensus.cc:740] T 33671f06ea4b4f37a24e17e785fb32aa P 13da2a23f9364df587d036103dbfad33 [term 0 FOLLOWER]: Becoming Follower/Learner. State: Replica: 13da2a23f9364df587d036103dbfad33, State: Initialized, Role: FOLLOWER
I20260608 13:03:11.256013 12894 raft_consensus.cc:359] T 33671f06ea4b4f37a24e17e785fb32aa P 39af757dead24849b5a785fd981e6646 [term 0 FOLLOWER]: Replica starting. Triggering 0 pending ops. Active config: opid_index: -1 OBSOLETE_local: false peers { permanent_uuid: "ebe019f9fbcc484db2fee4b4cec046ce" member_type: VOTER last_known_addr { host: "127.8.92.193" port: 34183 } } peers { permanent_uuid: "13da2a23f9364df587d036103dbfad33" member_type: VOTER last_known_addr { host: "127.8.92.195" port: 35171 } } peers { permanent_uuid: "39af757dead24849b5a785fd981e6646" member_type: VOTER last_known_addr { host: "127.8.92.194" port: 39923 } }
I20260608 13:03:11.256613 12894 raft_consensus.cc:385] T 33671f06ea4b4f37a24e17e785fb32aa P 39af757dead24849b5a785fd981e6646 [term 0 FOLLOWER]: Consensus starting up: Expiring failure detector timer to make a prompt election more likely
I20260608 13:03:11.256361 12895 consensus_queue.cc:260] T 33671f06ea4b4f37a24e17e785fb32aa P 13da2a23f9364df587d036103dbfad33 [NON_LEADER]: Queue going to NON_LEADER mode. State: All replicated index: 0, Majority replicated index: 0, Committed index: 0, Last appended: 0.0, Last appended by leader: 0, Current term: 0, Majority size: -1, State: 0, Mode: NON_LEADER, active raft config: opid_index: -1 OBSOLETE_local: false peers { permanent_uuid: "ebe019f9fbcc484db2fee4b4cec046ce" member_type: VOTER last_known_addr { host: "127.8.92.193" port: 34183 } } peers { permanent_uuid: "13da2a23f9364df587d036103dbfad33" member_type: VOTER last_known_addr { host: "127.8.92.195" port: 35171 } } peers { permanent_uuid: "39af757dead24849b5a785fd981e6646" member_type: VOTER last_known_addr { host: "127.8.92.194" port: 39923 } }
I20260608 13:03:11.256918 12894 raft_consensus.cc:740] T 33671f06ea4b4f37a24e17e785fb32aa P 39af757dead24849b5a785fd981e6646 [term 0 FOLLOWER]: Becoming Follower/Learner. State: Replica: 39af757dead24849b5a785fd981e6646, State: Initialized, Role: FOLLOWER
I20260608 13:03:11.256676 12893 raft_consensus.cc:359] T 33671f06ea4b4f37a24e17e785fb32aa P ebe019f9fbcc484db2fee4b4cec046ce [term 0 FOLLOWER]: Replica starting. Triggering 0 pending ops. Active config: opid_index: -1 OBSOLETE_local: false peers { permanent_uuid: "ebe019f9fbcc484db2fee4b4cec046ce" member_type: VOTER last_known_addr { host: "127.8.92.193" port: 34183 } } peers { permanent_uuid: "13da2a23f9364df587d036103dbfad33" member_type: VOTER last_known_addr { host: "127.8.92.195" port: 35171 } } peers { permanent_uuid: "39af757dead24849b5a785fd981e6646" member_type: VOTER last_known_addr { host: "127.8.92.194" port: 39923 } }
I20260608 13:03:11.257443 12893 raft_consensus.cc:385] T 33671f06ea4b4f37a24e17e785fb32aa P ebe019f9fbcc484db2fee4b4cec046ce [term 0 FOLLOWER]: Consensus starting up: Expiring failure detector timer to make a prompt election more likely
I20260608 13:03:11.257773 12893 raft_consensus.cc:740] T 33671f06ea4b4f37a24e17e785fb32aa P ebe019f9fbcc484db2fee4b4cec046ce [term 0 FOLLOWER]: Becoming Follower/Learner. State: Replica: ebe019f9fbcc484db2fee4b4cec046ce, State: Initialized, Role: FOLLOWER
I20260608 13:03:11.257783 12894 consensus_queue.cc:260] T 33671f06ea4b4f37a24e17e785fb32aa P 39af757dead24849b5a785fd981e6646 [NON_LEADER]: Queue going to NON_LEADER mode. State: All replicated index: 0, Majority replicated index: 0, Committed index: 0, Last appended: 0.0, Last appended by leader: 0, Current term: 0, Majority size: -1, State: 0, Mode: NON_LEADER, active raft config: opid_index: -1 OBSOLETE_local: false peers { permanent_uuid: "ebe019f9fbcc484db2fee4b4cec046ce" member_type: VOTER last_known_addr { host: "127.8.92.193" port: 34183 } } peers { permanent_uuid: "13da2a23f9364df587d036103dbfad33" member_type: VOTER last_known_addr { host: "127.8.92.195" port: 35171 } } peers { permanent_uuid: "39af757dead24849b5a785fd981e6646" member_type: VOTER last_known_addr { host: "127.8.92.194" port: 39923 } }
I20260608 13:03:11.258944 12893 consensus_queue.cc:260] T 33671f06ea4b4f37a24e17e785fb32aa P ebe019f9fbcc484db2fee4b4cec046ce [NON_LEADER]: Queue going to NON_LEADER mode. State: All replicated index: 0, Majority replicated index: 0, Committed index: 0, Last appended: 0.0, Last appended by leader: 0, Current term: 0, Majority size: -1, State: 0, Mode: NON_LEADER, active raft config: opid_index: -1 OBSOLETE_local: false peers { permanent_uuid: "ebe019f9fbcc484db2fee4b4cec046ce" member_type: VOTER last_known_addr { host: "127.8.92.193" port: 34183 } } peers { permanent_uuid: "13da2a23f9364df587d036103dbfad33" member_type: VOTER last_known_addr { host: "127.8.92.195" port: 35171 } } peers { permanent_uuid: "39af757dead24849b5a785fd981e6646" member_type: VOTER last_known_addr { host: "127.8.92.194" port: 39923 } }
I20260608 13:03:11.260639 12894 ts_tablet_manager.cc:1434] T 33671f06ea4b4f37a24e17e785fb32aa P 39af757dead24849b5a785fd981e6646: Time spent starting tablet: real 0.007s	user 0.000s	sys 0.006s
I20260608 13:03:11.265413 12895 ts_tablet_manager.cc:1434] T 33671f06ea4b4f37a24e17e785fb32aa P 13da2a23f9364df587d036103dbfad33: Time spent starting tablet: real 0.014s	user 0.005s	sys 0.007s
I20260608 13:03:11.267721 12893 ts_tablet_manager.cc:1434] T 33671f06ea4b4f37a24e17e785fb32aa P ebe019f9fbcc484db2fee4b4cec046ce: Time spent starting tablet: real 0.014s	user 0.002s	sys 0.011s
I20260608 13:03:11.333765 12899 raft_consensus.cc:493] T 33671f06ea4b4f37a24e17e785fb32aa P 13da2a23f9364df587d036103dbfad33 [term 0 FOLLOWER]: Starting pre-election (no leader contacted us within the election timeout)
I20260608 13:03:11.334245 12899 raft_consensus.cc:515] T 33671f06ea4b4f37a24e17e785fb32aa P 13da2a23f9364df587d036103dbfad33 [term 0 FOLLOWER]: Starting pre-election with config: opid_index: -1 OBSOLETE_local: false peers { permanent_uuid: "ebe019f9fbcc484db2fee4b4cec046ce" member_type: VOTER last_known_addr { host: "127.8.92.193" port: 34183 } } peers { permanent_uuid: "13da2a23f9364df587d036103dbfad33" member_type: VOTER last_known_addr { host: "127.8.92.195" port: 35171 } } peers { permanent_uuid: "39af757dead24849b5a785fd981e6646" member_type: VOTER last_known_addr { host: "127.8.92.194" port: 39923 } }
I20260608 13:03:11.336602 12899 leader_election.cc:290] T 33671f06ea4b4f37a24e17e785fb32aa P 13da2a23f9364df587d036103dbfad33 [CANDIDATE]: Term 1 pre-election: Requested pre-vote from peers ebe019f9fbcc484db2fee4b4cec046ce (127.8.92.193:34183), 39af757dead24849b5a785fd981e6646 (127.8.92.194:39923)
I20260608 13:03:11.347035 12698 tablet_service.cc:1917] Received RequestConsensusVote() RPC: tablet_id: "33671f06ea4b4f37a24e17e785fb32aa" candidate_uuid: "13da2a23f9364df587d036103dbfad33" candidate_term: 1 candidate_status { last_received { term: 0 index: 0 } } ignore_live_leader: false dest_uuid: "ebe019f9fbcc484db2fee4b4cec046ce" is_pre_election: true
I20260608 13:03:11.347750 12698 raft_consensus.cc:2468] T 33671f06ea4b4f37a24e17e785fb32aa P ebe019f9fbcc484db2fee4b4cec046ce [term 0 FOLLOWER]: Leader pre-election vote request: Granting yes vote for candidate 13da2a23f9364df587d036103dbfad33 in term 0.
I20260608 13:03:11.348047 12773 tablet_service.cc:1917] Received RequestConsensusVote() RPC: tablet_id: "33671f06ea4b4f37a24e17e785fb32aa" candidate_uuid: "13da2a23f9364df587d036103dbfad33" candidate_term: 1 candidate_status { last_received { term: 0 index: 0 } } ignore_live_leader: false dest_uuid: "39af757dead24849b5a785fd981e6646" is_pre_election: true
I20260608 13:03:11.348603 12773 raft_consensus.cc:2468] T 33671f06ea4b4f37a24e17e785fb32aa P 39af757dead24849b5a785fd981e6646 [term 0 FOLLOWER]: Leader pre-election vote request: Granting yes vote for candidate 13da2a23f9364df587d036103dbfad33 in term 0.
I20260608 13:03:11.348870 12813 leader_election.cc:304] T 33671f06ea4b4f37a24e17e785fb32aa P 13da2a23f9364df587d036103dbfad33 [CANDIDATE]: Term 1 pre-election: Election decided. Result: candidate won. Election summary: received 2 responses out of 3 voters: 2 yes votes; 0 no votes. yes voters: 13da2a23f9364df587d036103dbfad33, ebe019f9fbcc484db2fee4b4cec046ce; no voters: 
I20260608 13:03:11.349732 12899 raft_consensus.cc:2804] T 33671f06ea4b4f37a24e17e785fb32aa P 13da2a23f9364df587d036103dbfad33 [term 0 FOLLOWER]: Leader pre-election won for term 1
I20260608 13:03:11.350041 12899 raft_consensus.cc:493] T 33671f06ea4b4f37a24e17e785fb32aa P 13da2a23f9364df587d036103dbfad33 [term 0 FOLLOWER]: Starting leader election (no leader contacted us within the election timeout)
I20260608 13:03:11.350282 12899 raft_consensus.cc:3060] T 33671f06ea4b4f37a24e17e785fb32aa P 13da2a23f9364df587d036103dbfad33 [term 0 FOLLOWER]: Advancing to term 1
I20260608 13:03:11.354813 12899 raft_consensus.cc:515] T 33671f06ea4b4f37a24e17e785fb32aa P 13da2a23f9364df587d036103dbfad33 [term 1 FOLLOWER]: Starting leader election with config: opid_index: -1 OBSOLETE_local: false peers { permanent_uuid: "ebe019f9fbcc484db2fee4b4cec046ce" member_type: VOTER last_known_addr { host: "127.8.92.193" port: 34183 } } peers { permanent_uuid: "13da2a23f9364df587d036103dbfad33" member_type: VOTER last_known_addr { host: "127.8.92.195" port: 35171 } } peers { permanent_uuid: "39af757dead24849b5a785fd981e6646" member_type: VOTER last_known_addr { host: "127.8.92.194" port: 39923 } }
I20260608 13:03:11.356334 12899 leader_election.cc:290] T 33671f06ea4b4f37a24e17e785fb32aa P 13da2a23f9364df587d036103dbfad33 [CANDIDATE]: Term 1 election: Requested vote from peers ebe019f9fbcc484db2fee4b4cec046ce (127.8.92.193:34183), 39af757dead24849b5a785fd981e6646 (127.8.92.194:39923)
I20260608 13:03:11.357034 12698 tablet_service.cc:1917] Received RequestConsensusVote() RPC: tablet_id: "33671f06ea4b4f37a24e17e785fb32aa" candidate_uuid: "13da2a23f9364df587d036103dbfad33" candidate_term: 1 candidate_status { last_received { term: 0 index: 0 } } ignore_live_leader: false dest_uuid: "ebe019f9fbcc484db2fee4b4cec046ce"
I20260608 13:03:11.357249 12773 tablet_service.cc:1917] Received RequestConsensusVote() RPC: tablet_id: "33671f06ea4b4f37a24e17e785fb32aa" candidate_uuid: "13da2a23f9364df587d036103dbfad33" candidate_term: 1 candidate_status { last_received { term: 0 index: 0 } } ignore_live_leader: false dest_uuid: "39af757dead24849b5a785fd981e6646"
I20260608 13:03:11.357479 12698 raft_consensus.cc:3060] T 33671f06ea4b4f37a24e17e785fb32aa P ebe019f9fbcc484db2fee4b4cec046ce [term 0 FOLLOWER]: Advancing to term 1
I20260608 13:03:11.357761 12773 raft_consensus.cc:3060] T 33671f06ea4b4f37a24e17e785fb32aa P 39af757dead24849b5a785fd981e6646 [term 0 FOLLOWER]: Advancing to term 1
I20260608 13:03:11.361984 12698 raft_consensus.cc:2468] T 33671f06ea4b4f37a24e17e785fb32aa P ebe019f9fbcc484db2fee4b4cec046ce [term 1 FOLLOWER]: Leader election vote request: Granting yes vote for candidate 13da2a23f9364df587d036103dbfad33 in term 1.
I20260608 13:03:11.362035 12773 raft_consensus.cc:2468] T 33671f06ea4b4f37a24e17e785fb32aa P 39af757dead24849b5a785fd981e6646 [term 1 FOLLOWER]: Leader election vote request: Granting yes vote for candidate 13da2a23f9364df587d036103dbfad33 in term 1.
I20260608 13:03:11.362954 12813 leader_election.cc:304] T 33671f06ea4b4f37a24e17e785fb32aa P 13da2a23f9364df587d036103dbfad33 [CANDIDATE]: Term 1 election: Election decided. Result: candidate won. Election summary: received 2 responses out of 3 voters: 2 yes votes; 0 no votes. yes voters: 13da2a23f9364df587d036103dbfad33, ebe019f9fbcc484db2fee4b4cec046ce; no voters: 
I20260608 13:03:11.363700 12899 raft_consensus.cc:2804] T 33671f06ea4b4f37a24e17e785fb32aa P 13da2a23f9364df587d036103dbfad33 [term 1 FOLLOWER]: Leader election won for term 1
I20260608 13:03:11.364868 12899 raft_consensus.cc:697] T 33671f06ea4b4f37a24e17e785fb32aa P 13da2a23f9364df587d036103dbfad33 [term 1 LEADER]: Becoming Leader. State: Replica: 13da2a23f9364df587d036103dbfad33, State: Running, Role: LEADER
I20260608 13:03:11.365593 12899 consensus_queue.cc:237] T 33671f06ea4b4f37a24e17e785fb32aa P 13da2a23f9364df587d036103dbfad33 [LEADER]: Queue going to LEADER mode. State: All replicated index: 0, Majority replicated index: 0, Committed index: 0, Last appended: 0.0, Last appended by leader: 0, Current term: 1, Majority size: 2, State: 0, Mode: LEADER, active raft config: opid_index: -1 OBSOLETE_local: false peers { permanent_uuid: "ebe019f9fbcc484db2fee4b4cec046ce" member_type: VOTER last_known_addr { host: "127.8.92.193" port: 34183 } } peers { permanent_uuid: "13da2a23f9364df587d036103dbfad33" member_type: VOTER last_known_addr { host: "127.8.92.195" port: 35171 } } peers { permanent_uuid: "39af757dead24849b5a785fd981e6646" member_type: VOTER last_known_addr { host: "127.8.92.194" port: 39923 } }
I20260608 13:03:11.371428 12593 catalog_manager.cc:5696] T 33671f06ea4b4f37a24e17e785fb32aa P 13da2a23f9364df587d036103dbfad33 reported cstate change: term changed from 0 to 1, leader changed from <none> to 13da2a23f9364df587d036103dbfad33 (127.8.92.195). New cstate: current_term: 1 leader_uuid: "13da2a23f9364df587d036103dbfad33" committed_config { opid_index: -1 OBSOLETE_local: false peers { permanent_uuid: "ebe019f9fbcc484db2fee4b4cec046ce" member_type: VOTER last_known_addr { host: "127.8.92.193" port: 34183 } health_report { overall_health: UNKNOWN } } peers { permanent_uuid: "13da2a23f9364df587d036103dbfad33" member_type: VOTER last_known_addr { host: "127.8.92.195" port: 35171 } health_report { overall_health: HEALTHY } } peers { permanent_uuid: "39af757dead24849b5a785fd981e6646" member_type: VOTER last_known_addr { host: "127.8.92.194" port: 39923 } health_report { overall_health: UNKNOWN } } }
I20260608 13:03:11.733608 12644 placement_policy_util.cc:407] tablet 33671f06ea4b4f37a24e17e785fb32aa: detected majority of replicas (2 of 3) at location L0
I20260608 13:03:11.734767 12649 auto_leader_rebalancer.cc:140] leader rebalance for table test-workload
I20260608 13:03:11.736291 12649 auto_leader_rebalancer.cc:388] table: test-workload, leader rebalance finish, leader transfer count: 0
I20260608 13:03:11.736618 12649 auto_leader_rebalancer.cc:451] All tables' leader rebalancing finished this round
I20260608 13:03:11.960868 12906 consensus_queue.cc:1048] T 33671f06ea4b4f37a24e17e785fb32aa P 13da2a23f9364df587d036103dbfad33 [LEADER]: Connected to new peer: Peer: permanent_uuid: "39af757dead24849b5a785fd981e6646" member_type: VOTER last_known_addr { host: "127.8.92.194" port: 39923 }, Status: LMP_MISMATCH, Last received: 0.0, Next index: 1, Last known committed idx: 0, Time since last communication: 0.000s
I20260608 13:03:11.973438 12910 consensus_queue.cc:1048] T 33671f06ea4b4f37a24e17e785fb32aa P 13da2a23f9364df587d036103dbfad33 [LEADER]: Connected to new peer: Peer: permanent_uuid: "ebe019f9fbcc484db2fee4b4cec046ce" member_type: VOTER last_known_addr { host: "127.8.92.193" port: 34183 }, Status: LMP_MISMATCH, Last received: 0.0, Next index: 1, Last known committed idx: 0, Time since last communication: 0.000s
I20260608 13:03:12.741823 12644 placement_policy_util.cc:407] tablet 33671f06ea4b4f37a24e17e785fb32aa: detected majority of replicas (2 of 3) at location L0
I20260608 13:03:13.737473 12649 auto_leader_rebalancer.cc:140] leader rebalance for table test-workload
I20260608 13:03:13.738734 12649 auto_leader_rebalancer.cc:388] table: test-workload, leader rebalance finish, leader transfer count: 0
I20260608 13:03:13.739044 12649 auto_leader_rebalancer.cc:451] All tables' leader rebalancing finished this round
I20260608 13:03:13.750080 12644 placement_policy_util.cc:407] tablet 33671f06ea4b4f37a24e17e785fb32aa: detected majority of replicas (2 of 3) at location L0
I20260608 13:03:14.758169 12644 placement_policy_util.cc:407] tablet 33671f06ea4b4f37a24e17e785fb32aa: detected majority of replicas (2 of 3) at location L0
I20260608 13:03:15.739845 12649 auto_leader_rebalancer.cc:140] leader rebalance for table test-workload
I20260608 13:03:15.741158 12649 auto_leader_rebalancer.cc:388] table: test-workload, leader rebalance finish, leader transfer count: 0
I20260608 13:03:15.741434 12649 auto_leader_rebalancer.cc:451] All tables' leader rebalancing finished this round
I20260608 13:03:15.765537 12644 placement_policy_util.cc:407] tablet 33671f06ea4b4f37a24e17e785fb32aa: detected majority of replicas (2 of 3) at location L0
I20260608 13:03:16.773150 12644 placement_policy_util.cc:407] tablet 33671f06ea4b4f37a24e17e785fb32aa: detected majority of replicas (2 of 3) at location L0
I20260608 13:03:17.742314 12649 auto_leader_rebalancer.cc:140] leader rebalance for table test-workload
I20260608 13:03:17.743571 12649 auto_leader_rebalancer.cc:388] table: test-workload, leader rebalance finish, leader transfer count: 0
I20260608 13:03:17.743880 12649 auto_leader_rebalancer.cc:451] All tables' leader rebalancing finished this round
I20260608 13:03:17.780730 12644 placement_policy_util.cc:407] tablet 33671f06ea4b4f37a24e17e785fb32aa: detected majority of replicas (2 of 3) at location L0
I20260608 13:03:18.788160 12644 placement_policy_util.cc:407] tablet 33671f06ea4b4f37a24e17e785fb32aa: detected majority of replicas (2 of 3) at location L0
I20260608 13:03:19.744946 12649 auto_leader_rebalancer.cc:140] leader rebalance for table test-workload
I20260608 13:03:19.746740 12649 auto_leader_rebalancer.cc:388] table: test-workload, leader rebalance finish, leader transfer count: 0
I20260608 13:03:19.747030 12649 auto_leader_rebalancer.cc:451] All tables' leader rebalancing finished this round
I20260608 13:03:19.796160 12644 placement_policy_util.cc:407] tablet 33671f06ea4b4f37a24e17e785fb32aa: detected majority of replicas (2 of 3) at location L0
I20260608 13:03:20.802325 12644 placement_policy_util.cc:407] tablet 33671f06ea4b4f37a24e17e785fb32aa: detected majority of replicas (2 of 3) at location L0
I20260608 13:03:21.747817 12649 auto_leader_rebalancer.cc:140] leader rebalance for table test-workload
I20260608 13:03:21.749112 12649 auto_leader_rebalancer.cc:388] table: test-workload, leader rebalance finish, leader transfer count: 0
I20260608 13:03:21.749406 12649 auto_leader_rebalancer.cc:451] All tables' leader rebalancing finished this round
I20260608 13:03:21.808677 12644 placement_policy_util.cc:407] tablet 33671f06ea4b4f37a24e17e785fb32aa: detected majority of replicas (2 of 3) at location L0
I20260608 13:03:22.463404  8563 tablet_server.cc:179] TabletServer@127.8.92.193:0 shutting down...
I20260608 13:03:22.489650  8563 ts_tablet_manager.cc:1507] Shutting down tablet manager...
I20260608 13:03:22.490293  8563 tablet_replica.cc:333] T 33671f06ea4b4f37a24e17e785fb32aa P ebe019f9fbcc484db2fee4b4cec046ce: stopping tablet replica
I20260608 13:03:22.490805  8563 raft_consensus.cc:2243] T 33671f06ea4b4f37a24e17e785fb32aa P ebe019f9fbcc484db2fee4b4cec046ce [term 1 FOLLOWER]: Raft consensus shutting down.
I20260608 13:03:22.491348  8563 raft_consensus.cc:2272] T 33671f06ea4b4f37a24e17e785fb32aa P ebe019f9fbcc484db2fee4b4cec046ce [term 1 FOLLOWER]: Raft consensus is shut down!
I20260608 13:03:22.511158  8563 tablet_server.cc:196] TabletServer@127.8.92.193:0 shutdown complete.
I20260608 13:03:22.522382  8563 tablet_server.cc:179] TabletServer@127.8.92.194:0 shutting down...
I20260608 13:03:22.540740  8563 ts_tablet_manager.cc:1507] Shutting down tablet manager...
I20260608 13:03:22.541311  8563 tablet_replica.cc:333] T 33671f06ea4b4f37a24e17e785fb32aa P 39af757dead24849b5a785fd981e6646: stopping tablet replica
I20260608 13:03:22.541770  8563 raft_consensus.cc:2243] T 33671f06ea4b4f37a24e17e785fb32aa P 39af757dead24849b5a785fd981e6646 [term 1 FOLLOWER]: Raft consensus shutting down.
I20260608 13:03:22.542224  8563 raft_consensus.cc:2272] T 33671f06ea4b4f37a24e17e785fb32aa P 39af757dead24849b5a785fd981e6646 [term 1 FOLLOWER]: Raft consensus is shut down!
I20260608 13:03:22.560990  8563 tablet_server.cc:196] TabletServer@127.8.92.194:0 shutdown complete.
I20260608 13:03:22.571156  8563 tablet_server.cc:179] TabletServer@127.8.92.195:0 shutting down...
I20260608 13:03:22.591686  8563 ts_tablet_manager.cc:1507] Shutting down tablet manager...
I20260608 13:03:22.592311  8563 tablet_replica.cc:333] T 33671f06ea4b4f37a24e17e785fb32aa P 13da2a23f9364df587d036103dbfad33: stopping tablet replica
I20260608 13:03:22.592798  8563 raft_consensus.cc:2243] T 33671f06ea4b4f37a24e17e785fb32aa P 13da2a23f9364df587d036103dbfad33 [term 1 LEADER]: Raft consensus shutting down.
I20260608 13:03:22.593668  8563 raft_consensus.cc:2272] T 33671f06ea4b4f37a24e17e785fb32aa P 13da2a23f9364df587d036103dbfad33 [term 1 FOLLOWER]: Raft consensus is shut down!
I20260608 13:03:22.612236  8563 tablet_server.cc:196] TabletServer@127.8.92.195:0 shutdown complete.
I20260608 13:03:22.621752  8563 master.cc:562] Master@127.8.92.254:33305 shutting down...
I20260608 13:03:22.639298  8563 raft_consensus.cc:2243] T 00000000000000000000000000000000 P 34d170b61fb54fd59c1379d757cb5fb0 [term 1 LEADER]: Raft consensus shutting down.
I20260608 13:03:22.639878  8563 raft_consensus.cc:2272] T 00000000000000000000000000000000 P 34d170b61fb54fd59c1379d757cb5fb0 [term 1 FOLLOWER]: Raft consensus is shut down!
I20260608 13:03:22.640183  8563 tablet_replica.cc:333] T 00000000000000000000000000000000 P 34d170b61fb54fd59c1379d757cb5fb0: stopping tablet replica
I20260608 13:03:22.658215  8563 master.cc:584] Master@127.8.92.254:33305 shutdown complete.
[       OK ] AutoRebalancerTest.NoReplicaMovesIfCannotFixPlacementPolicy (13081 ms)
[ RUN      ] AutoRebalancerTest.TestMaxMovesPerServer
I20260608 13:03:22.690192  8563 internal_mini_cluster.cc:156] Creating distributed mini masters. Addrs: 127.8.92.254:43445
I20260608 13:03:22.691242  8563 file_cache.cc:492] Constructed file cache file cache with capacity 419430
W20260608 13:03:22.696385 12921 instance_detector.cc:116] could not retrieve AWS instance metadata: Network error: curl error: HTTP response code said error: The requested URL returned error: 404
W20260608 13:03:22.696401 12922 instance_detector.cc:116] could not retrieve Azure instance metadata: Network error: curl error: HTTP response code said error: The requested URL returned error: 404
W20260608 13:03:22.697789 12924 instance_detector.cc:116] could not retrieve OpenStack instance metadata: Network error: curl error: HTTP response code said error: The requested URL returned error: 404
I20260608 13:03:22.698915  8563 server_base.cc:1061] running on GCE node
I20260608 13:03:22.699702  8563 hybrid_clock.cc:584] initializing the hybrid clock with 'system_unsync' time source
W20260608 13:03:22.699877  8563 system_unsync_time.cc:38] NTP support is disabled. Clock error bounds will not be accurate. This configuration is not suitable for distributed clusters.
I20260608 13:03:22.700026  8563 hybrid_clock.cc:648] HybridClock initialized: now 1780923802699997 us; error 0 us; skew 500 ppm
I20260608 13:03:22.700541  8563 server_base.cc:861] Flag tcmalloc_max_total_thread_cache_bytes is not working since tcmalloc is not enabled.
I20260608 13:03:22.702666  8563 webserver.cc:533] Webserver started at http://127.8.92.254:44567/ using document root <none> and password file <none>
I20260608 13:03:22.703159  8563 fs_manager.cc:362] Metadata directory not provided
I20260608 13:03:22.703353  8563 fs_manager.cc:368] Using write-ahead log directory (fs_wal_dir) as metadata directory
I20260608 13:03:22.703641  8563 server_base.cc:909] This appears to be a new deployment of Kudu; creating new FS layout
I20260608 13:03:22.704707  8563 fs_manager.cc:1068] Generated new instance metadata in path /tmp/dist-test-taskY_uULn/test-tmp/auto_rebalancer-test.0.AutoRebalancerTest.TestMaxMovesPerServer.1780923688681728-8563-0/minicluster-data/master-0-root/instance:
uuid: "e62f18cef1ca48f8b75b55751580780f"
format_stamp: "Formatted at 2026-06-08 13:03:22 on dist-test-slave-mmfc"
I20260608 13:03:22.708799  8563 fs_manager.cc:696] Time spent creating directory manager: real 0.004s	user 0.005s	sys 0.000s
I20260608 13:03:22.711848 12929 log_block_manager.cc:4031] Time spent loading block containers with low live blocks: real 0.000s	user 0.000s	sys 0.000s
I20260608 13:03:22.712496  8563 fs_manager.cc:730] Time spent opening block manager: real 0.002s	user 0.002s	sys 0.001s
I20260608 13:03:22.712785  8563 fs_manager.cc:647] Opened local filesystem: /tmp/dist-test-taskY_uULn/test-tmp/auto_rebalancer-test.0.AutoRebalancerTest.TestMaxMovesPerServer.1780923688681728-8563-0/minicluster-data/master-0-root
uuid: "e62f18cef1ca48f8b75b55751580780f"
format_stamp: "Formatted at 2026-06-08 13:03:22 on dist-test-slave-mmfc"
I20260608 13:03:22.713059  8563 fs_report.cc:389] FS layout report
--------------------
wal directory: /tmp/dist-test-taskY_uULn/test-tmp/auto_rebalancer-test.0.AutoRebalancerTest.TestMaxMovesPerServer.1780923688681728-8563-0/minicluster-data/master-0-root
metadata directory: /tmp/dist-test-taskY_uULn/test-tmp/auto_rebalancer-test.0.AutoRebalancerTest.TestMaxMovesPerServer.1780923688681728-8563-0/minicluster-data/master-0-root
1 data directories: /tmp/dist-test-taskY_uULn/test-tmp/auto_rebalancer-test.0.AutoRebalancerTest.TestMaxMovesPerServer.1780923688681728-8563-0/minicluster-data/master-0-root/data
Total live blocks: 0
Total live bytes: 0
Total live bytes (after alignment): 0
Total number of LBM containers: 0 (0 full)
Did not check for missing blocks
Did not check for orphaned blocks
Total full LBM containers with extra space: 0 (0 repaired)
Total full LBM container extra space in bytes: 0 (0 repaired)
Total incomplete LBM containers: 0 (0 repaired)
Total LBM partial records: 0 (0 repaired)
Total corrupted LBM metadata records in RocksDB: 0 (0 repaired)
I20260608 13:03:22.725389  8563 rpc_server.cc:225] running with OpenSSL 1.1.1  11 Sep 2018
I20260608 13:03:22.726547  8563 kserver.cc:163] Server-wide thread pool size limit: 3276
I20260608 13:03:22.762102  8563 rpc_server.cc:307] RPC server started. Bound to: 127.8.92.254:43445
I20260608 13:03:22.762215 12980 acceptor_pool.cc:272] collecting diagnostics on the listening RPC socket 127.8.92.254:43445 every 8 connection(s)
I20260608 13:03:22.766245 12981 data_dirs.cc:400] Could only allocate 1 dirs of requested 3 for tablet 00000000000000000000000000000000. 1 dirs total, 0 dirs full, 0 dirs failed
I20260608 13:03:22.776288 12981 tablet_bootstrap.cc:492] T 00000000000000000000000000000000 P e62f18cef1ca48f8b75b55751580780f: Bootstrap starting.
I20260608 13:03:22.781013 12981 tablet_bootstrap.cc:654] T 00000000000000000000000000000000 P e62f18cef1ca48f8b75b55751580780f: Neither blocks nor log segments found. Creating new log.
I20260608 13:03:22.784865 12981 tablet_bootstrap.cc:492] T 00000000000000000000000000000000 P e62f18cef1ca48f8b75b55751580780f: No bootstrap required, opened a new log
I20260608 13:03:22.787134 12981 raft_consensus.cc:359] T 00000000000000000000000000000000 P e62f18cef1ca48f8b75b55751580780f [term 0 FOLLOWER]: Replica starting. Triggering 0 pending ops. Active config: opid_index: -1 OBSOLETE_local: true peers { permanent_uuid: "e62f18cef1ca48f8b75b55751580780f" member_type: VOTER }
I20260608 13:03:22.787587 12981 raft_consensus.cc:385] T 00000000000000000000000000000000 P e62f18cef1ca48f8b75b55751580780f [term 0 FOLLOWER]: Consensus starting up: Expiring failure detector timer to make a prompt election more likely
I20260608 13:03:22.787798 12981 raft_consensus.cc:740] T 00000000000000000000000000000000 P e62f18cef1ca48f8b75b55751580780f [term 0 FOLLOWER]: Becoming Follower/Learner. State: Replica: e62f18cef1ca48f8b75b55751580780f, State: Initialized, Role: FOLLOWER
I20260608 13:03:22.788372 12981 consensus_queue.cc:260] T 00000000000000000000000000000000 P e62f18cef1ca48f8b75b55751580780f [NON_LEADER]: Queue going to NON_LEADER mode. State: All replicated index: 0, Majority replicated index: 0, Committed index: 0, Last appended: 0.0, Last appended by leader: 0, Current term: 0, Majority size: -1, State: 0, Mode: NON_LEADER, active raft config: opid_index: -1 OBSOLETE_local: true peers { permanent_uuid: "e62f18cef1ca48f8b75b55751580780f" member_type: VOTER }
I20260608 13:03:22.788817 12981 raft_consensus.cc:399] T 00000000000000000000000000000000 P e62f18cef1ca48f8b75b55751580780f [term 0 FOLLOWER]: Only one voter in the Raft config. Triggering election immediately
I20260608 13:03:22.789083 12981 raft_consensus.cc:493] T 00000000000000000000000000000000 P e62f18cef1ca48f8b75b55751580780f [term 0 FOLLOWER]: Starting leader election (initial election of a single-replica configuration)
I20260608 13:03:22.789333 12981 raft_consensus.cc:3060] T 00000000000000000000000000000000 P e62f18cef1ca48f8b75b55751580780f [term 0 FOLLOWER]: Advancing to term 1
I20260608 13:03:22.793255 12981 raft_consensus.cc:515] T 00000000000000000000000000000000 P e62f18cef1ca48f8b75b55751580780f [term 1 FOLLOWER]: Starting leader election with config: opid_index: -1 OBSOLETE_local: true peers { permanent_uuid: "e62f18cef1ca48f8b75b55751580780f" member_type: VOTER }
I20260608 13:03:22.793761 12981 leader_election.cc:304] T 00000000000000000000000000000000 P e62f18cef1ca48f8b75b55751580780f [CANDIDATE]: Term 1 election: Election decided. Result: candidate won. Election summary: received 1 responses out of 1 voters: 1 yes votes; 0 no votes. yes voters: e62f18cef1ca48f8b75b55751580780f; no voters: 
I20260608 13:03:22.794785 12981 leader_election.cc:290] T 00000000000000000000000000000000 P e62f18cef1ca48f8b75b55751580780f [CANDIDATE]: Term 1 election: Requested vote from peers 
I20260608 13:03:22.795115 12984 raft_consensus.cc:2804] T 00000000000000000000000000000000 P e62f18cef1ca48f8b75b55751580780f [term 1 FOLLOWER]: Leader election won for term 1
I20260608 13:03:22.796459 12984 raft_consensus.cc:697] T 00000000000000000000000000000000 P e62f18cef1ca48f8b75b55751580780f [term 1 LEADER]: Becoming Leader. State: Replica: e62f18cef1ca48f8b75b55751580780f, State: Running, Role: LEADER
I20260608 13:03:22.797173 12984 consensus_queue.cc:237] T 00000000000000000000000000000000 P e62f18cef1ca48f8b75b55751580780f [LEADER]: Queue going to LEADER mode. State: All replicated index: 0, Majority replicated index: 0, Committed index: 0, Last appended: 0.0, Last appended by leader: 0, Current term: 1, Majority size: 1, State: 0, Mode: LEADER, active raft config: opid_index: -1 OBSOLETE_local: true peers { permanent_uuid: "e62f18cef1ca48f8b75b55751580780f" member_type: VOTER }
I20260608 13:03:22.797722 12981 sys_catalog.cc:565] T 00000000000000000000000000000000 P e62f18cef1ca48f8b75b55751580780f [sys.catalog]: configured and running, proceeding with master startup.
I20260608 13:03:22.800137 12986 sys_catalog.cc:455] T 00000000000000000000000000000000 P e62f18cef1ca48f8b75b55751580780f [sys.catalog]: SysCatalogTable state changed. Reason: New leader e62f18cef1ca48f8b75b55751580780f. Latest consensus state: current_term: 1 leader_uuid: "e62f18cef1ca48f8b75b55751580780f" committed_config { opid_index: -1 OBSOLETE_local: true peers { permanent_uuid: "e62f18cef1ca48f8b75b55751580780f" member_type: VOTER } }
I20260608 13:03:22.800076 12985 sys_catalog.cc:455] T 00000000000000000000000000000000 P e62f18cef1ca48f8b75b55751580780f [sys.catalog]: SysCatalogTable state changed. Reason: RaftConsensus started. Latest consensus state: current_term: 1 leader_uuid: "e62f18cef1ca48f8b75b55751580780f" committed_config { opid_index: -1 OBSOLETE_local: true peers { permanent_uuid: "e62f18cef1ca48f8b75b55751580780f" member_type: VOTER } }
I20260608 13:03:22.800830 12986 sys_catalog.cc:458] T 00000000000000000000000000000000 P e62f18cef1ca48f8b75b55751580780f [sys.catalog]: This master's current role is: LEADER
I20260608 13:03:22.800904 12985 sys_catalog.cc:458] T 00000000000000000000000000000000 P e62f18cef1ca48f8b75b55751580780f [sys.catalog]: This master's current role is: LEADER
I20260608 13:03:22.810216 12990 catalog_manager.cc:1510] Loading table and tablet metadata into memory...
I20260608 13:03:22.814878 12990 catalog_manager.cc:1519] Initializing Kudu cluster ID...
I20260608 13:03:22.815959  8563 internal_mini_cluster.cc:184] Waiting to initialize catalog manager on master 0
I20260608 13:03:22.823014 12990 catalog_manager.cc:1382] Generated new cluster ID: 334d38b1e62744d2a65f76cff3fec3eb
I20260608 13:03:22.823259 12990 catalog_manager.cc:1530] Initializing Kudu internal certificate authority...
I20260608 13:03:22.835959 12990 catalog_manager.cc:1405] Generated new certificate authority record
I20260608 13:03:22.837158 12990 catalog_manager.cc:1539] Loading token signing keys...
I20260608 13:03:22.852154 12990 catalog_manager.cc:6069] T 00000000000000000000000000000000 P e62f18cef1ca48f8b75b55751580780f: Generated new TSK 0
I20260608 13:03:22.852723 12990 catalog_manager.cc:1549] Initializing in-progress tserver states...
I20260608 13:03:22.882217  8563 file_cache.cc:492] Constructed file cache file cache with capacity 419430
W20260608 13:03:22.887696 13002 instance_detector.cc:116] could not retrieve AWS instance metadata: Network error: curl error: HTTP response code said error: The requested URL returned error: 404
W20260608 13:03:22.888923 13003 instance_detector.cc:116] could not retrieve Azure instance metadata: Network error: curl error: HTTP response code said error: The requested URL returned error: 404
W20260608 13:03:22.890204 13005 instance_detector.cc:116] could not retrieve OpenStack instance metadata: Network error: curl error: HTTP response code said error: The requested URL returned error: 404
I20260608 13:03:22.890482  8563 server_base.cc:1061] running on GCE node
I20260608 13:03:22.891237  8563 hybrid_clock.cc:584] initializing the hybrid clock with 'system_unsync' time source
W20260608 13:03:22.891422  8563 system_unsync_time.cc:38] NTP support is disabled. Clock error bounds will not be accurate. This configuration is not suitable for distributed clusters.
I20260608 13:03:22.891669  8563 hybrid_clock.cc:648] HybridClock initialized: now 1780923802891652 us; error 0 us; skew 500 ppm
I20260608 13:03:22.892275  8563 server_base.cc:861] Flag tcmalloc_max_total_thread_cache_bytes is not working since tcmalloc is not enabled.
I20260608 13:03:22.894325  8563 webserver.cc:533] Webserver started at http://127.8.92.193:33265/ using document root <none> and password file <none>
I20260608 13:03:22.894776  8563 fs_manager.cc:362] Metadata directory not provided
I20260608 13:03:22.894951  8563 fs_manager.cc:368] Using write-ahead log directory (fs_wal_dir) as metadata directory
I20260608 13:03:22.895195  8563 server_base.cc:909] This appears to be a new deployment of Kudu; creating new FS layout
I20260608 13:03:22.896308  8563 fs_manager.cc:1068] Generated new instance metadata in path /tmp/dist-test-taskY_uULn/test-tmp/auto_rebalancer-test.0.AutoRebalancerTest.TestMaxMovesPerServer.1780923688681728-8563-0/minicluster-data/ts-0-root/instance:
uuid: "62ee739c2cf147909512273b4e7cbc10"
format_stamp: "Formatted at 2026-06-08 13:03:22 on dist-test-slave-mmfc"
I20260608 13:03:22.900743  8563 fs_manager.cc:696] Time spent creating directory manager: real 0.004s	user 0.005s	sys 0.000s
I20260608 13:03:22.903636 13010 log_block_manager.cc:4031] Time spent loading block containers with low live blocks: real 0.000s	user 0.000s	sys 0.000s
I20260608 13:03:22.904277  8563 fs_manager.cc:730] Time spent opening block manager: real 0.002s	user 0.003s	sys 0.000s
I20260608 13:03:22.904551  8563 fs_manager.cc:647] Opened local filesystem: /tmp/dist-test-taskY_uULn/test-tmp/auto_rebalancer-test.0.AutoRebalancerTest.TestMaxMovesPerServer.1780923688681728-8563-0/minicluster-data/ts-0-root
uuid: "62ee739c2cf147909512273b4e7cbc10"
format_stamp: "Formatted at 2026-06-08 13:03:22 on dist-test-slave-mmfc"
I20260608 13:03:22.904810  8563 fs_report.cc:389] FS layout report
--------------------
wal directory: /tmp/dist-test-taskY_uULn/test-tmp/auto_rebalancer-test.0.AutoRebalancerTest.TestMaxMovesPerServer.1780923688681728-8563-0/minicluster-data/ts-0-root
metadata directory: /tmp/dist-test-taskY_uULn/test-tmp/auto_rebalancer-test.0.AutoRebalancerTest.TestMaxMovesPerServer.1780923688681728-8563-0/minicluster-data/ts-0-root
1 data directories: /tmp/dist-test-taskY_uULn/test-tmp/auto_rebalancer-test.0.AutoRebalancerTest.TestMaxMovesPerServer.1780923688681728-8563-0/minicluster-data/ts-0-root/data
Total live blocks: 0
Total live bytes: 0
Total live bytes (after alignment): 0
Total number of LBM containers: 0 (0 full)
Did not check for missing blocks
Did not check for orphaned blocks
Total full LBM containers with extra space: 0 (0 repaired)
Total full LBM container extra space in bytes: 0 (0 repaired)
Total incomplete LBM containers: 0 (0 repaired)
Total LBM partial records: 0 (0 repaired)
Total corrupted LBM metadata records in RocksDB: 0 (0 repaired)
I20260608 13:03:22.932015  8563 rpc_server.cc:225] running with OpenSSL 1.1.1  11 Sep 2018
I20260608 13:03:22.933089  8563 kserver.cc:163] Server-wide thread pool size limit: 3276
I20260608 13:03:22.934342  8563 txn_system_client.cc:432] TxnSystemClient initialization is disabled...
I20260608 13:03:22.936492  8563 ts_tablet_manager.cc:585] Loaded tablet metadata (0 total tablets, 0 live tablets)
I20260608 13:03:22.936728  8563 ts_tablet_manager.cc:531] Time spent load tablet metadata: real 0.000s	user 0.000s	sys 0.000s
I20260608 13:03:22.936926  8563 ts_tablet_manager.cc:616] Registered 0 tablets
I20260608 13:03:22.937077  8563 ts_tablet_manager.cc:595] Time spent register tablets: real 0.000s	user 0.000s	sys 0.000s
I20260608 13:03:22.974040  8563 rpc_server.cc:307] RPC server started. Bound to: 127.8.92.193:34061
I20260608 13:03:22.974157 13072 acceptor_pool.cc:272] collecting diagnostics on the listening RPC socket 127.8.92.193:34061 every 8 connection(s)
I20260608 13:03:22.979032  8563 file_cache.cc:492] Constructed file cache file cache with capacity 419430
W20260608 13:03:22.986946 13077 instance_detector.cc:116] could not retrieve AWS instance metadata: Network error: curl error: HTTP response code said error: The requested URL returned error: 404
W20260608 13:03:22.988544 13078 instance_detector.cc:116] could not retrieve Azure instance metadata: Network error: curl error: HTTP response code said error: The requested URL returned error: 404
W20260608 13:03:22.989995 13080 instance_detector.cc:116] could not retrieve OpenStack instance metadata: Network error: curl error: HTTP response code said error: The requested URL returned error: 404
