I20260608 13:03:11.425971   886 consensus_queue.cc:260] T 17391da41a274820a2e6b1f366e14b36 P ffe727caee0d4539ac67efc4cedd6973 [NON_LEADER]: Queue going to NON_LEADER mode. State: All replicated index: 0, Majority replicated index: 0, Committed index: 0, Last appended: 0.0, Last appended by leader: 0, Current term: 0, Majority size: -1, State: 0, Mode: NON_LEADER, active raft config: opid_index: -1 OBSOLETE_local: false peers { permanent_uuid: "9fbef61cce0a4a5a9f0d1c6e841d5c4e" member_type: VOTER last_known_addr { host: "127.28.68.1" port: 34179 } } peers { permanent_uuid: "5af899e26a4d47d5b28791682f1f7598" member_type: VOTER last_known_addr { host: "127.28.68.3" port: 38687 } } peers { permanent_uuid: "ffe727caee0d4539ac67efc4cedd6973" member_type: VOTER last_known_addr { host: "127.28.68.2" port: 34919 } }
I20260608 13:03:11.428874   885 ts_tablet_manager.cc:1434] T 17391da41a274820a2e6b1f366e14b36 P 9fbef61cce0a4a5a9f0d1c6e841d5c4e: Time spent starting tablet: real 0.011s	user 0.006s	sys 0.004s
I20260608 13:03:11.431003   888 tablet_bootstrap.cc:492] T 17391da41a274820a2e6b1f366e14b36 P 5af899e26a4d47d5b28791682f1f7598: No bootstrap required, opened a new log
I20260608 13:03:11.431134   886 ts_tablet_manager.cc:1434] T 17391da41a274820a2e6b1f366e14b36 P ffe727caee0d4539ac67efc4cedd6973: Time spent starting tablet: real 0.010s	user 0.006s	sys 0.004s
I20260608 13:03:11.431607   888 ts_tablet_manager.cc:1403] T 17391da41a274820a2e6b1f366e14b36 P 5af899e26a4d47d5b28791682f1f7598: Time spent bootstrapping tablet: real 0.018s	user 0.004s	sys 0.013s
I20260608 13:03:11.435359   888 raft_consensus.cc:359] T 17391da41a274820a2e6b1f366e14b36 P 5af899e26a4d47d5b28791682f1f7598 [term 0 FOLLOWER]: Replica starting. Triggering 0 pending ops. Active config: opid_index: -1 OBSOLETE_local: false peers { permanent_uuid: "9fbef61cce0a4a5a9f0d1c6e841d5c4e" member_type: VOTER last_known_addr { host: "127.28.68.1" port: 34179 } } peers { permanent_uuid: "5af899e26a4d47d5b28791682f1f7598" member_type: VOTER last_known_addr { host: "127.28.68.3" port: 38687 } } peers { permanent_uuid: "ffe727caee0d4539ac67efc4cedd6973" member_type: VOTER last_known_addr { host: "127.28.68.2" port: 34919 } }
I20260608 13:03:11.436074   888 raft_consensus.cc:385] T 17391da41a274820a2e6b1f366e14b36 P 5af899e26a4d47d5b28791682f1f7598 [term 0 FOLLOWER]: Consensus starting up: Expiring failure detector timer to make a prompt election more likely
I20260608 13:03:11.436436   888 raft_consensus.cc:740] T 17391da41a274820a2e6b1f366e14b36 P 5af899e26a4d47d5b28791682f1f7598 [term 0 FOLLOWER]: Becoming Follower/Learner. State: Replica: 5af899e26a4d47d5b28791682f1f7598, State: Initialized, Role: FOLLOWER
I20260608 13:03:11.437225   888 consensus_queue.cc:260] T 17391da41a274820a2e6b1f366e14b36 P 5af899e26a4d47d5b28791682f1f7598 [NON_LEADER]: Queue going to NON_LEADER mode. State: All replicated index: 0, Majority replicated index: 0, Committed index: 0, Last appended: 0.0, Last appended by leader: 0, Current term: 0, Majority size: -1, State: 0, Mode: NON_LEADER, active raft config: opid_index: -1 OBSOLETE_local: false peers { permanent_uuid: "9fbef61cce0a4a5a9f0d1c6e841d5c4e" member_type: VOTER last_known_addr { host: "127.28.68.1" port: 34179 } } peers { permanent_uuid: "5af899e26a4d47d5b28791682f1f7598" member_type: VOTER last_known_addr { host: "127.28.68.3" port: 38687 } } peers { permanent_uuid: "ffe727caee0d4539ac67efc4cedd6973" member_type: VOTER last_known_addr { host: "127.28.68.2" port: 34919 } }
I20260608 13:03:11.441166   888 ts_tablet_manager.cc:1434] T 17391da41a274820a2e6b1f366e14b36 P 5af899e26a4d47d5b28791682f1f7598: Time spent starting tablet: real 0.009s	user 0.004s	sys 0.004s
I20260608 13:03:11.476922   893 raft_consensus.cc:493] T 17391da41a274820a2e6b1f366e14b36 P 5af899e26a4d47d5b28791682f1f7598 [term 0 FOLLOWER]: Starting pre-election (no leader contacted us within the election timeout)
I20260608 13:03:11.477435   893 raft_consensus.cc:515] T 17391da41a274820a2e6b1f366e14b36 P 5af899e26a4d47d5b28791682f1f7598 [term 0 FOLLOWER]: Starting pre-election with config: opid_index: -1 OBSOLETE_local: false peers { permanent_uuid: "9fbef61cce0a4a5a9f0d1c6e841d5c4e" member_type: VOTER last_known_addr { host: "127.28.68.1" port: 34179 } } peers { permanent_uuid: "5af899e26a4d47d5b28791682f1f7598" member_type: VOTER last_known_addr { host: "127.28.68.3" port: 38687 } } peers { permanent_uuid: "ffe727caee0d4539ac67efc4cedd6973" member_type: VOTER last_known_addr { host: "127.28.68.2" port: 34919 } }
I20260608 13:03:11.480077   893 leader_election.cc:290] T 17391da41a274820a2e6b1f366e14b36 P 5af899e26a4d47d5b28791682f1f7598 [CANDIDATE]: Term 1 pre-election: Requested pre-vote from peers 9fbef61cce0a4a5a9f0d1c6e841d5c4e (127.28.68.1:34179), ffe727caee0d4539ac67efc4cedd6973 (127.28.68.2:34919)
I20260608 13:03:11.492587   690 tablet_service.cc:1917] Received RequestConsensusVote() RPC: tablet_id: "17391da41a274820a2e6b1f366e14b36" candidate_uuid: "5af899e26a4d47d5b28791682f1f7598" candidate_term: 1 candidate_status { last_received { term: 0 index: 0 } } ignore_live_leader: false dest_uuid: "9fbef61cce0a4a5a9f0d1c6e841d5c4e" is_pre_election: true
I20260608 13:03:11.493253   690 raft_consensus.cc:2468] T 17391da41a274820a2e6b1f366e14b36 P 9fbef61cce0a4a5a9f0d1c6e841d5c4e [term 0 FOLLOWER]: Leader pre-election vote request: Granting yes vote for candidate 5af899e26a4d47d5b28791682f1f7598 in term 0.
I20260608 13:03:11.494575   805 leader_election.cc:304] T 17391da41a274820a2e6b1f366e14b36 P 5af899e26a4d47d5b28791682f1f7598 [CANDIDATE]: Term 1 pre-election: Election decided. Result: candidate won. Election summary: received 2 responses out of 3 voters: 2 yes votes; 0 no votes. yes voters: 5af899e26a4d47d5b28791682f1f7598, 9fbef61cce0a4a5a9f0d1c6e841d5c4e; no voters: 
I20260608 13:03:11.494683   765 tablet_service.cc:1917] Received RequestConsensusVote() RPC: tablet_id: "17391da41a274820a2e6b1f366e14b36" candidate_uuid: "5af899e26a4d47d5b28791682f1f7598" candidate_term: 1 candidate_status { last_received { term: 0 index: 0 } } ignore_live_leader: false dest_uuid: "ffe727caee0d4539ac67efc4cedd6973" is_pre_election: true
I20260608 13:03:11.495352   893 raft_consensus.cc:2804] T 17391da41a274820a2e6b1f366e14b36 P 5af899e26a4d47d5b28791682f1f7598 [term 0 FOLLOWER]: Leader pre-election won for term 1
I20260608 13:03:11.495374   765 raft_consensus.cc:2468] T 17391da41a274820a2e6b1f366e14b36 P ffe727caee0d4539ac67efc4cedd6973 [term 0 FOLLOWER]: Leader pre-election vote request: Granting yes vote for candidate 5af899e26a4d47d5b28791682f1f7598 in term 0.
I20260608 13:03:11.495880   893 raft_consensus.cc:493] T 17391da41a274820a2e6b1f366e14b36 P 5af899e26a4d47d5b28791682f1f7598 [term 0 FOLLOWER]: Starting leader election (no leader contacted us within the election timeout)
I20260608 13:03:11.496259   893 raft_consensus.cc:3060] T 17391da41a274820a2e6b1f366e14b36 P 5af899e26a4d47d5b28791682f1f7598 [term 0 FOLLOWER]: Advancing to term 1
I20260608 13:03:11.501783   893 raft_consensus.cc:515] T 17391da41a274820a2e6b1f366e14b36 P 5af899e26a4d47d5b28791682f1f7598 [term 1 FOLLOWER]: Starting leader election with config: opid_index: -1 OBSOLETE_local: false peers { permanent_uuid: "9fbef61cce0a4a5a9f0d1c6e841d5c4e" member_type: VOTER last_known_addr { host: "127.28.68.1" port: 34179 } } peers { permanent_uuid: "5af899e26a4d47d5b28791682f1f7598" member_type: VOTER last_known_addr { host: "127.28.68.3" port: 38687 } } peers { permanent_uuid: "ffe727caee0d4539ac67efc4cedd6973" member_type: VOTER last_known_addr { host: "127.28.68.2" port: 34919 } }
I20260608 13:03:11.503789   893 leader_election.cc:290] T 17391da41a274820a2e6b1f366e14b36 P 5af899e26a4d47d5b28791682f1f7598 [CANDIDATE]: Term 1 election: Requested vote from peers 9fbef61cce0a4a5a9f0d1c6e841d5c4e (127.28.68.1:34179), ffe727caee0d4539ac67efc4cedd6973 (127.28.68.2:34919)
I20260608 13:03:11.504591   690 tablet_service.cc:1917] Received RequestConsensusVote() RPC: tablet_id: "17391da41a274820a2e6b1f366e14b36" candidate_uuid: "5af899e26a4d47d5b28791682f1f7598" candidate_term: 1 candidate_status { last_received { term: 0 index: 0 } } ignore_live_leader: false dest_uuid: "9fbef61cce0a4a5a9f0d1c6e841d5c4e"
I20260608 13:03:11.505169   690 raft_consensus.cc:3060] T 17391da41a274820a2e6b1f366e14b36 P 9fbef61cce0a4a5a9f0d1c6e841d5c4e [term 0 FOLLOWER]: Advancing to term 1
I20260608 13:03:11.505085   765 tablet_service.cc:1917] Received RequestConsensusVote() RPC: tablet_id: "17391da41a274820a2e6b1f366e14b36" candidate_uuid: "5af899e26a4d47d5b28791682f1f7598" candidate_term: 1 candidate_status { last_received { term: 0 index: 0 } } ignore_live_leader: false dest_uuid: "ffe727caee0d4539ac67efc4cedd6973"
I20260608 13:03:11.505774   765 raft_consensus.cc:3060] T 17391da41a274820a2e6b1f366e14b36 P ffe727caee0d4539ac67efc4cedd6973 [term 0 FOLLOWER]: Advancing to term 1
I20260608 13:03:11.513000   765 raft_consensus.cc:2468] T 17391da41a274820a2e6b1f366e14b36 P ffe727caee0d4539ac67efc4cedd6973 [term 1 FOLLOWER]: Leader election vote request: Granting yes vote for candidate 5af899e26a4d47d5b28791682f1f7598 in term 1.
I20260608 13:03:11.513000   690 raft_consensus.cc:2468] T 17391da41a274820a2e6b1f366e14b36 P 9fbef61cce0a4a5a9f0d1c6e841d5c4e [term 1 FOLLOWER]: Leader election vote request: Granting yes vote for candidate 5af899e26a4d47d5b28791682f1f7598 in term 1.
I20260608 13:03:11.514382   805 leader_election.cc:304] T 17391da41a274820a2e6b1f366e14b36 P 5af899e26a4d47d5b28791682f1f7598 [CANDIDATE]: Term 1 election: Election decided. Result: candidate won. Election summary: received 2 responses out of 3 voters: 2 yes votes; 0 no votes. yes voters: 5af899e26a4d47d5b28791682f1f7598, 9fbef61cce0a4a5a9f0d1c6e841d5c4e; no voters: 
I20260608 13:03:11.515161   893 raft_consensus.cc:2804] T 17391da41a274820a2e6b1f366e14b36 P 5af899e26a4d47d5b28791682f1f7598 [term 1 FOLLOWER]: Leader election won for term 1
I20260608 13:03:11.516232   893 raft_consensus.cc:697] T 17391da41a274820a2e6b1f366e14b36 P 5af899e26a4d47d5b28791682f1f7598 [term 1 LEADER]: Becoming Leader. State: Replica: 5af899e26a4d47d5b28791682f1f7598, State: Running, Role: LEADER
I20260608 13:03:11.517127   893 consensus_queue.cc:237] T 17391da41a274820a2e6b1f366e14b36 P 5af899e26a4d47d5b28791682f1f7598 [LEADER]: Queue going to LEADER mode. State: All replicated index: 0, Majority replicated index: 0, Committed index: 0, Last appended: 0.0, Last appended by leader: 0, Current term: 1, Majority size: 2, State: 0, Mode: LEADER, active raft config: opid_index: -1 OBSOLETE_local: false peers { permanent_uuid: "9fbef61cce0a4a5a9f0d1c6e841d5c4e" member_type: VOTER last_known_addr { host: "127.28.68.1" port: 34179 } } peers { permanent_uuid: "5af899e26a4d47d5b28791682f1f7598" member_type: VOTER last_known_addr { host: "127.28.68.3" port: 38687 } } peers { permanent_uuid: "ffe727caee0d4539ac67efc4cedd6973" member_type: VOTER last_known_addr { host: "127.28.68.2" port: 34919 } }
I20260608 13:03:11.524732   587 catalog_manager.cc:5696] T 17391da41a274820a2e6b1f366e14b36 P 5af899e26a4d47d5b28791682f1f7598 reported cstate change: term changed from 0 to 1, leader changed from <none> to 5af899e26a4d47d5b28791682f1f7598 (127.28.68.3). New cstate: current_term: 1 leader_uuid: "5af899e26a4d47d5b28791682f1f7598" committed_config { opid_index: -1 OBSOLETE_local: false peers { permanent_uuid: "9fbef61cce0a4a5a9f0d1c6e841d5c4e" member_type: VOTER last_known_addr { host: "127.28.68.1" port: 34179 } health_report { overall_health: UNKNOWN } } peers { permanent_uuid: "5af899e26a4d47d5b28791682f1f7598" member_type: VOTER last_known_addr { host: "127.28.68.3" port: 38687 } health_report { overall_health: HEALTHY } } peers { permanent_uuid: "ffe727caee0d4539ac67efc4cedd6973" member_type: VOTER last_known_addr { host: "127.28.68.2" port: 34919 } health_report { overall_health: UNKNOWN } } }
I20260608 13:03:11.873621   636 placement_policy_util.cc:407] tablet 17391da41a274820a2e6b1f366e14b36: detected majority of replicas (2 of 3) at location L0
I20260608 13:03:11.874773   641 auto_leader_rebalancer.cc:140] leader rebalance for table test-workload
I20260608 13:03:11.876519   641 auto_leader_rebalancer.cc:388] table: test-workload, leader rebalance finish, leader transfer count: 0
I20260608 13:03:11.876869   641 auto_leader_rebalancer.cc:451] All tables' leader rebalancing finished this round
I20260608 13:03:12.086170   898 consensus_queue.cc:1048] T 17391da41a274820a2e6b1f366e14b36 P 5af899e26a4d47d5b28791682f1f7598 [LEADER]: Connected to new peer: Peer: permanent_uuid: "9fbef61cce0a4a5a9f0d1c6e841d5c4e" member_type: VOTER last_known_addr { host: "127.28.68.1" port: 34179 }, Status: LMP_MISMATCH, Last received: 0.0, Next index: 1, Last known committed idx: 0, Time since last communication: 0.000s
I20260608 13:03:12.106925   903 consensus_queue.cc:1048] T 17391da41a274820a2e6b1f366e14b36 P 5af899e26a4d47d5b28791682f1f7598 [LEADER]: Connected to new peer: Peer: permanent_uuid: "ffe727caee0d4539ac67efc4cedd6973" member_type: VOTER last_known_addr { host: "127.28.68.2" port: 34919 }, Status: LMP_MISMATCH, Last received: 0.0, Next index: 1, Last known committed idx: 0, Time since last communication: 0.000s
I20260608 13:03:12.883711   636 placement_policy_util.cc:407] tablet 17391da41a274820a2e6b1f366e14b36: detected majority of replicas (2 of 3) at location L0
I20260608 13:03:13.877789   641 auto_leader_rebalancer.cc:140] leader rebalance for table test-workload
I20260608 13:03:13.879170   641 auto_leader_rebalancer.cc:388] table: test-workload, leader rebalance finish, leader transfer count: 0
I20260608 13:03:13.879479   641 auto_leader_rebalancer.cc:451] All tables' leader rebalancing finished this round
I20260608 13:03:13.892228   636 placement_policy_util.cc:407] tablet 17391da41a274820a2e6b1f366e14b36: detected majority of replicas (2 of 3) at location L0
I20260608 13:03:14.901906   636 placement_policy_util.cc:407] tablet 17391da41a274820a2e6b1f366e14b36: detected majority of replicas (2 of 3) at location L0
I20260608 13:03:15.880740   641 auto_leader_rebalancer.cc:140] leader rebalance for table test-workload
I20260608 13:03:15.882514   641 auto_leader_rebalancer.cc:388] table: test-workload, leader rebalance finish, leader transfer count: 0
I20260608 13:03:15.882859   641 auto_leader_rebalancer.cc:451] All tables' leader rebalancing finished this round
I20260608 13:03:15.911787   636 placement_policy_util.cc:407] tablet 17391da41a274820a2e6b1f366e14b36: detected majority of replicas (2 of 3) at location L0
I20260608 13:03:16.921746   636 placement_policy_util.cc:407] tablet 17391da41a274820a2e6b1f366e14b36: detected majority of replicas (2 of 3) at location L0
I20260608 13:03:17.883826   641 auto_leader_rebalancer.cc:140] leader rebalance for table test-workload
I20260608 13:03:17.885321   641 auto_leader_rebalancer.cc:388] table: test-workload, leader rebalance finish, leader transfer count: 0
I20260608 13:03:17.885649   641 auto_leader_rebalancer.cc:451] All tables' leader rebalancing finished this round
I20260608 13:03:17.930387   636 placement_policy_util.cc:407] tablet 17391da41a274820a2e6b1f366e14b36: detected majority of replicas (2 of 3) at location L0
I20260608 13:03:18.939123   636 placement_policy_util.cc:407] tablet 17391da41a274820a2e6b1f366e14b36: detected majority of replicas (2 of 3) at location L0
I20260608 13:03:19.886600   641 auto_leader_rebalancer.cc:140] leader rebalance for table test-workload
I20260608 13:03:19.888085   641 auto_leader_rebalancer.cc:388] table: test-workload, leader rebalance finish, leader transfer count: 0
I20260608 13:03:19.888449   641 auto_leader_rebalancer.cc:451] All tables' leader rebalancing finished this round
I20260608 13:03:19.947847   636 placement_policy_util.cc:407] tablet 17391da41a274820a2e6b1f366e14b36: detected majority of replicas (2 of 3) at location L0
I20260608 13:03:20.954918   636 placement_policy_util.cc:407] tablet 17391da41a274820a2e6b1f366e14b36: detected majority of replicas (2 of 3) at location L0
I20260608 13:03:22.180367   636 placement_policy_util.cc:407] tablet 17391da41a274820a2e6b1f366e14b36: detected majority of replicas (2 of 3) at location L0
I20260608 13:03:22.191280   641 auto_leader_rebalancer.cc:140] leader rebalance for table test-workload
I20260608 13:03:22.193130   641 auto_leader_rebalancer.cc:388] table: test-workload, leader rebalance finish, leader transfer count: 0
I20260608 13:03:22.193535   641 auto_leader_rebalancer.cc:451] All tables' leader rebalancing finished this round
I20260608 13:03:22.418794 28944 tablet_server.cc:179] TabletServer@127.28.68.1:0 shutting down...
I20260608 13:03:22.444649 28944 ts_tablet_manager.cc:1507] Shutting down tablet manager...
I20260608 13:03:22.445397 28944 tablet_replica.cc:333] T 17391da41a274820a2e6b1f366e14b36 P 9fbef61cce0a4a5a9f0d1c6e841d5c4e: stopping tablet replica
I20260608 13:03:22.446010 28944 raft_consensus.cc:2243] T 17391da41a274820a2e6b1f366e14b36 P 9fbef61cce0a4a5a9f0d1c6e841d5c4e [term 1 FOLLOWER]: Raft consensus shutting down.
I20260608 13:03:22.446624 28944 raft_consensus.cc:2272] T 17391da41a274820a2e6b1f366e14b36 P 9fbef61cce0a4a5a9f0d1c6e841d5c4e [term 1 FOLLOWER]: Raft consensus is shut down!
I20260608 13:03:22.469017 28944 tablet_server.cc:196] TabletServer@127.28.68.1:0 shutdown complete.
I20260608 13:03:22.481130 28944 tablet_server.cc:179] TabletServer@127.28.68.2:0 shutting down...
I20260608 13:03:22.502811 28944 ts_tablet_manager.cc:1507] Shutting down tablet manager...
I20260608 13:03:22.503605 28944 tablet_replica.cc:333] T 17391da41a274820a2e6b1f366e14b36 P ffe727caee0d4539ac67efc4cedd6973: stopping tablet replica
I20260608 13:03:22.504205 28944 raft_consensus.cc:2243] T 17391da41a274820a2e6b1f366e14b36 P ffe727caee0d4539ac67efc4cedd6973 [term 1 FOLLOWER]: Raft consensus shutting down.
I20260608 13:03:22.504877 28944 raft_consensus.cc:2272] T 17391da41a274820a2e6b1f366e14b36 P ffe727caee0d4539ac67efc4cedd6973 [term 1 FOLLOWER]: Raft consensus is shut down!
I20260608 13:03:22.527153 28944 tablet_server.cc:196] TabletServer@127.28.68.2:0 shutdown complete.
I20260608 13:03:22.538878 28944 tablet_server.cc:179] TabletServer@127.28.68.3:0 shutting down...
I20260608 13:03:22.563160 28944 ts_tablet_manager.cc:1507] Shutting down tablet manager...
I20260608 13:03:22.563952 28944 tablet_replica.cc:333] T 17391da41a274820a2e6b1f366e14b36 P 5af899e26a4d47d5b28791682f1f7598: stopping tablet replica
I20260608 13:03:22.564589 28944 raft_consensus.cc:2243] T 17391da41a274820a2e6b1f366e14b36 P 5af899e26a4d47d5b28791682f1f7598 [term 1 LEADER]: Raft consensus shutting down.
I20260608 13:03:22.565445 28944 raft_consensus.cc:2272] T 17391da41a274820a2e6b1f366e14b36 P 5af899e26a4d47d5b28791682f1f7598 [term 1 FOLLOWER]: Raft consensus is shut down!
I20260608 13:03:23.189915   636 placement_policy_util.cc:407] tablet 17391da41a274820a2e6b1f366e14b36: detected majority of replicas (2 of 3) at location L0
W20260608 13:03:23.226924   860 debug-util.cc:398] Leaking SignalData structure 0x7b0800137ac0 after lost signal to thread 28947
W20260608 13:03:23.227860   860 debug-util.cc:398] Leaking SignalData structure 0x7b0800170600 after lost signal to thread 622
W20260608 13:03:23.584236 28944 thread.cc:527] Waited for 1000ms trying to join with diag-logger (tid 860)
I20260608 13:03:24.194525   641 auto_leader_rebalancer.cc:140] leader rebalance for table test-workload
I20260608 13:03:24.196424   641 auto_leader_rebalancer.cc:388] table: test-workload, leader rebalance finish, leader transfer count: 0
I20260608 13:03:24.196800   641 auto_leader_rebalancer.cc:451] All tables' leader rebalancing finished this round
I20260608 13:03:24.197563   636 placement_policy_util.cc:407] tablet 17391da41a274820a2e6b1f366e14b36: detected majority of replicas (2 of 3) at location L0
W20260608 13:03:24.584784 28944 thread.cc:527] Waited for 2000ms trying to join with diag-logger (tid 860)
I20260608 13:03:25.204788   636 placement_policy_util.cc:407] tablet 17391da41a274820a2e6b1f366e14b36: detected majority of replicas (2 of 3) at location L0
W20260608 13:03:25.585253 28944 thread.cc:527] Waited for 3000ms trying to join with diag-logger (tid 860)
I20260608 13:03:25.924430 28944 tablet_server.cc:196] TabletServer@127.28.68.3:0 shutdown complete.
I20260608 13:03:25.938977 28944 master.cc:562] Master@127.28.68.62:40669 shutting down...
I20260608 13:03:25.961632 28944 raft_consensus.cc:2243] T 00000000000000000000000000000000 P a09749d001c94793bdc75a2e65884b36 [term 1 LEADER]: Raft consensus shutting down.
I20260608 13:03:25.962504 28944 raft_consensus.cc:2272] T 00000000000000000000000000000000 P a09749d001c94793bdc75a2e65884b36 [term 1 FOLLOWER]: Raft consensus is shut down!
I20260608 13:03:25.962886 28944 tablet_replica.cc:333] T 00000000000000000000000000000000 P a09749d001c94793bdc75a2e65884b36: stopping tablet replica
I20260608 13:03:25.982836 28944 master.cc:584] Master@127.28.68.62:40669 shutdown complete.
[       OK ] AutoRebalancerTest.NoReplicaMovesIfCannotFixPlacementPolicy (16294 ms)
[ RUN      ] AutoRebalancerTest.TestMaxMovesPerServer
I20260608 13:03:26.022336 28944 internal_mini_cluster.cc:156] Creating distributed mini masters. Addrs: 127.28.68.62:38089
I20260608 13:03:26.023524 28944 file_cache.cc:492] Constructed file cache file cache with capacity 419430
W20260608 13:03:26.029935   913 instance_detector.cc:116] could not retrieve Azure instance metadata: Network error: curl error: HTTP response code said error: The requested URL returned error: 404
W20260608 13:03:26.030313   915 instance_detector.cc:116] could not retrieve OpenStack instance metadata: Network error: curl error: HTTP response code said error: The requested URL returned error: 404
W20260608 13:03:26.030323   912 instance_detector.cc:116] could not retrieve AWS instance metadata: Network error: curl error: HTTP response code said error: The requested URL returned error: 404
I20260608 13:03:26.031209 28944 server_base.cc:1061] running on GCE node
I20260608 13:03:26.032133 28944 hybrid_clock.cc:584] initializing the hybrid clock with 'system_unsync' time source
W20260608 13:03:26.032315 28944 system_unsync_time.cc:38] NTP support is disabled. Clock error bounds will not be accurate. This configuration is not suitable for distributed clusters.
I20260608 13:03:26.032553 28944 hybrid_clock.cc:648] HybridClock initialized: now 1780923806032538 us; error 0 us; skew 500 ppm
I20260608 13:03:26.033206 28944 server_base.cc:861] Flag tcmalloc_max_total_thread_cache_bytes is not working since tcmalloc is not enabled.
I20260608 13:03:26.035866 28944 webserver.cc:533] Webserver started at http://127.28.68.62:37229/ using document root <none> and password file <none>
I20260608 13:03:26.036444 28944 fs_manager.cc:362] Metadata directory not provided
I20260608 13:03:26.036644 28944 fs_manager.cc:368] Using write-ahead log directory (fs_wal_dir) as metadata directory
I20260608 13:03:26.036953 28944 server_base.cc:909] This appears to be a new deployment of Kudu; creating new FS layout
I20260608 13:03:26.038269 28944 fs_manager.cc:1068] Generated new instance metadata in path /tmp/dist-test-taskI4IA15/test-tmp/auto_rebalancer-test.0.AutoRebalancerTest.TestMaxMovesPerServer.1780923674854326-28944-0/minicluster-data/master-0-root/instance:
uuid: "d8ef327b9daf4afb945a55a782e73403"
format_stamp: "Formatted at 2026-06-08 13:03:26 on dist-test-slave-57f3"
I20260608 13:03:26.043022 28944 fs_manager.cc:696] Time spent creating directory manager: real 0.004s	user 0.004s	sys 0.002s
I20260608 13:03:26.046657   920 log_block_manager.cc:4031] Time spent loading block containers with low live blocks: real 0.000s	user 0.000s	sys 0.000s
I20260608 13:03:26.047432 28944 fs_manager.cc:730] Time spent opening block manager: real 0.002s	user 0.002s	sys 0.000s
I20260608 13:03:26.047740 28944 fs_manager.cc:647] Opened local filesystem: /tmp/dist-test-taskI4IA15/test-tmp/auto_rebalancer-test.0.AutoRebalancerTest.TestMaxMovesPerServer.1780923674854326-28944-0/minicluster-data/master-0-root
uuid: "d8ef327b9daf4afb945a55a782e73403"
format_stamp: "Formatted at 2026-06-08 13:03:26 on dist-test-slave-57f3"
I20260608 13:03:26.048025 28944 fs_report.cc:389] FS layout report
--------------------
wal directory: /tmp/dist-test-taskI4IA15/test-tmp/auto_rebalancer-test.0.AutoRebalancerTest.TestMaxMovesPerServer.1780923674854326-28944-0/minicluster-data/master-0-root
metadata directory: /tmp/dist-test-taskI4IA15/test-tmp/auto_rebalancer-test.0.AutoRebalancerTest.TestMaxMovesPerServer.1780923674854326-28944-0/minicluster-data/master-0-root
1 data directories: /tmp/dist-test-taskI4IA15/test-tmp/auto_rebalancer-test.0.AutoRebalancerTest.TestMaxMovesPerServer.1780923674854326-28944-0/minicluster-data/master-0-root/data
Total live blocks: 0
Total live bytes: 0
Total live bytes (after alignment): 0
Total number of LBM containers: 0 (0 full)
Did not check for missing blocks
Did not check for orphaned blocks
Total full LBM containers with extra space: 0 (0 repaired)
Total full LBM container extra space in bytes: 0 (0 repaired)
Total incomplete LBM containers: 0 (0 repaired)
Total LBM partial records: 0 (0 repaired)
Total corrupted LBM metadata records in RocksDB: 0 (0 repaired)
I20260608 13:03:26.058614 28944 rpc_server.cc:225] running with OpenSSL 1.1.1  11 Sep 2018
I20260608 13:03:26.059867 28944 kserver.cc:163] Server-wide thread pool size limit: 3276
I20260608 13:03:26.100036 28944 rpc_server.cc:307] RPC server started. Bound to: 127.28.68.62:38089
I20260608 13:03:26.100170   971 acceptor_pool.cc:272] collecting diagnostics on the listening RPC socket 127.28.68.62:38089 every 8 connection(s)
I20260608 13:03:26.104645   972 data_dirs.cc:400] Could only allocate 1 dirs of requested 3 for tablet 00000000000000000000000000000000. 1 dirs total, 0 dirs full, 0 dirs failed
I20260608 13:03:26.116462   972 tablet_bootstrap.cc:492] T 00000000000000000000000000000000 P d8ef327b9daf4afb945a55a782e73403: Bootstrap starting.
I20260608 13:03:26.121294   972 tablet_bootstrap.cc:654] T 00000000000000000000000000000000 P d8ef327b9daf4afb945a55a782e73403: Neither blocks nor log segments found. Creating new log.
I20260608 13:03:26.125849   972 tablet_bootstrap.cc:492] T 00000000000000000000000000000000 P d8ef327b9daf4afb945a55a782e73403: No bootstrap required, opened a new log
I20260608 13:03:26.128213   972 raft_consensus.cc:359] T 00000000000000000000000000000000 P d8ef327b9daf4afb945a55a782e73403 [term 0 FOLLOWER]: Replica starting. Triggering 0 pending ops. Active config: opid_index: -1 OBSOLETE_local: true peers { permanent_uuid: "d8ef327b9daf4afb945a55a782e73403" member_type: VOTER }
I20260608 13:03:26.128674   972 raft_consensus.cc:385] T 00000000000000000000000000000000 P d8ef327b9daf4afb945a55a782e73403 [term 0 FOLLOWER]: Consensus starting up: Expiring failure detector timer to make a prompt election more likely
I20260608 13:03:26.128895   972 raft_consensus.cc:740] T 00000000000000000000000000000000 P d8ef327b9daf4afb945a55a782e73403 [term 0 FOLLOWER]: Becoming Follower/Learner. State: Replica: d8ef327b9daf4afb945a55a782e73403, State: Initialized, Role: FOLLOWER
I20260608 13:03:26.129554   972 consensus_queue.cc:260] T 00000000000000000000000000000000 P d8ef327b9daf4afb945a55a782e73403 [NON_LEADER]: Queue going to NON_LEADER mode. State: All replicated index: 0, Majority replicated index: 0, Committed index: 0, Last appended: 0.0, Last appended by leader: 0, Current term: 0, Majority size: -1, State: 0, Mode: NON_LEADER, active raft config: opid_index: -1 OBSOLETE_local: true peers { permanent_uuid: "d8ef327b9daf4afb945a55a782e73403" member_type: VOTER }
I20260608 13:03:26.130038   972 raft_consensus.cc:399] T 00000000000000000000000000000000 P d8ef327b9daf4afb945a55a782e73403 [term 0 FOLLOWER]: Only one voter in the Raft config. Triggering election immediately
I20260608 13:03:26.130268   972 raft_consensus.cc:493] T 00000000000000000000000000000000 P d8ef327b9daf4afb945a55a782e73403 [term 0 FOLLOWER]: Starting leader election (initial election of a single-replica configuration)
I20260608 13:03:26.130522   972 raft_consensus.cc:3060] T 00000000000000000000000000000000 P d8ef327b9daf4afb945a55a782e73403 [term 0 FOLLOWER]: Advancing to term 1
I20260608 13:03:26.135325   972 raft_consensus.cc:515] T 00000000000000000000000000000000 P d8ef327b9daf4afb945a55a782e73403 [term 1 FOLLOWER]: Starting leader election with config: opid_index: -1 OBSOLETE_local: true peers { permanent_uuid: "d8ef327b9daf4afb945a55a782e73403" member_type: VOTER }
I20260608 13:03:26.135859   972 leader_election.cc:304] T 00000000000000000000000000000000 P d8ef327b9daf4afb945a55a782e73403 [CANDIDATE]: Term 1 election: Election decided. Result: candidate won. Election summary: received 1 responses out of 1 voters: 1 yes votes; 0 no votes. yes voters: d8ef327b9daf4afb945a55a782e73403; no voters: 
I20260608 13:03:26.137065   972 leader_election.cc:290] T 00000000000000000000000000000000 P d8ef327b9daf4afb945a55a782e73403 [CANDIDATE]: Term 1 election: Requested vote from peers 
I20260608 13:03:26.137465   975 raft_consensus.cc:2804] T 00000000000000000000000000000000 P d8ef327b9daf4afb945a55a782e73403 [term 1 FOLLOWER]: Leader election won for term 1
I20260608 13:03:26.138932   975 raft_consensus.cc:697] T 00000000000000000000000000000000 P d8ef327b9daf4afb945a55a782e73403 [term 1 LEADER]: Becoming Leader. State: Replica: d8ef327b9daf4afb945a55a782e73403, State: Running, Role: LEADER
I20260608 13:03:26.139676   975 consensus_queue.cc:237] T 00000000000000000000000000000000 P d8ef327b9daf4afb945a55a782e73403 [LEADER]: Queue going to LEADER mode. State: All replicated index: 0, Majority replicated index: 0, Committed index: 0, Last appended: 0.0, Last appended by leader: 0, Current term: 1, Majority size: 1, State: 0, Mode: LEADER, active raft config: opid_index: -1 OBSOLETE_local: true peers { permanent_uuid: "d8ef327b9daf4afb945a55a782e73403" member_type: VOTER }
I20260608 13:03:26.140084   972 sys_catalog.cc:565] T 00000000000000000000000000000000 P d8ef327b9daf4afb945a55a782e73403 [sys.catalog]: configured and running, proceeding with master startup.
I20260608 13:03:26.151180   977 sys_catalog.cc:455] T 00000000000000000000000000000000 P d8ef327b9daf4afb945a55a782e73403 [sys.catalog]: SysCatalogTable state changed. Reason: New leader d8ef327b9daf4afb945a55a782e73403. Latest consensus state: current_term: 1 leader_uuid: "d8ef327b9daf4afb945a55a782e73403" committed_config { opid_index: -1 OBSOLETE_local: true peers { permanent_uuid: "d8ef327b9daf4afb945a55a782e73403" member_type: VOTER } }
I20260608 13:03:26.151975   977 sys_catalog.cc:458] T 00000000000000000000000000000000 P d8ef327b9daf4afb945a55a782e73403 [sys.catalog]: This master's current role is: LEADER
I20260608 13:03:26.155628   976 sys_catalog.cc:455] T 00000000000000000000000000000000 P d8ef327b9daf4afb945a55a782e73403 [sys.catalog]: SysCatalogTable state changed. Reason: RaftConsensus started. Latest consensus state: current_term: 1 leader_uuid: "d8ef327b9daf4afb945a55a782e73403" committed_config { opid_index: -1 OBSOLETE_local: true peers { permanent_uuid: "d8ef327b9daf4afb945a55a782e73403" member_type: VOTER } }
I20260608 13:03:26.156220   976 sys_catalog.cc:458] T 00000000000000000000000000000000 P d8ef327b9daf4afb945a55a782e73403 [sys.catalog]: This master's current role is: LEADER
I20260608 13:03:26.161367   985 catalog_manager.cc:1510] Loading table and tablet metadata into memory...
I20260608 13:03:26.163697 28944 internal_mini_cluster.cc:184] Waiting to initialize catalog manager on master 0
I20260608 13:03:26.168322   985 catalog_manager.cc:1519] Initializing Kudu cluster ID...
I20260608 13:03:26.181039   985 catalog_manager.cc:1382] Generated new cluster ID: 036d7ba2e38448998547f4f9da1e2d9f
I20260608 13:03:26.181475   985 catalog_manager.cc:1530] Initializing Kudu internal certificate authority...
I20260608 13:03:26.212044   985 catalog_manager.cc:1405] Generated new certificate authority record
I20260608 13:03:26.213541   985 catalog_manager.cc:1539] Loading token signing keys...
I20260608 13:03:26.228869   985 catalog_manager.cc:6069] T 00000000000000000000000000000000 P d8ef327b9daf4afb945a55a782e73403: Generated new TSK 0
I20260608 13:03:26.229527   985 catalog_manager.cc:1549] Initializing in-progress tserver states...
I20260608 13:03:26.294760 28944 file_cache.cc:492] Constructed file cache file cache with capacity 419430
W20260608 13:03:26.301286   993 instance_detector.cc:116] could not retrieve AWS instance metadata: Network error: curl error: HTTP response code said error: The requested URL returned error: 404
W20260608 13:03:26.302448   994 instance_detector.cc:116] could not retrieve Azure instance metadata: Network error: curl error: HTTP response code said error: The requested URL returned error: 404
W20260608 13:03:26.305166   996 instance_detector.cc:116] could not retrieve OpenStack instance metadata: Network error: curl error: HTTP response code said error: The requested URL returned error: 404
I20260608 13:03:26.305266 28944 server_base.cc:1061] running on GCE node
I20260608 13:03:26.306362 28944 hybrid_clock.cc:584] initializing the hybrid clock with 'system_unsync' time source
W20260608 13:03:26.306636 28944 system_unsync_time.cc:38] NTP support is disabled. Clock error bounds will not be accurate. This configuration is not suitable for distributed clusters.
I20260608 13:03:26.306864 28944 hybrid_clock.cc:648] HybridClock initialized: now 1780923806306838 us; error 0 us; skew 500 ppm
I20260608 13:03:26.307499 28944 server_base.cc:861] Flag tcmalloc_max_total_thread_cache_bytes is not working since tcmalloc is not enabled.
I20260608 13:03:26.310081 28944 webserver.cc:533] Webserver started at http://127.28.68.1:46201/ using document root <none> and password file <none>
I20260608 13:03:26.310676 28944 fs_manager.cc:362] Metadata directory not provided
I20260608 13:03:26.310901 28944 fs_manager.cc:368] Using write-ahead log directory (fs_wal_dir) as metadata directory
I20260608 13:03:26.311213 28944 server_base.cc:909] This appears to be a new deployment of Kudu; creating new FS layout
I20260608 13:03:26.312740 28944 fs_manager.cc:1068] Generated new instance metadata in path /tmp/dist-test-taskI4IA15/test-tmp/auto_rebalancer-test.0.AutoRebalancerTest.TestMaxMovesPerServer.1780923674854326-28944-0/minicluster-data/ts-0-root/instance:
uuid: "e35ee547f74345cf8ec0647bb5ed370e"
format_stamp: "Formatted at 2026-06-08 13:03:26 on dist-test-slave-57f3"
I20260608 13:03:26.317920 28944 fs_manager.cc:696] Time spent creating directory manager: real 0.005s	user 0.005s	sys 0.000s
I20260608 13:03:26.321602  1001 log_block_manager.cc:4031] Time spent loading block containers with low live blocks: real 0.000s	user 0.000s	sys 0.000s
I20260608 13:03:26.322572 28944 fs_manager.cc:730] Time spent opening block manager: real 0.003s	user 0.002s	sys 0.001s
I20260608 13:03:26.322827 28944 fs_manager.cc:647] Opened local filesystem: /tmp/dist-test-taskI4IA15/test-tmp/auto_rebalancer-test.0.AutoRebalancerTest.TestMaxMovesPerServer.1780923674854326-28944-0/minicluster-data/ts-0-root
uuid: "e35ee547f74345cf8ec0647bb5ed370e"
format_stamp: "Formatted at 2026-06-08 13:03:26 on dist-test-slave-57f3"
I20260608 13:03:26.323065 28944 fs_report.cc:389] FS layout report
--------------------
wal directory: /tmp/dist-test-taskI4IA15/test-tmp/auto_rebalancer-test.0.AutoRebalancerTest.TestMaxMovesPerServer.1780923674854326-28944-0/minicluster-data/ts-0-root
metadata directory: /tmp/dist-test-taskI4IA15/test-tmp/auto_rebalancer-test.0.AutoRebalancerTest.TestMaxMovesPerServer.1780923674854326-28944-0/minicluster-data/ts-0-root
1 data directories: /tmp/dist-test-taskI4IA15/test-tmp/auto_rebalancer-test.0.AutoRebalancerTest.TestMaxMovesPerServer.1780923674854326-28944-0/minicluster-data/ts-0-root/data
Total live blocks: 0
Total live bytes: 0
Total live bytes (after alignment): 0
Total number of LBM containers: 0 (0 full)
Did not check for missing blocks
Did not check for orphaned blocks
Total full LBM containers with extra space: 0 (0 repaired)
Total full LBM container extra space in bytes: 0 (0 repaired)
Total incomplete LBM containers: 0 (0 repaired)
Total LBM partial records: 0 (0 repaired)
Total corrupted LBM metadata records in RocksDB: 0 (0 repaired)
I20260608 13:03:26.340927 28944 rpc_server.cc:225] running with OpenSSL 1.1.1  11 Sep 2018
I20260608 13:03:26.342358 28944 kserver.cc:163] Server-wide thread pool size limit: 3276
I20260608 13:03:26.343859 28944 txn_system_client.cc:432] TxnSystemClient initialization is disabled...
I20260608 13:03:26.346407 28944 ts_tablet_manager.cc:585] Loaded tablet metadata (0 total tablets, 0 live tablets)
I20260608 13:03:26.346585 28944 ts_tablet_manager.cc:531] Time spent load tablet metadata: real 0.000s	user 0.000s	sys 0.000s
I20260608 13:03:26.346901 28944 ts_tablet_manager.cc:616] Registered 0 tablets
I20260608 13:03:26.347049 28944 ts_tablet_manager.cc:595] Time spent register tablets: real 0.000s	user 0.000s	sys 0.000s
I20260608 13:03:26.389420 28944 rpc_server.cc:307] RPC server started. Bound to: 127.28.68.1:39103
I20260608 13:03:26.389539  1063 acceptor_pool.cc:272] collecting diagnostics on the listening RPC socket 127.28.68.1:39103 every 8 connection(s)
I20260608 13:03:26.395380 28944 file_cache.cc:492] Constructed file cache file cache with capacity 419430
W20260608 13:03:26.402802  1068 instance_detector.cc:116] could not retrieve AWS instance metadata: Network error: curl error: HTTP response code said error: The requested URL returned error: 404
W20260608 13:03:26.403862  1069 instance_detector.cc:116] could not retrieve Azure instance metadata: Network error: curl error: HTTP response code said error: The requested URL returned error: 404
W20260608 13:03:26.408622  1071 instance_detector.cc:116] could not retrieve OpenStack instance metadata: Network error: curl error: HTTP response code said error: The requested URL returned error: 404
I20260608 13:03:26.409782 28944 server_base.cc:1061] running on GCE node
I20260608 13:03:26.410166  1064 heartbeater.cc:344] Connected to a master server at 127.28.68.62:38089
I20260608 13:03:26.410566  1064 heartbeater.cc:461] Registering TS with master...
I20260608 13:03:26.410897 28944 hybrid_clock.cc:584] initializing the hybrid clock with 'system_unsync' time source
W20260608 13:03:26.411130 28944 system_unsync_time.cc:38] NTP support is disabled. Clock error bounds will not be accurate. This configuration is not suitable for distributed clusters.
I20260608 13:03:26.411339 28944 hybrid_clock.cc:648] HybridClock initialized: now 1780923806411303 us; error 0 us; skew 500 ppm
I20260608 13:03:26.411368  1064 heartbeater.cc:507] Master 127.28.68.62:38089 requested a full tablet report, sending...
I20260608 13:03:26.412169 28944 server_base.cc:861] Flag tcmalloc_max_total_thread_cache_bytes is not working since tcmalloc is not enabled.
I20260608 13:03:26.414274   937 ts_manager.cc:194] Registered new tserver with Master: e35ee547f74345cf8ec0647bb5ed370e (127.28.68.1:39103)
I20260608 13:03:26.415381 28944 webserver.cc:533] Webserver started at http://127.28.68.2:43667/ using document root <none> and password file <none>
I20260608 13:03:26.416149 28944 fs_manager.cc:362] Metadata directory not provided
I20260608 13:03:26.416422 28944 fs_manager.cc:368] Using write-ahead log directory (fs_wal_dir) as metadata directory
I20260608 13:03:26.416745 28944 server_base.cc:909] This appears to be a new deployment of Kudu; creating new FS layout
I20260608 13:03:26.417001   937 master_service.cc:502] Signed X509 certificate for tserver {username='slave'} at 127.0.0.1:33274
I20260608 13:03:26.418458 28944 fs_manager.cc:1068] Generated new instance metadata in path /tmp/dist-test-taskI4IA15/test-tmp/auto_rebalancer-test.0.AutoRebalancerTest.TestMaxMovesPerServer.1780923674854326-28944-0/minicluster-data/ts-1-root/instance:
uuid: "d6a6e9cb1db5418eaa29f8c49da85a63"
format_stamp: "Formatted at 2026-06-08 13:03:26 on dist-test-slave-57f3"
I20260608 13:03:26.423174 28944 fs_manager.cc:696] Time spent creating directory manager: real 0.004s	user 0.005s	sys 0.001s
I20260608 13:03:26.427199  1076 log_block_manager.cc:4031] Time spent loading block containers with low live blocks: real 0.000s	user 0.000s	sys 0.000s
I20260608 13:03:26.428311 28944 fs_manager.cc:730] Time spent opening block manager: real 0.003s	user 0.002s	sys 0.000s
I20260608 13:03:26.428802 28944 fs_manager.cc:647] Opened local filesystem: /tmp/dist-test-taskI4IA15/test-tmp/auto_rebalancer-test.0.AutoRebalancerTest.TestMaxMovesPerServer.1780923674854326-28944-0/minicluster-data/ts-1-root
uuid: "d6a6e9cb1db5418eaa29f8c49da85a63"
format_stamp: "Formatted at 2026-06-08 13:03:26 on dist-test-slave-57f3"
I20260608 13:03:26.429080 28944 fs_report.cc:389] FS layout report
--------------------
wal directory: /tmp/dist-test-taskI4IA15/test-tmp/auto_rebalancer-test.0.AutoRebalancerTest.TestMaxMovesPerServer.1780923674854326-28944-0/minicluster-data/ts-1-root
metadata directory: /tmp/dist-test-taskI4IA15/test-tmp/auto_rebalancer-test.0.AutoRebalancerTest.TestMaxMovesPerServer.1780923674854326-28944-0/minicluster-data/ts-1-root
1 data directories: /tmp/dist-test-taskI4IA15/test-tmp/auto_rebalancer-test.0.AutoRebalancerTest.TestMaxMovesPerServer.1780923674854326-28944-0/minicluster-data/ts-1-root/data
Total live blocks: 0
Total live bytes: 0
Total live bytes (after alignment): 0
Total number of LBM containers: 0 (0 full)
Did not check for missing blocks
Did not check for orphaned blocks
Total full LBM containers with extra space: 0 (0 repaired)
Total full LBM container extra space in bytes: 0 (0 repaired)
Total incomplete LBM containers: 0 (0 repaired)
Total LBM partial records: 0 (0 repaired)
Total corrupted LBM metadata records in RocksDB: 0 (0 repaired)
I20260608 13:03:26.452803 28944 rpc_server.cc:225] running with OpenSSL 1.1.1  11 Sep 2018
I20260608 13:03:26.454035 28944 kserver.cc:163] Server-wide thread pool size limit: 3276
I20260608 13:03:26.455687 28944 txn_system_client.cc:432] TxnSystemClient initialization is disabled...
I20260608 13:03:26.458266 28944 ts_tablet_manager.cc:585] Loaded tablet metadata (0 total tablets, 0 live tablets)
I20260608 13:03:26.458513 28944 ts_tablet_manager.cc:531] Time spent load tablet metadata: real 0.000s	user 0.000s	sys 0.000s
I20260608 13:03:26.458917 28944 ts_tablet_manager.cc:616] Registered 0 tablets
I20260608 13:03:26.459105 28944 ts_tablet_manager.cc:595] Time spent register tablets: real 0.000s	user 0.000s	sys 0.000s
I20260608 13:03:26.502883 28944 rpc_server.cc:307] RPC server started. Bound to: 127.28.68.2:33739
I20260608 13:03:26.503015  1138 acceptor_pool.cc:272] collecting diagnostics on the listening RPC socket 127.28.68.2:33739 every 8 connection(s)
I20260608 13:03:26.508733 28944 file_cache.cc:492] Constructed file cache file cache with capacity 419430
W20260608 13:03:26.517004  1142 instance_detector.cc:116] could not retrieve AWS instance metadata: Network error: curl error: HTTP response code said error: The requested URL returned error: 404
W20260608 13:03:26.518659  1143 instance_detector.cc:116] could not retrieve Azure instance metadata: Network error: curl error: HTTP response code said error: The requested URL returned error: 404
W20260608 13:03:26.520319  1146 instance_detector.cc:116] could not retrieve OpenStack instance metadata: Network error: curl error: HTTP response code said error: The requested URL returned error: 404
I20260608 13:03:26.520481 28944 server_base.cc:1061] running on GCE node
I20260608 13:03:26.522226 28944 hybrid_clock.cc:584] initializing the hybrid clock with 'system_unsync' time source
I20260608 13:03:26.522393  1139 heartbeater.cc:344] Connected to a master server at 127.28.68.62:38089
W20260608 13:03:26.522552 28944 system_unsync_time.cc:38] NTP support is disabled. Clock error bounds will not be accurate. This configuration is not suitable for distributed clusters.
I20260608 13:03:26.522817  1139 heartbeater.cc:461] Registering TS with master...
I20260608 13:03:26.522920 28944 hybrid_clock.cc:648] HybridClock initialized: now 1780923806522896 us; error 0 us; skew 500 ppm
I20260608 13:03:26.523730  1139 heartbeater.cc:507] Master 127.28.68.62:38089 requested a full tablet report, sending...
I20260608 13:03:26.523798 28944 server_base.cc:861] Flag tcmalloc_max_total_thread_cache_bytes is not working since tcmalloc is not enabled.
I20260608 13:03:26.526508   937 ts_manager.cc:194] Registered new tserver with Master: d6a6e9cb1db5418eaa29f8c49da85a63 (127.28.68.2:33739)
I20260608 13:03:26.527246 28944 webserver.cc:533] Webserver started at http://127.28.68.3:42569/ using document root <none> and password file <none>
I20260608 13:03:26.527881 28944 fs_manager.cc:362] Metadata directory not provided
I20260608 13:03:26.528117 28944 fs_manager.cc:368] Using write-ahead log directory (fs_wal_dir) as metadata directory
I20260608 13:03:26.528087   937 master_service.cc:502] Signed X509 certificate for tserver {username='slave'} at 127.0.0.1:33278
I20260608 13:03:26.528736 28944 server_base.cc:909] This appears to be a new deployment of Kudu; creating new FS layout
I20260608 13:03:26.530243 28944 fs_manager.cc:1068] Generated new instance metadata in path /tmp/dist-test-taskI4IA15/test-tmp/auto_rebalancer-test.0.AutoRebalancerTest.TestMaxMovesPerServer.1780923674854326-28944-0/minicluster-data/ts-2-root/instance:
uuid: "fdd29d52b5004ba2883850a0f83f291e"
format_stamp: "Formatted at 2026-06-08 13:03:26 on dist-test-slave-57f3"
I20260608 13:03:26.535497 28944 fs_manager.cc:696] Time spent creating directory manager: real 0.005s	user 0.006s	sys 0.000s
I20260608 13:03:26.539446  1150 log_block_manager.cc:4031] Time spent loading block containers with low live blocks: real 0.000s	user 0.000s	sys 0.000s
I20260608 13:03:26.540314 28944 fs_manager.cc:730] Time spent opening block manager: real 0.002s	user 0.000s	sys 0.003s
I20260608 13:03:26.540721 28944 fs_manager.cc:647] Opened local filesystem: /tmp/dist-test-taskI4IA15/test-tmp/auto_rebalancer-test.0.AutoRebalancerTest.TestMaxMovesPerServer.1780923674854326-28944-0/minicluster-data/ts-2-root
uuid: "fdd29d52b5004ba2883850a0f83f291e"
format_stamp: "Formatted at 2026-06-08 13:03:26 on dist-test-slave-57f3"
I20260608 13:03:26.541039 28944 fs_report.cc:389] FS layout report
--------------------
wal directory: /tmp/dist-test-taskI4IA15/test-tmp/auto_rebalancer-test.0.AutoRebalancerTest.TestMaxMovesPerServer.1780923674854326-28944-0/minicluster-data/ts-2-root
metadata directory: /tmp/dist-test-taskI4IA15/test-tmp/auto_rebalancer-test.0.AutoRebalancerTest.TestMaxMovesPerServer.1780923674854326-28944-0/minicluster-data/ts-2-root
1 data directories: /tmp/dist-test-taskI4IA15/test-tmp/auto_rebalancer-test.0.AutoRebalancerTest.TestMaxMovesPerServer.1780923674854326-28944-0/minicluster-data/ts-2-root/data
Total live blocks: 0
Total live bytes: 0
Total live bytes (after alignment): 0
Total number of LBM containers: 0 (0 full)
Did not check for missing blocks
Did not check for orphaned blocks
Total full LBM containers with extra space: 0 (0 repaired)
Total full LBM container extra space in bytes: 0 (0 repaired)
Total incomplete LBM containers: 0 (0 repaired)
Total LBM partial records: 0 (0 repaired)
Total corrupted LBM metadata records in RocksDB: 0 (0 repaired)
I20260608 13:03:26.553431 28944 rpc_server.cc:225] running with OpenSSL 1.1.1  11 Sep 2018
I20260608 13:03:26.554700 28944 kserver.cc:163] Server-wide thread pool size limit: 3276
I20260608 13:03:26.555987 28944 txn_system_client.cc:432] TxnSystemClient initialization is disabled...
I20260608 13:03:26.558876 28944 ts_tablet_manager.cc:585] Loaded tablet metadata (0 total tablets, 0 live tablets)
I20260608 13:03:26.559180 28944 ts_tablet_manager.cc:531] Time spent load tablet metadata: real 0.000s	user 0.000s	sys 0.000s
I20260608 13:03:26.559495 28944 ts_tablet_manager.cc:616] Registered 0 tablets
I20260608 13:03:26.559719 28944 ts_tablet_manager.cc:595] Time spent register tablets: real 0.000s	user 0.000s	sys 0.000s
I20260608 13:03:26.602545 28944 rpc_server.cc:307] RPC server started. Bound to: 127.28.68.3:42403
I20260608 13:03:26.602666  1212 acceptor_pool.cc:272] collecting diagnostics on the listening RPC socket 127.28.68.3:42403 every 8 connection(s)
I20260608 13:03:26.617532  1213 heartbeater.cc:344] Connected to a master server at 127.28.68.62:38089
I20260608 13:03:26.617925  1213 heartbeater.cc:461] Registering TS with master...
I20260608 13:03:26.618723  1213 heartbeater.cc:507] Master 127.28.68.62:38089 requested a full tablet report, sending...
I20260608 13:03:26.621151   937 ts_manager.cc:194] Registered new tserver with Master: fdd29d52b5004ba2883850a0f83f291e (127.28.68.3:42403)
I20260608 13:03:26.622115 28944 internal_mini_cluster.cc:371] 3 TS(s) registered with all masters after 0.015657657s
I20260608 13:03:26.622735   937 master_service.cc:502] Signed X509 certificate for tserver {username='slave'} at 127.0.0.1:33286
I20260608 13:03:27.420025  1064 heartbeater.cc:499] Master 127.28.68.62:38089 was elected leader, sending a full tablet report...
I20260608 13:03:27.530978  1139 heartbeater.cc:499] Master 127.28.68.62:38089 was elected leader, sending a full tablet report...
I20260608 13:03:27.625963  1213 heartbeater.cc:499] Master 127.28.68.62:38089 was elected leader, sending a full tablet report...
I20260608 13:03:27.680460   937 catalog_manager.cc:2282] Servicing CreateTable request from {username='slave'} at 127.0.0.1:33288:
name: "test-workload"
schema {
  columns {
    name: "key"
    type: INT32
    is_key: true
    is_nullable: false
    encoding: AUTO_ENCODING
    compression: DEFAULT_COMPRESSION
    cfile_block_size: 0
    immutable: false
  }
  columns {
    name: "int_val"
    type: INT32
    is_key: false
    is_nullable: false
    encoding: AUTO_ENCODING
