I20260608 13:02:39.247596   880 ts_tablet_manager.cc:1929] T 4a28ada4e2554d98b7c46f44ed2757fe P a94b6239e52643f39c8747dee5d13f5a: tablet deleted with delete type TABLET_DATA_TOMBSTONED: last-logged OpId 1.3
I20260608 13:02:39.248142   880 log.cc:1199] T 4a28ada4e2554d98b7c46f44ed2757fe P a94b6239e52643f39c8747dee5d13f5a: Deleting WAL directory at /tmp/dist-test-taskMv_pgB/test-tmp/auto_rebalancer-test.0.AutoRebalancerTest.RangeAwareRebalancesNewRangeReplicas.1780923672406080-29865-0/minicluster-data/ts-0-root/wals/4a28ada4e2554d98b7c46f44ed2757fe
I20260608 13:02:39.250069 32731 catalog_manager.cc:5027] TS a94b6239e52643f39c8747dee5d13f5a (127.29.42.65:36187): tablet 4a28ada4e2554d98b7c46f44ed2757fe (table range_aware_rebalance_new_range [id=e9d9575a5f3e4dafb10bc921ed0dd92a]) successfully deleted
I20260608 13:02:39.252264   363 tablet_service.cc:1558] Processing DeleteTablet for tablet f9d232a8262a46099c051d67c6ba2278 with delete_type TABLET_DATA_TOMBSTONED (TS a94b6239e52643f39c8747dee5d13f5a not found in new config with opid_index 4) from {username='slave'} at 127.0.0.1:38042
I20260608 13:02:39.253177   880 tablet_replica.cc:333] T f9d232a8262a46099c051d67c6ba2278 P a94b6239e52643f39c8747dee5d13f5a: stopping tablet replica
I20260608 13:02:39.254002   880 raft_consensus.cc:2243] T f9d232a8262a46099c051d67c6ba2278 P a94b6239e52643f39c8747dee5d13f5a [term 1 FOLLOWER]: Raft consensus shutting down.
I20260608 13:02:39.254660   880 raft_consensus.cc:2272] T f9d232a8262a46099c051d67c6ba2278 P a94b6239e52643f39c8747dee5d13f5a [term 1 FOLLOWER]: Raft consensus is shut down!
I20260608 13:02:39.257038   880 ts_tablet_manager.cc:1916] T f9d232a8262a46099c051d67c6ba2278 P a94b6239e52643f39c8747dee5d13f5a: Deleting tablet data with delete state TABLET_DATA_TOMBSTONED
I20260608 13:02:39.268923   880 ts_tablet_manager.cc:1929] T f9d232a8262a46099c051d67c6ba2278 P a94b6239e52643f39c8747dee5d13f5a: tablet deleted with delete type TABLET_DATA_TOMBSTONED: last-logged OpId 1.3
I20260608 13:02:39.269263   880 log.cc:1199] T f9d232a8262a46099c051d67c6ba2278 P a94b6239e52643f39c8747dee5d13f5a: Deleting WAL directory at /tmp/dist-test-taskMv_pgB/test-tmp/auto_rebalancer-test.0.AutoRebalancerTest.RangeAwareRebalancesNewRangeReplicas.1780923672406080-29865-0/minicluster-data/ts-0-root/wals/f9d232a8262a46099c051d67c6ba2278
I20260608 13:02:39.270709 32731 catalog_manager.cc:5027] TS a94b6239e52643f39c8747dee5d13f5a (127.29.42.65:36187): tablet f9d232a8262a46099c051d67c6ba2278 (table range_aware_rebalance_new_range [id=e9d9575a5f3e4dafb10bc921ed0dd92a]) successfully deleted
I20260608 13:02:39.531527   527 raft_consensus.cc:1275] T f15235f58fe048f18f25957f921dc9d3 P c59dcad00a0b44e3aa59a1b3c97e92f1 [term 2 FOLLOWER]: Refusing update from remote peer bd68bc388ac04956bf42e56884aef68d: Log matching property violated. Preceding OpId in replica: term: 1 index: 1. Preceding OpId from leader: term: 2 index: 2. (index mismatch)
I20260608 13:02:39.533072   837 consensus_queue.cc:1048] T f15235f58fe048f18f25957f921dc9d3 P bd68bc388ac04956bf42e56884aef68d [LEADER]: Connected to new peer: Peer: permanent_uuid: "c59dcad00a0b44e3aa59a1b3c97e92f1" member_type: VOTER last_known_addr { host: "127.29.42.67" port: 37973 }, Status: LMP_MISMATCH, Last received: 0.0, Next index: 2, Last known committed idx: 1, Time since last communication: 0.000s
I20260608 13:02:39.542790   378 raft_consensus.cc:1275] T f15235f58fe048f18f25957f921dc9d3 P a94b6239e52643f39c8747dee5d13f5a [term 2 FOLLOWER]: Refusing update from remote peer bd68bc388ac04956bf42e56884aef68d: Log matching property violated. Preceding OpId in replica: term: 1 index: 1. Preceding OpId from leader: term: 2 index: 2. (index mismatch)
I20260608 13:02:39.545003   837 consensus_queue.cc:1048] T f15235f58fe048f18f25957f921dc9d3 P bd68bc388ac04956bf42e56884aef68d [LEADER]: Connected to new peer: Peer: permanent_uuid: "a94b6239e52643f39c8747dee5d13f5a" member_type: VOTER last_known_addr { host: "127.29.42.65" port: 36187 }, Status: LMP_MISMATCH, Last received: 0.0, Next index: 2, Last known committed idx: 1, Time since last communication: 0.000s
I20260608 13:02:40.297188   375 consensus_queue.cc:237] T a779a7fff0d74b57b3246037c85ddfab P a94b6239e52643f39c8747dee5d13f5a [LEADER]: Queue going to LEADER mode. State: All replicated index: 0, Majority replicated index: 1, Committed index: 1, Last appended: 1.1, Last appended by leader: 0, Current term: 1, Majority size: 2, State: 0, Mode: LEADER, active raft config: opid_index: 2 OBSOLETE_local: false peers { permanent_uuid: "a94b6239e52643f39c8747dee5d13f5a" member_type: VOTER last_known_addr { host: "127.29.42.65" port: 36187 } } peers { permanent_uuid: "bd113a4ff83f45369dadf3a5bb731f68" member_type: VOTER last_known_addr { host: "127.29.42.68" port: 46277 } attrs { replace: true } } peers { permanent_uuid: "bd68bc388ac04956bf42e56884aef68d" member_type: VOTER last_known_addr { host: "127.29.42.66" port: 39773 } } peers { permanent_uuid: "c59dcad00a0b44e3aa59a1b3c97e92f1" member_type: NON_VOTER last_known_addr { host: "127.29.42.67" port: 37973 } attrs { promote: true } }
I20260608 13:02:40.305418   454 raft_consensus.cc:1275] T a779a7fff0d74b57b3246037c85ddfab P bd68bc388ac04956bf42e56884aef68d [term 1 FOLLOWER]: Refusing update from remote peer a94b6239e52643f39c8747dee5d13f5a: Log matching property violated. Preceding OpId in replica: term: 1 index: 1. Preceding OpId from leader: term: 1 index: 2. (index mismatch)
W20260608 13:02:40.306787   343 consensus_peers.cc:597] T a779a7fff0d74b57b3246037c85ddfab P a94b6239e52643f39c8747dee5d13f5a -> Peer c59dcad00a0b44e3aa59a1b3c97e92f1 (127.29.42.67:37973): Couldn't send request to peer c59dcad00a0b44e3aa59a1b3c97e92f1. Error code: TABLET_NOT_FOUND (6). Status: Not found: Tablet not found: a779a7fff0d74b57b3246037c85ddfab. This is attempt 1: this message will repeat every 5th retry.
I20260608 13:02:40.306978   681 raft_consensus.cc:1275] T a779a7fff0d74b57b3246037c85ddfab P bd113a4ff83f45369dadf3a5bb731f68 [term 1 FOLLOWER]: Refusing update from remote peer a94b6239e52643f39c8747dee5d13f5a: Log matching property violated. Preceding OpId in replica: term: 1 index: 1. Preceding OpId from leader: term: 1 index: 2. (index mismatch)
I20260608 13:02:40.307060   890 consensus_queue.cc:1048] T a779a7fff0d74b57b3246037c85ddfab P a94b6239e52643f39c8747dee5d13f5a [LEADER]: Connected to new peer: Peer: permanent_uuid: "bd68bc388ac04956bf42e56884aef68d" member_type: VOTER last_known_addr { host: "127.29.42.66" port: 39773 }, Status: LMP_MISMATCH, Last received: 0.0, Next index: 2, Last known committed idx: 1, Time since last communication: 0.001s
I20260608 13:02:40.308615   727 consensus_queue.cc:1048] T a779a7fff0d74b57b3246037c85ddfab P a94b6239e52643f39c8747dee5d13f5a [LEADER]: Connected to new peer: Peer: permanent_uuid: "bd113a4ff83f45369dadf3a5bb731f68" member_type: VOTER last_known_addr { host: "127.29.42.68" port: 46277 } attrs { replace: true }, Status: LMP_MISMATCH, Last received: 0.0, Next index: 2, Last known committed idx: 1, Time since last communication: 0.000s
I20260608 13:02:40.315160   890 raft_consensus.cc:2955] T a779a7fff0d74b57b3246037c85ddfab P a94b6239e52643f39c8747dee5d13f5a [term 1 LEADER]: Committing config change with OpId 1.2: config changed from index -1 to 2, NON_VOTER c59dcad00a0b44e3aa59a1b3c97e92f1 (127.29.42.67) added. New config: { opid_index: 2 OBSOLETE_local: false peers { permanent_uuid: "a94b6239e52643f39c8747dee5d13f5a" member_type: VOTER last_known_addr { host: "127.29.42.65" port: 36187 } } peers { permanent_uuid: "bd113a4ff83f45369dadf3a5bb731f68" member_type: VOTER last_known_addr { host: "127.29.42.68" port: 46277 } attrs { replace: true } } peers { permanent_uuid: "bd68bc388ac04956bf42e56884aef68d" member_type: VOTER last_known_addr { host: "127.29.42.66" port: 39773 } } peers { permanent_uuid: "c59dcad00a0b44e3aa59a1b3c97e92f1" member_type: NON_VOTER last_known_addr { host: "127.29.42.67" port: 37973 } attrs { promote: true } } }
I20260608 13:02:40.319335   454 raft_consensus.cc:2955] T a779a7fff0d74b57b3246037c85ddfab P bd68bc388ac04956bf42e56884aef68d [term 1 FOLLOWER]: Committing config change with OpId 1.2: config changed from index -1 to 2, NON_VOTER c59dcad00a0b44e3aa59a1b3c97e92f1 (127.29.42.67) added. New config: { opid_index: 2 OBSOLETE_local: false peers { permanent_uuid: "a94b6239e52643f39c8747dee5d13f5a" member_type: VOTER last_known_addr { host: "127.29.42.65" port: 36187 } } peers { permanent_uuid: "bd113a4ff83f45369dadf3a5bb731f68" member_type: VOTER last_known_addr { host: "127.29.42.68" port: 46277 } attrs { replace: true } } peers { permanent_uuid: "bd68bc388ac04956bf42e56884aef68d" member_type: VOTER last_known_addr { host: "127.29.42.66" port: 39773 } } peers { permanent_uuid: "c59dcad00a0b44e3aa59a1b3c97e92f1" member_type: NON_VOTER last_known_addr { host: "127.29.42.67" port: 37973 } attrs { promote: true } } }
I20260608 13:02:40.320686   681 raft_consensus.cc:2955] T a779a7fff0d74b57b3246037c85ddfab P bd113a4ff83f45369dadf3a5bb731f68 [term 1 FOLLOWER]: Committing config change with OpId 1.2: config changed from index -1 to 2, NON_VOTER c59dcad00a0b44e3aa59a1b3c97e92f1 (127.29.42.67) added. New config: { opid_index: 2 OBSOLETE_local: false peers { permanent_uuid: "a94b6239e52643f39c8747dee5d13f5a" member_type: VOTER last_known_addr { host: "127.29.42.65" port: 36187 } } peers { permanent_uuid: "bd113a4ff83f45369dadf3a5bb731f68" member_type: VOTER last_known_addr { host: "127.29.42.68" port: 46277 } attrs { replace: true } } peers { permanent_uuid: "bd68bc388ac04956bf42e56884aef68d" member_type: VOTER last_known_addr { host: "127.29.42.66" port: 39773 } } peers { permanent_uuid: "c59dcad00a0b44e3aa59a1b3c97e92f1" member_type: NON_VOTER last_known_addr { host: "127.29.42.67" port: 37973 } attrs { promote: true } } }
I20260608 13:02:40.328969 32741 catalog_manager.cc:5696] T a779a7fff0d74b57b3246037c85ddfab P a94b6239e52643f39c8747dee5d13f5a reported cstate change: config changed from index -1 to 2, NON_VOTER c59dcad00a0b44e3aa59a1b3c97e92f1 (127.29.42.67) added. New cstate: current_term: 1 leader_uuid: "a94b6239e52643f39c8747dee5d13f5a" committed_config { opid_index: 2 OBSOLETE_local: false peers { permanent_uuid: "a94b6239e52643f39c8747dee5d13f5a" member_type: VOTER last_known_addr { host: "127.29.42.65" port: 36187 } health_report { overall_health: HEALTHY } } peers { permanent_uuid: "bd113a4ff83f45369dadf3a5bb731f68" member_type: VOTER last_known_addr { host: "127.29.42.68" port: 46277 } attrs { replace: true } health_report { overall_health: HEALTHY } } peers { permanent_uuid: "bd68bc388ac04956bf42e56884aef68d" member_type: VOTER last_known_addr { host: "127.29.42.66" port: 39773 } health_report { overall_health: HEALTHY } } peers { permanent_uuid: "c59dcad00a0b44e3aa59a1b3c97e92f1" member_type: NON_VOTER last_known_addr { host: "127.29.42.67" port: 37973 } attrs { promote: true } health_report { overall_health: UNKNOWN } } }
I20260608 13:02:40.329864   452 consensus_queue.cc:237] T f15235f58fe048f18f25957f921dc9d3 P bd68bc388ac04956bf42e56884aef68d [LEADER]: Queue going to LEADER mode. State: All replicated index: 0, Majority replicated index: 2, Committed index: 2, Last appended: 2.2, Last appended by leader: 1, Current term: 2, Majority size: 2, State: 0, Mode: LEADER, active raft config: opid_index: 3 OBSOLETE_local: false peers { permanent_uuid: "bd68bc388ac04956bf42e56884aef68d" member_type: VOTER last_known_addr { host: "127.29.42.66" port: 39773 } } peers { permanent_uuid: "a94b6239e52643f39c8747dee5d13f5a" member_type: VOTER last_known_addr { host: "127.29.42.65" port: 36187 } } peers { permanent_uuid: "c59dcad00a0b44e3aa59a1b3c97e92f1" member_type: VOTER last_known_addr { host: "127.29.42.67" port: 37973 } attrs { replace: true } } peers { permanent_uuid: "bd113a4ff83f45369dadf3a5bb731f68" member_type: NON_VOTER last_known_addr { host: "127.29.42.68" port: 46277 } attrs { promote: true } }
I20260608 13:02:40.338899   375 raft_consensus.cc:1275] T f15235f58fe048f18f25957f921dc9d3 P a94b6239e52643f39c8747dee5d13f5a [term 2 FOLLOWER]: Refusing update from remote peer bd68bc388ac04956bf42e56884aef68d: Log matching property violated. Preceding OpId in replica: term: 2 index: 2. Preceding OpId from leader: term: 2 index: 3. (index mismatch)
W20260608 13:02:40.342444   418 consensus_peers.cc:597] T f15235f58fe048f18f25957f921dc9d3 P bd68bc388ac04956bf42e56884aef68d -> Peer bd113a4ff83f45369dadf3a5bb731f68 (127.29.42.68:46277): Couldn't send request to peer bd113a4ff83f45369dadf3a5bb731f68. Error code: TABLET_NOT_FOUND (6). Status: Not found: Tablet not found: f15235f58fe048f18f25957f921dc9d3. This is attempt 1: this message will repeat every 5th retry.
I20260608 13:02:40.343020   886 consensus_queue.cc:1048] T f15235f58fe048f18f25957f921dc9d3 P bd68bc388ac04956bf42e56884aef68d [LEADER]: Connected to new peer: Peer: permanent_uuid: "a94b6239e52643f39c8747dee5d13f5a" member_type: VOTER last_known_addr { host: "127.29.42.65" port: 36187 }, Status: LMP_MISMATCH, Last received: 0.0, Next index: 3, Last known committed idx: 2, Time since last communication: 0.001s
I20260608 13:02:40.346136   527 raft_consensus.cc:1275] T f15235f58fe048f18f25957f921dc9d3 P c59dcad00a0b44e3aa59a1b3c97e92f1 [term 2 FOLLOWER]: Refusing update from remote peer bd68bc388ac04956bf42e56884aef68d: Log matching property violated. Preceding OpId in replica: term: 2 index: 2. Preceding OpId from leader: term: 2 index: 3. (index mismatch)
I20260608 13:02:40.347983   885 consensus_queue.cc:1048] T f15235f58fe048f18f25957f921dc9d3 P bd68bc388ac04956bf42e56884aef68d [LEADER]: Connected to new peer: Peer: permanent_uuid: "c59dcad00a0b44e3aa59a1b3c97e92f1" member_type: VOTER last_known_addr { host: "127.29.42.67" port: 37973 } attrs { replace: true }, Status: LMP_MISMATCH, Last received: 0.0, Next index: 3, Last known committed idx: 2, Time since last communication: 0.000s
I20260608 13:02:40.356024   837 raft_consensus.cc:2955] T f15235f58fe048f18f25957f921dc9d3 P bd68bc388ac04956bf42e56884aef68d [term 2 LEADER]: Committing config change with OpId 2.3: config changed from index -1 to 3, NON_VOTER bd113a4ff83f45369dadf3a5bb731f68 (127.29.42.68) added. New config: { opid_index: 3 OBSOLETE_local: false peers { permanent_uuid: "bd68bc388ac04956bf42e56884aef68d" member_type: VOTER last_known_addr { host: "127.29.42.66" port: 39773 } } peers { permanent_uuid: "a94b6239e52643f39c8747dee5d13f5a" member_type: VOTER last_known_addr { host: "127.29.42.65" port: 36187 } } peers { permanent_uuid: "c59dcad00a0b44e3aa59a1b3c97e92f1" member_type: VOTER last_known_addr { host: "127.29.42.67" port: 37973 } attrs { replace: true } } peers { permanent_uuid: "bd113a4ff83f45369dadf3a5bb731f68" member_type: NON_VOTER last_known_addr { host: "127.29.42.68" port: 46277 } attrs { promote: true } } }
I20260608 13:02:40.383086   375 raft_consensus.cc:2955] T f15235f58fe048f18f25957f921dc9d3 P a94b6239e52643f39c8747dee5d13f5a [term 2 FOLLOWER]: Committing config change with OpId 2.3: config changed from index -1 to 3, NON_VOTER bd113a4ff83f45369dadf3a5bb731f68 (127.29.42.68) added. New config: { opid_index: 3 OBSOLETE_local: false peers { permanent_uuid: "bd68bc388ac04956bf42e56884aef68d" member_type: VOTER last_known_addr { host: "127.29.42.66" port: 39773 } } peers { permanent_uuid: "a94b6239e52643f39c8747dee5d13f5a" member_type: VOTER last_known_addr { host: "127.29.42.65" port: 36187 } } peers { permanent_uuid: "c59dcad00a0b44e3aa59a1b3c97e92f1" member_type: VOTER last_known_addr { host: "127.29.42.67" port: 37973 } attrs { replace: true } } peers { permanent_uuid: "bd113a4ff83f45369dadf3a5bb731f68" member_type: NON_VOTER last_known_addr { host: "127.29.42.68" port: 46277 } attrs { promote: true } } }
I20260608 13:02:40.393647   525 raft_consensus.cc:2955] T f15235f58fe048f18f25957f921dc9d3 P c59dcad00a0b44e3aa59a1b3c97e92f1 [term 2 FOLLOWER]: Committing config change with OpId 2.3: config changed from index -1 to 3, NON_VOTER bd113a4ff83f45369dadf3a5bb731f68 (127.29.42.68) added. New config: { opid_index: 3 OBSOLETE_local: false peers { permanent_uuid: "bd68bc388ac04956bf42e56884aef68d" member_type: VOTER last_known_addr { host: "127.29.42.66" port: 39773 } } peers { permanent_uuid: "a94b6239e52643f39c8747dee5d13f5a" member_type: VOTER last_known_addr { host: "127.29.42.65" port: 36187 } } peers { permanent_uuid: "c59dcad00a0b44e3aa59a1b3c97e92f1" member_type: VOTER last_known_addr { host: "127.29.42.67" port: 37973 } attrs { replace: true } } peers { permanent_uuid: "bd113a4ff83f45369dadf3a5bb731f68" member_type: NON_VOTER last_known_addr { host: "127.29.42.68" port: 46277 } attrs { promote: true } } }
I20260608 13:02:40.412211   329 auto_leader_rebalancer.cc:140] leader rebalance for table range_aware_rebalance_new_range
I20260608 13:02:40.689728 32740 catalog_manager.cc:5696] T f15235f58fe048f18f25957f921dc9d3 P c59dcad00a0b44e3aa59a1b3c97e92f1 reported cstate change: config changed from index -1 to 3, NON_VOTER bd113a4ff83f45369dadf3a5bb731f68 (127.29.42.68) added. New cstate: current_term: 2 leader_uuid: "bd68bc388ac04956bf42e56884aef68d" committed_config { opid_index: 3 OBSOLETE_local: false peers { permanent_uuid: "bd68bc388ac04956bf42e56884aef68d" member_type: VOTER last_known_addr { host: "127.29.42.66" port: 39773 } } peers { permanent_uuid: "a94b6239e52643f39c8747dee5d13f5a" member_type: VOTER last_known_addr { host: "127.29.42.65" port: 36187 } } peers { permanent_uuid: "c59dcad00a0b44e3aa59a1b3c97e92f1" member_type: VOTER last_known_addr { host: "127.29.42.67" port: 37973 } attrs { replace: true } } peers { permanent_uuid: "bd113a4ff83f45369dadf3a5bb731f68" member_type: NON_VOTER last_known_addr { host: "127.29.42.68" port: 46277 } attrs { promote: true } } }
I20260608 13:02:40.721546   378 consensus_queue.cc:237] T 9b59e85795484961927a1200f7589ff6 P a94b6239e52643f39c8747dee5d13f5a [LEADER]: Queue going to LEADER mode. State: All replicated index: 0, Majority replicated index: 1, Committed index: 1, Last appended: 1.1, Last appended by leader: 0, Current term: 1, Majority size: 2, State: 0, Mode: LEADER, active raft config: opid_index: 2 OBSOLETE_local: false peers { permanent_uuid: "a94b6239e52643f39c8747dee5d13f5a" member_type: VOTER last_known_addr { host: "127.29.42.65" port: 36187 } } peers { permanent_uuid: "c59dcad00a0b44e3aa59a1b3c97e92f1" member_type: VOTER last_known_addr { host: "127.29.42.67" port: 37973 } } peers { permanent_uuid: "bd113a4ff83f45369dadf3a5bb731f68" member_type: VOTER last_known_addr { host: "127.29.42.68" port: 46277 } attrs { replace: true } } peers { permanent_uuid: "bd68bc388ac04956bf42e56884aef68d" member_type: NON_VOTER last_known_addr { host: "127.29.42.66" port: 39773 } attrs { promote: true } }
W20260608 13:02:40.734535   341 consensus_peers.cc:597] T 9b59e85795484961927a1200f7589ff6 P a94b6239e52643f39c8747dee5d13f5a -> Peer bd68bc388ac04956bf42e56884aef68d (127.29.42.66:39773): Couldn't send request to peer bd68bc388ac04956bf42e56884aef68d. Error code: TABLET_NOT_FOUND (6). Status: Not found: Tablet not found: 9b59e85795484961927a1200f7589ff6. This is attempt 1: this message will repeat every 5th retry.
I20260608 13:02:40.737118   527 raft_consensus.cc:1275] T 9b59e85795484961927a1200f7589ff6 P c59dcad00a0b44e3aa59a1b3c97e92f1 [term 1 FOLLOWER]: Refusing update from remote peer a94b6239e52643f39c8747dee5d13f5a: Log matching property violated. Preceding OpId in replica: term: 1 index: 1. Preceding OpId from leader: term: 1 index: 2. (index mismatch)
I20260608 13:02:40.738844   893 consensus_queue.cc:1048] T 9b59e85795484961927a1200f7589ff6 P a94b6239e52643f39c8747dee5d13f5a [LEADER]: Connected to new peer: Peer: permanent_uuid: "c59dcad00a0b44e3aa59a1b3c97e92f1" member_type: VOTER last_known_addr { host: "127.29.42.67" port: 37973 }, Status: LMP_MISMATCH, Last received: 0.0, Next index: 2, Last known committed idx: 1, Time since last communication: 0.000s
I20260608 13:02:40.762439   681 raft_consensus.cc:1275] T 9b59e85795484961927a1200f7589ff6 P bd113a4ff83f45369dadf3a5bb731f68 [term 1 FOLLOWER]: Refusing update from remote peer a94b6239e52643f39c8747dee5d13f5a: Log matching property violated. Preceding OpId in replica: term: 1 index: 1. Preceding OpId from leader: term: 1 index: 2. (index mismatch)
I20260608 13:02:40.773025   890 consensus_queue.cc:1048] T 9b59e85795484961927a1200f7589ff6 P a94b6239e52643f39c8747dee5d13f5a [LEADER]: Connected to new peer: Peer: permanent_uuid: "bd113a4ff83f45369dadf3a5bb731f68" member_type: VOTER last_known_addr { host: "127.29.42.68" port: 46277 } attrs { replace: true }, Status: LMP_MISMATCH, Last received: 0.0, Next index: 2, Last known committed idx: 1, Time since last communication: 0.001s
I20260608 13:02:40.775524   890 raft_consensus.cc:2955] T 9b59e85795484961927a1200f7589ff6 P a94b6239e52643f39c8747dee5d13f5a [term 1 LEADER]: Committing config change with OpId 1.2: config changed from index -1 to 2, NON_VOTER bd68bc388ac04956bf42e56884aef68d (127.29.42.66) added. New config: { opid_index: 2 OBSOLETE_local: false peers { permanent_uuid: "a94b6239e52643f39c8747dee5d13f5a" member_type: VOTER last_known_addr { host: "127.29.42.65" port: 36187 } } peers { permanent_uuid: "c59dcad00a0b44e3aa59a1b3c97e92f1" member_type: VOTER last_known_addr { host: "127.29.42.67" port: 37973 } } peers { permanent_uuid: "bd113a4ff83f45369dadf3a5bb731f68" member_type: VOTER last_known_addr { host: "127.29.42.68" port: 46277 } attrs { replace: true } } peers { permanent_uuid: "bd68bc388ac04956bf42e56884aef68d" member_type: NON_VOTER last_known_addr { host: "127.29.42.66" port: 39773 } attrs { promote: true } } }
I20260608 13:02:40.803213   377 consensus_queue.cc:237] T a7a8ca2b083f43b78d993438434da10f P a94b6239e52643f39c8747dee5d13f5a [LEADER]: Queue going to LEADER mode. State: All replicated index: 0, Majority replicated index: 1, Committed index: 1, Last appended: 1.1, Last appended by leader: 0, Current term: 1, Majority size: 2, State: 0, Mode: LEADER, active raft config: opid_index: 2 OBSOLETE_local: false peers { permanent_uuid: "bd68bc388ac04956bf42e56884aef68d" member_type: VOTER last_known_addr { host: "127.29.42.66" port: 39773 } attrs { replace: true } } peers { permanent_uuid: "a94b6239e52643f39c8747dee5d13f5a" member_type: VOTER last_known_addr { host: "127.29.42.65" port: 36187 } } peers { permanent_uuid: "c59dcad00a0b44e3aa59a1b3c97e92f1" member_type: VOTER last_known_addr { host: "127.29.42.67" port: 37973 } } peers { permanent_uuid: "bd113a4ff83f45369dadf3a5bb731f68" member_type: NON_VOTER last_known_addr { host: "127.29.42.68" port: 46277 } attrs { promote: true } }
I20260608 13:02:40.816365   452 tablet_service.cc:2072] Received LeaderStepDown RPC: tablet_id: "f15235f58fe048f18f25957f921dc9d3"
dest_uuid: "bd68bc388ac04956bf42e56884aef68d"
mode: GRACEFUL
new_leader_uuid: "a94b6239e52643f39c8747dee5d13f5a"
 from {username='slave'} at 127.0.0.1:40144
I20260608 13:02:40.817050   452 raft_consensus.cc:606] T f15235f58fe048f18f25957f921dc9d3 P bd68bc388ac04956bf42e56884aef68d [term 2 LEADER]: Received request to transfer leadership to TS a94b6239e52643f39c8747dee5d13f5a
I20260608 13:02:40.818949   329 auto_leader_rebalancer.cc:388] table: range_aware_rebalance_new_range, leader rebalance finish, leader transfer count: 1
I20260608 13:02:40.819790   329 auto_leader_rebalancer.cc:451] All tables' leader rebalancing finished this round
I20260608 13:02:40.821919 32742 catalog_manager.cc:5696] T 9b59e85795484961927a1200f7589ff6 P a94b6239e52643f39c8747dee5d13f5a reported cstate change: config changed from index -1 to 2, NON_VOTER bd68bc388ac04956bf42e56884aef68d (127.29.42.66) added. New cstate: current_term: 1 leader_uuid: "a94b6239e52643f39c8747dee5d13f5a" committed_config { opid_index: 2 OBSOLETE_local: false peers { permanent_uuid: "a94b6239e52643f39c8747dee5d13f5a" member_type: VOTER last_known_addr { host: "127.29.42.65" port: 36187 } health_report { overall_health: HEALTHY } } peers { permanent_uuid: "c59dcad00a0b44e3aa59a1b3c97e92f1" member_type: VOTER last_known_addr { host: "127.29.42.67" port: 37973 } health_report { overall_health: HEALTHY } } peers { permanent_uuid: "bd113a4ff83f45369dadf3a5bb731f68" member_type: VOTER last_known_addr { host: "127.29.42.68" port: 46277 } attrs { replace: true } health_report { overall_health: UNKNOWN } } peers { permanent_uuid: "bd68bc388ac04956bf42e56884aef68d" member_type: NON_VOTER last_known_addr { host: "127.29.42.66" port: 39773 } attrs { promote: true } health_report { overall_health: UNKNOWN } } }
I20260608 13:02:40.812724   527 raft_consensus.cc:2955] T 9b59e85795484961927a1200f7589ff6 P c59dcad00a0b44e3aa59a1b3c97e92f1 [term 1 FOLLOWER]: Committing config change with OpId 1.2: config changed from index -1 to 2, NON_VOTER bd68bc388ac04956bf42e56884aef68d (127.29.42.66) added. New config: { opid_index: 2 OBSOLETE_local: false peers { permanent_uuid: "a94b6239e52643f39c8747dee5d13f5a" member_type: VOTER last_known_addr { host: "127.29.42.65" port: 36187 } } peers { permanent_uuid: "c59dcad00a0b44e3aa59a1b3c97e92f1" member_type: VOTER last_known_addr { host: "127.29.42.67" port: 37973 } } peers { permanent_uuid: "bd113a4ff83f45369dadf3a5bb731f68" member_type: VOTER last_known_addr { host: "127.29.42.68" port: 46277 } attrs { replace: true } } peers { permanent_uuid: "bd68bc388ac04956bf42e56884aef68d" member_type: NON_VOTER last_known_addr { host: "127.29.42.66" port: 39773 } attrs { promote: true } } }
W20260608 13:02:40.840834   343 consensus_peers.cc:597] T a7a8ca2b083f43b78d993438434da10f P a94b6239e52643f39c8747dee5d13f5a -> Peer bd113a4ff83f45369dadf3a5bb731f68 (127.29.42.68:46277): Couldn't send request to peer bd113a4ff83f45369dadf3a5bb731f68. Error code: TABLET_NOT_FOUND (6). Status: Not found: Tablet not found: a7a8ca2b083f43b78d993438434da10f. This is attempt 1: this message will repeat every 5th retry.
I20260608 13:02:40.847762   681 raft_consensus.cc:2955] T 9b59e85795484961927a1200f7589ff6 P bd113a4ff83f45369dadf3a5bb731f68 [term 1 FOLLOWER]: Committing config change with OpId 1.2: config changed from index -1 to 2, NON_VOTER bd68bc388ac04956bf42e56884aef68d (127.29.42.66) added. New config: { opid_index: 2 OBSOLETE_local: false peers { permanent_uuid: "a94b6239e52643f39c8747dee5d13f5a" member_type: VOTER last_known_addr { host: "127.29.42.65" port: 36187 } } peers { permanent_uuid: "c59dcad00a0b44e3aa59a1b3c97e92f1" member_type: VOTER last_known_addr { host: "127.29.42.67" port: 37973 } } peers { permanent_uuid: "bd113a4ff83f45369dadf3a5bb731f68" member_type: VOTER last_known_addr { host: "127.29.42.68" port: 46277 } attrs { replace: true } } peers { permanent_uuid: "bd68bc388ac04956bf42e56884aef68d" member_type: NON_VOTER last_known_addr { host: "127.29.42.66" port: 39773 } attrs { promote: true } } }
I20260608 13:02:40.849784   527 raft_consensus.cc:1275] T a7a8ca2b083f43b78d993438434da10f P c59dcad00a0b44e3aa59a1b3c97e92f1 [term 1 FOLLOWER]: Refusing update from remote peer a94b6239e52643f39c8747dee5d13f5a: Log matching property violated. Preceding OpId in replica: term: 1 index: 1. Preceding OpId from leader: term: 1 index: 2. (index mismatch)
I20260608 13:02:40.851665   893 consensus_queue.cc:1048] T a7a8ca2b083f43b78d993438434da10f P a94b6239e52643f39c8747dee5d13f5a [LEADER]: Connected to new peer: Peer: permanent_uuid: "c59dcad00a0b44e3aa59a1b3c97e92f1" member_type: VOTER last_known_addr { host: "127.29.42.67" port: 37973 }, Status: LMP_MISMATCH, Last received: 0.0, Next index: 2, Last known committed idx: 1, Time since last communication: 0.000s
I20260608 13:02:40.852087   452 raft_consensus.cc:1275] T a7a8ca2b083f43b78d993438434da10f P bd68bc388ac04956bf42e56884aef68d [term 1 FOLLOWER]: Refusing update from remote peer a94b6239e52643f39c8747dee5d13f5a: Log matching property violated. Preceding OpId in replica: term: 1 index: 1. Preceding OpId from leader: term: 1 index: 2. (index mismatch)
I20260608 13:02:40.853856   893 consensus_queue.cc:1048] T a7a8ca2b083f43b78d993438434da10f P a94b6239e52643f39c8747dee5d13f5a [LEADER]: Connected to new peer: Peer: permanent_uuid: "bd68bc388ac04956bf42e56884aef68d" member_type: VOTER last_known_addr { host: "127.29.42.66" port: 39773 } attrs { replace: true }, Status: LMP_MISMATCH, Last received: 0.0, Next index: 2, Last known committed idx: 1, Time since last communication: 0.000s
I20260608 13:02:40.859086   837 raft_consensus.cc:993] T f15235f58fe048f18f25957f921dc9d3 P bd68bc388ac04956bf42e56884aef68d: : Instructing follower a94b6239e52643f39c8747dee5d13f5a to start an election
I20260608 13:02:40.859663   885 raft_consensus.cc:1081] T f15235f58fe048f18f25957f921dc9d3 P bd68bc388ac04956bf42e56884aef68d [term 2 LEADER]: Signalling peer a94b6239e52643f39c8747dee5d13f5a to start an election
I20260608 13:02:40.861644   377 tablet_service.cc:2044] Received Run Leader Election RPC: tablet_id: "f15235f58fe048f18f25957f921dc9d3"
dest_uuid: "a94b6239e52643f39c8747dee5d13f5a"
 from {username='slave'} at 127.0.0.1:38054
I20260608 13:02:40.862293   377 raft_consensus.cc:493] T f15235f58fe048f18f25957f921dc9d3 P a94b6239e52643f39c8747dee5d13f5a [term 2 FOLLOWER]: Starting forced leader election (received explicit request)
I20260608 13:02:40.862756   377 raft_consensus.cc:3060] T f15235f58fe048f18f25957f921dc9d3 P a94b6239e52643f39c8747dee5d13f5a [term 2 FOLLOWER]: Advancing to term 3
I20260608 13:02:40.870899   377 raft_consensus.cc:515] T f15235f58fe048f18f25957f921dc9d3 P a94b6239e52643f39c8747dee5d13f5a [term 3 FOLLOWER]: Starting forced leader election with config: opid_index: 3 OBSOLETE_local: false peers { permanent_uuid: "bd68bc388ac04956bf42e56884aef68d" member_type: VOTER last_known_addr { host: "127.29.42.66" port: 39773 } } peers { permanent_uuid: "a94b6239e52643f39c8747dee5d13f5a" member_type: VOTER last_known_addr { host: "127.29.42.65" port: 36187 } } peers { permanent_uuid: "c59dcad00a0b44e3aa59a1b3c97e92f1" member_type: VOTER last_known_addr { host: "127.29.42.67" port: 37973 } attrs { replace: true } } peers { permanent_uuid: "bd113a4ff83f45369dadf3a5bb731f68" member_type: NON_VOTER last_known_addr { host: "127.29.42.68" port: 46277 } attrs { promote: true } }
I20260608 13:02:40.876161   454 tablet_service.cc:1917] Received RequestConsensusVote() RPC: tablet_id: "f15235f58fe048f18f25957f921dc9d3" candidate_uuid: "a94b6239e52643f39c8747dee5d13f5a" candidate_term: 3 candidate_status { last_received { term: 2 index: 3 } } ignore_live_leader: true dest_uuid: "bd68bc388ac04956bf42e56884aef68d"
I20260608 13:02:40.876545   908 ts_tablet_manager.cc:933] T f15235f58fe048f18f25957f921dc9d3 P bd113a4ff83f45369dadf3a5bb731f68: Initiating tablet copy from peer bd68bc388ac04956bf42e56884aef68d (127.29.42.66:39773)
I20260608 13:02:40.876108   377 leader_election.cc:290] T f15235f58fe048f18f25957f921dc9d3 P a94b6239e52643f39c8747dee5d13f5a [CANDIDATE]: Term 3 election: Requested vote from peers bd68bc388ac04956bf42e56884aef68d (127.29.42.66:39773), c59dcad00a0b44e3aa59a1b3c97e92f1 (127.29.42.67:37973)
I20260608 13:02:40.876874   454 raft_consensus.cc:3055] T f15235f58fe048f18f25957f921dc9d3 P bd68bc388ac04956bf42e56884aef68d [term 2 LEADER]: Stepping down as leader of term 2
I20260608 13:02:40.877342   454 raft_consensus.cc:740] T f15235f58fe048f18f25957f921dc9d3 P bd68bc388ac04956bf42e56884aef68d [term 2 LEADER]: Becoming Follower/Learner. State: Replica: bd68bc388ac04956bf42e56884aef68d, State: Running, Role: LEADER
I20260608 13:02:40.878237   454 consensus_queue.cc:260] T f15235f58fe048f18f25957f921dc9d3 P bd68bc388ac04956bf42e56884aef68d [NON_LEADER]: Queue going to NON_LEADER mode. State: All replicated index: 0, Majority replicated index: 3, Committed index: 3, Last appended: 2.3, Last appended by leader: 3, Current term: 2, Majority size: -1, State: 0, Mode: NON_LEADER, active raft config: opid_index: 3 OBSOLETE_local: false peers { permanent_uuid: "bd68bc388ac04956bf42e56884aef68d" member_type: VOTER last_known_addr { host: "127.29.42.66" port: 39773 } } peers { permanent_uuid: "a94b6239e52643f39c8747dee5d13f5a" member_type: VOTER last_known_addr { host: "127.29.42.65" port: 36187 } } peers { permanent_uuid: "c59dcad00a0b44e3aa59a1b3c97e92f1" member_type: VOTER last_known_addr { host: "127.29.42.67" port: 37973 } attrs { replace: true } } peers { permanent_uuid: "bd113a4ff83f45369dadf3a5bb731f68" member_type: NON_VOTER last_known_addr { host: "127.29.42.68" port: 46277 } attrs { promote: true } }
I20260608 13:02:40.881599   526 tablet_service.cc:1917] Received RequestConsensusVote() RPC: tablet_id: "f15235f58fe048f18f25957f921dc9d3" candidate_uuid: "a94b6239e52643f39c8747dee5d13f5a" candidate_term: 3 candidate_status { last_received { term: 2 index: 3 } } ignore_live_leader: true dest_uuid: "c59dcad00a0b44e3aa59a1b3c97e92f1"
I20260608 13:02:40.882468   526 raft_consensus.cc:3060] T f15235f58fe048f18f25957f921dc9d3 P c59dcad00a0b44e3aa59a1b3c97e92f1 [term 2 FOLLOWER]: Advancing to term 3
I20260608 13:02:40.883275   454 raft_consensus.cc:3060] T f15235f58fe048f18f25957f921dc9d3 P bd68bc388ac04956bf42e56884aef68d [term 2 FOLLOWER]: Advancing to term 3
I20260608 13:02:40.884629   908 tablet_copy_client.cc:323] T f15235f58fe048f18f25957f921dc9d3 P bd113a4ff83f45369dadf3a5bb731f68: tablet copy: Beginning tablet copy session from remote peer at address 127.29.42.66:39773
I20260608 13:02:40.888638   454 raft_consensus.cc:2468] T f15235f58fe048f18f25957f921dc9d3 P bd68bc388ac04956bf42e56884aef68d [term 3 FOLLOWER]: Leader election vote request: Granting yes vote for candidate a94b6239e52643f39c8747dee5d13f5a in term 3.
I20260608 13:02:40.890220   341 leader_election.cc:304] T f15235f58fe048f18f25957f921dc9d3 P a94b6239e52643f39c8747dee5d13f5a [CANDIDATE]: Term 3 election: Election decided. Result: candidate won. Election summary: received 2 responses out of 3 voters: 2 yes votes; 0 no votes. yes voters: a94b6239e52643f39c8747dee5d13f5a, bd68bc388ac04956bf42e56884aef68d; no voters: 
I20260608 13:02:40.891479   727 raft_consensus.cc:2804] T f15235f58fe048f18f25957f921dc9d3 P a94b6239e52643f39c8747dee5d13f5a [term 3 FOLLOWER]: Leader election won for term 3
I20260608 13:02:40.891738   464 tablet_copy_service.cc:140] P bd68bc388ac04956bf42e56884aef68d: Received BeginTabletCopySession request for tablet f15235f58fe048f18f25957f921dc9d3 from peer bd113a4ff83f45369dadf3a5bb731f68 ({username='slave'} at 127.0.0.1:43460)
I20260608 13:02:40.892345   464 tablet_copy_service.cc:161] P bd68bc388ac04956bf42e56884aef68d: Beginning new tablet copy session on tablet f15235f58fe048f18f25957f921dc9d3 from peer bd113a4ff83f45369dadf3a5bb731f68 at {username='slave'} at 127.0.0.1:43460: session id = bd113a4ff83f45369dadf3a5bb731f68-f15235f58fe048f18f25957f921dc9d3
I20260608 13:02:40.895133   526 raft_consensus.cc:2468] T f15235f58fe048f18f25957f921dc9d3 P c59dcad00a0b44e3aa59a1b3c97e92f1 [term 3 FOLLOWER]: Leader election vote request: Granting yes vote for candidate a94b6239e52643f39c8747dee5d13f5a in term 3.
I20260608 13:02:40.904470   910 ts_tablet_manager.cc:933] T a779a7fff0d74b57b3246037c85ddfab P c59dcad00a0b44e3aa59a1b3c97e92f1: Initiating tablet copy from peer a94b6239e52643f39c8747dee5d13f5a (127.29.42.65:36187)
I20260608 13:02:40.897634   727 raft_consensus.cc:697] T f15235f58fe048f18f25957f921dc9d3 P a94b6239e52643f39c8747dee5d13f5a [term 3 LEADER]: Becoming Leader. State: Replica: a94b6239e52643f39c8747dee5d13f5a, State: Running, Role: LEADER
I20260608 13:02:40.906119   727 consensus_queue.cc:237] T f15235f58fe048f18f25957f921dc9d3 P a94b6239e52643f39c8747dee5d13f5a [LEADER]: Queue going to LEADER mode. State: All replicated index: 0, Majority replicated index: 3, Committed index: 3, Last appended: 2.3, Last appended by leader: 3, Current term: 3, Majority size: 2, State: 0, Mode: LEADER, active raft config: opid_index: 3 OBSOLETE_local: false peers { permanent_uuid: "bd68bc388ac04956bf42e56884aef68d" member_type: VOTER last_known_addr { host: "127.29.42.66" port: 39773 } } peers { permanent_uuid: "a94b6239e52643f39c8747dee5d13f5a" member_type: VOTER last_known_addr { host: "127.29.42.65" port: 36187 } } peers { permanent_uuid: "c59dcad00a0b44e3aa59a1b3c97e92f1" member_type: VOTER last_known_addr { host: "127.29.42.67" port: 37973 } attrs { replace: true } } peers { permanent_uuid: "bd113a4ff83f45369dadf3a5bb731f68" member_type: NON_VOTER last_known_addr { host: "127.29.42.68" port: 46277 } attrs { promote: true } }
I20260608 13:02:40.912063   464 tablet_copy_source_session.cc:215] T f15235f58fe048f18f25957f921dc9d3 P bd68bc388ac04956bf42e56884aef68d: Tablet Copy: opened 0 blocks and 1 log segments
I20260608 13:02:40.911058   452 raft_consensus.cc:2955] T a7a8ca2b083f43b78d993438434da10f P bd68bc388ac04956bf42e56884aef68d [term 1 FOLLOWER]: Committing config change with OpId 1.2: config changed from index -1 to 2, NON_VOTER bd113a4ff83f45369dadf3a5bb731f68 (127.29.42.68) added. New config: { opid_index: 2 OBSOLETE_local: false peers { permanent_uuid: "bd68bc388ac04956bf42e56884aef68d" member_type: VOTER last_known_addr { host: "127.29.42.66" port: 39773 } attrs { replace: true } } peers { permanent_uuid: "a94b6239e52643f39c8747dee5d13f5a" member_type: VOTER last_known_addr { host: "127.29.42.65" port: 36187 } } peers { permanent_uuid: "c59dcad00a0b44e3aa59a1b3c97e92f1" member_type: VOTER last_known_addr { host: "127.29.42.67" port: 37973 } } peers { permanent_uuid: "bd113a4ff83f45369dadf3a5bb731f68" member_type: NON_VOTER last_known_addr { host: "127.29.42.68" port: 46277 } attrs { promote: true } } }
I20260608 13:02:40.916196   908 data_dirs.cc:400] Could only allocate 1 dirs of requested 3 for tablet f15235f58fe048f18f25957f921dc9d3. 1 dirs total, 0 dirs full, 0 dirs failed
I20260608 13:02:40.908496   526 raft_consensus.cc:2955] T a7a8ca2b083f43b78d993438434da10f P c59dcad00a0b44e3aa59a1b3c97e92f1 [term 1 FOLLOWER]: Committing config change with OpId 1.2: config changed from index -1 to 2, NON_VOTER bd113a4ff83f45369dadf3a5bb731f68 (127.29.42.68) added. New config: { opid_index: 2 OBSOLETE_local: false peers { permanent_uuid: "bd68bc388ac04956bf42e56884aef68d" member_type: VOTER last_known_addr { host: "127.29.42.66" port: 39773 } attrs { replace: true } } peers { permanent_uuid: "a94b6239e52643f39c8747dee5d13f5a" member_type: VOTER last_known_addr { host: "127.29.42.65" port: 36187 } } peers { permanent_uuid: "c59dcad00a0b44e3aa59a1b3c97e92f1" member_type: VOTER last_known_addr { host: "127.29.42.67" port: 37973 } } peers { permanent_uuid: "bd113a4ff83f45369dadf3a5bb731f68" member_type: NON_VOTER last_known_addr { host: "127.29.42.68" port: 46277 } attrs { promote: true } } }
I20260608 13:02:40.906404   913 raft_consensus.cc:2955] T a7a8ca2b083f43b78d993438434da10f P a94b6239e52643f39c8747dee5d13f5a [term 1 LEADER]: Committing config change with OpId 1.2: config changed from index -1 to 2, NON_VOTER bd113a4ff83f45369dadf3a5bb731f68 (127.29.42.68) added. New config: { opid_index: 2 OBSOLETE_local: false peers { permanent_uuid: "bd68bc388ac04956bf42e56884aef68d" member_type: VOTER last_known_addr { host: "127.29.42.66" port: 39773 } attrs { replace: true } } peers { permanent_uuid: "a94b6239e52643f39c8747dee5d13f5a" member_type: VOTER last_known_addr { host: "127.29.42.65" port: 36187 } } peers { permanent_uuid: "c59dcad00a0b44e3aa59a1b3c97e92f1" member_type: VOTER last_known_addr { host: "127.29.42.67" port: 37973 } } peers { permanent_uuid: "bd113a4ff83f45369dadf3a5bb731f68" member_type: NON_VOTER last_known_addr { host: "127.29.42.68" port: 46277 } attrs { promote: true } } }
I20260608 13:02:40.926013 32742 catalog_manager.cc:5696] T f15235f58fe048f18f25957f921dc9d3 P a94b6239e52643f39c8747dee5d13f5a reported cstate change: term changed from 2 to 3, leader changed from bd68bc388ac04956bf42e56884aef68d (127.29.42.66) to a94b6239e52643f39c8747dee5d13f5a (127.29.42.65). New cstate: current_term: 3 leader_uuid: "a94b6239e52643f39c8747dee5d13f5a" committed_config { opid_index: 3 OBSOLETE_local: false peers { permanent_uuid: "bd68bc388ac04956bf42e56884aef68d" member_type: VOTER last_known_addr { host: "127.29.42.66" port: 39773 } health_report { overall_health: UNKNOWN } } peers { permanent_uuid: "a94b6239e52643f39c8747dee5d13f5a" member_type: VOTER last_known_addr { host: "127.29.42.65" port: 36187 } health_report { overall_health: HEALTHY } } peers { permanent_uuid: "c59dcad00a0b44e3aa59a1b3c97e92f1" member_type: VOTER last_known_addr { host: "127.29.42.67" port: 37973 } attrs { replace: true } health_report { overall_health: UNKNOWN } } peers { permanent_uuid: "bd113a4ff83f45369dadf3a5bb731f68" member_type: NON_VOTER last_known_addr { host: "127.29.42.68" port: 46277 } attrs { promote: true } health_report { overall_health: UNKNOWN } } }
I20260608 13:02:40.927387 32743 catalog_manager.cc:5696] T a7a8ca2b083f43b78d993438434da10f P bd68bc388ac04956bf42e56884aef68d reported cstate change: config changed from index -1 to 2, NON_VOTER bd113a4ff83f45369dadf3a5bb731f68 (127.29.42.68) added. New cstate: current_term: 1 leader_uuid: "a94b6239e52643f39c8747dee5d13f5a" committed_config { opid_index: 2 OBSOLETE_local: false peers { permanent_uuid: "bd68bc388ac04956bf42e56884aef68d" member_type: VOTER last_known_addr { host: "127.29.42.66" port: 39773 } attrs { replace: true } } peers { permanent_uuid: "a94b6239e52643f39c8747dee5d13f5a" member_type: VOTER last_known_addr { host: "127.29.42.65" port: 36187 } } peers { permanent_uuid: "c59dcad00a0b44e3aa59a1b3c97e92f1" member_type: VOTER last_known_addr { host: "127.29.42.67" port: 37973 } } peers { permanent_uuid: "bd113a4ff83f45369dadf3a5bb731f68" member_type: NON_VOTER last_known_addr { host: "127.29.42.68" port: 46277 } attrs { promote: true } } }
I20260608 13:02:40.948254   910 tablet_copy_client.cc:323] T a779a7fff0d74b57b3246037c85ddfab P c59dcad00a0b44e3aa59a1b3c97e92f1: tablet copy: Beginning tablet copy session from remote peer at address 127.29.42.65:36187
I20260608 13:02:40.950174   388 tablet_copy_service.cc:140] P a94b6239e52643f39c8747dee5d13f5a: Received BeginTabletCopySession request for tablet a779a7fff0d74b57b3246037c85ddfab from peer c59dcad00a0b44e3aa59a1b3c97e92f1 ({username='slave'} at 127.0.0.1:38062)
I20260608 13:02:40.950773   388 tablet_copy_service.cc:161] P a94b6239e52643f39c8747dee5d13f5a: Beginning new tablet copy session on tablet a779a7fff0d74b57b3246037c85ddfab from peer c59dcad00a0b44e3aa59a1b3c97e92f1 at {username='slave'} at 127.0.0.1:38062: session id = c59dcad00a0b44e3aa59a1b3c97e92f1-a779a7fff0d74b57b3246037c85ddfab
I20260608 13:02:40.958648   388 tablet_copy_source_session.cc:215] T a779a7fff0d74b57b3246037c85ddfab P a94b6239e52643f39c8747dee5d13f5a: Tablet Copy: opened 0 blocks and 1 log segments
I20260608 13:02:40.961932   910 data_dirs.cc:400] Could only allocate 1 dirs of requested 3 for tablet a779a7fff0d74b57b3246037c85ddfab. 1 dirs total, 0 dirs full, 0 dirs failed
I20260608 13:02:40.964243   908 tablet_copy_client.cc:806] T f15235f58fe048f18f25957f921dc9d3 P bd113a4ff83f45369dadf3a5bb731f68: tablet copy: Starting download of 0 data blocks...
I20260608 13:02:40.964928   908 tablet_copy_client.cc:670] T f15235f58fe048f18f25957f921dc9d3 P bd113a4ff83f45369dadf3a5bb731f68: tablet copy: Starting download of 1 WAL segments...
I20260608 13:02:40.969645   908 tablet_copy_client.cc:538] T f15235f58fe048f18f25957f921dc9d3 P bd113a4ff83f45369dadf3a5bb731f68: tablet copy: Tablet Copy complete. Replacing tablet superblock.
I20260608 13:02:40.979146   908 tablet_bootstrap.cc:492] T f15235f58fe048f18f25957f921dc9d3 P bd113a4ff83f45369dadf3a5bb731f68: Bootstrap starting.
I20260608 13:02:41.004323   910 tablet_copy_client.cc:806] T a779a7fff0d74b57b3246037c85ddfab P c59dcad00a0b44e3aa59a1b3c97e92f1: tablet copy: Starting download of 0 data blocks...
I20260608 13:02:41.005028   910 tablet_copy_client.cc:670] T a779a7fff0d74b57b3246037c85ddfab P c59dcad00a0b44e3aa59a1b3c97e92f1: tablet copy: Starting download of 1 WAL segments...
I20260608 13:02:41.010066   910 tablet_copy_client.cc:538] T a779a7fff0d74b57b3246037c85ddfab P c59dcad00a0b44e3aa59a1b3c97e92f1: tablet copy: Tablet Copy complete. Replacing tablet superblock.
I20260608 13:02:41.015976   908 tablet_bootstrap.cc:492] T f15235f58fe048f18f25957f921dc9d3 P bd113a4ff83f45369dadf3a5bb731f68: Bootstrap replayed 1/1 log segments. Stats: ops{read=3 overwritten=0 applied=3 ignored=0} inserts{seen=0 ignored=0} mutations{seen=0 ignored=0} orphaned_commits=0. Pending: 0 replicates
I20260608 13:02:41.017086   908 tablet_bootstrap.cc:492] T f15235f58fe048f18f25957f921dc9d3 P bd113a4ff83f45369dadf3a5bb731f68: Bootstrap complete.
I20260608 13:02:41.017839   908 ts_tablet_manager.cc:1403] T f15235f58fe048f18f25957f921dc9d3 P bd113a4ff83f45369dadf3a5bb731f68: Time spent bootstrapping tablet: real 0.039s	user 0.011s	sys 0.018s
I20260608 13:02:41.020810   910 tablet_bootstrap.cc:492] T a779a7fff0d74b57b3246037c85ddfab P c59dcad00a0b44e3aa59a1b3c97e92f1: Bootstrap starting.
I20260608 13:02:41.021692   908 raft_consensus.cc:359] T f15235f58fe048f18f25957f921dc9d3 P bd113a4ff83f45369dadf3a5bb731f68 [term 3 LEARNER]: Replica starting. Triggering 0 pending ops. Active config: opid_index: 3 OBSOLETE_local: false peers { permanent_uuid: "bd68bc388ac04956bf42e56884aef68d" member_type: VOTER last_known_addr { host: "127.29.42.66" port: 39773 } } peers { permanent_uuid: "a94b6239e52643f39c8747dee5d13f5a" member_type: VOTER last_known_addr { host: "127.29.42.65" port: 36187 } } peers { permanent_uuid: "c59dcad00a0b44e3aa59a1b3c97e92f1" member_type: VOTER last_known_addr { host: "127.29.42.67" port: 37973 } attrs { replace: true } } peers { permanent_uuid: "bd113a4ff83f45369dadf3a5bb731f68" member_type: NON_VOTER last_known_addr { host: "127.29.42.68" port: 46277 } attrs { promote: true } }
I20260608 13:02:41.022686   908 raft_consensus.cc:740] T f15235f58fe048f18f25957f921dc9d3 P bd113a4ff83f45369dadf3a5bb731f68 [term 3 LEARNER]: Becoming Follower/Learner. State: Replica: bd113a4ff83f45369dadf3a5bb731f68, State: Initialized, Role: LEARNER
I20260608 13:02:41.023442   908 consensus_queue.cc:260] T f15235f58fe048f18f25957f921dc9d3 P bd113a4ff83f45369dadf3a5bb731f68 [NON_LEADER]: Queue going to NON_LEADER mode. State: All replicated index: 0, Majority replicated index: 0, Committed index: 3, Last appended: 2.3, Last appended by leader: 3, Current term: 0, Majority size: -1, State: 0, Mode: NON_LEADER, active raft config: opid_index: 3 OBSOLETE_local: false peers { permanent_uuid: "bd68bc388ac04956bf42e56884aef68d" member_type: VOTER last_known_addr { host: "127.29.42.66" port: 39773 } } peers { permanent_uuid: "a94b6239e52643f39c8747dee5d13f5a" member_type: VOTER last_known_addr { host: "127.29.42.65" port: 36187 } } peers { permanent_uuid: "c59dcad00a0b44e3aa59a1b3c97e92f1" member_type: VOTER last_known_addr { host: "127.29.42.67" port: 37973 } attrs { replace: true } } peers { permanent_uuid: "bd113a4ff83f45369dadf3a5bb731f68" member_type: NON_VOTER last_known_addr { host: "127.29.42.68" port: 46277 } attrs { promote: true } }
I20260608 13:02:41.026460   908 ts_tablet_manager.cc:1434] T f15235f58fe048f18f25957f921dc9d3 P bd113a4ff83f45369dadf3a5bb731f68: Time spent starting tablet: real 0.008s	user 0.006s	sys 0.000s
I20260608 13:02:41.028951   464 tablet_copy_service.cc:342] P bd68bc388ac04956bf42e56884aef68d: Request end of tablet copy session bd113a4ff83f45369dadf3a5bb731f68-f15235f58fe048f18f25957f921dc9d3 received from {username='slave'} at 127.0.0.1:43460
I20260608 13:02:41.029436   464 tablet_copy_service.cc:434] P bd68bc388ac04956bf42e56884aef68d: ending tablet copy session bd113a4ff83f45369dadf3a5bb731f68-f15235f58fe048f18f25957f921dc9d3 on tablet f15235f58fe048f18f25957f921dc9d3 with peer bd113a4ff83f45369dadf3a5bb731f68
I20260608 13:02:41.046892   910 tablet_bootstrap.cc:492] T a779a7fff0d74b57b3246037c85ddfab P c59dcad00a0b44e3aa59a1b3c97e92f1: Bootstrap replayed 1/1 log segments. Stats: ops{read=2 overwritten=0 applied=2 ignored=0} inserts{seen=0 ignored=0} mutations{seen=0 ignored=0} orphaned_commits=0. Pending: 0 replicates
I20260608 13:02:41.047971   910 tablet_bootstrap.cc:492] T a779a7fff0d74b57b3246037c85ddfab P c59dcad00a0b44e3aa59a1b3c97e92f1: Bootstrap complete.
I20260608 13:02:41.048751   910 ts_tablet_manager.cc:1403] T a779a7fff0d74b57b3246037c85ddfab P c59dcad00a0b44e3aa59a1b3c97e92f1: Time spent bootstrapping tablet: real 0.028s	user 0.023s	sys 0.003s
I20260608 13:02:41.052856   910 raft_consensus.cc:359] T a779a7fff0d74b57b3246037c85ddfab P c59dcad00a0b44e3aa59a1b3c97e92f1 [term 1 LEARNER]: Replica starting. Triggering 0 pending ops. Active config: opid_index: 2 OBSOLETE_local: false peers { permanent_uuid: "a94b6239e52643f39c8747dee5d13f5a" member_type: VOTER last_known_addr { host: "127.29.42.65" port: 36187 } } peers { permanent_uuid: "bd113a4ff83f45369dadf3a5bb731f68" member_type: VOTER last_known_addr { host: "127.29.42.68" port: 46277 } attrs { replace: true } } peers { permanent_uuid: "bd68bc388ac04956bf42e56884aef68d" member_type: VOTER last_known_addr { host: "127.29.42.66" port: 39773 } } peers { permanent_uuid: "c59dcad00a0b44e3aa59a1b3c97e92f1" member_type: NON_VOTER last_known_addr { host: "127.29.42.67" port: 37973 } attrs { promote: true } }
I20260608 13:02:41.053829   910 raft_consensus.cc:740] T a779a7fff0d74b57b3246037c85ddfab P c59dcad00a0b44e3aa59a1b3c97e92f1 [term 1 LEARNER]: Becoming Follower/Learner. State: Replica: c59dcad00a0b44e3aa59a1b3c97e92f1, State: Initialized, Role: LEARNER
