I20260608 13:02:34.505366   612 consensus_queue.cc:237] T 3310a2e6dc604372b0e7185ab709830d P bd68bc388ac04956bf42e56884aef68d [LEADER]: Queue going to LEADER mode. State: All replicated index: 0, Majority replicated index: 0, Committed index: 0, Last appended: 0.0, Last appended by leader: 0, Current term: 1, Majority size: 2, State: 0, Mode: LEADER, active raft config: opid_index: -1 OBSOLETE_local: false peers { permanent_uuid: "a94b6239e52643f39c8747dee5d13f5a" member_type: VOTER last_known_addr { host: "127.29.42.65" port: 36187 } } peers { permanent_uuid: "bd68bc388ac04956bf42e56884aef68d" member_type: VOTER last_known_addr { host: "127.29.42.66" port: 39773 } } peers { permanent_uuid: "c59dcad00a0b44e3aa59a1b3c97e92f1" member_type: VOTER last_known_addr { host: "127.29.42.67" port: 37973 } }
I20260608 13:02:34.506613   574 tablet_bootstrap.cc:654] T 4a28ada4e2554d98b7c46f44ed2757fe P a94b6239e52643f39c8747dee5d13f5a: Neither blocks nor log segments found. Creating new log.
I20260608 13:02:34.507324   576 tablet_bootstrap.cc:492] T 49a94ed17166454c94da5bfbfe31b49a P c59dcad00a0b44e3aa59a1b3c97e92f1: No bootstrap required, opened a new log
I20260608 13:02:34.507860   576 ts_tablet_manager.cc:1403] T 49a94ed17166454c94da5bfbfe31b49a P c59dcad00a0b44e3aa59a1b3c97e92f1: Time spent bootstrapping tablet: real 0.127s	user 0.023s	sys 0.007s
I20260608 13:02:34.508710   580 raft_consensus.cc:2804] T 4a28ada4e2554d98b7c46f44ed2757fe P c59dcad00a0b44e3aa59a1b3c97e92f1 [term 0 FOLLOWER]: Leader pre-election won for term 1
I20260608 13:02:34.509112   580 raft_consensus.cc:493] T 4a28ada4e2554d98b7c46f44ed2757fe P c59dcad00a0b44e3aa59a1b3c97e92f1 [term 0 FOLLOWER]: Starting leader election (no leader contacted us within the election timeout)
I20260608 13:02:34.509454   580 raft_consensus.cc:3060] T 4a28ada4e2554d98b7c46f44ed2757fe P c59dcad00a0b44e3aa59a1b3c97e92f1 [term 0 FOLLOWER]: Advancing to term 1
I20260608 13:02:34.509935   581 raft_consensus.cc:515] T 49a94ed17166454c94da5bfbfe31b49a P bd68bc388ac04956bf42e56884aef68d [term 1 FOLLOWER]: Starting leader election with config: opid_index: -1 OBSOLETE_local: false peers { permanent_uuid: "a94b6239e52643f39c8747dee5d13f5a" member_type: VOTER last_known_addr { host: "127.29.42.65" port: 36187 } } peers { permanent_uuid: "bd68bc388ac04956bf42e56884aef68d" member_type: VOTER last_known_addr { host: "127.29.42.66" port: 39773 } } peers { permanent_uuid: "c59dcad00a0b44e3aa59a1b3c97e92f1" member_type: VOTER last_known_addr { host: "127.29.42.67" port: 37973 } }
I20260608 13:02:34.510994   576 raft_consensus.cc:359] T 49a94ed17166454c94da5bfbfe31b49a P c59dcad00a0b44e3aa59a1b3c97e92f1 [term 0 FOLLOWER]: Replica starting. Triggering 0 pending ops. Active config: opid_index: -1 OBSOLETE_local: false peers { permanent_uuid: "a94b6239e52643f39c8747dee5d13f5a" member_type: VOTER last_known_addr { host: "127.29.42.65" port: 36187 } } peers { permanent_uuid: "bd68bc388ac04956bf42e56884aef68d" member_type: VOTER last_known_addr { host: "127.29.42.66" port: 39773 } } peers { permanent_uuid: "c59dcad00a0b44e3aa59a1b3c97e92f1" member_type: VOTER last_known_addr { host: "127.29.42.67" port: 37973 } }
I20260608 13:02:34.511888   576 raft_consensus.cc:385] T 49a94ed17166454c94da5bfbfe31b49a P c59dcad00a0b44e3aa59a1b3c97e92f1 [term 0 FOLLOWER]: Consensus starting up: Expiring failure detector timer to make a prompt election more likely
I20260608 13:02:34.512229   576 raft_consensus.cc:740] T 49a94ed17166454c94da5bfbfe31b49a P c59dcad00a0b44e3aa59a1b3c97e92f1 [term 0 FOLLOWER]: Becoming Follower/Learner. State: Replica: c59dcad00a0b44e3aa59a1b3c97e92f1, State: Initialized, Role: FOLLOWER
I20260608 13:02:34.513026   576 consensus_queue.cc:260] T 49a94ed17166454c94da5bfbfe31b49a P c59dcad00a0b44e3aa59a1b3c97e92f1 [NON_LEADER]: Queue going to NON_LEADER mode. State: All replicated index: 0, Majority replicated index: 0, Committed index: 0, Last appended: 0.0, Last appended by leader: 0, Current term: 0, Majority size: -1, State: 0, Mode: NON_LEADER, active raft config: opid_index: -1 OBSOLETE_local: false peers { permanent_uuid: "a94b6239e52643f39c8747dee5d13f5a" member_type: VOTER last_known_addr { host: "127.29.42.65" port: 36187 } } peers { permanent_uuid: "bd68bc388ac04956bf42e56884aef68d" member_type: VOTER last_known_addr { host: "127.29.42.66" port: 39773 } } peers { permanent_uuid: "c59dcad00a0b44e3aa59a1b3c97e92f1" member_type: VOTER last_known_addr { host: "127.29.42.67" port: 37973 } }
I20260608 13:02:34.513599   377 tablet_service.cc:1917] Received RequestConsensusVote() RPC: tablet_id: "49a94ed17166454c94da5bfbfe31b49a" candidate_uuid: "bd68bc388ac04956bf42e56884aef68d" candidate_term: 1 candidate_status { last_received { term: 0 index: 0 } } ignore_live_leader: false dest_uuid: "a94b6239e52643f39c8747dee5d13f5a"
I20260608 13:02:34.514261   377 raft_consensus.cc:3060] T 49a94ed17166454c94da5bfbfe31b49a P a94b6239e52643f39c8747dee5d13f5a [term 0 FOLLOWER]: Advancing to term 1
I20260608 13:02:34.515686   576 ts_tablet_manager.cc:1434] T 49a94ed17166454c94da5bfbfe31b49a P c59dcad00a0b44e3aa59a1b3c97e92f1: Time spent starting tablet: real 0.008s	user 0.008s	sys 0.000s
I20260608 13:02:34.517869   576 tablet_bootstrap.cc:492] T 3310a2e6dc604372b0e7185ab709830d P c59dcad00a0b44e3aa59a1b3c97e92f1: Bootstrap starting.
I20260608 13:02:34.518925 32743 catalog_manager.cc:5696] T fb7d23980b864c0c970d0b9d7732113a P c59dcad00a0b44e3aa59a1b3c97e92f1 reported cstate change: term changed from 0 to 1, leader changed from <none> to c59dcad00a0b44e3aa59a1b3c97e92f1 (127.29.42.67). New cstate: current_term: 1 leader_uuid: "c59dcad00a0b44e3aa59a1b3c97e92f1" committed_config { opid_index: -1 OBSOLETE_local: false peers { permanent_uuid: "c59dcad00a0b44e3aa59a1b3c97e92f1" member_type: VOTER last_known_addr { host: "127.29.42.67" port: 37973 } health_report { overall_health: HEALTHY } } peers { permanent_uuid: "bd68bc388ac04956bf42e56884aef68d" member_type: VOTER last_known_addr { host: "127.29.42.66" port: 39773 } health_report { overall_health: UNKNOWN } } peers { permanent_uuid: "a94b6239e52643f39c8747dee5d13f5a" member_type: VOTER last_known_addr { host: "127.29.42.65" port: 36187 } health_report { overall_health: UNKNOWN } } }
I20260608 13:02:34.514271   581 leader_election.cc:290] T 49a94ed17166454c94da5bfbfe31b49a P bd68bc388ac04956bf42e56884aef68d [CANDIDATE]: Term 1 election: Requested vote from peers a94b6239e52643f39c8747dee5d13f5a (127.29.42.65:36187), c59dcad00a0b44e3aa59a1b3c97e92f1 (127.29.42.67:37973)
I20260608 13:02:34.533995   527 tablet_service.cc:1917] Received RequestConsensusVote() RPC: tablet_id: "49a94ed17166454c94da5bfbfe31b49a" candidate_uuid: "bd68bc388ac04956bf42e56884aef68d" candidate_term: 1 candidate_status { last_received { term: 0 index: 0 } } ignore_live_leader: false dest_uuid: "c59dcad00a0b44e3aa59a1b3c97e92f1"
I20260608 13:02:34.535228   527 raft_consensus.cc:3060] T 49a94ed17166454c94da5bfbfe31b49a P c59dcad00a0b44e3aa59a1b3c97e92f1 [term 0 FOLLOWER]: Advancing to term 1
I20260608 13:02:34.536819   575 tablet_bootstrap.cc:492] T f9d232a8262a46099c051d67c6ba2278 P bd68bc388ac04956bf42e56884aef68d: No bootstrap required, opened a new log
I20260608 13:02:34.537313   575 ts_tablet_manager.cc:1403] T f9d232a8262a46099c051d67c6ba2278 P bd68bc388ac04956bf42e56884aef68d: Time spent bootstrapping tablet: real 0.077s	user 0.010s	sys 0.015s
I20260608 13:02:34.541363   378 raft_consensus.cc:2468] T f9d232a8262a46099c051d67c6ba2278 P a94b6239e52643f39c8747dee5d13f5a [term 1 FOLLOWER]: Leader election vote request: Granting yes vote for candidate c59dcad00a0b44e3aa59a1b3c97e92f1 in term 1.
I20260608 13:02:34.541742   575 raft_consensus.cc:359] T f9d232a8262a46099c051d67c6ba2278 P bd68bc388ac04956bf42e56884aef68d [term 0 FOLLOWER]: Replica starting. Triggering 0 pending ops. Active config: opid_index: -1 OBSOLETE_local: false peers { permanent_uuid: "a94b6239e52643f39c8747dee5d13f5a" member_type: VOTER last_known_addr { host: "127.29.42.65" port: 36187 } } peers { permanent_uuid: "bd68bc388ac04956bf42e56884aef68d" member_type: VOTER last_known_addr { host: "127.29.42.66" port: 39773 } } peers { permanent_uuid: "c59dcad00a0b44e3aa59a1b3c97e92f1" member_type: VOTER last_known_addr { host: "127.29.42.67" port: 37973 } }
I20260608 13:02:34.542414   575 raft_consensus.cc:385] T f9d232a8262a46099c051d67c6ba2278 P bd68bc388ac04956bf42e56884aef68d [term 0 FOLLOWER]: Consensus starting up: Expiring failure detector timer to make a prompt election more likely
I20260608 13:02:34.542709   575 raft_consensus.cc:740] T f9d232a8262a46099c051d67c6ba2278 P bd68bc388ac04956bf42e56884aef68d [term 0 FOLLOWER]: Becoming Follower/Learner. State: Replica: bd68bc388ac04956bf42e56884aef68d, State: Initialized, Role: FOLLOWER
I20260608 13:02:34.542804   494 leader_election.cc:304] T f9d232a8262a46099c051d67c6ba2278 P c59dcad00a0b44e3aa59a1b3c97e92f1 [CANDIDATE]: Term 1 election: Election decided. Result: candidate won. Election summary: received 3 responses out of 3 voters: 2 yes votes; 1 no votes. yes voters: a94b6239e52643f39c8747dee5d13f5a, c59dcad00a0b44e3aa59a1b3c97e92f1; no voters: bd68bc388ac04956bf42e56884aef68d
I20260608 13:02:34.542623   580 raft_consensus.cc:515] T 4a28ada4e2554d98b7c46f44ed2757fe P c59dcad00a0b44e3aa59a1b3c97e92f1 [term 1 FOLLOWER]: Starting leader election with config: opid_index: -1 OBSOLETE_local: false peers { permanent_uuid: "a94b6239e52643f39c8747dee5d13f5a" member_type: VOTER last_known_addr { host: "127.29.42.65" port: 36187 } } peers { permanent_uuid: "bd68bc388ac04956bf42e56884aef68d" member_type: VOTER last_known_addr { host: "127.29.42.66" port: 39773 } } peers { permanent_uuid: "c59dcad00a0b44e3aa59a1b3c97e92f1" member_type: VOTER last_known_addr { host: "127.29.42.67" port: 37973 } }
I20260608 13:02:34.543694   575 consensus_queue.cc:260] T f9d232a8262a46099c051d67c6ba2278 P bd68bc388ac04956bf42e56884aef68d [NON_LEADER]: Queue going to NON_LEADER mode. State: All replicated index: 0, Majority replicated index: 0, Committed index: 0, Last appended: 0.0, Last appended by leader: 0, Current term: 0, Majority size: -1, State: 0, Mode: NON_LEADER, active raft config: opid_index: -1 OBSOLETE_local: false peers { permanent_uuid: "a94b6239e52643f39c8747dee5d13f5a" member_type: VOTER last_known_addr { host: "127.29.42.65" port: 36187 } } peers { permanent_uuid: "bd68bc388ac04956bf42e56884aef68d" member_type: VOTER last_known_addr { host: "127.29.42.66" port: 39773 } } peers { permanent_uuid: "c59dcad00a0b44e3aa59a1b3c97e92f1" member_type: VOTER last_known_addr { host: "127.29.42.67" port: 37973 } }
I20260608 13:02:34.544548   615 raft_consensus.cc:2804] T f9d232a8262a46099c051d67c6ba2278 P c59dcad00a0b44e3aa59a1b3c97e92f1 [term 1 FOLLOWER]: Leader election won for term 1
I20260608 13:02:34.545120   615 raft_consensus.cc:697] T f9d232a8262a46099c051d67c6ba2278 P c59dcad00a0b44e3aa59a1b3c97e92f1 [term 1 LEADER]: Becoming Leader. State: Replica: c59dcad00a0b44e3aa59a1b3c97e92f1, State: Running, Role: LEADER
I20260608 13:02:34.545321   580 leader_election.cc:290] T 4a28ada4e2554d98b7c46f44ed2757fe P c59dcad00a0b44e3aa59a1b3c97e92f1 [CANDIDATE]: Term 1 election: Requested vote from peers a94b6239e52643f39c8747dee5d13f5a (127.29.42.65:36187), bd68bc388ac04956bf42e56884aef68d (127.29.42.66:39773)
I20260608 13:02:34.546159   575 ts_tablet_manager.cc:1434] T f9d232a8262a46099c051d67c6ba2278 P bd68bc388ac04956bf42e56884aef68d: Time spent starting tablet: real 0.009s	user 0.005s	sys 0.002s
I20260608 13:02:34.546052   615 consensus_queue.cc:237] T f9d232a8262a46099c051d67c6ba2278 P c59dcad00a0b44e3aa59a1b3c97e92f1 [LEADER]: Queue going to LEADER mode. State: All replicated index: 0, Majority replicated index: 0, Committed index: 0, Last appended: 0.0, Last appended by leader: 0, Current term: 1, Majority size: 2, State: 0, Mode: LEADER, active raft config: opid_index: -1 OBSOLETE_local: false peers { permanent_uuid: "a94b6239e52643f39c8747dee5d13f5a" member_type: VOTER last_known_addr { host: "127.29.42.65" port: 36187 } } peers { permanent_uuid: "bd68bc388ac04956bf42e56884aef68d" member_type: VOTER last_known_addr { host: "127.29.42.66" port: 39773 } } peers { permanent_uuid: "c59dcad00a0b44e3aa59a1b3c97e92f1" member_type: VOTER last_known_addr { host: "127.29.42.67" port: 37973 } }
I20260608 13:02:34.546957   454 tablet_service.cc:1917] Received RequestConsensusVote() RPC: tablet_id: "4a28ada4e2554d98b7c46f44ed2757fe" candidate_uuid: "c59dcad00a0b44e3aa59a1b3c97e92f1" candidate_term: 1 candidate_status { last_received { term: 0 index: 0 } } ignore_live_leader: false dest_uuid: "bd68bc388ac04956bf42e56884aef68d"
I20260608 13:02:34.546977   377 raft_consensus.cc:2468] T 49a94ed17166454c94da5bfbfe31b49a P a94b6239e52643f39c8747dee5d13f5a [term 1 FOLLOWER]: Leader election vote request: Granting yes vote for candidate bd68bc388ac04956bf42e56884aef68d in term 1.
I20260608 13:02:34.547679   454 raft_consensus.cc:3060] T 4a28ada4e2554d98b7c46f44ed2757fe P bd68bc388ac04956bf42e56884aef68d [term 0 FOLLOWER]: Advancing to term 1
I20260608 13:02:34.548554   583 raft_consensus.cc:493] T f15235f58fe048f18f25957f921dc9d3 P a94b6239e52643f39c8747dee5d13f5a [term 0 FOLLOWER]: Starting pre-election (no leader contacted us within the election timeout)
I20260608 13:02:34.549026   583 raft_consensus.cc:515] T f15235f58fe048f18f25957f921dc9d3 P a94b6239e52643f39c8747dee5d13f5a [term 0 FOLLOWER]: Starting pre-election with config: opid_index: -1 OBSOLETE_local: false peers { permanent_uuid: "bd68bc388ac04956bf42e56884aef68d" member_type: VOTER last_known_addr { host: "127.29.42.66" port: 39773 } } peers { permanent_uuid: "a94b6239e52643f39c8747dee5d13f5a" member_type: VOTER last_known_addr { host: "127.29.42.65" port: 36187 } } peers { permanent_uuid: "c59dcad00a0b44e3aa59a1b3c97e92f1" member_type: VOTER last_known_addr { host: "127.29.42.67" port: 37973 } }
I20260608 13:02:34.549765   576 tablet_bootstrap.cc:654] T 3310a2e6dc604372b0e7185ab709830d P c59dcad00a0b44e3aa59a1b3c97e92f1: Neither blocks nor log segments found. Creating new log.
I20260608 13:02:34.551841   419 leader_election.cc:304] T 49a94ed17166454c94da5bfbfe31b49a P bd68bc388ac04956bf42e56884aef68d [CANDIDATE]: Term 1 election: Election decided. Result: candidate won. Election summary: received 2 responses out of 3 voters: 2 yes votes; 0 no votes. yes voters: a94b6239e52643f39c8747dee5d13f5a, bd68bc388ac04956bf42e56884aef68d; no voters: 
I20260608 13:02:34.551293   583 leader_election.cc:290] T f15235f58fe048f18f25957f921dc9d3 P a94b6239e52643f39c8747dee5d13f5a [CANDIDATE]: Term 1 pre-election: Requested pre-vote from peers bd68bc388ac04956bf42e56884aef68d (127.29.42.66:39773), c59dcad00a0b44e3aa59a1b3c97e92f1 (127.29.42.67:37973)
I20260608 13:02:34.558298   612 raft_consensus.cc:2804] T 49a94ed17166454c94da5bfbfe31b49a P bd68bc388ac04956bf42e56884aef68d [term 1 FOLLOWER]: Leader election won for term 1
I20260608 13:02:34.559281   527 raft_consensus.cc:2468] T 49a94ed17166454c94da5bfbfe31b49a P c59dcad00a0b44e3aa59a1b3c97e92f1 [term 1 FOLLOWER]: Leader election vote request: Granting yes vote for candidate bd68bc388ac04956bf42e56884aef68d in term 1.
I20260608 13:02:34.554877 32743 catalog_manager.cc:5696] T 3310a2e6dc604372b0e7185ab709830d P bd68bc388ac04956bf42e56884aef68d reported cstate change: term changed from 0 to 1, leader changed from <none> to bd68bc388ac04956bf42e56884aef68d (127.29.42.66). New cstate: current_term: 1 leader_uuid: "bd68bc388ac04956bf42e56884aef68d" committed_config { opid_index: -1 OBSOLETE_local: false peers { permanent_uuid: "a94b6239e52643f39c8747dee5d13f5a" member_type: VOTER last_known_addr { host: "127.29.42.65" port: 36187 } health_report { overall_health: UNKNOWN } } peers { permanent_uuid: "bd68bc388ac04956bf42e56884aef68d" member_type: VOTER last_known_addr { host: "127.29.42.66" port: 39773 } health_report { overall_health: HEALTHY } } peers { permanent_uuid: "c59dcad00a0b44e3aa59a1b3c97e92f1" member_type: VOTER last_known_addr { host: "127.29.42.67" port: 37973 } health_report { overall_health: UNKNOWN } } }
I20260608 13:02:34.561228   377 tablet_service.cc:1917] Received RequestConsensusVote() RPC: tablet_id: "4a28ada4e2554d98b7c46f44ed2757fe" candidate_uuid: "c59dcad00a0b44e3aa59a1b3c97e92f1" candidate_term: 1 candidate_status { last_received { term: 0 index: 0 } } ignore_live_leader: false dest_uuid: "a94b6239e52643f39c8747dee5d13f5a"
I20260608 13:02:34.562933   612 raft_consensus.cc:697] T 49a94ed17166454c94da5bfbfe31b49a P bd68bc388ac04956bf42e56884aef68d [term 1 LEADER]: Becoming Leader. State: Replica: bd68bc388ac04956bf42e56884aef68d, State: Running, Role: LEADER
I20260608 13:02:34.563931   612 consensus_queue.cc:237] T 49a94ed17166454c94da5bfbfe31b49a P bd68bc388ac04956bf42e56884aef68d [LEADER]: Queue going to LEADER mode. State: All replicated index: 0, Majority replicated index: 0, Committed index: 0, Last appended: 0.0, Last appended by leader: 0, Current term: 1, Majority size: 2, State: 0, Mode: LEADER, active raft config: opid_index: -1 OBSOLETE_local: false peers { permanent_uuid: "a94b6239e52643f39c8747dee5d13f5a" member_type: VOTER last_known_addr { host: "127.29.42.65" port: 36187 } } peers { permanent_uuid: "bd68bc388ac04956bf42e56884aef68d" member_type: VOTER last_known_addr { host: "127.29.42.66" port: 39773 } } peers { permanent_uuid: "c59dcad00a0b44e3aa59a1b3c97e92f1" member_type: VOTER last_known_addr { host: "127.29.42.67" port: 37973 } }
I20260608 13:02:34.567719   454 raft_consensus.cc:2468] T 4a28ada4e2554d98b7c46f44ed2757fe P bd68bc388ac04956bf42e56884aef68d [term 1 FOLLOWER]: Leader election vote request: Granting yes vote for candidate c59dcad00a0b44e3aa59a1b3c97e92f1 in term 1.
I20260608 13:02:34.556774   453 tablet_service.cc:1917] Received RequestConsensusVote() RPC: tablet_id: "f15235f58fe048f18f25957f921dc9d3" candidate_uuid: "a94b6239e52643f39c8747dee5d13f5a" candidate_term: 1 candidate_status { last_received { term: 0 index: 0 } } ignore_live_leader: false dest_uuid: "bd68bc388ac04956bf42e56884aef68d" is_pre_election: true
W20260608 13:02:34.570931   494 leader_election.cc:343] T 4a28ada4e2554d98b7c46f44ed2757fe P c59dcad00a0b44e3aa59a1b3c97e92f1 [CANDIDATE]: Term 1 election: Tablet error from VoteRequest() call to peer a94b6239e52643f39c8747dee5d13f5a (127.29.42.65:36187): Illegal state: must be running to vote when last-logged opid is not known
I20260608 13:02:34.573850   491 leader_election.cc:304] T 4a28ada4e2554d98b7c46f44ed2757fe P c59dcad00a0b44e3aa59a1b3c97e92f1 [CANDIDATE]: Term 1 election: Election decided. Result: candidate won. Election summary: received 3 responses out of 3 voters: 2 yes votes; 1 no votes. yes voters: bd68bc388ac04956bf42e56884aef68d, c59dcad00a0b44e3aa59a1b3c97e92f1; no voters: a94b6239e52643f39c8747dee5d13f5a
I20260608 13:02:34.575030   609 raft_consensus.cc:2804] T 4a28ada4e2554d98b7c46f44ed2757fe P c59dcad00a0b44e3aa59a1b3c97e92f1 [term 1 FOLLOWER]: Leader election won for term 1
I20260608 13:02:34.575567   609 raft_consensus.cc:697] T 4a28ada4e2554d98b7c46f44ed2757fe P c59dcad00a0b44e3aa59a1b3c97e92f1 [term 1 LEADER]: Becoming Leader. State: Replica: c59dcad00a0b44e3aa59a1b3c97e92f1, State: Running, Role: LEADER
I20260608 13:02:34.576076   453 raft_consensus.cc:2468] T f15235f58fe048f18f25957f921dc9d3 P bd68bc388ac04956bf42e56884aef68d [term 0 FOLLOWER]: Leader pre-election vote request: Granting yes vote for candidate a94b6239e52643f39c8747dee5d13f5a in term 0.
I20260608 13:02:34.576426   609 consensus_queue.cc:237] T 4a28ada4e2554d98b7c46f44ed2757fe P c59dcad00a0b44e3aa59a1b3c97e92f1 [LEADER]: Queue going to LEADER mode. State: All replicated index: 0, Majority replicated index: 0, Committed index: 0, Last appended: 0.0, Last appended by leader: 0, Current term: 1, Majority size: 2, State: 0, Mode: LEADER, active raft config: opid_index: -1 OBSOLETE_local: false peers { permanent_uuid: "a94b6239e52643f39c8747dee5d13f5a" member_type: VOTER last_known_addr { host: "127.29.42.65" port: 36187 } } peers { permanent_uuid: "bd68bc388ac04956bf42e56884aef68d" member_type: VOTER last_known_addr { host: "127.29.42.66" port: 39773 } } peers { permanent_uuid: "c59dcad00a0b44e3aa59a1b3c97e92f1" member_type: VOTER last_known_addr { host: "127.29.42.67" port: 37973 } }
I20260608 13:02:34.579628   341 leader_election.cc:304] T f15235f58fe048f18f25957f921dc9d3 P a94b6239e52643f39c8747dee5d13f5a [CANDIDATE]: Term 1 pre-election: Election decided. Result: candidate won. Election summary: received 2 responses out of 3 voters: 2 yes votes; 0 no votes. yes voters: a94b6239e52643f39c8747dee5d13f5a, bd68bc388ac04956bf42e56884aef68d; no voters: 
I20260608 13:02:34.584594   583 raft_consensus.cc:2804] T f15235f58fe048f18f25957f921dc9d3 P a94b6239e52643f39c8747dee5d13f5a [term 0 FOLLOWER]: Leader pre-election won for term 1
I20260608 13:02:34.584726   527 tablet_service.cc:1917] Received RequestConsensusVote() RPC: tablet_id: "f15235f58fe048f18f25957f921dc9d3" candidate_uuid: "a94b6239e52643f39c8747dee5d13f5a" candidate_term: 1 candidate_status { last_received { term: 0 index: 0 } } ignore_live_leader: false dest_uuid: "c59dcad00a0b44e3aa59a1b3c97e92f1" is_pre_election: true
I20260608 13:02:34.585683   583 raft_consensus.cc:493] T f15235f58fe048f18f25957f921dc9d3 P a94b6239e52643f39c8747dee5d13f5a [term 0 FOLLOWER]: Starting leader election (no leader contacted us within the election timeout)
I20260608 13:02:34.587975   605 raft_consensus.cc:493] T a7a8ca2b083f43b78d993438434da10f P a94b6239e52643f39c8747dee5d13f5a [term 0 FOLLOWER]: Starting pre-election (no leader contacted us within the election timeout)
I20260608 13:02:34.588578   605 raft_consensus.cc:515] T a7a8ca2b083f43b78d993438434da10f P a94b6239e52643f39c8747dee5d13f5a [term 0 FOLLOWER]: Starting pre-election with config: opid_index: -1 OBSOLETE_local: false peers { permanent_uuid: "bd68bc388ac04956bf42e56884aef68d" member_type: VOTER last_known_addr { host: "127.29.42.66" port: 39773 } } peers { permanent_uuid: "a94b6239e52643f39c8747dee5d13f5a" member_type: VOTER last_known_addr { host: "127.29.42.65" port: 36187 } } peers { permanent_uuid: "c59dcad00a0b44e3aa59a1b3c97e92f1" member_type: VOTER last_known_addr { host: "127.29.42.67" port: 37973 } }
I20260608 13:02:34.590758   574 tablet_bootstrap.cc:492] T 4a28ada4e2554d98b7c46f44ed2757fe P a94b6239e52643f39c8747dee5d13f5a: No bootstrap required, opened a new log
I20260608 13:02:34.591226   574 ts_tablet_manager.cc:1403] T 4a28ada4e2554d98b7c46f44ed2757fe P a94b6239e52643f39c8747dee5d13f5a: Time spent bootstrapping tablet: real 0.096s	user 0.010s	sys 0.011s
I20260608 13:02:34.588999   583 raft_consensus.cc:3060] T f15235f58fe048f18f25957f921dc9d3 P a94b6239e52643f39c8747dee5d13f5a [term 0 FOLLOWER]: Advancing to term 1
I20260608 13:02:34.595687   528 tablet_service.cc:1917] Received RequestConsensusVote() RPC: tablet_id: "a7a8ca2b083f43b78d993438434da10f" candidate_uuid: "a94b6239e52643f39c8747dee5d13f5a" candidate_term: 1 candidate_status { last_received { term: 0 index: 0 } } ignore_live_leader: false dest_uuid: "c59dcad00a0b44e3aa59a1b3c97e92f1" is_pre_election: true
I20260608 13:02:34.596408   528 raft_consensus.cc:2468] T a7a8ca2b083f43b78d993438434da10f P c59dcad00a0b44e3aa59a1b3c97e92f1 [term 0 FOLLOWER]: Leader pre-election vote request: Granting yes vote for candidate a94b6239e52643f39c8747dee5d13f5a in term 0.
I20260608 13:02:34.597651 32742 catalog_manager.cc:5696] T f9d232a8262a46099c051d67c6ba2278 P c59dcad00a0b44e3aa59a1b3c97e92f1 reported cstate change: term changed from 0 to 1, leader changed from <none> to c59dcad00a0b44e3aa59a1b3c97e92f1 (127.29.42.67). New cstate: current_term: 1 leader_uuid: "c59dcad00a0b44e3aa59a1b3c97e92f1" committed_config { opid_index: -1 OBSOLETE_local: false peers { permanent_uuid: "a94b6239e52643f39c8747dee5d13f5a" member_type: VOTER last_known_addr { host: "127.29.42.65" port: 36187 } health_report { overall_health: UNKNOWN } } peers { permanent_uuid: "bd68bc388ac04956bf42e56884aef68d" member_type: VOTER last_known_addr { host: "127.29.42.66" port: 39773 } health_report { overall_health: UNKNOWN } } peers { permanent_uuid: "c59dcad00a0b44e3aa59a1b3c97e92f1" member_type: VOTER last_known_addr { host: "127.29.42.67" port: 37973 } health_report { overall_health: HEALTHY } } }
I20260608 13:02:34.598361   453 tablet_service.cc:1917] Received RequestConsensusVote() RPC: tablet_id: "a7a8ca2b083f43b78d993438434da10f" candidate_uuid: "a94b6239e52643f39c8747dee5d13f5a" candidate_term: 1 candidate_status { last_received { term: 0 index: 0 } } ignore_live_leader: false dest_uuid: "bd68bc388ac04956bf42e56884aef68d" is_pre_election: true
I20260608 13:02:34.598835   605 leader_election.cc:290] T a7a8ca2b083f43b78d993438434da10f P a94b6239e52643f39c8747dee5d13f5a [CANDIDATE]: Term 1 pre-election: Requested pre-vote from peers bd68bc388ac04956bf42e56884aef68d (127.29.42.66:39773), c59dcad00a0b44e3aa59a1b3c97e92f1 (127.29.42.67:37973)
I20260608 13:02:34.599073   453 raft_consensus.cc:2468] T a7a8ca2b083f43b78d993438434da10f P bd68bc388ac04956bf42e56884aef68d [term 0 FOLLOWER]: Leader pre-election vote request: Granting yes vote for candidate a94b6239e52643f39c8747dee5d13f5a in term 0.
W20260608 13:02:34.601763   343 leader_election.cc:343] T f15235f58fe048f18f25957f921dc9d3 P a94b6239e52643f39c8747dee5d13f5a [CANDIDATE]: Term 1 pre-election: Tablet error from VoteRequest() call to peer c59dcad00a0b44e3aa59a1b3c97e92f1 (127.29.42.67:37973): Illegal state: must be running to vote when last-logged opid is not known
I20260608 13:02:34.602872   343 leader_election.cc:304] T a7a8ca2b083f43b78d993438434da10f P a94b6239e52643f39c8747dee5d13f5a [CANDIDATE]: Term 1 pre-election: Election decided. Result: candidate won. Election summary: received 2 responses out of 3 voters: 2 yes votes; 0 no votes. yes voters: a94b6239e52643f39c8747dee5d13f5a, c59dcad00a0b44e3aa59a1b3c97e92f1; no voters: 
I20260608 13:02:34.603791   605 raft_consensus.cc:2804] T a7a8ca2b083f43b78d993438434da10f P a94b6239e52643f39c8747dee5d13f5a [term 0 FOLLOWER]: Leader pre-election won for term 1
I20260608 13:02:34.604223   605 raft_consensus.cc:493] T a7a8ca2b083f43b78d993438434da10f P a94b6239e52643f39c8747dee5d13f5a [term 0 FOLLOWER]: Starting leader election (no leader contacted us within the election timeout)
I20260608 13:02:34.604553   605 raft_consensus.cc:3060] T a7a8ca2b083f43b78d993438434da10f P a94b6239e52643f39c8747dee5d13f5a [term 0 FOLLOWER]: Advancing to term 1
I20260608 13:02:34.605235   574 raft_consensus.cc:359] T 4a28ada4e2554d98b7c46f44ed2757fe P a94b6239e52643f39c8747dee5d13f5a [term 0 FOLLOWER]: Replica starting. Triggering 0 pending ops. Active config: opid_index: -1 OBSOLETE_local: false peers { permanent_uuid: "a94b6239e52643f39c8747dee5d13f5a" member_type: VOTER last_known_addr { host: "127.29.42.65" port: 36187 } } peers { permanent_uuid: "bd68bc388ac04956bf42e56884aef68d" member_type: VOTER last_known_addr { host: "127.29.42.66" port: 39773 } } peers { permanent_uuid: "c59dcad00a0b44e3aa59a1b3c97e92f1" member_type: VOTER last_known_addr { host: "127.29.42.67" port: 37973 } }
I20260608 13:02:34.606231   574 raft_consensus.cc:385] T 4a28ada4e2554d98b7c46f44ed2757fe P a94b6239e52643f39c8747dee5d13f5a [term 0 FOLLOWER]: Consensus starting up: Expiring failure detector timer to make a prompt election more likely
I20260608 13:02:34.606526   574 raft_consensus.cc:740] T 4a28ada4e2554d98b7c46f44ed2757fe P a94b6239e52643f39c8747dee5d13f5a [term 0 FOLLOWER]: Becoming Follower/Learner. State: Replica: a94b6239e52643f39c8747dee5d13f5a, State: Initialized, Role: FOLLOWER
I20260608 13:02:34.610889   574 consensus_queue.cc:260] T 4a28ada4e2554d98b7c46f44ed2757fe P a94b6239e52643f39c8747dee5d13f5a [NON_LEADER]: Queue going to NON_LEADER mode. State: All replicated index: 0, Majority replicated index: 0, Committed index: 0, Last appended: 0.0, Last appended by leader: 0, Current term: 0, Majority size: -1, State: 0, Mode: NON_LEADER, active raft config: opid_index: -1 OBSOLETE_local: false peers { permanent_uuid: "a94b6239e52643f39c8747dee5d13f5a" member_type: VOTER last_known_addr { host: "127.29.42.65" port: 36187 } } peers { permanent_uuid: "bd68bc388ac04956bf42e56884aef68d" member_type: VOTER last_known_addr { host: "127.29.42.66" port: 39773 } } peers { permanent_uuid: "c59dcad00a0b44e3aa59a1b3c97e92f1" member_type: VOTER last_known_addr { host: "127.29.42.67" port: 37973 } }
I20260608 13:02:34.619699   574 ts_tablet_manager.cc:1434] T 4a28ada4e2554d98b7c46f44ed2757fe P a94b6239e52643f39c8747dee5d13f5a: Time spent starting tablet: real 0.028s	user 0.010s	sys 0.004s
I20260608 13:02:34.615274 32741 catalog_manager.cc:5696] T 49a94ed17166454c94da5bfbfe31b49a P bd68bc388ac04956bf42e56884aef68d reported cstate change: term changed from 0 to 1, leader changed from <none> to bd68bc388ac04956bf42e56884aef68d (127.29.42.66). New cstate: current_term: 1 leader_uuid: "bd68bc388ac04956bf42e56884aef68d" committed_config { opid_index: -1 OBSOLETE_local: false peers { permanent_uuid: "a94b6239e52643f39c8747dee5d13f5a" member_type: VOTER last_known_addr { host: "127.29.42.65" port: 36187 } health_report { overall_health: UNKNOWN } } peers { permanent_uuid: "bd68bc388ac04956bf42e56884aef68d" member_type: VOTER last_known_addr { host: "127.29.42.66" port: 39773 } health_report { overall_health: HEALTHY } } peers { permanent_uuid: "c59dcad00a0b44e3aa59a1b3c97e92f1" member_type: VOTER last_known_addr { host: "127.29.42.67" port: 37973 } health_report { overall_health: UNKNOWN } } }
I20260608 13:02:34.621099   625 raft_consensus.cc:493] T 4a28ada4e2554d98b7c46f44ed2757fe P a94b6239e52643f39c8747dee5d13f5a [term 0 FOLLOWER]: Starting pre-election (no leader contacted us within the election timeout)
I20260608 13:02:34.617162   583 raft_consensus.cc:515] T f15235f58fe048f18f25957f921dc9d3 P a94b6239e52643f39c8747dee5d13f5a [term 1 FOLLOWER]: Starting leader election with config: opid_index: -1 OBSOLETE_local: false peers { permanent_uuid: "bd68bc388ac04956bf42e56884aef68d" member_type: VOTER last_known_addr { host: "127.29.42.66" port: 39773 } } peers { permanent_uuid: "a94b6239e52643f39c8747dee5d13f5a" member_type: VOTER last_known_addr { host: "127.29.42.65" port: 36187 } } peers { permanent_uuid: "c59dcad00a0b44e3aa59a1b3c97e92f1" member_type: VOTER last_known_addr { host: "127.29.42.67" port: 37973 } }
I20260608 13:02:34.624220   583 leader_election.cc:290] T f15235f58fe048f18f25957f921dc9d3 P a94b6239e52643f39c8747dee5d13f5a [CANDIDATE]: Term 1 election: Requested vote from peers bd68bc388ac04956bf42e56884aef68d (127.29.42.66:39773), c59dcad00a0b44e3aa59a1b3c97e92f1 (127.29.42.67:37973)
I20260608 13:02:34.624265   625 raft_consensus.cc:515] T 4a28ada4e2554d98b7c46f44ed2757fe P a94b6239e52643f39c8747dee5d13f5a [term 0 FOLLOWER]: Starting pre-election with config: opid_index: -1 OBSOLETE_local: false peers { permanent_uuid: "a94b6239e52643f39c8747dee5d13f5a" member_type: VOTER last_known_addr { host: "127.29.42.65" port: 36187 } } peers { permanent_uuid: "bd68bc388ac04956bf42e56884aef68d" member_type: VOTER last_known_addr { host: "127.29.42.66" port: 39773 } } peers { permanent_uuid: "c59dcad00a0b44e3aa59a1b3c97e92f1" member_type: VOTER last_known_addr { host: "127.29.42.67" port: 37973 } }
I20260608 13:02:34.626188   527 tablet_service.cc:1917] Received RequestConsensusVote() RPC: tablet_id: "f15235f58fe048f18f25957f921dc9d3" candidate_uuid: "a94b6239e52643f39c8747dee5d13f5a" candidate_term: 1 candidate_status { last_received { term: 0 index: 0 } } ignore_live_leader: false dest_uuid: "c59dcad00a0b44e3aa59a1b3c97e92f1"
I20260608 13:02:34.627995   453 tablet_service.cc:1917] Received RequestConsensusVote() RPC: tablet_id: "f15235f58fe048f18f25957f921dc9d3" candidate_uuid: "a94b6239e52643f39c8747dee5d13f5a" candidate_term: 1 candidate_status { last_received { term: 0 index: 0 } } ignore_live_leader: false dest_uuid: "bd68bc388ac04956bf42e56884aef68d"
I20260608 13:02:34.628615   453 raft_consensus.cc:3060] T f15235f58fe048f18f25957f921dc9d3 P bd68bc388ac04956bf42e56884aef68d [term 0 FOLLOWER]: Advancing to term 1
W20260608 13:02:34.629766   343 leader_election.cc:343] T f15235f58fe048f18f25957f921dc9d3 P a94b6239e52643f39c8747dee5d13f5a [CANDIDATE]: Term 1 election: Tablet error from VoteRequest() call to peer c59dcad00a0b44e3aa59a1b3c97e92f1 (127.29.42.67:37973): Illegal state: must be running to vote when last-logged opid is not known
I20260608 13:02:34.636958   453 raft_consensus.cc:2468] T f15235f58fe048f18f25957f921dc9d3 P bd68bc388ac04956bf42e56884aef68d [term 1 FOLLOWER]: Leader election vote request: Granting yes vote for candidate a94b6239e52643f39c8747dee5d13f5a in term 1.
I20260608 13:02:34.638432   341 leader_election.cc:304] T f15235f58fe048f18f25957f921dc9d3 P a94b6239e52643f39c8747dee5d13f5a [CANDIDATE]: Term 1 election: Election decided. Result: candidate won. Election summary: received 3 responses out of 3 voters: 2 yes votes; 1 no votes. yes voters: a94b6239e52643f39c8747dee5d13f5a, bd68bc388ac04956bf42e56884aef68d; no voters: c59dcad00a0b44e3aa59a1b3c97e92f1
I20260608 13:02:34.637326 32742 catalog_manager.cc:5696] T 4a28ada4e2554d98b7c46f44ed2757fe P c59dcad00a0b44e3aa59a1b3c97e92f1 reported cstate change: term changed from 0 to 1, leader changed from <none> to c59dcad00a0b44e3aa59a1b3c97e92f1 (127.29.42.67). New cstate: current_term: 1 leader_uuid: "c59dcad00a0b44e3aa59a1b3c97e92f1" committed_config { opid_index: -1 OBSOLETE_local: false peers { permanent_uuid: "a94b6239e52643f39c8747dee5d13f5a" member_type: VOTER last_known_addr { host: "127.29.42.65" port: 36187 } health_report { overall_health: UNKNOWN } } peers { permanent_uuid: "bd68bc388ac04956bf42e56884aef68d" member_type: VOTER last_known_addr { host: "127.29.42.66" port: 39773 } health_report { overall_health: UNKNOWN } } peers { permanent_uuid: "c59dcad00a0b44e3aa59a1b3c97e92f1" member_type: VOTER last_known_addr { host: "127.29.42.67" port: 37973 } health_report { overall_health: HEALTHY } } }
I20260608 13:02:34.642582   583 raft_consensus.cc:2804] T f15235f58fe048f18f25957f921dc9d3 P a94b6239e52643f39c8747dee5d13f5a [term 1 FOLLOWER]: Leader election won for term 1
I20260608 13:02:34.643162   583 raft_consensus.cc:697] T f15235f58fe048f18f25957f921dc9d3 P a94b6239e52643f39c8747dee5d13f5a [term 1 LEADER]: Becoming Leader. State: Replica: a94b6239e52643f39c8747dee5d13f5a, State: Running, Role: LEADER
I20260608 13:02:34.644070   583 consensus_queue.cc:237] T f15235f58fe048f18f25957f921dc9d3 P a94b6239e52643f39c8747dee5d13f5a [LEADER]: Queue going to LEADER mode. State: All replicated index: 0, Majority replicated index: 0, Committed index: 0, Last appended: 0.0, Last appended by leader: 0, Current term: 1, Majority size: 2, State: 0, Mode: LEADER, active raft config: opid_index: -1 OBSOLETE_local: false peers { permanent_uuid: "bd68bc388ac04956bf42e56884aef68d" member_type: VOTER last_known_addr { host: "127.29.42.66" port: 39773 } } peers { permanent_uuid: "a94b6239e52643f39c8747dee5d13f5a" member_type: VOTER last_known_addr { host: "127.29.42.65" port: 36187 } } peers { permanent_uuid: "c59dcad00a0b44e3aa59a1b3c97e92f1" member_type: VOTER last_known_addr { host: "127.29.42.67" port: 37973 } }
I20260608 13:02:34.648609   454 tablet_service.cc:1917] Received RequestConsensusVote() RPC: tablet_id: "4a28ada4e2554d98b7c46f44ed2757fe" candidate_uuid: "a94b6239e52643f39c8747dee5d13f5a" candidate_term: 1 candidate_status { last_received { term: 0 index: 0 } } ignore_live_leader: false dest_uuid: "bd68bc388ac04956bf42e56884aef68d" is_pre_election: true
I20260608 13:02:34.649808   454 raft_consensus.cc:2393] T 4a28ada4e2554d98b7c46f44ed2757fe P bd68bc388ac04956bf42e56884aef68d [term 1 FOLLOWER]: Leader pre-election vote request: Denying vote to candidate a94b6239e52643f39c8747dee5d13f5a in current term 1: Already voted for candidate c59dcad00a0b44e3aa59a1b3c97e92f1 in this term.
I20260608 13:02:34.651085   605 raft_consensus.cc:515] T a7a8ca2b083f43b78d993438434da10f P a94b6239e52643f39c8747dee5d13f5a [term 1 FOLLOWER]: Starting leader election with config: opid_index: -1 OBSOLETE_local: false peers { permanent_uuid: "bd68bc388ac04956bf42e56884aef68d" member_type: VOTER last_known_addr { host: "127.29.42.66" port: 39773 } } peers { permanent_uuid: "a94b6239e52643f39c8747dee5d13f5a" member_type: VOTER last_known_addr { host: "127.29.42.65" port: 36187 } } peers { permanent_uuid: "c59dcad00a0b44e3aa59a1b3c97e92f1" member_type: VOTER last_known_addr { host: "127.29.42.67" port: 37973 } }
I20260608 13:02:34.651976   625 leader_election.cc:290] T 4a28ada4e2554d98b7c46f44ed2757fe P a94b6239e52643f39c8747dee5d13f5a [CANDIDATE]: Term 1 pre-election: Requested pre-vote from peers bd68bc388ac04956bf42e56884aef68d (127.29.42.66:39773), c59dcad00a0b44e3aa59a1b3c97e92f1 (127.29.42.67:37973)
I20260608 13:02:34.655196   605 leader_election.cc:290] T a7a8ca2b083f43b78d993438434da10f P a94b6239e52643f39c8747dee5d13f5a [CANDIDATE]: Term 1 election: Requested vote from peers bd68bc388ac04956bf42e56884aef68d (127.29.42.66:39773), c59dcad00a0b44e3aa59a1b3c97e92f1 (127.29.42.67:37973)
I20260608 13:02:34.657263   576 tablet_bootstrap.cc:492] T 3310a2e6dc604372b0e7185ab709830d P c59dcad00a0b44e3aa59a1b3c97e92f1: No bootstrap required, opened a new log
I20260608 13:02:34.657080   528 tablet_service.cc:1917] Received RequestConsensusVote() RPC: tablet_id: "a7a8ca2b083f43b78d993438434da10f" candidate_uuid: "a94b6239e52643f39c8747dee5d13f5a" candidate_term: 1 candidate_status { last_received { term: 0 index: 0 } } ignore_live_leader: false dest_uuid: "c59dcad00a0b44e3aa59a1b3c97e92f1"
I20260608 13:02:34.657810   528 raft_consensus.cc:3060] T a7a8ca2b083f43b78d993438434da10f P c59dcad00a0b44e3aa59a1b3c97e92f1 [term 0 FOLLOWER]: Advancing to term 1
I20260608 13:02:34.663339   528 raft_consensus.cc:2468] T a7a8ca2b083f43b78d993438434da10f P c59dcad00a0b44e3aa59a1b3c97e92f1 [term 1 FOLLOWER]: Leader election vote request: Granting yes vote for candidate a94b6239e52643f39c8747dee5d13f5a in term 1.
I20260608 13:02:34.664793   576 ts_tablet_manager.cc:1403] T 3310a2e6dc604372b0e7185ab709830d P c59dcad00a0b44e3aa59a1b3c97e92f1: Time spent bootstrapping tablet: real 0.147s	user 0.022s	sys 0.012s
I20260608 13:02:34.664669   343 leader_election.cc:304] T a7a8ca2b083f43b78d993438434da10f P a94b6239e52643f39c8747dee5d13f5a [CANDIDATE]: Term 1 election: Election decided. Result: candidate won. Election summary: received 2 responses out of 3 voters: 2 yes votes; 0 no votes. yes voters: a94b6239e52643f39c8747dee5d13f5a, c59dcad00a0b44e3aa59a1b3c97e92f1; no voters: 
I20260608 13:02:34.667373   605 raft_consensus.cc:2804] T a7a8ca2b083f43b78d993438434da10f P a94b6239e52643f39c8747dee5d13f5a [term 1 FOLLOWER]: Leader election won for term 1
I20260608 13:02:34.664127   453 tablet_service.cc:1917] Received RequestConsensusVote() RPC: tablet_id: "a7a8ca2b083f43b78d993438434da10f" candidate_uuid: "a94b6239e52643f39c8747dee5d13f5a" candidate_term: 1 candidate_status { last_received { term: 0 index: 0 } } ignore_live_leader: false dest_uuid: "bd68bc388ac04956bf42e56884aef68d"
I20260608 13:02:34.653398   527 tablet_service.cc:1917] Received RequestConsensusVote() RPC: tablet_id: "4a28ada4e2554d98b7c46f44ed2757fe" candidate_uuid: "a94b6239e52643f39c8747dee5d13f5a" candidate_term: 1 candidate_status { last_received { term: 0 index: 0 } } ignore_live_leader: false dest_uuid: "c59dcad00a0b44e3aa59a1b3c97e92f1" is_pre_election: true
I20260608 13:02:34.669998   576 raft_consensus.cc:359] T 3310a2e6dc604372b0e7185ab709830d P c59dcad00a0b44e3aa59a1b3c97e92f1 [term 0 FOLLOWER]: Replica starting. Triggering 0 pending ops. Active config: opid_index: -1 OBSOLETE_local: false peers { permanent_uuid: "a94b6239e52643f39c8747dee5d13f5a" member_type: VOTER last_known_addr { host: "127.29.42.65" port: 36187 } } peers { permanent_uuid: "bd68bc388ac04956bf42e56884aef68d" member_type: VOTER last_known_addr { host: "127.29.42.66" port: 39773 } } peers { permanent_uuid: "c59dcad00a0b44e3aa59a1b3c97e92f1" member_type: VOTER last_known_addr { host: "127.29.42.67" port: 37973 } }
I20260608 13:02:34.670795   576 raft_consensus.cc:385] T 3310a2e6dc604372b0e7185ab709830d P c59dcad00a0b44e3aa59a1b3c97e92f1 [term 0 FOLLOWER]: Consensus starting up: Expiring failure detector timer to make a prompt election more likely
I20260608 13:02:34.670908   343 leader_election.cc:304] T 4a28ada4e2554d98b7c46f44ed2757fe P a94b6239e52643f39c8747dee5d13f5a [CANDIDATE]: Term 1 pre-election: Election decided. Result: candidate lost. Election summary: received 3 responses out of 3 voters: 1 yes votes; 2 no votes. yes voters: a94b6239e52643f39c8747dee5d13f5a; no voters: bd68bc388ac04956bf42e56884aef68d, c59dcad00a0b44e3aa59a1b3c97e92f1
I20260608 13:02:34.671586   605 raft_consensus.cc:697] T a7a8ca2b083f43b78d993438434da10f P a94b6239e52643f39c8747dee5d13f5a [term 1 LEADER]: Becoming Leader. State: Replica: a94b6239e52643f39c8747dee5d13f5a, State: Running, Role: LEADER
I20260608 13:02:34.671581   453 raft_consensus.cc:3060] T a7a8ca2b083f43b78d993438434da10f P bd68bc388ac04956bf42e56884aef68d [term 0 FOLLOWER]: Advancing to term 1
I20260608 13:02:34.672544   625 raft_consensus.cc:3060] T 4a28ada4e2554d98b7c46f44ed2757fe P a94b6239e52643f39c8747dee5d13f5a [term 0 FOLLOWER]: Advancing to term 1
I20260608 13:02:34.672576   605 consensus_queue.cc:237] T a7a8ca2b083f43b78d993438434da10f P a94b6239e52643f39c8747dee5d13f5a [LEADER]: Queue going to LEADER mode. State: All replicated index: 0, Majority replicated index: 0, Committed index: 0, Last appended: 0.0, Last appended by leader: 0, Current term: 1, Majority size: 2, State: 0, Mode: LEADER, active raft config: opid_index: -1 OBSOLETE_local: false peers { permanent_uuid: "bd68bc388ac04956bf42e56884aef68d" member_type: VOTER last_known_addr { host: "127.29.42.66" port: 39773 } } peers { permanent_uuid: "a94b6239e52643f39c8747dee5d13f5a" member_type: VOTER last_known_addr { host: "127.29.42.65" port: 36187 } } peers { permanent_uuid: "c59dcad00a0b44e3aa59a1b3c97e92f1" member_type: VOTER last_known_addr { host: "127.29.42.67" port: 37973 } }
I20260608 13:02:34.676438 32741 catalog_manager.cc:5696] T f15235f58fe048f18f25957f921dc9d3 P a94b6239e52643f39c8747dee5d13f5a reported cstate change: term changed from 0 to 1, leader changed from <none> to a94b6239e52643f39c8747dee5d13f5a (127.29.42.65). New cstate: current_term: 1 leader_uuid: "a94b6239e52643f39c8747dee5d13f5a" committed_config { opid_index: -1 OBSOLETE_local: false peers { permanent_uuid: "bd68bc388ac04956bf42e56884aef68d" member_type: VOTER last_known_addr { host: "127.29.42.66" port: 39773 } health_report { overall_health: UNKNOWN } } peers { permanent_uuid: "a94b6239e52643f39c8747dee5d13f5a" member_type: VOTER last_known_addr { host: "127.29.42.65" port: 36187 } health_report { overall_health: HEALTHY } } peers { permanent_uuid: "c59dcad00a0b44e3aa59a1b3c97e92f1" member_type: VOTER last_known_addr { host: "127.29.42.67" port: 37973 } health_report { overall_health: UNKNOWN } } }
I20260608 13:02:34.671124   576 raft_consensus.cc:740] T 3310a2e6dc604372b0e7185ab709830d P c59dcad00a0b44e3aa59a1b3c97e92f1 [term 0 FOLLOWER]: Becoming Follower/Learner. State: Replica: c59dcad00a0b44e3aa59a1b3c97e92f1, State: Initialized, Role: FOLLOWER
I20260608 13:02:34.680511   576 consensus_queue.cc:260] T 3310a2e6dc604372b0e7185ab709830d P c59dcad00a0b44e3aa59a1b3c97e92f1 [NON_LEADER]: Queue going to NON_LEADER mode. State: All replicated index: 0, Majority replicated index: 0, Committed index: 0, Last appended: 0.0, Last appended by leader: 0, Current term: 0, Majority size: -1, State: 0, Mode: NON_LEADER, active raft config: opid_index: -1 OBSOLETE_local: false peers { permanent_uuid: "a94b6239e52643f39c8747dee5d13f5a" member_type: VOTER last_known_addr { host: "127.29.42.65" port: 36187 } } peers { permanent_uuid: "bd68bc388ac04956bf42e56884aef68d" member_type: VOTER last_known_addr { host: "127.29.42.66" port: 39773 } } peers { permanent_uuid: "c59dcad00a0b44e3aa59a1b3c97e92f1" member_type: VOTER last_known_addr { host: "127.29.42.67" port: 37973 } }
I20260608 13:02:34.681080   453 raft_consensus.cc:2468] T a7a8ca2b083f43b78d993438434da10f P bd68bc388ac04956bf42e56884aef68d [term 1 FOLLOWER]: Leader election vote request: Granting yes vote for candidate a94b6239e52643f39c8747dee5d13f5a in term 1.
I20260608 13:02:34.685251   576 ts_tablet_manager.cc:1434] T 3310a2e6dc604372b0e7185ab709830d P c59dcad00a0b44e3aa59a1b3c97e92f1: Time spent starting tablet: real 0.018s	user 0.005s	sys 0.001s
I20260608 13:02:34.688723   576 tablet_bootstrap.cc:492] T f15235f58fe048f18f25957f921dc9d3 P c59dcad00a0b44e3aa59a1b3c97e92f1: Bootstrap starting.
I20260608 13:02:34.687433   625 raft_consensus.cc:2749] T 4a28ada4e2554d98b7c46f44ed2757fe P a94b6239e52643f39c8747dee5d13f5a [term 1 FOLLOWER]: Leader pre-election lost for term 1. Reason: could not achieve majority
I20260608 13:02:34.698226   576 tablet_bootstrap.cc:654] T f15235f58fe048f18f25957f921dc9d3 P c59dcad00a0b44e3aa59a1b3c97e92f1: Neither blocks nor log segments found. Creating new log.
I20260608 13:02:34.701267 32742 catalog_manager.cc:5696] T a7a8ca2b083f43b78d993438434da10f P a94b6239e52643f39c8747dee5d13f5a reported cstate change: term changed from 0 to 1, leader changed from <none> to a94b6239e52643f39c8747dee5d13f5a (127.29.42.65). New cstate: current_term: 1 leader_uuid: "a94b6239e52643f39c8747dee5d13f5a" committed_config { opid_index: -1 OBSOLETE_local: false peers { permanent_uuid: "bd68bc388ac04956bf42e56884aef68d" member_type: VOTER last_known_addr { host: "127.29.42.66" port: 39773 } health_report { overall_health: UNKNOWN } } peers { permanent_uuid: "a94b6239e52643f39c8747dee5d13f5a" member_type: VOTER last_known_addr { host: "127.29.42.65" port: 36187 } health_report { overall_health: HEALTHY } } peers { permanent_uuid: "c59dcad00a0b44e3aa59a1b3c97e92f1" member_type: VOTER last_known_addr { host: "127.29.42.67" port: 37973 } health_report { overall_health: UNKNOWN } } }
I20260608 13:02:34.702962   576 tablet_bootstrap.cc:492] T f15235f58fe048f18f25957f921dc9d3 P c59dcad00a0b44e3aa59a1b3c97e92f1: No bootstrap required, opened a new log
I20260608 13:02:34.703446   576 ts_tablet_manager.cc:1403] T f15235f58fe048f18f25957f921dc9d3 P c59dcad00a0b44e3aa59a1b3c97e92f1: Time spent bootstrapping tablet: real 0.015s	user 0.011s	sys 0.000s
I20260608 13:02:34.706414   576 raft_consensus.cc:359] T f15235f58fe048f18f25957f921dc9d3 P c59dcad00a0b44e3aa59a1b3c97e92f1 [term 0 FOLLOWER]: Replica starting. Triggering 0 pending ops. Active config: opid_index: -1 OBSOLETE_local: false peers { permanent_uuid: "bd68bc388ac04956bf42e56884aef68d" member_type: VOTER last_known_addr { host: "127.29.42.66" port: 39773 } } peers { permanent_uuid: "a94b6239e52643f39c8747dee5d13f5a" member_type: VOTER last_known_addr { host: "127.29.42.65" port: 36187 } } peers { permanent_uuid: "c59dcad00a0b44e3aa59a1b3c97e92f1" member_type: VOTER last_known_addr { host: "127.29.42.67" port: 37973 } }
I20260608 13:02:34.707090   576 raft_consensus.cc:385] T f15235f58fe048f18f25957f921dc9d3 P c59dcad00a0b44e3aa59a1b3c97e92f1 [term 0 FOLLOWER]: Consensus starting up: Expiring failure detector timer to make a prompt election more likely
I20260608 13:02:34.707330   576 raft_consensus.cc:740] T f15235f58fe048f18f25957f921dc9d3 P c59dcad00a0b44e3aa59a1b3c97e92f1 [term 0 FOLLOWER]: Becoming Follower/Learner. State: Replica: c59dcad00a0b44e3aa59a1b3c97e92f1, State: Initialized, Role: FOLLOWER
I20260608 13:02:34.707988   576 consensus_queue.cc:260] T f15235f58fe048f18f25957f921dc9d3 P c59dcad00a0b44e3aa59a1b3c97e92f1 [NON_LEADER]: Queue going to NON_LEADER mode. State: All replicated index: 0, Majority replicated index: 0, Committed index: 0, Last appended: 0.0, Last appended by leader: 0, Current term: 0, Majority size: -1, State: 0, Mode: NON_LEADER, active raft config: opid_index: -1 OBSOLETE_local: false peers { permanent_uuid: "bd68bc388ac04956bf42e56884aef68d" member_type: VOTER last_known_addr { host: "127.29.42.66" port: 39773 } } peers { permanent_uuid: "a94b6239e52643f39c8747dee5d13f5a" member_type: VOTER last_known_addr { host: "127.29.42.65" port: 36187 } } peers { permanent_uuid: "c59dcad00a0b44e3aa59a1b3c97e92f1" member_type: VOTER last_known_addr { host: "127.29.42.67" port: 37973 } }
I20260608 13:02:34.709842   576 ts_tablet_manager.cc:1434] T f15235f58fe048f18f25957f921dc9d3 P c59dcad00a0b44e3aa59a1b3c97e92f1: Time spent starting tablet: real 0.006s	user 0.004s	sys 0.000s
I20260608 13:02:34.767591 29865 file_cache.cc:492] Constructed file cache file cache with capacity 419430
W20260608 13:02:34.774755   631 instance_detector.cc:116] could not retrieve AWS instance metadata: Network error: curl error: HTTP response code said error: The requested URL returned error: 404
W20260608 13:02:34.775180   632 instance_detector.cc:116] could not retrieve Azure instance metadata: Network error: curl error: HTTP response code said error: The requested URL returned error: 404
W20260608 13:02:34.776923   634 instance_detector.cc:116] could not retrieve OpenStack instance metadata: Network error: curl error: HTTP response code said error: The requested URL returned error: 404
I20260608 13:02:34.778112 29865 server_base.cc:1061] running on GCE node
I20260608 13:02:34.779142 29865 hybrid_clock.cc:584] initializing the hybrid clock with 'system_unsync' time source
W20260608 13:02:34.779385 29865 system_unsync_time.cc:38] NTP support is disabled. Clock error bounds will not be accurate. This configuration is not suitable for distributed clusters.
I20260608 13:02:34.779673 29865 hybrid_clock.cc:648] HybridClock initialized: now 1780923754779630 us; error 0 us; skew 500 ppm
I20260608 13:02:34.780328 29865 server_base.cc:861] Flag tcmalloc_max_total_thread_cache_bytes is not working since tcmalloc is not enabled.
