I20260608 13:02:28.088501 32478 consensus_queue.cc:1048] T 15f70d137dbb4f4b846a9111b71d5d51 P c4c901f1d9c54516a5e810b4596211bd [LEADER]: Connected to new peer: Peer: permanent_uuid: "29750aa34ee94082a5e74746b58118e0" member_type: VOTER last_known_addr { host: "127.28.143.130" port: 44651 }, Status: LMP_MISMATCH, Last received: 0.0, Next index: 3, Last known committed idx: 2, Time since last communication: 0.000s
I20260608 13:02:28.098201 32568 raft_consensus.cc:3060] T 15f70d137dbb4f4b846a9111b71d5d51 P 837b0d3a8fdb405e848c4f77946af3ef [term 1 LEARNER]: Advancing to term 2
I20260608 13:02:28.103780 32716 raft_consensus.cc:1064] T b0e82a6e26be45e481674a9341e10c4f P 29750aa34ee94082a5e74746b58118e0: attempting to promote NON_VOTER 837b0d3a8fdb405e848c4f77946af3ef to VOTER
I20260608 13:02:28.106612 32716 consensus_queue.cc:237] T b0e82a6e26be45e481674a9341e10c4f P 29750aa34ee94082a5e74746b58118e0 [LEADER]: Queue going to LEADER mode. State: All replicated index: 0, Majority replicated index: 2, Committed index: 2, Last appended: 1.2, Last appended by leader: 0, Current term: 1, Majority size: 3, State: 0, Mode: LEADER, active raft config: opid_index: 3 OBSOLETE_local: false peers { permanent_uuid: "87c1030a8df0425693a8335a1a055ce5" member_type: VOTER last_known_addr { host: "127.28.143.129" port: 43585 } attrs { replace: true } } peers { permanent_uuid: "29750aa34ee94082a5e74746b58118e0" member_type: VOTER last_known_addr { host: "127.28.143.130" port: 44651 } } peers { permanent_uuid: "c4c901f1d9c54516a5e810b4596211bd" member_type: VOTER last_known_addr { host: "127.28.143.131" port: 37349 } } peers { permanent_uuid: "837b0d3a8fdb405e848c4f77946af3ef" member_type: VOTER last_known_addr { host: "127.28.143.132" port: 32915 } attrs { promote: false } }
I20260608 13:02:28.108774 32568 raft_consensus.cc:1275] T 15f70d137dbb4f4b846a9111b71d5d51 P 837b0d3a8fdb405e848c4f77946af3ef [term 2 LEARNER]: Refusing update from remote peer c4c901f1d9c54516a5e810b4596211bd: Log matching property violated. Preceding OpId in replica: term: 1 index: 2. Preceding OpId from leader: term: 2 index: 3. (index mismatch)
I20260608 13:02:28.112269 32249 raft_consensus.cc:1275] T ab818d378e984445910be2fec0ed57e8 P 87c1030a8df0425693a8335a1a055ce5 [term 2 FOLLOWER]: Refusing update from remote peer 29750aa34ee94082a5e74746b58118e0: Log matching property violated. Preceding OpId in replica: term: 1 index: 1. Preceding OpId from leader: term: 2 index: 2. (index mismatch)
I20260608 13:02:28.119958 32717 consensus_queue.cc:1048] T ab818d378e984445910be2fec0ed57e8 P 29750aa34ee94082a5e74746b58118e0 [LEADER]: Connected to new peer: Peer: permanent_uuid: "87c1030a8df0425693a8335a1a055ce5" member_type: VOTER last_known_addr { host: "127.28.143.129" port: 43585 }, Status: LMP_MISMATCH, Last received: 0.0, Next index: 2, Last known committed idx: 1, Time since last communication: 0.000s
I20260608 13:02:28.124511 32568 raft_consensus.cc:1275] T b0e82a6e26be45e481674a9341e10c4f P 837b0d3a8fdb405e848c4f77946af3ef [term 1 LEARNER]: Refusing update from remote peer 29750aa34ee94082a5e74746b58118e0: Log matching property violated. Preceding OpId in replica: term: 1 index: 2. Preceding OpId from leader: term: 1 index: 3. (index mismatch)
I20260608 13:02:28.127585 32398 raft_consensus.cc:1275] T b0e82a6e26be45e481674a9341e10c4f P c4c901f1d9c54516a5e810b4596211bd [term 1 FOLLOWER]: Refusing update from remote peer 29750aa34ee94082a5e74746b58118e0: Log matching property violated. Preceding OpId in replica: term: 1 index: 2. Preceding OpId from leader: term: 1 index: 3. (index mismatch)
I20260608 13:02:28.130255 32247 raft_consensus.cc:1275] T b0e82a6e26be45e481674a9341e10c4f P 87c1030a8df0425693a8335a1a055ce5 [term 1 FOLLOWER]: Refusing update from remote peer 29750aa34ee94082a5e74746b58118e0: Log matching property violated. Preceding OpId in replica: term: 1 index: 2. Preceding OpId from leader: term: 1 index: 3. (index mismatch)
I20260608 13:02:28.128515 32248 raft_consensus.cc:515] T 15f70d137dbb4f4b846a9111b71d5d51 P 87c1030a8df0425693a8335a1a055ce5 [term 3 FOLLOWER]: Starting forced leader election with config: opid_index: 2 OBSOLETE_local: false peers { permanent_uuid: "87c1030a8df0425693a8335a1a055ce5" member_type: VOTER last_known_addr { host: "127.28.143.129" port: 43585 } } peers { permanent_uuid: "29750aa34ee94082a5e74746b58118e0" member_type: VOTER last_known_addr { host: "127.28.143.130" port: 44651 } } peers { permanent_uuid: "c4c901f1d9c54516a5e810b4596211bd" member_type: VOTER last_known_addr { host: "127.28.143.131" port: 37349 } attrs { replace: true } } peers { permanent_uuid: "837b0d3a8fdb405e848c4f77946af3ef" member_type: NON_VOTER last_known_addr { host: "127.28.143.132" port: 32915 } attrs { promote: true } }
I20260608 13:02:28.133409 32246 raft_consensus.cc:1240] T 15f70d137dbb4f4b846a9111b71d5d51 P 87c1030a8df0425693a8335a1a055ce5 [term 3 FOLLOWER]: Rejecting Update request from peer c4c901f1d9c54516a5e810b4596211bd for earlier term 2. Current term is 3. Ops: []
I20260608 13:02:28.134284 32661 consensus_queue.cc:1048] T 15f70d137dbb4f4b846a9111b71d5d51 P c4c901f1d9c54516a5e810b4596211bd [LEADER]: Connected to new peer: Peer: permanent_uuid: "837b0d3a8fdb405e848c4f77946af3ef" member_type: NON_VOTER last_known_addr { host: "127.28.143.132" port: 32915 } attrs { promote: true }, Status: LMP_MISMATCH, Last received: 0.0, Next index: 3, Last known committed idx: 2, Time since last communication: 0.000s
I20260608 13:02:28.134799 32717 consensus_queue.cc:1048] T b0e82a6e26be45e481674a9341e10c4f P 29750aa34ee94082a5e74746b58118e0 [LEADER]: Connected to new peer: Peer: permanent_uuid: "87c1030a8df0425693a8335a1a055ce5" member_type: VOTER last_known_addr { host: "127.28.143.129" port: 43585 } attrs { replace: true }, Status: LMP_MISMATCH, Last received: 0.0, Next index: 3, Last known committed idx: 2, Time since last communication: 0.001s
I20260608 13:02:28.140311 32719 consensus_queue.cc:1048] T b0e82a6e26be45e481674a9341e10c4f P 29750aa34ee94082a5e74746b58118e0 [LEADER]: Connected to new peer: Peer: permanent_uuid: "c4c901f1d9c54516a5e810b4596211bd" member_type: VOTER last_known_addr { host: "127.28.143.131" port: 37349 }, Status: LMP_MISMATCH, Last received: 0.0, Next index: 3, Last known committed idx: 2, Time since last communication: 0.001s
I20260608 13:02:28.114259 32728 ts_tablet_manager.cc:1929] T 352dd033a91848da8a51ad8a37c1d70e P 29750aa34ee94082a5e74746b58118e0: tablet deleted with delete type TABLET_DATA_TOMBSTONED: last-logged OpId 1.3
I20260608 13:02:28.169354 32716 consensus_queue.cc:1048] T b0e82a6e26be45e481674a9341e10c4f P 29750aa34ee94082a5e74746b58118e0 [LEADER]: Connected to new peer: Peer: permanent_uuid: "837b0d3a8fdb405e848c4f77946af3ef" member_type: VOTER last_known_addr { host: "127.28.143.132" port: 32915 } attrs { promote: false }, Status: LMP_MISMATCH, Last received: 0.0, Next index: 3, Last known committed idx: 2, Time since last communication: 0.001s
I20260608 13:02:28.175920 32728 log.cc:1199] T 352dd033a91848da8a51ad8a37c1d70e P 29750aa34ee94082a5e74746b58118e0: Deleting WAL directory at /tmp/dist-test-taskOzhJ22/test-tmp/auto_rebalancer-test.0.AutoRebalancerTest.RangeAwareRebalancesNewRangeReplicas.1780923663004929-29246-0/minicluster-data/ts-1-root/wals/352dd033a91848da8a51ad8a37c1d70e
I20260608 13:02:28.179800 32324 tablet_service.cc:1917] Received RequestConsensusVote() RPC: tablet_id: "15f70d137dbb4f4b846a9111b71d5d51" candidate_uuid: "87c1030a8df0425693a8335a1a055ce5" candidate_term: 3 candidate_status { last_received { term: 2 index: 3 } } ignore_live_leader: true dest_uuid: "29750aa34ee94082a5e74746b58118e0"
I20260608 13:02:28.186854 32397 raft_consensus.cc:1275] T ab818d378e984445910be2fec0ed57e8 P c4c901f1d9c54516a5e810b4596211bd [term 2 FOLLOWER]: Refusing update from remote peer 29750aa34ee94082a5e74746b58118e0: Log matching property violated. Preceding OpId in replica: term: 1 index: 1. Preceding OpId from leader: term: 2 index: 2. (index mismatch)
I20260608 13:02:28.180028 32396 tablet_service.cc:1917] Received RequestConsensusVote() RPC: tablet_id: "15f70d137dbb4f4b846a9111b71d5d51" candidate_uuid: "87c1030a8df0425693a8335a1a055ce5" candidate_term: 3 candidate_status { last_received { term: 2 index: 3 } } ignore_live_leader: true dest_uuid: "c4c901f1d9c54516a5e810b4596211bd"
I20260608 13:02:28.179453 32248 leader_election.cc:290] T 15f70d137dbb4f4b846a9111b71d5d51 P 87c1030a8df0425693a8335a1a055ce5 [CANDIDATE]: Term 3 election: Requested vote from peers 29750aa34ee94082a5e74746b58118e0 (127.28.143.130:44651), c4c901f1d9c54516a5e810b4596211bd (127.28.143.131:37349)
I20260608 13:02:28.189600 32716 consensus_queue.cc:1048] T ab818d378e984445910be2fec0ed57e8 P 29750aa34ee94082a5e74746b58118e0 [LEADER]: Connected to new peer: Peer: permanent_uuid: "c4c901f1d9c54516a5e810b4596211bd" member_type: VOTER last_known_addr { host: "127.28.143.131" port: 37349 }, Status: LMP_MISMATCH, Last received: 0.0, Next index: 2, Last known committed idx: 1, Time since last communication: 0.000s
I20260608 13:02:28.193197 32734 consensus_queue.cc:1059] T 15f70d137dbb4f4b846a9111b71d5d51 P c4c901f1d9c54516a5e810b4596211bd [LEADER]: Peer responded invalid term: Peer: permanent_uuid: "87c1030a8df0425693a8335a1a055ce5" member_type: VOTER last_known_addr { host: "127.28.143.129" port: 43585 }, Status: INVALID_TERM, Last received: 2.3, Next index: 4, Last known committed idx: 2, Time since last communication: 0.051s
I20260608 13:02:28.208161 32396 raft_consensus.cc:3055] T 15f70d137dbb4f4b846a9111b71d5d51 P c4c901f1d9c54516a5e810b4596211bd [term 2 LEADER]: Stepping down as leader of term 2
I20260608 13:02:28.208613 32396 raft_consensus.cc:740] T 15f70d137dbb4f4b846a9111b71d5d51 P c4c901f1d9c54516a5e810b4596211bd [term 2 LEADER]: Becoming Follower/Learner. State: Replica: c4c901f1d9c54516a5e810b4596211bd, State: Running, Role: LEADER
I20260608 13:02:28.211699 32133 catalog_manager.cc:5027] TS 29750aa34ee94082a5e74746b58118e0 (127.28.143.130:44651): tablet 352dd033a91848da8a51ad8a37c1d70e (table range_aware_rebalance_new_range [id=cdf60204024e41fe98593dff2a64211c]) successfully deleted
I20260608 13:02:28.209508 32396 consensus_queue.cc:260] T 15f70d137dbb4f4b846a9111b71d5d51 P c4c901f1d9c54516a5e810b4596211bd [NON_LEADER]: Queue going to NON_LEADER mode. State: All replicated index: 0, Majority replicated index: 3, Committed index: 3, Last appended: 2.3, Last appended by leader: 3, Current term: 2, Majority size: -1, State: 0, Mode: NON_LEADER, active raft config: opid_index: 2 OBSOLETE_local: false peers { permanent_uuid: "87c1030a8df0425693a8335a1a055ce5" member_type: VOTER last_known_addr { host: "127.28.143.129" port: 43585 } } peers { permanent_uuid: "29750aa34ee94082a5e74746b58118e0" member_type: VOTER last_known_addr { host: "127.28.143.130" port: 44651 } } peers { permanent_uuid: "c4c901f1d9c54516a5e810b4596211bd" member_type: VOTER last_known_addr { host: "127.28.143.131" port: 37349 } attrs { replace: true } } peers { permanent_uuid: "837b0d3a8fdb405e848c4f77946af3ef" member_type: NON_VOTER last_known_addr { host: "127.28.143.132" port: 32915 } attrs { promote: true } }
I20260608 13:02:28.223721 32396 raft_consensus.cc:3060] T 15f70d137dbb4f4b846a9111b71d5d51 P c4c901f1d9c54516a5e810b4596211bd [term 2 FOLLOWER]: Advancing to term 3
I20260608 13:02:28.236475 32716 raft_consensus.cc:2955] T b0e82a6e26be45e481674a9341e10c4f P 29750aa34ee94082a5e74746b58118e0 [term 1 LEADER]: Committing config change with OpId 1.3: config changed from index 2 to 3, 837b0d3a8fdb405e848c4f77946af3ef (127.28.143.132) changed from NON_VOTER to VOTER. New config: { opid_index: 3 OBSOLETE_local: false peers { permanent_uuid: "87c1030a8df0425693a8335a1a055ce5" member_type: VOTER last_known_addr { host: "127.28.143.129" port: 43585 } attrs { replace: true } } peers { permanent_uuid: "29750aa34ee94082a5e74746b58118e0" member_type: VOTER last_known_addr { host: "127.28.143.130" port: 44651 } } peers { permanent_uuid: "c4c901f1d9c54516a5e810b4596211bd" member_type: VOTER last_known_addr { host: "127.28.143.131" port: 37349 } } peers { permanent_uuid: "837b0d3a8fdb405e848c4f77946af3ef" member_type: VOTER last_known_addr { host: "127.28.143.132" port: 32915 } attrs { promote: false } } }
I20260608 13:02:28.242699 32517 raft_consensus.cc:1064] T 55c27760987a4a9b8cbcb13f20bdee89 P 29750aa34ee94082a5e74746b58118e0: attempting to promote NON_VOTER 837b0d3a8fdb405e848c4f77946af3ef to VOTER
I20260608 13:02:28.246428 32517 consensus_queue.cc:237] T 55c27760987a4a9b8cbcb13f20bdee89 P 29750aa34ee94082a5e74746b58118e0 [LEADER]: Queue going to LEADER mode. State: All replicated index: 0, Majority replicated index: 2, Committed index: 2, Last appended: 1.2, Last appended by leader: 0, Current term: 1, Majority size: 3, State: 0, Mode: LEADER, active raft config: opid_index: 3 OBSOLETE_local: false peers { permanent_uuid: "29750aa34ee94082a5e74746b58118e0" member_type: VOTER last_known_addr { host: "127.28.143.130" port: 44651 } } peers { permanent_uuid: "87c1030a8df0425693a8335a1a055ce5" member_type: VOTER last_known_addr { host: "127.28.143.129" port: 43585 } attrs { replace: true } } peers { permanent_uuid: "c4c901f1d9c54516a5e810b4596211bd" member_type: VOTER last_known_addr { host: "127.28.143.131" port: 37349 } } peers { permanent_uuid: "837b0d3a8fdb405e848c4f77946af3ef" member_type: VOTER last_known_addr { host: "127.28.143.132" port: 32915 } attrs { promote: false } }
I20260608 13:02:28.251993 32568 raft_consensus.cc:2955] T b0e82a6e26be45e481674a9341e10c4f P 837b0d3a8fdb405e848c4f77946af3ef [term 1 FOLLOWER]: Committing config change with OpId 1.3: config changed from index 2 to 3, 837b0d3a8fdb405e848c4f77946af3ef (127.28.143.132) changed from NON_VOTER to VOTER. New config: { opid_index: 3 OBSOLETE_local: false peers { permanent_uuid: "87c1030a8df0425693a8335a1a055ce5" member_type: VOTER last_known_addr { host: "127.28.143.129" port: 43585 } attrs { replace: true } } peers { permanent_uuid: "29750aa34ee94082a5e74746b58118e0" member_type: VOTER last_known_addr { host: "127.28.143.130" port: 44651 } } peers { permanent_uuid: "c4c901f1d9c54516a5e810b4596211bd" member_type: VOTER last_known_addr { host: "127.28.143.131" port: 37349 } } peers { permanent_uuid: "837b0d3a8fdb405e848c4f77946af3ef" member_type: VOTER last_known_addr { host: "127.28.143.132" port: 32915 } attrs { promote: false } } }
I20260608 13:02:28.262188 32396 raft_consensus.cc:2468] T 15f70d137dbb4f4b846a9111b71d5d51 P c4c901f1d9c54516a5e810b4596211bd [term 3 FOLLOWER]: Leader election vote request: Granting yes vote for candidate 87c1030a8df0425693a8335a1a055ce5 in term 3.
W20260608 13:02:28.262938 32731 raft_consensus.cc:936] Couldn't advance consensus term.: Illegal state: Can't advance term to: 3 current term: 3 is higher.
I20260608 13:02:28.263144 32397 raft_consensus.cc:2955] T b0e82a6e26be45e481674a9341e10c4f P c4c901f1d9c54516a5e810b4596211bd [term 1 FOLLOWER]: Committing config change with OpId 1.3: config changed from index 2 to 3, 837b0d3a8fdb405e848c4f77946af3ef (127.28.143.132) changed from NON_VOTER to VOTER. New config: { opid_index: 3 OBSOLETE_local: false peers { permanent_uuid: "87c1030a8df0425693a8335a1a055ce5" member_type: VOTER last_known_addr { host: "127.28.143.129" port: 43585 } attrs { replace: true } } peers { permanent_uuid: "29750aa34ee94082a5e74746b58118e0" member_type: VOTER last_known_addr { host: "127.28.143.130" port: 44651 } } peers { permanent_uuid: "c4c901f1d9c54516a5e810b4596211bd" member_type: VOTER last_known_addr { host: "127.28.143.131" port: 37349 } } peers { permanent_uuid: "837b0d3a8fdb405e848c4f77946af3ef" member_type: VOTER last_known_addr { host: "127.28.143.132" port: 32915 } attrs { promote: false } } }
I20260608 13:02:28.270673 32215 leader_election.cc:304] T 15f70d137dbb4f4b846a9111b71d5d51 P 87c1030a8df0425693a8335a1a055ce5 [CANDIDATE]: Term 3 election: Election decided. Result: candidate won. Election summary: received 3 responses out of 3 voters: 2 yes votes; 1 no votes. yes voters: 87c1030a8df0425693a8335a1a055ce5, c4c901f1d9c54516a5e810b4596211bd; no voters: 29750aa34ee94082a5e74746b58118e0
I20260608 13:02:28.271943 32509 raft_consensus.cc:2804] T 15f70d137dbb4f4b846a9111b71d5d51 P 87c1030a8df0425693a8335a1a055ce5 [term 3 FOLLOWER]: Leader election won for term 3
I20260608 13:02:28.271848 32246 raft_consensus.cc:2955] T b0e82a6e26be45e481674a9341e10c4f P 87c1030a8df0425693a8335a1a055ce5 [term 1 FOLLOWER]: Committing config change with OpId 1.3: config changed from index 2 to 3, 837b0d3a8fdb405e848c4f77946af3ef (127.28.143.132) changed from NON_VOTER to VOTER. New config: { opid_index: 3 OBSOLETE_local: false peers { permanent_uuid: "87c1030a8df0425693a8335a1a055ce5" member_type: VOTER last_known_addr { host: "127.28.143.129" port: 43585 } attrs { replace: true } } peers { permanent_uuid: "29750aa34ee94082a5e74746b58118e0" member_type: VOTER last_known_addr { host: "127.28.143.130" port: 44651 } } peers { permanent_uuid: "c4c901f1d9c54516a5e810b4596211bd" member_type: VOTER last_known_addr { host: "127.28.143.131" port: 37349 } } peers { permanent_uuid: "837b0d3a8fdb405e848c4f77946af3ef" member_type: VOTER last_known_addr { host: "127.28.143.132" port: 32915 } attrs { promote: false } } }
I20260608 13:02:28.279084 32569 raft_consensus.cc:1275] T 55c27760987a4a9b8cbcb13f20bdee89 P 837b0d3a8fdb405e848c4f77946af3ef [term 1 LEARNER]: Refusing update from remote peer 29750aa34ee94082a5e74746b58118e0: Log matching property violated. Preceding OpId in replica: term: 1 index: 2. Preceding OpId from leader: term: 1 index: 3. (index mismatch)
I20260608 13:02:28.282546 32248 raft_consensus.cc:1275] T 55c27760987a4a9b8cbcb13f20bdee89 P 87c1030a8df0425693a8335a1a055ce5 [term 1 FOLLOWER]: Refusing update from remote peer 29750aa34ee94082a5e74746b58118e0: Log matching property violated. Preceding OpId in replica: term: 1 index: 2. Preceding OpId from leader: term: 1 index: 3. (index mismatch)
I20260608 13:02:28.283121 32716 consensus_queue.cc:1048] T 55c27760987a4a9b8cbcb13f20bdee89 P 29750aa34ee94082a5e74746b58118e0 [LEADER]: Connected to new peer: Peer: permanent_uuid: "837b0d3a8fdb405e848c4f77946af3ef" member_type: VOTER last_known_addr { host: "127.28.143.132" port: 32915 } attrs { promote: false }, Status: LMP_MISMATCH, Last received: 0.0, Next index: 3, Last known committed idx: 2, Time since last communication: 0.004s
I20260608 13:02:28.288582 32717 consensus_queue.cc:1048] T 55c27760987a4a9b8cbcb13f20bdee89 P 29750aa34ee94082a5e74746b58118e0 [LEADER]: Connected to new peer: Peer: permanent_uuid: "87c1030a8df0425693a8335a1a055ce5" member_type: VOTER last_known_addr { host: "127.28.143.129" port: 43585 } attrs { replace: true }, Status: LMP_MISMATCH, Last received: 0.0, Next index: 3, Last known committed idx: 2, Time since last communication: 0.000s
I20260608 13:02:28.294181 32147 catalog_manager.cc:5696] T b0e82a6e26be45e481674a9341e10c4f P 29750aa34ee94082a5e74746b58118e0 reported cstate change: config changed from index 2 to 3, 837b0d3a8fdb405e848c4f77946af3ef (127.28.143.132) changed from NON_VOTER to VOTER. New cstate: current_term: 1 leader_uuid: "29750aa34ee94082a5e74746b58118e0" committed_config { opid_index: 3 OBSOLETE_local: false peers { permanent_uuid: "87c1030a8df0425693a8335a1a055ce5" member_type: VOTER last_known_addr { host: "127.28.143.129" port: 43585 } attrs { replace: true } health_report { overall_health: HEALTHY } } peers { permanent_uuid: "29750aa34ee94082a5e74746b58118e0" member_type: VOTER last_known_addr { host: "127.28.143.130" port: 44651 } health_report { overall_health: HEALTHY } } peers { permanent_uuid: "c4c901f1d9c54516a5e810b4596211bd" member_type: VOTER last_known_addr { host: "127.28.143.131" port: 37349 } health_report { overall_health: HEALTHY } } peers { permanent_uuid: "837b0d3a8fdb405e848c4f77946af3ef" member_type: VOTER last_known_addr { host: "127.28.143.132" port: 32915 } attrs { promote: false } health_report { overall_health: HEALTHY } } }
I20260608 13:02:28.297796 32396 raft_consensus.cc:1275] T 55c27760987a4a9b8cbcb13f20bdee89 P c4c901f1d9c54516a5e810b4596211bd [term 1 FOLLOWER]: Refusing update from remote peer 29750aa34ee94082a5e74746b58118e0: Log matching property violated. Preceding OpId in replica: term: 1 index: 2. Preceding OpId from leader: term: 1 index: 3. (index mismatch)
I20260608 13:02:28.318840 32716 consensus_queue.cc:1048] T 55c27760987a4a9b8cbcb13f20bdee89 P 29750aa34ee94082a5e74746b58118e0 [LEADER]: Connected to new peer: Peer: permanent_uuid: "c4c901f1d9c54516a5e810b4596211bd" member_type: VOTER last_known_addr { host: "127.28.143.131" port: 37349 }, Status: LMP_MISMATCH, Last received: 0.0, Next index: 3, Last known committed idx: 2, Time since last communication: 0.001s
I20260608 13:02:28.324877 32509 raft_consensus.cc:697] T 15f70d137dbb4f4b846a9111b71d5d51 P 87c1030a8df0425693a8335a1a055ce5 [term 3 LEADER]: Becoming Leader. State: Replica: 87c1030a8df0425693a8335a1a055ce5, State: Running, Role: LEADER
I20260608 13:02:28.325963 32509 consensus_queue.cc:237] T 15f70d137dbb4f4b846a9111b71d5d51 P 87c1030a8df0425693a8335a1a055ce5 [LEADER]: Queue going to LEADER mode. State: All replicated index: 0, Majority replicated index: 2, Committed index: 2, Last appended: 2.3, Last appended by leader: 3, Current term: 3, Majority size: 2, State: 0, Mode: LEADER, active raft config: opid_index: 2 OBSOLETE_local: false peers { permanent_uuid: "87c1030a8df0425693a8335a1a055ce5" member_type: VOTER last_known_addr { host: "127.28.143.129" port: 43585 } } peers { permanent_uuid: "29750aa34ee94082a5e74746b58118e0" member_type: VOTER last_known_addr { host: "127.28.143.130" port: 44651 } } peers { permanent_uuid: "c4c901f1d9c54516a5e810b4596211bd" member_type: VOTER last_known_addr { host: "127.28.143.131" port: 37349 } attrs { replace: true } } peers { permanent_uuid: "837b0d3a8fdb405e848c4f77946af3ef" member_type: NON_VOTER last_known_addr { host: "127.28.143.132" port: 32915 } attrs { promote: true } }
I20260608 13:02:28.335947 32517 raft_consensus.cc:2955] T 55c27760987a4a9b8cbcb13f20bdee89 P 29750aa34ee94082a5e74746b58118e0 [term 1 LEADER]: Committing config change with OpId 1.3: config changed from index 2 to 3, 837b0d3a8fdb405e848c4f77946af3ef (127.28.143.132) changed from NON_VOTER to VOTER. New config: { opid_index: 3 OBSOLETE_local: false peers { permanent_uuid: "29750aa34ee94082a5e74746b58118e0" member_type: VOTER last_known_addr { host: "127.28.143.130" port: 44651 } } peers { permanent_uuid: "87c1030a8df0425693a8335a1a055ce5" member_type: VOTER last_known_addr { host: "127.28.143.129" port: 43585 } attrs { replace: true } } peers { permanent_uuid: "c4c901f1d9c54516a5e810b4596211bd" member_type: VOTER last_known_addr { host: "127.28.143.131" port: 37349 } } peers { permanent_uuid: "837b0d3a8fdb405e848c4f77946af3ef" member_type: VOTER last_known_addr { host: "127.28.143.132" port: 32915 } attrs { promote: false } } }
I20260608 13:02:28.339083 32144 catalog_manager.cc:5696] T 15f70d137dbb4f4b846a9111b71d5d51 P 87c1030a8df0425693a8335a1a055ce5 reported cstate change: term changed from 2 to 3, leader changed from c4c901f1d9c54516a5e810b4596211bd (127.28.143.131) to 87c1030a8df0425693a8335a1a055ce5 (127.28.143.129). New cstate: current_term: 3 leader_uuid: "87c1030a8df0425693a8335a1a055ce5" committed_config { opid_index: 2 OBSOLETE_local: false peers { permanent_uuid: "87c1030a8df0425693a8335a1a055ce5" member_type: VOTER last_known_addr { host: "127.28.143.129" port: 43585 } health_report { overall_health: HEALTHY } } peers { permanent_uuid: "29750aa34ee94082a5e74746b58118e0" member_type: VOTER last_known_addr { host: "127.28.143.130" port: 44651 } health_report { overall_health: UNKNOWN } } peers { permanent_uuid: "c4c901f1d9c54516a5e810b4596211bd" member_type: VOTER last_known_addr { host: "127.28.143.131" port: 37349 } attrs { replace: true } health_report { overall_health: UNKNOWN } } peers { permanent_uuid: "837b0d3a8fdb405e848c4f77946af3ef" member_type: NON_VOTER last_known_addr { host: "127.28.143.132" port: 32915 } attrs { promote: true } health_report { overall_health: UNKNOWN } } }
I20260608 13:02:28.340210 32568 raft_consensus.cc:2955] T 55c27760987a4a9b8cbcb13f20bdee89 P 837b0d3a8fdb405e848c4f77946af3ef [term 1 FOLLOWER]: Committing config change with OpId 1.3: config changed from index 2 to 3, 837b0d3a8fdb405e848c4f77946af3ef (127.28.143.132) changed from NON_VOTER to VOTER. New config: { opid_index: 3 OBSOLETE_local: false peers { permanent_uuid: "29750aa34ee94082a5e74746b58118e0" member_type: VOTER last_known_addr { host: "127.28.143.130" port: 44651 } } peers { permanent_uuid: "87c1030a8df0425693a8335a1a055ce5" member_type: VOTER last_known_addr { host: "127.28.143.129" port: 43585 } attrs { replace: true } } peers { permanent_uuid: "c4c901f1d9c54516a5e810b4596211bd" member_type: VOTER last_known_addr { host: "127.28.143.131" port: 37349 } } peers { permanent_uuid: "837b0d3a8fdb405e848c4f77946af3ef" member_type: VOTER last_known_addr { host: "127.28.143.132" port: 32915 } attrs { promote: false } } }
I20260608 13:02:28.345757 32322 consensus_queue.cc:237] T b0e82a6e26be45e481674a9341e10c4f P 29750aa34ee94082a5e74746b58118e0 [LEADER]: Queue going to LEADER mode. State: All replicated index: 0, Majority replicated index: 3, Committed index: 3, Last appended: 1.3, Last appended by leader: 0, Current term: 1, Majority size: 2, State: 0, Mode: LEADER, active raft config: opid_index: 4 OBSOLETE_local: false peers { permanent_uuid: "29750aa34ee94082a5e74746b58118e0" member_type: VOTER last_known_addr { host: "127.28.143.130" port: 44651 } } peers { permanent_uuid: "c4c901f1d9c54516a5e810b4596211bd" member_type: VOTER last_known_addr { host: "127.28.143.131" port: 37349 } } peers { permanent_uuid: "837b0d3a8fdb405e848c4f77946af3ef" member_type: VOTER last_known_addr { host: "127.28.143.132" port: 32915 } attrs { promote: false } }
I20260608 13:02:28.354152 32569 raft_consensus.cc:1275] T b0e82a6e26be45e481674a9341e10c4f P 837b0d3a8fdb405e848c4f77946af3ef [term 1 FOLLOWER]: Refusing update from remote peer 29750aa34ee94082a5e74746b58118e0: Log matching property violated. Preceding OpId in replica: term: 1 index: 3. Preceding OpId from leader: term: 1 index: 4. (index mismatch)
I20260608 13:02:28.354596 32398 raft_consensus.cc:1275] T b0e82a6e26be45e481674a9341e10c4f P c4c901f1d9c54516a5e810b4596211bd [term 1 FOLLOWER]: Refusing update from remote peer 29750aa34ee94082a5e74746b58118e0: Log matching property violated. Preceding OpId in replica: term: 1 index: 3. Preceding OpId from leader: term: 1 index: 4. (index mismatch)
I20260608 13:02:28.355901 32719 consensus_queue.cc:1048] T b0e82a6e26be45e481674a9341e10c4f P 29750aa34ee94082a5e74746b58118e0 [LEADER]: Connected to new peer: Peer: permanent_uuid: "837b0d3a8fdb405e848c4f77946af3ef" member_type: VOTER last_known_addr { host: "127.28.143.132" port: 32915 } attrs { promote: false }, Status: LMP_MISMATCH, Last received: 0.0, Next index: 4, Last known committed idx: 3, Time since last communication: 0.000s
I20260608 13:02:28.356866 32716 consensus_queue.cc:1048] T b0e82a6e26be45e481674a9341e10c4f P 29750aa34ee94082a5e74746b58118e0 [LEADER]: Connected to new peer: Peer: permanent_uuid: "c4c901f1d9c54516a5e810b4596211bd" member_type: VOTER last_known_addr { host: "127.28.143.131" port: 37349 }, Status: LMP_MISMATCH, Last received: 0.0, Next index: 4, Last known committed idx: 3, Time since last communication: 0.000s
I20260608 13:02:28.361975 32246 raft_consensus.cc:2955] T 55c27760987a4a9b8cbcb13f20bdee89 P 87c1030a8df0425693a8335a1a055ce5 [term 1 FOLLOWER]: Committing config change with OpId 1.3: config changed from index 2 to 3, 837b0d3a8fdb405e848c4f77946af3ef (127.28.143.132) changed from NON_VOTER to VOTER. New config: { opid_index: 3 OBSOLETE_local: false peers { permanent_uuid: "29750aa34ee94082a5e74746b58118e0" member_type: VOTER last_known_addr { host: "127.28.143.130" port: 44651 } } peers { permanent_uuid: "87c1030a8df0425693a8335a1a055ce5" member_type: VOTER last_known_addr { host: "127.28.143.129" port: 43585 } attrs { replace: true } } peers { permanent_uuid: "c4c901f1d9c54516a5e810b4596211bd" member_type: VOTER last_known_addr { host: "127.28.143.131" port: 37349 } } peers { permanent_uuid: "837b0d3a8fdb405e848c4f77946af3ef" member_type: VOTER last_known_addr { host: "127.28.143.132" port: 32915 } attrs { promote: false } } }
I20260608 13:02:28.367020 32719 raft_consensus.cc:2955] T b0e82a6e26be45e481674a9341e10c4f P 29750aa34ee94082a5e74746b58118e0 [term 1 LEADER]: Committing config change with OpId 1.4: config changed from index 3 to 4, VOTER 87c1030a8df0425693a8335a1a055ce5 (127.28.143.129) evicted. New config: { opid_index: 4 OBSOLETE_local: false peers { permanent_uuid: "29750aa34ee94082a5e74746b58118e0" member_type: VOTER last_known_addr { host: "127.28.143.130" port: 44651 } } peers { permanent_uuid: "c4c901f1d9c54516a5e810b4596211bd" member_type: VOTER last_known_addr { host: "127.28.143.131" port: 37349 } } peers { permanent_uuid: "837b0d3a8fdb405e848c4f77946af3ef" member_type: VOTER last_known_addr { host: "127.28.143.132" port: 32915 } attrs { promote: false } } }
I20260608 13:02:28.367817 32398 raft_consensus.cc:2955] T b0e82a6e26be45e481674a9341e10c4f P c4c901f1d9c54516a5e810b4596211bd [term 1 FOLLOWER]: Committing config change with OpId 1.4: config changed from index 3 to 4, VOTER 87c1030a8df0425693a8335a1a055ce5 (127.28.143.129) evicted. New config: { opid_index: 4 OBSOLETE_local: false peers { permanent_uuid: "29750aa34ee94082a5e74746b58118e0" member_type: VOTER last_known_addr { host: "127.28.143.130" port: 44651 } } peers { permanent_uuid: "c4c901f1d9c54516a5e810b4596211bd" member_type: VOTER last_known_addr { host: "127.28.143.131" port: 37349 } } peers { permanent_uuid: "837b0d3a8fdb405e848c4f77946af3ef" member_type: VOTER last_known_addr { host: "127.28.143.132" port: 32915 } attrs { promote: false } } }
I20260608 13:02:28.370800 32143 catalog_manager.cc:5696] T 55c27760987a4a9b8cbcb13f20bdee89 P 837b0d3a8fdb405e848c4f77946af3ef reported cstate change: config changed from index 2 to 3, 837b0d3a8fdb405e848c4f77946af3ef (127.28.143.132) changed from NON_VOTER to VOTER. New cstate: current_term: 1 leader_uuid: "29750aa34ee94082a5e74746b58118e0" committed_config { opid_index: 3 OBSOLETE_local: false peers { permanent_uuid: "29750aa34ee94082a5e74746b58118e0" member_type: VOTER last_known_addr { host: "127.28.143.130" port: 44651 } } peers { permanent_uuid: "87c1030a8df0425693a8335a1a055ce5" member_type: VOTER last_known_addr { host: "127.28.143.129" port: 43585 } attrs { replace: true } } peers { permanent_uuid: "c4c901f1d9c54516a5e810b4596211bd" member_type: VOTER last_known_addr { host: "127.28.143.131" port: 37349 } } peers { permanent_uuid: "837b0d3a8fdb405e848c4f77946af3ef" member_type: VOTER last_known_addr { host: "127.28.143.132" port: 32915 } attrs { promote: false } } }
I20260608 13:02:28.373924 32397 raft_consensus.cc:2955] T 55c27760987a4a9b8cbcb13f20bdee89 P c4c901f1d9c54516a5e810b4596211bd [term 1 FOLLOWER]: Committing config change with OpId 1.3: config changed from index 2 to 3, 837b0d3a8fdb405e848c4f77946af3ef (127.28.143.132) changed from NON_VOTER to VOTER. New config: { opid_index: 3 OBSOLETE_local: false peers { permanent_uuid: "29750aa34ee94082a5e74746b58118e0" member_type: VOTER last_known_addr { host: "127.28.143.130" port: 44651 } } peers { permanent_uuid: "87c1030a8df0425693a8335a1a055ce5" member_type: VOTER last_known_addr { host: "127.28.143.129" port: 43585 } attrs { replace: true } } peers { permanent_uuid: "c4c901f1d9c54516a5e810b4596211bd" member_type: VOTER last_known_addr { host: "127.28.143.131" port: 37349 } } peers { permanent_uuid: "837b0d3a8fdb405e848c4f77946af3ef" member_type: VOTER last_known_addr { host: "127.28.143.132" port: 32915 } attrs { promote: false } } }
I20260608 13:02:28.399843 32133 catalog_manager.cc:5209] ChangeConfig:REMOVE_PEER RPC for tablet b0e82a6e26be45e481674a9341e10c4f with cas_config_opid_index 3: ChangeConfig:REMOVE_PEER succeeded (attempt 1)
I20260608 13:02:28.402485 32568 raft_consensus.cc:2955] T b0e82a6e26be45e481674a9341e10c4f P 837b0d3a8fdb405e848c4f77946af3ef [term 1 FOLLOWER]: Committing config change with OpId 1.4: config changed from index 3 to 4, VOTER 87c1030a8df0425693a8335a1a055ce5 (127.28.143.129) evicted. New config: { opid_index: 4 OBSOLETE_local: false peers { permanent_uuid: "29750aa34ee94082a5e74746b58118e0" member_type: VOTER last_known_addr { host: "127.28.143.130" port: 44651 } } peers { permanent_uuid: "c4c901f1d9c54516a5e810b4596211bd" member_type: VOTER last_known_addr { host: "127.28.143.131" port: 37349 } } peers { permanent_uuid: "837b0d3a8fdb405e848c4f77946af3ef" member_type: VOTER last_known_addr { host: "127.28.143.132" port: 32915 } attrs { promote: false } } }
I20260608 13:02:28.405637 32144 catalog_manager.cc:5696] T b0e82a6e26be45e481674a9341e10c4f P c4c901f1d9c54516a5e810b4596211bd reported cstate change: config changed from index 3 to 4, VOTER 87c1030a8df0425693a8335a1a055ce5 (127.28.143.129) evicted. New cstate: current_term: 1 leader_uuid: "29750aa34ee94082a5e74746b58118e0" committed_config { opid_index: 4 OBSOLETE_local: false peers { permanent_uuid: "29750aa34ee94082a5e74746b58118e0" member_type: VOTER last_known_addr { host: "127.28.143.130" port: 44651 } } peers { permanent_uuid: "c4c901f1d9c54516a5e810b4596211bd" member_type: VOTER last_known_addr { host: "127.28.143.131" port: 37349 } } peers { permanent_uuid: "837b0d3a8fdb405e848c4f77946af3ef" member_type: VOTER last_known_addr { host: "127.28.143.132" port: 32915 } attrs { promote: false } } }
I20260608 13:02:28.407689 32322 consensus_queue.cc:237] T 55c27760987a4a9b8cbcb13f20bdee89 P 29750aa34ee94082a5e74746b58118e0 [LEADER]: Queue going to LEADER mode. State: All replicated index: 0, Majority replicated index: 3, Committed index: 3, Last appended: 1.3, Last appended by leader: 0, Current term: 1, Majority size: 2, State: 0, Mode: LEADER, active raft config: opid_index: 4 OBSOLETE_local: false peers { permanent_uuid: "29750aa34ee94082a5e74746b58118e0" member_type: VOTER last_known_addr { host: "127.28.143.130" port: 44651 } } peers { permanent_uuid: "c4c901f1d9c54516a5e810b4596211bd" member_type: VOTER last_known_addr { host: "127.28.143.131" port: 37349 } } peers { permanent_uuid: "837b0d3a8fdb405e848c4f77946af3ef" member_type: VOTER last_known_addr { host: "127.28.143.132" port: 32915 } attrs { promote: false } }
I20260608 13:02:28.418048 32397 raft_consensus.cc:1275] T 55c27760987a4a9b8cbcb13f20bdee89 P c4c901f1d9c54516a5e810b4596211bd [term 1 FOLLOWER]: Refusing update from remote peer 29750aa34ee94082a5e74746b58118e0: Log matching property violated. Preceding OpId in replica: term: 1 index: 3. Preceding OpId from leader: term: 1 index: 4. (index mismatch)
I20260608 13:02:28.419574 32568 raft_consensus.cc:1275] T 55c27760987a4a9b8cbcb13f20bdee89 P 837b0d3a8fdb405e848c4f77946af3ef [term 1 FOLLOWER]: Refusing update from remote peer 29750aa34ee94082a5e74746b58118e0: Log matching property violated. Preceding OpId in replica: term: 1 index: 3. Preceding OpId from leader: term: 1 index: 4. (index mismatch)
I20260608 13:02:28.419873 32751 consensus_queue.cc:1048] T 55c27760987a4a9b8cbcb13f20bdee89 P 29750aa34ee94082a5e74746b58118e0 [LEADER]: Connected to new peer: Peer: permanent_uuid: "c4c901f1d9c54516a5e810b4596211bd" member_type: VOTER last_known_addr { host: "127.28.143.131" port: 37349 }, Status: LMP_MISMATCH, Last received: 0.0, Next index: 4, Last known committed idx: 3, Time since last communication: 0.001s
I20260608 13:02:28.423633 32233 tablet_service.cc:1558] Processing DeleteTablet for tablet b0e82a6e26be45e481674a9341e10c4f with delete_type TABLET_DATA_TOMBSTONED (TS 87c1030a8df0425693a8335a1a055ce5 not found in new config with opid_index 4) from {username='slave'} at 127.0.0.1:46374
I20260608 13:02:28.427297 32716 consensus_queue.cc:1048] T 55c27760987a4a9b8cbcb13f20bdee89 P 29750aa34ee94082a5e74746b58118e0 [LEADER]: Connected to new peer: Peer: permanent_uuid: "837b0d3a8fdb405e848c4f77946af3ef" member_type: VOTER last_known_addr { host: "127.28.143.132" port: 32915 } attrs { promote: false }, Status: LMP_MISMATCH, Last received: 0.0, Next index: 4, Last known committed idx: 3, Time since last communication: 0.001s
I20260608 13:02:28.429934 32717 raft_consensus.cc:2955] T 55c27760987a4a9b8cbcb13f20bdee89 P 29750aa34ee94082a5e74746b58118e0 [term 1 LEADER]: Committing config change with OpId 1.4: config changed from index 3 to 4, VOTER 87c1030a8df0425693a8335a1a055ce5 (127.28.143.129) evicted. New config: { opid_index: 4 OBSOLETE_local: false peers { permanent_uuid: "29750aa34ee94082a5e74746b58118e0" member_type: VOTER last_known_addr { host: "127.28.143.130" port: 44651 } } peers { permanent_uuid: "c4c901f1d9c54516a5e810b4596211bd" member_type: VOTER last_known_addr { host: "127.28.143.131" port: 37349 } } peers { permanent_uuid: "837b0d3a8fdb405e848c4f77946af3ef" member_type: VOTER last_known_addr { host: "127.28.143.132" port: 32915 } attrs { promote: false } } }
I20260608 13:02:28.432118 32398 raft_consensus.cc:2955] T 55c27760987a4a9b8cbcb13f20bdee89 P c4c901f1d9c54516a5e810b4596211bd [term 1 FOLLOWER]: Committing config change with OpId 1.4: config changed from index 3 to 4, VOTER 87c1030a8df0425693a8335a1a055ce5 (127.28.143.129) evicted. New config: { opid_index: 4 OBSOLETE_local: false peers { permanent_uuid: "29750aa34ee94082a5e74746b58118e0" member_type: VOTER last_known_addr { host: "127.28.143.130" port: 44651 } } peers { permanent_uuid: "c4c901f1d9c54516a5e810b4596211bd" member_type: VOTER last_known_addr { host: "127.28.143.131" port: 37349 } } peers { permanent_uuid: "837b0d3a8fdb405e848c4f77946af3ef" member_type: VOTER last_known_addr { host: "127.28.143.132" port: 32915 } attrs { promote: false } } }
I20260608 13:02:28.437093 32752 tablet_replica.cc:333] T b0e82a6e26be45e481674a9341e10c4f P 87c1030a8df0425693a8335a1a055ce5: stopping tablet replica
I20260608 13:02:28.438349 32752 raft_consensus.cc:2243] T b0e82a6e26be45e481674a9341e10c4f P 87c1030a8df0425693a8335a1a055ce5 [term 1 FOLLOWER]: Raft consensus shutting down.
I20260608 13:02:28.439342 32568 raft_consensus.cc:2955] T 55c27760987a4a9b8cbcb13f20bdee89 P 837b0d3a8fdb405e848c4f77946af3ef [term 1 FOLLOWER]: Committing config change with OpId 1.4: config changed from index 3 to 4, VOTER 87c1030a8df0425693a8335a1a055ce5 (127.28.143.129) evicted. New config: { opid_index: 4 OBSOLETE_local: false peers { permanent_uuid: "29750aa34ee94082a5e74746b58118e0" member_type: VOTER last_known_addr { host: "127.28.143.130" port: 44651 } } peers { permanent_uuid: "c4c901f1d9c54516a5e810b4596211bd" member_type: VOTER last_known_addr { host: "127.28.143.131" port: 37349 } } peers { permanent_uuid: "837b0d3a8fdb405e848c4f77946af3ef" member_type: VOTER last_known_addr { host: "127.28.143.132" port: 32915 } attrs { promote: false } } }
I20260608 13:02:28.440539 32752 raft_consensus.cc:2272] T b0e82a6e26be45e481674a9341e10c4f P 87c1030a8df0425693a8335a1a055ce5 [term 1 FOLLOWER]: Raft consensus is shut down!
I20260608 13:02:28.444370 32752 ts_tablet_manager.cc:1916] T b0e82a6e26be45e481674a9341e10c4f P 87c1030a8df0425693a8335a1a055ce5: Deleting tablet data with delete state TABLET_DATA_TOMBSTONED
I20260608 13:02:28.446382 32133 catalog_manager.cc:5209] ChangeConfig:REMOVE_PEER RPC for tablet 55c27760987a4a9b8cbcb13f20bdee89 with cas_config_opid_index 3: ChangeConfig:REMOVE_PEER succeeded (attempt 1)
I20260608 13:02:28.445871 32145 catalog_manager.cc:5696] T 55c27760987a4a9b8cbcb13f20bdee89 P c4c901f1d9c54516a5e810b4596211bd reported cstate change: config changed from index 3 to 4, VOTER 87c1030a8df0425693a8335a1a055ce5 (127.28.143.129) evicted. New cstate: current_term: 1 leader_uuid: "29750aa34ee94082a5e74746b58118e0" committed_config { opid_index: 4 OBSOLETE_local: false peers { permanent_uuid: "29750aa34ee94082a5e74746b58118e0" member_type: VOTER last_known_addr { host: "127.28.143.130" port: 44651 } } peers { permanent_uuid: "c4c901f1d9c54516a5e810b4596211bd" member_type: VOTER last_known_addr { host: "127.28.143.131" port: 37349 } } peers { permanent_uuid: "837b0d3a8fdb405e848c4f77946af3ef" member_type: VOTER last_known_addr { host: "127.28.143.132" port: 32915 } attrs { promote: false } } }
I20260608 13:02:28.459544 32233 tablet_service.cc:1558] Processing DeleteTablet for tablet 55c27760987a4a9b8cbcb13f20bdee89 with delete_type TABLET_DATA_TOMBSTONED (TS 87c1030a8df0425693a8335a1a055ce5 not found in new config with opid_index 4) from {username='slave'} at 127.0.0.1:46374
I20260608 13:02:28.462383 32752 ts_tablet_manager.cc:1929] T b0e82a6e26be45e481674a9341e10c4f P 87c1030a8df0425693a8335a1a055ce5: tablet deleted with delete type TABLET_DATA_TOMBSTONED: last-logged OpId 1.3
I20260608 13:02:28.462787 32752 log.cc:1199] T b0e82a6e26be45e481674a9341e10c4f P 87c1030a8df0425693a8335a1a055ce5: Deleting WAL directory at /tmp/dist-test-taskOzhJ22/test-tmp/auto_rebalancer-test.0.AutoRebalancerTest.RangeAwareRebalancesNewRangeReplicas.1780923663004929-29246-0/minicluster-data/ts-0-root/wals/b0e82a6e26be45e481674a9341e10c4f
I20260608 13:02:28.464406 32133 catalog_manager.cc:5027] TS 87c1030a8df0425693a8335a1a055ce5 (127.28.143.129:43585): tablet b0e82a6e26be45e481674a9341e10c4f (table range_aware_rebalance_new_range [id=cdf60204024e41fe98593dff2a64211c]) successfully deleted
I20260608 13:02:28.464524 32752 tablet_replica.cc:333] T 55c27760987a4a9b8cbcb13f20bdee89 P 87c1030a8df0425693a8335a1a055ce5: stopping tablet replica
I20260608 13:02:28.465502 32752 raft_consensus.cc:2243] T 55c27760987a4a9b8cbcb13f20bdee89 P 87c1030a8df0425693a8335a1a055ce5 [term 1 FOLLOWER]: Raft consensus shutting down.
I20260608 13:02:28.466421 32752 raft_consensus.cc:2272] T 55c27760987a4a9b8cbcb13f20bdee89 P 87c1030a8df0425693a8335a1a055ce5 [term 1 FOLLOWER]: Raft consensus is shut down!
I20260608 13:02:28.469637 32752 ts_tablet_manager.cc:1916] T 55c27760987a4a9b8cbcb13f20bdee89 P 87c1030a8df0425693a8335a1a055ce5: Deleting tablet data with delete state TABLET_DATA_TOMBSTONED
I20260608 13:02:28.480590 32752 ts_tablet_manager.cc:1929] T 55c27760987a4a9b8cbcb13f20bdee89 P 87c1030a8df0425693a8335a1a055ce5: tablet deleted with delete type TABLET_DATA_TOMBSTONED: last-logged OpId 1.3
I20260608 13:02:28.480984 32752 log.cc:1199] T 55c27760987a4a9b8cbcb13f20bdee89 P 87c1030a8df0425693a8335a1a055ce5: Deleting WAL directory at /tmp/dist-test-taskOzhJ22/test-tmp/auto_rebalancer-test.0.AutoRebalancerTest.RangeAwareRebalancesNewRangeReplicas.1780923663004929-29246-0/minicluster-data/ts-0-root/wals/55c27760987a4a9b8cbcb13f20bdee89
I20260608 13:02:28.482179 32133 catalog_manager.cc:5027] TS 87c1030a8df0425693a8335a1a055ce5 (127.28.143.129:43585): tablet 55c27760987a4a9b8cbcb13f20bdee89 (table range_aware_rebalance_new_range [id=cdf60204024e41fe98593dff2a64211c]) successfully deleted
I20260608 13:02:28.715317 32322 raft_consensus.cc:3060] T 15f70d137dbb4f4b846a9111b71d5d51 P 29750aa34ee94082a5e74746b58118e0 [term 2 FOLLOWER]: Advancing to term 3
I20260608 13:02:28.719775 32322 raft_consensus.cc:1275] T 15f70d137dbb4f4b846a9111b71d5d51 P 29750aa34ee94082a5e74746b58118e0 [term 3 FOLLOWER]: Refusing update from remote peer 87c1030a8df0425693a8335a1a055ce5: Log matching property violated. Preceding OpId in replica: term: 2 index: 3. Preceding OpId from leader: term: 3 index: 4. (index mismatch)
I20260608 13:02:28.721104 32749 consensus_queue.cc:1048] T 15f70d137dbb4f4b846a9111b71d5d51 P 87c1030a8df0425693a8335a1a055ce5 [LEADER]: Connected to new peer: Peer: permanent_uuid: "29750aa34ee94082a5e74746b58118e0" member_type: VOTER last_known_addr { host: "127.28.143.130" port: 44651 }, Status: LMP_MISMATCH, Last received: 0.0, Next index: 4, Last known committed idx: 3, Time since last communication: 0.000s
I20260608 13:02:28.730127 32568 raft_consensus.cc:3060] T 15f70d137dbb4f4b846a9111b71d5d51 P 837b0d3a8fdb405e848c4f77946af3ef [term 2 LEARNER]: Advancing to term 3
I20260608 13:02:28.731359 32398 raft_consensus.cc:1275] T 15f70d137dbb4f4b846a9111b71d5d51 P c4c901f1d9c54516a5e810b4596211bd [term 3 FOLLOWER]: Refusing update from remote peer 87c1030a8df0425693a8335a1a055ce5: Log matching property violated. Preceding OpId in replica: term: 2 index: 3. Preceding OpId from leader: term: 3 index: 4. (index mismatch)
I20260608 13:02:28.733037 32749 consensus_queue.cc:1048] T 15f70d137dbb4f4b846a9111b71d5d51 P 87c1030a8df0425693a8335a1a055ce5 [LEADER]: Connected to new peer: Peer: permanent_uuid: "c4c901f1d9c54516a5e810b4596211bd" member_type: VOTER last_known_addr { host: "127.28.143.131" port: 37349 } attrs { replace: true }, Status: LMP_MISMATCH, Last received: 0.0, Next index: 4, Last known committed idx: 3, Time since last communication: 0.000s
I20260608 13:02:28.737335 32568 raft_consensus.cc:1275] T 15f70d137dbb4f4b846a9111b71d5d51 P 837b0d3a8fdb405e848c4f77946af3ef [term 3 LEARNER]: Refusing update from remote peer 87c1030a8df0425693a8335a1a055ce5: Log matching property violated. Preceding OpId in replica: term: 2 index: 3. Preceding OpId from leader: term: 3 index: 4. (index mismatch)
I20260608 13:02:28.739058 32749 consensus_queue.cc:1048] T 15f70d137dbb4f4b846a9111b71d5d51 P 87c1030a8df0425693a8335a1a055ce5 [LEADER]: Connected to new peer: Peer: permanent_uuid: "837b0d3a8fdb405e848c4f77946af3ef" member_type: NON_VOTER last_known_addr { host: "127.28.143.132" port: 32915 } attrs { promote: true }, Status: LMP_MISMATCH, Last received: 0.0, Next index: 4, Last known committed idx: 3, Time since last communication: 0.000s
I20260608 13:02:28.747373 32749 raft_consensus.cc:1064] T 15f70d137dbb4f4b846a9111b71d5d51 P 87c1030a8df0425693a8335a1a055ce5: attempting to promote NON_VOTER 837b0d3a8fdb405e848c4f77946af3ef to VOTER
I20260608 13:02:28.749450 32749 consensus_queue.cc:237] T 15f70d137dbb4f4b846a9111b71d5d51 P 87c1030a8df0425693a8335a1a055ce5 [LEADER]: Queue going to LEADER mode. State: All replicated index: 0, Majority replicated index: 4, Committed index: 4, Last appended: 3.4, Last appended by leader: 3, Current term: 3, Majority size: 3, State: 0, Mode: LEADER, active raft config: opid_index: 5 OBSOLETE_local: false peers { permanent_uuid: "87c1030a8df0425693a8335a1a055ce5" member_type: VOTER last_known_addr { host: "127.28.143.129" port: 43585 } } peers { permanent_uuid: "29750aa34ee94082a5e74746b58118e0" member_type: VOTER last_known_addr { host: "127.28.143.130" port: 44651 } } peers { permanent_uuid: "c4c901f1d9c54516a5e810b4596211bd" member_type: VOTER last_known_addr { host: "127.28.143.131" port: 37349 } attrs { replace: true } } peers { permanent_uuid: "837b0d3a8fdb405e848c4f77946af3ef" member_type: VOTER last_known_addr { host: "127.28.143.132" port: 32915 } attrs { promote: false } }
I20260608 13:02:28.755594 32398 raft_consensus.cc:1275] T 15f70d137dbb4f4b846a9111b71d5d51 P c4c901f1d9c54516a5e810b4596211bd [term 3 FOLLOWER]: Refusing update from remote peer 87c1030a8df0425693a8335a1a055ce5: Log matching property violated. Preceding OpId in replica: term: 3 index: 4. Preceding OpId from leader: term: 3 index: 5. (index mismatch)
I20260608 13:02:28.756428 32322 raft_consensus.cc:1275] T 15f70d137dbb4f4b846a9111b71d5d51 P 29750aa34ee94082a5e74746b58118e0 [term 3 FOLLOWER]: Refusing update from remote peer 87c1030a8df0425693a8335a1a055ce5: Log matching property violated. Preceding OpId in replica: term: 3 index: 4. Preceding OpId from leader: term: 3 index: 5. (index mismatch)
I20260608 13:02:28.756963 32568 raft_consensus.cc:1275] T 15f70d137dbb4f4b846a9111b71d5d51 P 837b0d3a8fdb405e848c4f77946af3ef [term 3 LEARNER]: Refusing update from remote peer 87c1030a8df0425693a8335a1a055ce5: Log matching property violated. Preceding OpId in replica: term: 3 index: 4. Preceding OpId from leader: term: 3 index: 5. (index mismatch)
I20260608 13:02:28.757192 32749 consensus_queue.cc:1048] T 15f70d137dbb4f4b846a9111b71d5d51 P 87c1030a8df0425693a8335a1a055ce5 [LEADER]: Connected to new peer: Peer: permanent_uuid: "c4c901f1d9c54516a5e810b4596211bd" member_type: VOTER last_known_addr { host: "127.28.143.131" port: 37349 } attrs { replace: true }, Status: LMP_MISMATCH, Last received: 0.0, Next index: 5, Last known committed idx: 4, Time since last communication: 0.000s
I20260608 13:02:28.758101 32509 consensus_queue.cc:1048] T 15f70d137dbb4f4b846a9111b71d5d51 P 87c1030a8df0425693a8335a1a055ce5 [LEADER]: Connected to new peer: Peer: permanent_uuid: "29750aa34ee94082a5e74746b58118e0" member_type: VOTER last_known_addr { host: "127.28.143.130" port: 44651 }, Status: LMP_MISMATCH, Last received: 0.0, Next index: 5, Last known committed idx: 4, Time since last communication: 0.000s
I20260608 13:02:28.758829 32745 consensus_queue.cc:1048] T 15f70d137dbb4f4b846a9111b71d5d51 P 87c1030a8df0425693a8335a1a055ce5 [LEADER]: Connected to new peer: Peer: permanent_uuid: "837b0d3a8fdb405e848c4f77946af3ef" member_type: VOTER last_known_addr { host: "127.28.143.132" port: 32915 } attrs { promote: false }, Status: LMP_MISMATCH, Last received: 0.0, Next index: 5, Last known committed idx: 4, Time since last communication: 0.000s
