I20260608 13:02:40.111232 12408 catalog_manager.cc:5696] T 8a8477ea594d4b63b0d25946fd94736c P 420f7d61e9f8406295d278b3d45d56cc reported cstate change: term changed from 0 to 1, leader changed from <none> to 420f7d61e9f8406295d278b3d45d56cc (127.8.46.193). New cstate: current_term: 1 leader_uuid: "420f7d61e9f8406295d278b3d45d56cc" committed_config { opid_index: -1 OBSOLETE_local: false peers { permanent_uuid: "3e41245abba44f2cbec5310434e1751a" member_type: VOTER last_known_addr { host: "127.8.46.194" port: 38181 } health_report { overall_health: UNKNOWN } } peers { permanent_uuid: "b45a5dffb3644a5989a3b3ac16bdbfc0" member_type: VOTER last_known_addr { host: "127.8.46.195" port: 45775 } health_report { overall_health: UNKNOWN } } peers { permanent_uuid: "420f7d61e9f8406295d278b3d45d56cc" member_type: VOTER last_known_addr { host: "127.8.46.193" port: 45963 } health_report { overall_health: HEALTHY } } }
I20260608 13:02:40.452032 12456 placement_policy_util.cc:407] tablet 8a8477ea594d4b63b0d25946fd94736c: detected majority of replicas (2 of 3) at location L0
I20260608 13:02:40.453935 12461 auto_leader_rebalancer.cc:140] leader rebalance for table test-workload
I20260608 13:02:40.455663 12461 auto_leader_rebalancer.cc:388] table: test-workload, leader rebalance finish, leader transfer count: 0
I20260608 13:02:40.456056 12461 auto_leader_rebalancer.cc:451] All tables' leader rebalancing finished this round
I20260608 13:02:40.562835 12713 consensus_queue.cc:1048] T 8a8477ea594d4b63b0d25946fd94736c P 420f7d61e9f8406295d278b3d45d56cc [LEADER]: Connected to new peer: Peer: permanent_uuid: "3e41245abba44f2cbec5310434e1751a" member_type: VOTER last_known_addr { host: "127.8.46.194" port: 38181 }, Status: LMP_MISMATCH, Last received: 0.0, Next index: 1, Last known committed idx: 0, Time since last communication: 0.000s
I20260608 13:02:40.576855 12713 consensus_queue.cc:1048] T 8a8477ea594d4b63b0d25946fd94736c P 420f7d61e9f8406295d278b3d45d56cc [LEADER]: Connected to new peer: Peer: permanent_uuid: "b45a5dffb3644a5989a3b3ac16bdbfc0" member_type: VOTER last_known_addr { host: "127.8.46.195" port: 45775 }, Status: LMP_MISMATCH, Last received: 0.0, Next index: 1, Last known committed idx: 0, Time since last communication: 0.000s
I20260608 13:02:41.461505 12456 placement_policy_util.cc:407] tablet 8a8477ea594d4b63b0d25946fd94736c: detected majority of replicas (2 of 3) at location L0
I20260608 13:02:42.457017 12461 auto_leader_rebalancer.cc:140] leader rebalance for table test-workload
I20260608 13:02:42.458428 12461 auto_leader_rebalancer.cc:388] table: test-workload, leader rebalance finish, leader transfer count: 0
I20260608 13:02:42.458743 12461 auto_leader_rebalancer.cc:451] All tables' leader rebalancing finished this round
I20260608 13:02:42.470106 12456 placement_policy_util.cc:407] tablet 8a8477ea594d4b63b0d25946fd94736c: detected majority of replicas (2 of 3) at location L0
I20260608 13:02:43.478621 12456 placement_policy_util.cc:407] tablet 8a8477ea594d4b63b0d25946fd94736c: detected majority of replicas (2 of 3) at location L0
I20260608 13:02:44.459635 12461 auto_leader_rebalancer.cc:140] leader rebalance for table test-workload
I20260608 13:02:44.460989 12461 auto_leader_rebalancer.cc:388] table: test-workload, leader rebalance finish, leader transfer count: 0
I20260608 13:02:44.461310 12461 auto_leader_rebalancer.cc:451] All tables' leader rebalancing finished this round
I20260608 13:02:44.487010 12456 placement_policy_util.cc:407] tablet 8a8477ea594d4b63b0d25946fd94736c: detected majority of replicas (2 of 3) at location L0
I20260608 13:02:45.495896 12456 placement_policy_util.cc:407] tablet 8a8477ea594d4b63b0d25946fd94736c: detected majority of replicas (2 of 3) at location L0
I20260608 13:02:46.462549 12461 auto_leader_rebalancer.cc:140] leader rebalance for table test-workload
I20260608 13:02:46.464402 12461 auto_leader_rebalancer.cc:388] table: test-workload, leader rebalance finish, leader transfer count: 0
I20260608 13:02:46.464778 12461 auto_leader_rebalancer.cc:451] All tables' leader rebalancing finished this round
I20260608 13:02:46.504791 12456 placement_policy_util.cc:407] tablet 8a8477ea594d4b63b0d25946fd94736c: detected majority of replicas (2 of 3) at location L0
I20260608 13:02:47.513281 12456 placement_policy_util.cc:407] tablet 8a8477ea594d4b63b0d25946fd94736c: detected majority of replicas (2 of 3) at location L0
I20260608 13:02:48.465778 12461 auto_leader_rebalancer.cc:140] leader rebalance for table test-workload
I20260608 13:02:48.467133 12461 auto_leader_rebalancer.cc:388] table: test-workload, leader rebalance finish, leader transfer count: 0
I20260608 13:02:48.467450 12461 auto_leader_rebalancer.cc:451] All tables' leader rebalancing finished this round
I20260608 13:02:48.521131 12456 placement_policy_util.cc:407] tablet 8a8477ea594d4b63b0d25946fd94736c: detected majority of replicas (2 of 3) at location L0
I20260608 13:02:49.528267 12456 placement_policy_util.cc:407] tablet 8a8477ea594d4b63b0d25946fd94736c: detected majority of replicas (2 of 3) at location L0
I20260608 13:02:50.468379 12461 auto_leader_rebalancer.cc:140] leader rebalance for table test-workload
I20260608 13:02:50.469815 12461 auto_leader_rebalancer.cc:388] table: test-workload, leader rebalance finish, leader transfer count: 0
I20260608 13:02:50.470165 12461 auto_leader_rebalancer.cc:451] All tables' leader rebalancing finished this round
I20260608 13:02:50.535478 12456 placement_policy_util.cc:407] tablet 8a8477ea594d4b63b0d25946fd94736c: detected majority of replicas (2 of 3) at location L0
I20260608 13:02:51.220445  8379 tablet_server.cc:179] TabletServer@127.8.46.193:0 shutting down...
I20260608 13:02:51.250942  8379 ts_tablet_manager.cc:1507] Shutting down tablet manager...
I20260608 13:02:51.251681  8379 tablet_replica.cc:333] T 8a8477ea594d4b63b0d25946fd94736c P 420f7d61e9f8406295d278b3d45d56cc: stopping tablet replica
I20260608 13:02:51.252277  8379 raft_consensus.cc:2243] T 8a8477ea594d4b63b0d25946fd94736c P 420f7d61e9f8406295d278b3d45d56cc [term 1 LEADER]: Raft consensus shutting down.
I20260608 13:02:51.253407  8379 raft_consensus.cc:2272] T 8a8477ea594d4b63b0d25946fd94736c P 420f7d61e9f8406295d278b3d45d56cc [term 1 FOLLOWER]: Raft consensus is shut down!
I20260608 13:02:51.274962  8379 tablet_server.cc:196] TabletServer@127.8.46.193:0 shutdown complete.
I20260608 13:02:51.287418  8379 tablet_server.cc:179] TabletServer@127.8.46.194:0 shutting down...
I20260608 13:02:51.308301  8379 ts_tablet_manager.cc:1507] Shutting down tablet manager...
I20260608 13:02:51.309062  8379 tablet_replica.cc:333] T 8a8477ea594d4b63b0d25946fd94736c P 3e41245abba44f2cbec5310434e1751a: stopping tablet replica
I20260608 13:02:51.309614  8379 raft_consensus.cc:2243] T 8a8477ea594d4b63b0d25946fd94736c P 3e41245abba44f2cbec5310434e1751a [term 1 FOLLOWER]: Raft consensus shutting down.
I20260608 13:02:51.310120  8379 raft_consensus.cc:2272] T 8a8477ea594d4b63b0d25946fd94736c P 3e41245abba44f2cbec5310434e1751a [term 1 FOLLOWER]: Raft consensus is shut down!
I20260608 13:02:51.329519  8379 tablet_server.cc:196] TabletServer@127.8.46.194:0 shutdown complete.
I20260608 13:02:51.341012  8379 tablet_server.cc:179] TabletServer@127.8.46.195:0 shutting down...
I20260608 13:02:51.361284  8379 ts_tablet_manager.cc:1507] Shutting down tablet manager...
I20260608 13:02:51.362015  8379 tablet_replica.cc:333] T 8a8477ea594d4b63b0d25946fd94736c P b45a5dffb3644a5989a3b3ac16bdbfc0: stopping tablet replica
I20260608 13:02:51.362594  8379 raft_consensus.cc:2243] T 8a8477ea594d4b63b0d25946fd94736c P b45a5dffb3644a5989a3b3ac16bdbfc0 [term 1 FOLLOWER]: Raft consensus shutting down.
I20260608 13:02:51.363124  8379 raft_consensus.cc:2272] T 8a8477ea594d4b63b0d25946fd94736c P b45a5dffb3644a5989a3b3ac16bdbfc0 [term 1 FOLLOWER]: Raft consensus is shut down!
I20260608 13:02:51.382788  8379 tablet_server.cc:196] TabletServer@127.8.46.195:0 shutdown complete.
I20260608 13:02:51.394381  8379 master.cc:562] Master@127.8.46.254:44387 shutting down...
I20260608 13:02:51.414023  8379 raft_consensus.cc:2243] T 00000000000000000000000000000000 P c8084abdd7024989b5de3802b3bf0748 [term 1 LEADER]: Raft consensus shutting down.
I20260608 13:02:51.414716  8379 raft_consensus.cc:2272] T 00000000000000000000000000000000 P c8084abdd7024989b5de3802b3bf0748 [term 1 FOLLOWER]: Raft consensus is shut down!
I20260608 13:02:51.415078  8379 tablet_replica.cc:333] T 00000000000000000000000000000000 P c8084abdd7024989b5de3802b3bf0748: stopping tablet replica
I20260608 13:02:51.433585  8379 master.cc:584] Master@127.8.46.254:44387 shutdown complete.
[       OK ] AutoRebalancerTest.NoReplicaMovesIfCannotFixPlacementPolicy (13154 ms)
[ RUN      ] AutoRebalancerTest.TestMaxMovesPerServer
I20260608 13:02:51.471071  8379 internal_mini_cluster.cc:156] Creating distributed mini masters. Addrs: 127.8.46.254:39165
I20260608 13:02:51.472371  8379 file_cache.cc:492] Constructed file cache file cache with capacity 419430
W20260608 13:02:51.478473 12729 instance_detector.cc:116] could not retrieve AWS instance metadata: Network error: curl error: HTTP response code said error: The requested URL returned error: 404
W20260608 13:02:51.478535 12730 instance_detector.cc:116] could not retrieve Azure instance metadata: Network error: curl error: HTTP response code said error: The requested URL returned error: 404
W20260608 13:02:51.479267 12732 instance_detector.cc:116] could not retrieve OpenStack instance metadata: Network error: curl error: HTTP response code said error: The requested URL returned error: 404
I20260608 13:02:51.481115  8379 server_base.cc:1061] running on GCE node
I20260608 13:02:51.481899  8379 hybrid_clock.cc:584] initializing the hybrid clock with 'system_unsync' time source
W20260608 13:02:51.482095  8379 system_unsync_time.cc:38] NTP support is disabled. Clock error bounds will not be accurate. This configuration is not suitable for distributed clusters.
I20260608 13:02:51.482254  8379 hybrid_clock.cc:648] HybridClock initialized: now 1780923771482222 us; error 0 us; skew 500 ppm
I20260608 13:02:51.482825  8379 server_base.cc:861] Flag tcmalloc_max_total_thread_cache_bytes is not working since tcmalloc is not enabled.
I20260608 13:02:51.485262  8379 webserver.cc:533] Webserver started at http://127.8.46.254:33881/ using document root <none> and password file <none>
I20260608 13:02:51.485766  8379 fs_manager.cc:362] Metadata directory not provided
I20260608 13:02:51.485963  8379 fs_manager.cc:368] Using write-ahead log directory (fs_wal_dir) as metadata directory
I20260608 13:02:51.486250  8379 server_base.cc:909] This appears to be a new deployment of Kudu; creating new FS layout
I20260608 13:02:51.487375  8379 fs_manager.cc:1068] Generated new instance metadata in path /tmp/dist-test-taskiX_mEn/test-tmp/auto_rebalancer-test.0.AutoRebalancerTest.TestMaxMovesPerServer.1780923654413491-8379-0/minicluster-data/master-0-root/instance:
uuid: "4c7587ac155742859e5f983fce93ec73"
format_stamp: "Formatted at 2026-06-08 13:02:51 on dist-test-slave-9zcl"
I20260608 13:02:51.491883  8379 fs_manager.cc:696] Time spent creating directory manager: real 0.004s	user 0.002s	sys 0.004s
I20260608 13:02:51.495585 12737 log_block_manager.cc:4031] Time spent loading block containers with low live blocks: real 0.000s	user 0.000s	sys 0.000s
I20260608 13:02:51.496368  8379 fs_manager.cc:730] Time spent opening block manager: real 0.002s	user 0.002s	sys 0.000s
I20260608 13:02:51.496677  8379 fs_manager.cc:647] Opened local filesystem: /tmp/dist-test-taskiX_mEn/test-tmp/auto_rebalancer-test.0.AutoRebalancerTest.TestMaxMovesPerServer.1780923654413491-8379-0/minicluster-data/master-0-root
uuid: "4c7587ac155742859e5f983fce93ec73"
format_stamp: "Formatted at 2026-06-08 13:02:51 on dist-test-slave-9zcl"
I20260608 13:02:51.496991  8379 fs_report.cc:389] FS layout report
--------------------
wal directory: /tmp/dist-test-taskiX_mEn/test-tmp/auto_rebalancer-test.0.AutoRebalancerTest.TestMaxMovesPerServer.1780923654413491-8379-0/minicluster-data/master-0-root
metadata directory: /tmp/dist-test-taskiX_mEn/test-tmp/auto_rebalancer-test.0.AutoRebalancerTest.TestMaxMovesPerServer.1780923654413491-8379-0/minicluster-data/master-0-root
1 data directories: /tmp/dist-test-taskiX_mEn/test-tmp/auto_rebalancer-test.0.AutoRebalancerTest.TestMaxMovesPerServer.1780923654413491-8379-0/minicluster-data/master-0-root/data
Total live blocks: 0
Total live bytes: 0
Total live bytes (after alignment): 0
Total number of LBM containers: 0 (0 full)
Did not check for missing blocks
Did not check for orphaned blocks
Total full LBM containers with extra space: 0 (0 repaired)
Total full LBM container extra space in bytes: 0 (0 repaired)
Total incomplete LBM containers: 0 (0 repaired)
Total LBM partial records: 0 (0 repaired)
Total corrupted LBM metadata records in RocksDB: 0 (0 repaired)
I20260608 13:02:51.512411  8379 rpc_server.cc:225] running with OpenSSL 1.1.1  11 Sep 2018
I20260608 13:02:51.513818  8379 kserver.cc:163] Server-wide thread pool size limit: 3276
I20260608 13:02:51.552389  8379 rpc_server.cc:307] RPC server started. Bound to: 127.8.46.254:39165
I20260608 13:02:51.552505 12788 acceptor_pool.cc:272] collecting diagnostics on the listening RPC socket 127.8.46.254:39165 every 8 connection(s)
I20260608 13:02:51.556732 12789 data_dirs.cc:400] Could only allocate 1 dirs of requested 3 for tablet 00000000000000000000000000000000. 1 dirs total, 0 dirs full, 0 dirs failed
I20260608 13:02:51.568809 12789 tablet_bootstrap.cc:492] T 00000000000000000000000000000000 P 4c7587ac155742859e5f983fce93ec73: Bootstrap starting.
I20260608 13:02:51.573940 12789 tablet_bootstrap.cc:654] T 00000000000000000000000000000000 P 4c7587ac155742859e5f983fce93ec73: Neither blocks nor log segments found. Creating new log.
I20260608 13:02:51.578296 12789 tablet_bootstrap.cc:492] T 00000000000000000000000000000000 P 4c7587ac155742859e5f983fce93ec73: No bootstrap required, opened a new log
I20260608 13:02:51.580632 12789 raft_consensus.cc:359] T 00000000000000000000000000000000 P 4c7587ac155742859e5f983fce93ec73 [term 0 FOLLOWER]: Replica starting. Triggering 0 pending ops. Active config: opid_index: -1 OBSOLETE_local: true peers { permanent_uuid: "4c7587ac155742859e5f983fce93ec73" member_type: VOTER }
I20260608 13:02:51.581104 12789 raft_consensus.cc:385] T 00000000000000000000000000000000 P 4c7587ac155742859e5f983fce93ec73 [term 0 FOLLOWER]: Consensus starting up: Expiring failure detector timer to make a prompt election more likely
I20260608 13:02:51.581341 12789 raft_consensus.cc:740] T 00000000000000000000000000000000 P 4c7587ac155742859e5f983fce93ec73 [term 0 FOLLOWER]: Becoming Follower/Learner. State: Replica: 4c7587ac155742859e5f983fce93ec73, State: Initialized, Role: FOLLOWER
I20260608 13:02:51.582038 12789 consensus_queue.cc:260] T 00000000000000000000000000000000 P 4c7587ac155742859e5f983fce93ec73 [NON_LEADER]: Queue going to NON_LEADER mode. State: All replicated index: 0, Majority replicated index: 0, Committed index: 0, Last appended: 0.0, Last appended by leader: 0, Current term: 0, Majority size: -1, State: 0, Mode: NON_LEADER, active raft config: opid_index: -1 OBSOLETE_local: true peers { permanent_uuid: "4c7587ac155742859e5f983fce93ec73" member_type: VOTER }
I20260608 13:02:51.582512 12789 raft_consensus.cc:399] T 00000000000000000000000000000000 P 4c7587ac155742859e5f983fce93ec73 [term 0 FOLLOWER]: Only one voter in the Raft config. Triggering election immediately
I20260608 13:02:51.582712 12789 raft_consensus.cc:493] T 00000000000000000000000000000000 P 4c7587ac155742859e5f983fce93ec73 [term 0 FOLLOWER]: Starting leader election (initial election of a single-replica configuration)
I20260608 13:02:51.583019 12789 raft_consensus.cc:3060] T 00000000000000000000000000000000 P 4c7587ac155742859e5f983fce93ec73 [term 0 FOLLOWER]: Advancing to term 1
I20260608 13:02:51.587702 12789 raft_consensus.cc:515] T 00000000000000000000000000000000 P 4c7587ac155742859e5f983fce93ec73 [term 1 FOLLOWER]: Starting leader election with config: opid_index: -1 OBSOLETE_local: true peers { permanent_uuid: "4c7587ac155742859e5f983fce93ec73" member_type: VOTER }
I20260608 13:02:51.588253 12789 leader_election.cc:304] T 00000000000000000000000000000000 P 4c7587ac155742859e5f983fce93ec73 [CANDIDATE]: Term 1 election: Election decided. Result: candidate won. Election summary: received 1 responses out of 1 voters: 1 yes votes; 0 no votes. yes voters: 4c7587ac155742859e5f983fce93ec73; no voters: 
I20260608 13:02:51.589404 12789 leader_election.cc:290] T 00000000000000000000000000000000 P 4c7587ac155742859e5f983fce93ec73 [CANDIDATE]: Term 1 election: Requested vote from peers 
I20260608 13:02:51.589818 12792 raft_consensus.cc:2804] T 00000000000000000000000000000000 P 4c7587ac155742859e5f983fce93ec73 [term 1 FOLLOWER]: Leader election won for term 1
I20260608 13:02:51.591161 12792 raft_consensus.cc:697] T 00000000000000000000000000000000 P 4c7587ac155742859e5f983fce93ec73 [term 1 LEADER]: Becoming Leader. State: Replica: 4c7587ac155742859e5f983fce93ec73, State: Running, Role: LEADER
I20260608 13:02:51.591981 12792 consensus_queue.cc:237] T 00000000000000000000000000000000 P 4c7587ac155742859e5f983fce93ec73 [LEADER]: Queue going to LEADER mode. State: All replicated index: 0, Majority replicated index: 0, Committed index: 0, Last appended: 0.0, Last appended by leader: 0, Current term: 1, Majority size: 1, State: 0, Mode: LEADER, active raft config: opid_index: -1 OBSOLETE_local: true peers { permanent_uuid: "4c7587ac155742859e5f983fce93ec73" member_type: VOTER }
I20260608 13:02:51.592739 12789 sys_catalog.cc:565] T 00000000000000000000000000000000 P 4c7587ac155742859e5f983fce93ec73 [sys.catalog]: configured and running, proceeding with master startup.
I20260608 13:02:51.595183 12794 sys_catalog.cc:455] T 00000000000000000000000000000000 P 4c7587ac155742859e5f983fce93ec73 [sys.catalog]: SysCatalogTable state changed. Reason: New leader 4c7587ac155742859e5f983fce93ec73. Latest consensus state: current_term: 1 leader_uuid: "4c7587ac155742859e5f983fce93ec73" committed_config { opid_index: -1 OBSOLETE_local: true peers { permanent_uuid: "4c7587ac155742859e5f983fce93ec73" member_type: VOTER } }
I20260608 13:02:51.595185 12793 sys_catalog.cc:455] T 00000000000000000000000000000000 P 4c7587ac155742859e5f983fce93ec73 [sys.catalog]: SysCatalogTable state changed. Reason: RaftConsensus started. Latest consensus state: current_term: 1 leader_uuid: "4c7587ac155742859e5f983fce93ec73" committed_config { opid_index: -1 OBSOLETE_local: true peers { permanent_uuid: "4c7587ac155742859e5f983fce93ec73" member_type: VOTER } }
I20260608 13:02:51.595893 12793 sys_catalog.cc:458] T 00000000000000000000000000000000 P 4c7587ac155742859e5f983fce93ec73 [sys.catalog]: This master's current role is: LEADER
I20260608 13:02:51.596633 12794 sys_catalog.cc:458] T 00000000000000000000000000000000 P 4c7587ac155742859e5f983fce93ec73 [sys.catalog]: This master's current role is: LEADER
I20260608 13:02:51.599996 12797 catalog_manager.cc:1510] Loading table and tablet metadata into memory...
I20260608 13:02:51.608445 12797 catalog_manager.cc:1519] Initializing Kudu cluster ID...
I20260608 13:02:51.609530  8379 internal_mini_cluster.cc:184] Waiting to initialize catalog manager on master 0
I20260608 13:02:51.618042 12797 catalog_manager.cc:1382] Generated new cluster ID: fabd69dbd96849be8664b9369afaebe4
I20260608 13:02:51.618335 12797 catalog_manager.cc:1530] Initializing Kudu internal certificate authority...
I20260608 13:02:51.660106 12797 catalog_manager.cc:1405] Generated new certificate authority record
I20260608 13:02:51.661535 12797 catalog_manager.cc:1539] Loading token signing keys...
I20260608 13:02:51.674533 12797 catalog_manager.cc:6069] T 00000000000000000000000000000000 P 4c7587ac155742859e5f983fce93ec73: Generated new TSK 0
I20260608 13:02:51.675158 12797 catalog_manager.cc:1549] Initializing in-progress tserver states...
I20260608 13:02:51.740535  8379 file_cache.cc:492] Constructed file cache file cache with capacity 419430
W20260608 13:02:51.746876 12810 instance_detector.cc:116] could not retrieve AWS instance metadata: Network error: curl error: HTTP response code said error: The requested URL returned error: 404
W20260608 13:02:51.747931 12811 instance_detector.cc:116] could not retrieve Azure instance metadata: Network error: curl error: HTTP response code said error: The requested URL returned error: 404
I20260608 13:02:51.749782  8379 server_base.cc:1061] running on GCE node
W20260608 13:02:51.750037 12813 instance_detector.cc:116] could not retrieve OpenStack instance metadata: Network error: curl error: HTTP response code said error: The requested URL returned error: 404
I20260608 13:02:51.751017  8379 hybrid_clock.cc:584] initializing the hybrid clock with 'system_unsync' time source
W20260608 13:02:51.751222  8379 system_unsync_time.cc:38] NTP support is disabled. Clock error bounds will not be accurate. This configuration is not suitable for distributed clusters.
I20260608 13:02:51.751390  8379 hybrid_clock.cc:648] HybridClock initialized: now 1780923771751375 us; error 0 us; skew 500 ppm
I20260608 13:02:51.752090  8379 server_base.cc:861] Flag tcmalloc_max_total_thread_cache_bytes is not working since tcmalloc is not enabled.
I20260608 13:02:51.755543  8379 webserver.cc:533] Webserver started at http://127.8.46.193:41133/ using document root <none> and password file <none>
I20260608 13:02:51.756410  8379 fs_manager.cc:362] Metadata directory not provided
I20260608 13:02:51.756701  8379 fs_manager.cc:368] Using write-ahead log directory (fs_wal_dir) as metadata directory
I20260608 13:02:51.757076  8379 server_base.cc:909] This appears to be a new deployment of Kudu; creating new FS layout
I20260608 13:02:51.758525  8379 fs_manager.cc:1068] Generated new instance metadata in path /tmp/dist-test-taskiX_mEn/test-tmp/auto_rebalancer-test.0.AutoRebalancerTest.TestMaxMovesPerServer.1780923654413491-8379-0/minicluster-data/ts-0-root/instance:
uuid: "661746b501ae44d2a7fb195acab1b556"
format_stamp: "Formatted at 2026-06-08 13:02:51 on dist-test-slave-9zcl"
I20260608 13:02:51.763917  8379 fs_manager.cc:696] Time spent creating directory manager: real 0.005s	user 0.003s	sys 0.003s
I20260608 13:02:51.767678 12818 log_block_manager.cc:4031] Time spent loading block containers with low live blocks: real 0.000s	user 0.000s	sys 0.000s
I20260608 13:02:51.768463  8379 fs_manager.cc:730] Time spent opening block manager: real 0.002s	user 0.002s	sys 0.000s
I20260608 13:02:51.768767  8379 fs_manager.cc:647] Opened local filesystem: /tmp/dist-test-taskiX_mEn/test-tmp/auto_rebalancer-test.0.AutoRebalancerTest.TestMaxMovesPerServer.1780923654413491-8379-0/minicluster-data/ts-0-root
uuid: "661746b501ae44d2a7fb195acab1b556"
format_stamp: "Formatted at 2026-06-08 13:02:51 on dist-test-slave-9zcl"
I20260608 13:02:51.769152  8379 fs_report.cc:389] FS layout report
--------------------
wal directory: /tmp/dist-test-taskiX_mEn/test-tmp/auto_rebalancer-test.0.AutoRebalancerTest.TestMaxMovesPerServer.1780923654413491-8379-0/minicluster-data/ts-0-root
metadata directory: /tmp/dist-test-taskiX_mEn/test-tmp/auto_rebalancer-test.0.AutoRebalancerTest.TestMaxMovesPerServer.1780923654413491-8379-0/minicluster-data/ts-0-root
1 data directories: /tmp/dist-test-taskiX_mEn/test-tmp/auto_rebalancer-test.0.AutoRebalancerTest.TestMaxMovesPerServer.1780923654413491-8379-0/minicluster-data/ts-0-root/data
Total live blocks: 0
Total live bytes: 0
Total live bytes (after alignment): 0
Total number of LBM containers: 0 (0 full)
Did not check for missing blocks
Did not check for orphaned blocks
Total full LBM containers with extra space: 0 (0 repaired)
Total full LBM container extra space in bytes: 0 (0 repaired)
Total incomplete LBM containers: 0 (0 repaired)
Total LBM partial records: 0 (0 repaired)
Total corrupted LBM metadata records in RocksDB: 0 (0 repaired)
I20260608 13:02:51.794974  8379 rpc_server.cc:225] running with OpenSSL 1.1.1  11 Sep 2018
I20260608 13:02:51.796258  8379 kserver.cc:163] Server-wide thread pool size limit: 3276
I20260608 13:02:51.797868  8379 txn_system_client.cc:432] TxnSystemClient initialization is disabled...
I20260608 13:02:51.800468  8379 ts_tablet_manager.cc:585] Loaded tablet metadata (0 total tablets, 0 live tablets)
I20260608 13:02:51.800704  8379 ts_tablet_manager.cc:531] Time spent load tablet metadata: real 0.000s	user 0.000s	sys 0.000s
I20260608 13:02:51.800976  8379 ts_tablet_manager.cc:616] Registered 0 tablets
I20260608 13:02:51.801159  8379 ts_tablet_manager.cc:595] Time spent register tablets: real 0.000s	user 0.000s	sys 0.000s
I20260608 13:02:51.842681  8379 rpc_server.cc:307] RPC server started. Bound to: 127.8.46.193:42791
I20260608 13:02:51.842811 12880 acceptor_pool.cc:272] collecting diagnostics on the listening RPC socket 127.8.46.193:42791 every 8 connection(s)
I20260608 13:02:51.847945  8379 file_cache.cc:492] Constructed file cache file cache with capacity 419430
W20260608 13:02:51.855729 12885 instance_detector.cc:116] could not retrieve AWS instance metadata: Network error: curl error: HTTP response code said error: The requested URL returned error: 404
W20260608 13:02:51.856487 12886 instance_detector.cc:116] could not retrieve Azure instance metadata: Network error: curl error: HTTP response code said error: The requested URL returned error: 404
W20260608 13:02:51.859656 12888 instance_detector.cc:116] could not retrieve OpenStack instance metadata: Network error: curl error: HTTP response code said error: The requested URL returned error: 404
I20260608 13:02:51.860837  8379 server_base.cc:1061] running on GCE node
I20260608 13:02:51.862010  8379 hybrid_clock.cc:584] initializing the hybrid clock with 'system_unsync' time source
I20260608 13:02:51.862020 12881 heartbeater.cc:344] Connected to a master server at 127.8.46.254:39165
W20260608 13:02:51.862313  8379 system_unsync_time.cc:38] NTP support is disabled. Clock error bounds will not be accurate. This configuration is not suitable for distributed clusters.
I20260608 13:02:51.862563  8379 hybrid_clock.cc:648] HybridClock initialized: now 1780923771862547 us; error 0 us; skew 500 ppm
I20260608 13:02:51.862658 12881 heartbeater.cc:461] Registering TS with master...
I20260608 13:02:51.863272  8379 server_base.cc:861] Flag tcmalloc_max_total_thread_cache_bytes is not working since tcmalloc is not enabled.
I20260608 13:02:51.863507 12881 heartbeater.cc:507] Master 127.8.46.254:39165 requested a full tablet report, sending...
I20260608 13:02:51.866153 12754 ts_manager.cc:194] Registered new tserver with Master: 661746b501ae44d2a7fb195acab1b556 (127.8.46.193:42791)
I20260608 13:02:51.866344  8379 webserver.cc:533] Webserver started at http://127.8.46.194:43445/ using document root <none> and password file <none>
I20260608 13:02:51.867110  8379 fs_manager.cc:362] Metadata directory not provided
I20260608 13:02:51.867355  8379 fs_manager.cc:368] Using write-ahead log directory (fs_wal_dir) as metadata directory
I20260608 13:02:51.867683  8379 server_base.cc:909] This appears to be a new deployment of Kudu; creating new FS layout
I20260608 13:02:51.868805 12754 master_service.cc:502] Signed X509 certificate for tserver {username='slave'} at 127.0.0.1:45186
I20260608 13:02:51.869374  8379 fs_manager.cc:1068] Generated new instance metadata in path /tmp/dist-test-taskiX_mEn/test-tmp/auto_rebalancer-test.0.AutoRebalancerTest.TestMaxMovesPerServer.1780923654413491-8379-0/minicluster-data/ts-1-root/instance:
uuid: "ba7e17e51bef46d29a47e0355f16e277"
format_stamp: "Formatted at 2026-06-08 13:02:51 on dist-test-slave-9zcl"
I20260608 13:02:51.874547  8379 fs_manager.cc:696] Time spent creating directory manager: real 0.004s	user 0.002s	sys 0.003s
I20260608 13:02:51.878196 12893 log_block_manager.cc:4031] Time spent loading block containers with low live blocks: real 0.000s	user 0.000s	sys 0.000s
I20260608 13:02:51.878945  8379 fs_manager.cc:730] Time spent opening block manager: real 0.003s	user 0.003s	sys 0.000s
I20260608 13:02:51.879230  8379 fs_manager.cc:647] Opened local filesystem: /tmp/dist-test-taskiX_mEn/test-tmp/auto_rebalancer-test.0.AutoRebalancerTest.TestMaxMovesPerServer.1780923654413491-8379-0/minicluster-data/ts-1-root
uuid: "ba7e17e51bef46d29a47e0355f16e277"
format_stamp: "Formatted at 2026-06-08 13:02:51 on dist-test-slave-9zcl"
I20260608 13:02:51.879508  8379 fs_report.cc:389] FS layout report
--------------------
wal directory: /tmp/dist-test-taskiX_mEn/test-tmp/auto_rebalancer-test.0.AutoRebalancerTest.TestMaxMovesPerServer.1780923654413491-8379-0/minicluster-data/ts-1-root
metadata directory: /tmp/dist-test-taskiX_mEn/test-tmp/auto_rebalancer-test.0.AutoRebalancerTest.TestMaxMovesPerServer.1780923654413491-8379-0/minicluster-data/ts-1-root
1 data directories: /tmp/dist-test-taskiX_mEn/test-tmp/auto_rebalancer-test.0.AutoRebalancerTest.TestMaxMovesPerServer.1780923654413491-8379-0/minicluster-data/ts-1-root/data
Total live blocks: 0
Total live bytes: 0
Total live bytes (after alignment): 0
Total number of LBM containers: 0 (0 full)
Did not check for missing blocks
Did not check for orphaned blocks
Total full LBM containers with extra space: 0 (0 repaired)
Total full LBM container extra space in bytes: 0 (0 repaired)
Total incomplete LBM containers: 0 (0 repaired)
Total LBM partial records: 0 (0 repaired)
Total corrupted LBM metadata records in RocksDB: 0 (0 repaired)
I20260608 13:02:51.900136  8379 rpc_server.cc:225] running with OpenSSL 1.1.1  11 Sep 2018
I20260608 13:02:51.901429  8379 kserver.cc:163] Server-wide thread pool size limit: 3276
I20260608 13:02:51.902966  8379 txn_system_client.cc:432] TxnSystemClient initialization is disabled...
I20260608 13:02:51.905292  8379 ts_tablet_manager.cc:585] Loaded tablet metadata (0 total tablets, 0 live tablets)
I20260608 13:02:51.905522  8379 ts_tablet_manager.cc:531] Time spent load tablet metadata: real 0.000s	user 0.000s	sys 0.000s
I20260608 13:02:51.905772  8379 ts_tablet_manager.cc:616] Registered 0 tablets
I20260608 13:02:51.905952  8379 ts_tablet_manager.cc:595] Time spent register tablets: real 0.000s	user 0.000s	sys 0.000s
I20260608 13:02:51.945755  8379 rpc_server.cc:307] RPC server started. Bound to: 127.8.46.194:36019
I20260608 13:02:51.945875 12955 acceptor_pool.cc:272] collecting diagnostics on the listening RPC socket 127.8.46.194:36019 every 8 connection(s)
I20260608 13:02:51.950778  8379 file_cache.cc:492] Constructed file cache file cache with capacity 419430
W20260608 13:02:51.957765 12959 instance_detector.cc:116] could not retrieve AWS instance metadata: Network error: curl error: HTTP response code said error: The requested URL returned error: 404
W20260608 13:02:51.958302 12960 instance_detector.cc:116] could not retrieve Azure instance metadata: Network error: curl error: HTTP response code said error: The requested URL returned error: 404
W20260608 13:02:51.963675 12962 instance_detector.cc:116] could not retrieve OpenStack instance metadata: Network error: curl error: HTTP response code said error: The requested URL returned error: 404
I20260608 13:02:51.965206 12956 heartbeater.cc:344] Connected to a master server at 127.8.46.254:39165
I20260608 13:02:51.965582 12956 heartbeater.cc:461] Registering TS with master...
I20260608 13:02:51.965859  8379 server_base.cc:1061] running on GCE node
I20260608 13:02:51.966539 12956 heartbeater.cc:507] Master 127.8.46.254:39165 requested a full tablet report, sending...
I20260608 13:02:51.966938  8379 hybrid_clock.cc:584] initializing the hybrid clock with 'system_unsync' time source
W20260608 13:02:51.967216  8379 system_unsync_time.cc:38] NTP support is disabled. Clock error bounds will not be accurate. This configuration is not suitable for distributed clusters.
I20260608 13:02:51.967418  8379 hybrid_clock.cc:648] HybridClock initialized: now 1780923771967398 us; error 0 us; skew 500 ppm
I20260608 13:02:51.968123  8379 server_base.cc:861] Flag tcmalloc_max_total_thread_cache_bytes is not working since tcmalloc is not enabled.
I20260608 13:02:51.969040 12754 ts_manager.cc:194] Registered new tserver with Master: ba7e17e51bef46d29a47e0355f16e277 (127.8.46.194:36019)
I20260608 13:02:51.971108 12754 master_service.cc:502] Signed X509 certificate for tserver {username='slave'} at 127.0.0.1:45188
I20260608 13:02:51.971171  8379 webserver.cc:533] Webserver started at http://127.8.46.195:39217/ using document root <none> and password file <none>
I20260608 13:02:51.972019  8379 fs_manager.cc:362] Metadata directory not provided
I20260608 13:02:51.972311  8379 fs_manager.cc:368] Using write-ahead log directory (fs_wal_dir) as metadata directory
I20260608 13:02:51.972610  8379 server_base.cc:909] This appears to be a new deployment of Kudu; creating new FS layout
I20260608 13:02:51.973893  8379 fs_manager.cc:1068] Generated new instance metadata in path /tmp/dist-test-taskiX_mEn/test-tmp/auto_rebalancer-test.0.AutoRebalancerTest.TestMaxMovesPerServer.1780923654413491-8379-0/minicluster-data/ts-2-root/instance:
uuid: "b3a49c4a5ea74edd8d80633ba03a442c"
format_stamp: "Formatted at 2026-06-08 13:02:51 on dist-test-slave-9zcl"
I20260608 13:02:51.978530  8379 fs_manager.cc:696] Time spent creating directory manager: real 0.004s	user 0.004s	sys 0.000s
I20260608 13:02:51.982031 12967 log_block_manager.cc:4031] Time spent loading block containers with low live blocks: real 0.000s	user 0.000s	sys 0.000s
I20260608 13:02:51.982779  8379 fs_manager.cc:730] Time spent opening block manager: real 0.002s	user 0.003s	sys 0.000s
I20260608 13:02:51.983088  8379 fs_manager.cc:647] Opened local filesystem: /tmp/dist-test-taskiX_mEn/test-tmp/auto_rebalancer-test.0.AutoRebalancerTest.TestMaxMovesPerServer.1780923654413491-8379-0/minicluster-data/ts-2-root
uuid: "b3a49c4a5ea74edd8d80633ba03a442c"
format_stamp: "Formatted at 2026-06-08 13:02:51 on dist-test-slave-9zcl"
I20260608 13:02:51.983377  8379 fs_report.cc:389] FS layout report
--------------------
wal directory: /tmp/dist-test-taskiX_mEn/test-tmp/auto_rebalancer-test.0.AutoRebalancerTest.TestMaxMovesPerServer.1780923654413491-8379-0/minicluster-data/ts-2-root
metadata directory: /tmp/dist-test-taskiX_mEn/test-tmp/auto_rebalancer-test.0.AutoRebalancerTest.TestMaxMovesPerServer.1780923654413491-8379-0/minicluster-data/ts-2-root
1 data directories: /tmp/dist-test-taskiX_mEn/test-tmp/auto_rebalancer-test.0.AutoRebalancerTest.TestMaxMovesPerServer.1780923654413491-8379-0/minicluster-data/ts-2-root/data
Total live blocks: 0
Total live bytes: 0
Total live bytes (after alignment): 0
Total number of LBM containers: 0 (0 full)
Did not check for missing blocks
Did not check for orphaned blocks
Total full LBM containers with extra space: 0 (0 repaired)
Total full LBM container extra space in bytes: 0 (0 repaired)
Total incomplete LBM containers: 0 (0 repaired)
Total LBM partial records: 0 (0 repaired)
Total corrupted LBM metadata records in RocksDB: 0 (0 repaired)
I20260608 13:02:51.995235  8379 rpc_server.cc:225] running with OpenSSL 1.1.1  11 Sep 2018
I20260608 13:02:51.996428  8379 kserver.cc:163] Server-wide thread pool size limit: 3276
I20260608 13:02:51.997736  8379 txn_system_client.cc:432] TxnSystemClient initialization is disabled...
I20260608 13:02:52.000041  8379 ts_tablet_manager.cc:585] Loaded tablet metadata (0 total tablets, 0 live tablets)
I20260608 13:02:52.000272  8379 ts_tablet_manager.cc:531] Time spent load tablet metadata: real 0.000s	user 0.000s	sys 0.000s
I20260608 13:02:52.000515  8379 ts_tablet_manager.cc:616] Registered 0 tablets
I20260608 13:02:52.000695  8379 ts_tablet_manager.cc:595] Time spent register tablets: real 0.000s	user 0.000s	sys 0.000s
I20260608 13:02:52.041592  8379 rpc_server.cc:307] RPC server started. Bound to: 127.8.46.195:43939
I20260608 13:02:52.041709 13029 acceptor_pool.cc:272] collecting diagnostics on the listening RPC socket 127.8.46.195:43939 every 8 connection(s)
I20260608 13:02:52.056288 13030 heartbeater.cc:344] Connected to a master server at 127.8.46.254:39165
I20260608 13:02:52.056689 13030 heartbeater.cc:461] Registering TS with master...
I20260608 13:02:52.057523 13030 heartbeater.cc:507] Master 127.8.46.254:39165 requested a full tablet report, sending...
I20260608 13:02:52.059535 12754 ts_manager.cc:194] Registered new tserver with Master: b3a49c4a5ea74edd8d80633ba03a442c (127.8.46.195:43939)
I20260608 13:02:52.059679  8379 internal_mini_cluster.cc:371] 3 TS(s) registered with all masters after 0.014714846s
I20260608 13:02:52.061452 12754 master_service.cc:502] Signed X509 certificate for tserver {username='slave'} at 127.0.0.1:45200
I20260608 13:02:52.872002 12881 heartbeater.cc:499] Master 127.8.46.254:39165 was elected leader, sending a full tablet report...
I20260608 13:02:52.973927 12956 heartbeater.cc:499] Master 127.8.46.254:39165 was elected leader, sending a full tablet report...
I20260608 13:02:53.064532 13030 heartbeater.cc:499] Master 127.8.46.254:39165 was elected leader, sending a full tablet report...
I20260608 13:02:53.116048 12754 catalog_manager.cc:2282] Servicing CreateTable request from {username='slave'} at 127.0.0.1:45212:
name: "test-workload"
schema {
  columns {
    name: "key"
    type: INT32
    is_key: true
    is_nullable: false
    encoding: AUTO_ENCODING
    compression: DEFAULT_COMPRESSION
    cfile_block_size: 0
    immutable: false
  }
  columns {
    name: "int_val"
    type: INT32
    is_key: false
    is_nullable: false
    encoding: AUTO_ENCODING
    compression: DEFAULT_COMPRESSION
    cfile_block_size: 0
    immutable: false
  }
  columns {
    name: "string_val"
    type: STRING
    is_key: false
    is_nullable: true
    encoding: AUTO_ENCODING
    compression: DEFAULT_COMPRESSION
    cfile_block_size: 0
    immutable: false
  }
}
num_replicas: 3
split_rows_range_bounds {
  rows: "\004\001\000\252\252\252\n\004\001\000TUU\025\004\001\000\376\377\377\037\004\001\000\250\252\252*\004\001\000RUU5\004\001\000\374\377\377?\004\001\000\246\252\252J\004\001\000PUUU\004\001\000\372\377\377_\004\001\000\244\252\252j\004\001\000NUUu""\004\001\000\252\252\252\n\004\001\000TUU\025\004\001\000\376\377\377\037\004\001\000\250\252\252*\004\001\000RUU5\004\001\000\374\377\377?\004\001\000\246\252\252J\004\001\000PUUU\004\001\000\372\377\377_\004\001\000\244\252\252j\004\001\000NUUu"
  indirect_data: """"
}
partition_schema {
  range_schema {
    columns {
      name: "key"
    }
  }
}
W20260608 13:02:53.119385 12754 catalog_manager.cc:7076] The number of live tablet servers is not enough to re-replicate a tablet replica of the newly created table test-workload in case of a server failure: 4 tablet servers would be needed, 3 are available. Consider bringing up more tablet servers.
I20260608 13:02:53.210688 12846 tablet_service.cc:1511] Processing CreateTablet for tablet 543df5beefb84cca8254fc325612daa4 (DEFAULT_TABLE table=test-workload [id=091085f4f52c4001a760e8067336dd90]), partition=RANGE (key) PARTITION VALUES < 178956970
I20260608 13:02:53.211737 12844 tablet_service.cc:1511] Processing CreateTablet for tablet ad120c7a42fe44b596cce7fb707b1987 (DEFAULT_TABLE table=test-workload [id=091085f4f52c4001a760e8067336dd90]), partition=RANGE (key) PARTITION 357913940 <= VALUES < 536870910
I20260608 13:02:53.212291 12846 data_dirs.cc:400] Could only allocate 1 dirs of requested 3 for tablet 543df5beefb84cca8254fc325612daa4. 1 dirs total, 0 dirs full, 0 dirs failed
I20260608 13:02:53.213188 12844 data_dirs.cc:400] Could only allocate 1 dirs of requested 3 for tablet ad120c7a42fe44b596cce7fb707b1987. 1 dirs total, 0 dirs full, 0 dirs failed
I20260608 13:02:53.214154 12843 tablet_service.cc:1511] Processing CreateTablet for tablet 08ba676f570143f58d05f348f8e3698f (DEFAULT_TABLE table=test-workload [id=091085f4f52c4001a760e8067336dd90]), partition=RANGE (key) PARTITION 536870910 <= VALUES < 715827880
I20260608 13:02:53.215557 12843 data_dirs.cc:400] Could only allocate 1 dirs of requested 3 for tablet 08ba676f570143f58d05f348f8e3698f. 1 dirs total, 0 dirs full, 0 dirs failed
I20260608 13:02:53.218214 12845 tablet_service.cc:1511] Processing CreateTablet for tablet 12fcab12fe874447934d9da49a3bf2b3 (DEFAULT_TABLE table=test-workload [id=091085f4f52c4001a760e8067336dd90]), partition=RANGE (key) PARTITION 178956970 <= VALUES < 357913940
I20260608 13:02:53.218508 12921 tablet_service.cc:1511] Processing CreateTablet for tablet 543df5beefb84cca8254fc325612daa4 (DEFAULT_TABLE table=test-workload [id=091085f4f52c4001a760e8067336dd90]), partition=RANGE (key) PARTITION VALUES < 178956970
I20260608 13:02:53.219759 12921 data_dirs.cc:400] Could only allocate 1 dirs of requested 3 for tablet 543df5beefb84cca8254fc325612daa4. 1 dirs total, 0 dirs full, 0 dirs failed
I20260608 13:02:53.222327 12920 tablet_service.cc:1511] Processing CreateTablet for tablet 12fcab12fe874447934d9da49a3bf2b3 (DEFAULT_TABLE table=test-workload [id=091085f4f52c4001a760e8067336dd90]), partition=RANGE (key) PARTITION 178956970 <= VALUES < 357913940
I20260608 13:02:53.223724 12920 data_dirs.cc:400] Could only allocate 1 dirs of requested 3 for tablet 12fcab12fe874447934d9da49a3bf2b3. 1 dirs total, 0 dirs full, 0 dirs failed
I20260608 13:02:53.224308 12995 tablet_service.cc:1511] Processing CreateTablet for tablet 543df5beefb84cca8254fc325612daa4 (DEFAULT_TABLE table=test-workload [id=091085f4f52c4001a760e8067336dd90]), partition=RANGE (key) PARTITION VALUES < 178956970
I20260608 13:02:53.224630 12994 tablet_service.cc:1511] Processing CreateTablet for tablet 12fcab12fe874447934d9da49a3bf2b3 (DEFAULT_TABLE table=test-workload [id=091085f4f52c4001a760e8067336dd90]), partition=RANGE (key) PARTITION 178956970 <= VALUES < 357913940
I20260608 13:02:53.225790 12995 data_dirs.cc:400] Could only allocate 1 dirs of requested 3 for tablet 543df5beefb84cca8254fc325612daa4. 1 dirs total, 0 dirs full, 0 dirs failed
I20260608 13:02:53.226676 12994 data_dirs.cc:400] Could only allocate 1 dirs of requested 3 for tablet 12fcab12fe874447934d9da49a3bf2b3. 1 dirs total, 0 dirs full, 0 dirs failed
I20260608 13:02:53.228236 12842 tablet_service.cc:1511] Processing CreateTablet for tablet 8a6bce65a2704673943c715d428050ef (DEFAULT_TABLE table=test-workload [id=091085f4f52c4001a760e8067336dd90]), partition=RANGE (key) PARTITION 715827880 <= VALUES < 894784850
I20260608 13:02:53.230768 12917 tablet_service.cc:1511] Processing CreateTablet for tablet 8a6bce65a2704673943c715d428050ef (DEFAULT_TABLE table=test-workload [id=091085f4f52c4001a760e8067336dd90]), partition=RANGE (key) PARTITION 715827880 <= VALUES < 894784850
I20260608 13:02:53.232149 12917 data_dirs.cc:400] Could only allocate 1 dirs of requested 3 for tablet 8a6bce65a2704673943c715d428050ef. 1 dirs total, 0 dirs full, 0 dirs failed
I20260608 13:02:53.234309 12841 tablet_service.cc:1511] Processing CreateTablet for tablet ff16aa03875a4fe9af722f79184c351f (DEFAULT_TABLE table=test-workload [id=091085f4f52c4001a760e8067336dd90]), partition=RANGE (key) PARTITION 894784850 <= VALUES < 1073741820
I20260608 13:02:53.236129 12992 tablet_service.cc:1511] Processing CreateTablet for tablet 08ba676f570143f58d05f348f8e3698f (DEFAULT_TABLE table=test-workload [id=091085f4f52c4001a760e8067336dd90]), partition=RANGE (key) PARTITION 536870910 <= VALUES < 715827880
I20260608 13:02:53.236814 12916 tablet_service.cc:1511] Processing CreateTablet for tablet ff16aa03875a4fe9af722f79184c351f (DEFAULT_TABLE table=test-workload [id=091085f4f52c4001a760e8067336dd90]), partition=RANGE (key) PARTITION 894784850 <= VALUES < 1073741820
I20260608 13:02:53.237562 12992 data_dirs.cc:400] Could only allocate 1 dirs of requested 3 for tablet 08ba676f570143f58d05f348f8e3698f. 1 dirs total, 0 dirs full, 0 dirs failed
I20260608 13:02:53.238179 12916 data_dirs.cc:400] Could only allocate 1 dirs of requested 3 for tablet ff16aa03875a4fe9af722f79184c351f. 1 dirs total, 0 dirs full, 0 dirs failed
I20260608 13:02:53.240242 12991 tablet_service.cc:1511] Processing CreateTablet for tablet 8a6bce65a2704673943c715d428050ef (DEFAULT_TABLE table=test-workload [id=091085f4f52c4001a760e8067336dd90]), partition=RANGE (key) PARTITION 715827880 <= VALUES < 894784850
I20260608 13:02:53.241706 12991 data_dirs.cc:400] Could only allocate 1 dirs of requested 3 for tablet 8a6bce65a2704673943c715d428050ef. 1 dirs total, 0 dirs full, 0 dirs failed
I20260608 13:02:53.241806 12919 tablet_service.cc:1511] Processing CreateTablet for tablet ad120c7a42fe44b596cce7fb707b1987 (DEFAULT_TABLE table=test-workload [id=091085f4f52c4001a760e8067336dd90]), partition=RANGE (key) PARTITION 357913940 <= VALUES < 536870910
I20260608 13:02:53.243355 12919 data_dirs.cc:400] Could only allocate 1 dirs of requested 3 for tablet ad120c7a42fe44b596cce7fb707b1987. 1 dirs total, 0 dirs full, 0 dirs failed
I20260608 13:02:53.240262 12840 tablet_service.cc:1511] Processing CreateTablet for tablet ec79f15d70d149ceb921b96a748fe758 (DEFAULT_TABLE table=test-workload [id=091085f4f52c4001a760e8067336dd90]), partition=RANGE (key) PARTITION 1073741820 <= VALUES < 1252698790
I20260608 13:02:53.234313 12993 tablet_service.cc:1511] Processing CreateTablet for tablet ad120c7a42fe44b596cce7fb707b1987 (DEFAULT_TABLE table=test-workload [id=091085f4f52c4001a760e8067336dd90]), partition=RANGE (key) PARTITION 357913940 <= VALUES < 536870910
I20260608 13:02:53.247560 12993 data_dirs.cc:400] Could only allocate 1 dirs of requested 3 for tablet ad120c7a42fe44b596cce7fb707b1987. 1 dirs total, 0 dirs full, 0 dirs failed
I20260608 13:02:53.226280 12918 tablet_service.cc:1511] Processing CreateTablet for tablet 08ba676f570143f58d05f348f8e3698f (DEFAULT_TABLE table=test-workload [id=091085f4f52c4001a760e8067336dd90]), partition=RANGE (key) PARTITION 536870910 <= VALUES < 715827880
I20260608 13:02:53.250618 12990 tablet_service.cc:1511] Processing CreateTablet for tablet ff16aa03875a4fe9af722f79184c351f (DEFAULT_TABLE table=test-workload [id=091085f4f52c4001a760e8067336dd90]), partition=RANGE (key) PARTITION 894784850 <= VALUES < 1073741820
I20260608 13:02:53.252300 12990 data_dirs.cc:400] Could only allocate 1 dirs of requested 3 for tablet ff16aa03875a4fe9af722f79184c351f. 1 dirs total, 0 dirs full, 0 dirs failed
I20260608 13:02:53.253732 12918 data_dirs.cc:400] Could only allocate 1 dirs of requested 3 for tablet 08ba676f570143f58d05f348f8e3698f. 1 dirs total, 0 dirs full, 0 dirs failed
I20260608 13:02:53.258337 12915 tablet_service.cc:1511] Processing CreateTablet for tablet ec79f15d70d149ceb921b96a748fe758 (DEFAULT_TABLE table=test-workload [id=091085f4f52c4001a760e8067336dd90]), partition=RANGE (key) PARTITION 1073741820 <= VALUES < 1252698790
I20260608 13:02:53.259752 12915 data_dirs.cc:400] Could only allocate 1 dirs of requested 3 for tablet ec79f15d70d149ceb921b96a748fe758. 1 dirs total, 0 dirs full, 0 dirs failed
I20260608 13:02:53.260825 12914 tablet_service.cc:1511] Processing CreateTablet for tablet 681f3b9b8905471b9cc0938b0b04dea0 (DEFAULT_TABLE table=test-workload [id=091085f4f52c4001a760e8067336dd90]), partition=RANGE (key) PARTITION 1252698790 <= VALUES < 1431655760
I20260608 13:02:53.262259 12914 data_dirs.cc:400] Could only allocate 1 dirs of requested 3 for tablet 681f3b9b8905471b9cc0938b0b04dea0. 1 dirs total, 0 dirs full, 0 dirs failed
I20260608 13:02:53.262300 12839 tablet_service.cc:1511] Processing CreateTablet for tablet 681f3b9b8905471b9cc0938b0b04dea0 (DEFAULT_TABLE table=test-workload [id=091085f4f52c4001a760e8067336dd90]), partition=RANGE (key) PARTITION 1252698790 <= VALUES < 1431655760
I20260608 13:02:53.263934 12989 tablet_service.cc:1511] Processing CreateTablet for tablet ec79f15d70d149ceb921b96a748fe758 (DEFAULT_TABLE table=test-workload [id=091085f4f52c4001a760e8067336dd90]), partition=RANGE (key) PARTITION 1073741820 <= VALUES < 1252698790
I20260608 13:02:53.266026 12913 tablet_service.cc:1511] Processing CreateTablet for tablet ed71e5bee2bc4ea49e3f58836c9b6f04 (DEFAULT_TABLE table=test-workload [id=091085f4f52c4001a760e8067336dd90]), partition=RANGE (key) PARTITION 1431655760 <= VALUES < 1610612730
I20260608 13:02:53.267264 12989 data_dirs.cc:400] Could only allocate 1 dirs of requested 3 for tablet ec79f15d70d149ceb921b96a748fe758. 1 dirs total, 0 dirs full, 0 dirs failed
I20260608 13:02:53.267393 12913 data_dirs.cc:400] Could only allocate 1 dirs of requested 3 for tablet ed71e5bee2bc4ea49e3f58836c9b6f04. 1 dirs total, 0 dirs full, 0 dirs failed
I20260608 13:02:53.269384 12837 tablet_service.cc:1511] Processing CreateTablet for tablet 9046f8e9e2f44b87b5476b234b4d180b (DEFAULT_TABLE table=test-workload [id=091085f4f52c4001a760e8067336dd90]), partition=RANGE (key) PARTITION 1610612730 <= VALUES < 1789569700
I20260608 13:02:53.271831 12912 tablet_service.cc:1511] Processing CreateTablet for tablet 9046f8e9e2f44b87b5476b234b4d180b (DEFAULT_TABLE table=test-workload [id=091085f4f52c4001a760e8067336dd90]), partition=RANGE (key) PARTITION 1610612730 <= VALUES < 1789569700
I20260608 13:02:53.263984 12838 tablet_service.cc:1511] Processing CreateTablet for tablet ed71e5bee2bc4ea49e3f58836c9b6f04 (DEFAULT_TABLE table=test-workload [id=091085f4f52c4001a760e8067336dd90]), partition=RANGE (key) PARTITION 1431655760 <= VALUES < 1610612730
I20260608 13:02:53.276898 12912 data_dirs.cc:400] Could only allocate 1 dirs of requested 3 for tablet 9046f8e9e2f44b87b5476b234b4d180b. 1 dirs total, 0 dirs full, 0 dirs failed
I20260608 13:02:53.281311 12845 data_dirs.cc:400] Could only allocate 1 dirs of requested 3 for tablet 12fcab12fe874447934d9da49a3bf2b3. 1 dirs total, 0 dirs full, 0 dirs failed
I20260608 13:02:53.283485 12841 data_dirs.cc:400] Could only allocate 1 dirs of requested 3 for tablet ff16aa03875a4fe9af722f79184c351f. 1 dirs total, 0 dirs full, 0 dirs failed
