Total live bytes (after alignment): 0
Total number of LBM containers: 0 (0 full)
Did not check for missing blocks
Did not check for orphaned blocks
Total full LBM containers with extra space: 0 (0 repaired)
Total full LBM container extra space in bytes: 0 (0 repaired)
Total incomplete LBM containers: 0 (0 repaired)
Total LBM partial records: 0 (0 repaired)
Total corrupted LBM metadata records in RocksDB: 0 (0 repaired)
I20260608 13:01:56.463326 28985 rpc_server.cc:225] running with OpenSSL 1.1.1  11 Sep 2018
I20260608 13:01:56.464555 28985 kserver.cc:163] Server-wide thread pool size limit: 3276
I20260608 13:01:56.505163 28985 rpc_server.cc:307] RPC server started. Bound to: 127.28.78.126:33921
I20260608 13:01:56.505282 31535 acceptor_pool.cc:272] collecting diagnostics on the listening RPC socket 127.28.78.126:33921 every 8 connection(s)
I20260608 13:01:56.509910 31536 data_dirs.cc:400] Could only allocate 1 dirs of requested 3 for tablet 00000000000000000000000000000000. 1 dirs total, 0 dirs full, 0 dirs failed
I20260608 13:01:56.521449 31536 tablet_bootstrap.cc:492] T 00000000000000000000000000000000 P 4b910894d90b4bea84e25c6e40e8812e: Bootstrap starting.
I20260608 13:01:56.526515 31536 tablet_bootstrap.cc:654] T 00000000000000000000000000000000 P 4b910894d90b4bea84e25c6e40e8812e: Neither blocks nor log segments found. Creating new log.
I20260608 13:01:56.531050 31536 tablet_bootstrap.cc:492] T 00000000000000000000000000000000 P 4b910894d90b4bea84e25c6e40e8812e: No bootstrap required, opened a new log
I20260608 13:01:56.533488 31536 raft_consensus.cc:359] T 00000000000000000000000000000000 P 4b910894d90b4bea84e25c6e40e8812e [term 0 FOLLOWER]: Replica starting. Triggering 0 pending ops. Active config: opid_index: -1 OBSOLETE_local: true peers { permanent_uuid: "4b910894d90b4bea84e25c6e40e8812e" member_type: VOTER }
I20260608 13:01:56.534219 31536 raft_consensus.cc:385] T 00000000000000000000000000000000 P 4b910894d90b4bea84e25c6e40e8812e [term 0 FOLLOWER]: Consensus starting up: Expiring failure detector timer to make a prompt election more likely
I20260608 13:01:56.534502 31536 raft_consensus.cc:740] T 00000000000000000000000000000000 P 4b910894d90b4bea84e25c6e40e8812e [term 0 FOLLOWER]: Becoming Follower/Learner. State: Replica: 4b910894d90b4bea84e25c6e40e8812e, State: Initialized, Role: FOLLOWER
I20260608 13:01:56.535238 31536 consensus_queue.cc:260] T 00000000000000000000000000000000 P 4b910894d90b4bea84e25c6e40e8812e [NON_LEADER]: Queue going to NON_LEADER mode. State: All replicated index: 0, Majority replicated index: 0, Committed index: 0, Last appended: 0.0, Last appended by leader: 0, Current term: 0, Majority size: -1, State: 0, Mode: NON_LEADER, active raft config: opid_index: -1 OBSOLETE_local: true peers { permanent_uuid: "4b910894d90b4bea84e25c6e40e8812e" member_type: VOTER }
I20260608 13:01:56.535739 31536 raft_consensus.cc:399] T 00000000000000000000000000000000 P 4b910894d90b4bea84e25c6e40e8812e [term 0 FOLLOWER]: Only one voter in the Raft config. Triggering election immediately
I20260608 13:01:56.535953 31536 raft_consensus.cc:493] T 00000000000000000000000000000000 P 4b910894d90b4bea84e25c6e40e8812e [term 0 FOLLOWER]: Starting leader election (initial election of a single-replica configuration)
I20260608 13:01:56.536259 31536 raft_consensus.cc:3060] T 00000000000000000000000000000000 P 4b910894d90b4bea84e25c6e40e8812e [term 0 FOLLOWER]: Advancing to term 1
I20260608 13:01:56.540803 31536 raft_consensus.cc:515] T 00000000000000000000000000000000 P 4b910894d90b4bea84e25c6e40e8812e [term 1 FOLLOWER]: Starting leader election with config: opid_index: -1 OBSOLETE_local: true peers { permanent_uuid: "4b910894d90b4bea84e25c6e40e8812e" member_type: VOTER }
I20260608 13:01:56.541347 31536 leader_election.cc:304] T 00000000000000000000000000000000 P 4b910894d90b4bea84e25c6e40e8812e [CANDIDATE]: Term 1 election: Election decided. Result: candidate won. Election summary: received 1 responses out of 1 voters: 1 yes votes; 0 no votes. yes voters: 4b910894d90b4bea84e25c6e40e8812e; no voters: 
I20260608 13:01:56.542546 31536 leader_election.cc:290] T 00000000000000000000000000000000 P 4b910894d90b4bea84e25c6e40e8812e [CANDIDATE]: Term 1 election: Requested vote from peers 
I20260608 13:01:56.543035 31539 raft_consensus.cc:2804] T 00000000000000000000000000000000 P 4b910894d90b4bea84e25c6e40e8812e [term 1 FOLLOWER]: Leader election won for term 1
I20260608 13:01:56.544474 31539 raft_consensus.cc:697] T 00000000000000000000000000000000 P 4b910894d90b4bea84e25c6e40e8812e [term 1 LEADER]: Becoming Leader. State: Replica: 4b910894d90b4bea84e25c6e40e8812e, State: Running, Role: LEADER
I20260608 13:01:56.545264 31539 consensus_queue.cc:237] T 00000000000000000000000000000000 P 4b910894d90b4bea84e25c6e40e8812e [LEADER]: Queue going to LEADER mode. State: All replicated index: 0, Majority replicated index: 0, Committed index: 0, Last appended: 0.0, Last appended by leader: 0, Current term: 1, Majority size: 1, State: 0, Mode: LEADER, active raft config: opid_index: -1 OBSOLETE_local: true peers { permanent_uuid: "4b910894d90b4bea84e25c6e40e8812e" member_type: VOTER }
I20260608 13:01:56.545889 31536 sys_catalog.cc:565] T 00000000000000000000000000000000 P 4b910894d90b4bea84e25c6e40e8812e [sys.catalog]: configured and running, proceeding with master startup.
I20260608 13:01:56.548588 31541 sys_catalog.cc:455] T 00000000000000000000000000000000 P 4b910894d90b4bea84e25c6e40e8812e [sys.catalog]: SysCatalogTable state changed. Reason: New leader 4b910894d90b4bea84e25c6e40e8812e. Latest consensus state: current_term: 1 leader_uuid: "4b910894d90b4bea84e25c6e40e8812e" committed_config { opid_index: -1 OBSOLETE_local: true peers { permanent_uuid: "4b910894d90b4bea84e25c6e40e8812e" member_type: VOTER } }
I20260608 13:01:56.548583 31540 sys_catalog.cc:455] T 00000000000000000000000000000000 P 4b910894d90b4bea84e25c6e40e8812e [sys.catalog]: SysCatalogTable state changed. Reason: RaftConsensus started. Latest consensus state: current_term: 1 leader_uuid: "4b910894d90b4bea84e25c6e40e8812e" committed_config { opid_index: -1 OBSOLETE_local: true peers { permanent_uuid: "4b910894d90b4bea84e25c6e40e8812e" member_type: VOTER } }
I20260608 13:01:56.549430 31541 sys_catalog.cc:458] T 00000000000000000000000000000000 P 4b910894d90b4bea84e25c6e40e8812e [sys.catalog]: This master's current role is: LEADER
I20260608 13:01:56.549456 31540 sys_catalog.cc:458] T 00000000000000000000000000000000 P 4b910894d90b4bea84e25c6e40e8812e [sys.catalog]: This master's current role is: LEADER
I20260608 13:01:56.552748 31546 catalog_manager.cc:1510] Loading table and tablet metadata into memory...
I20260608 13:01:56.561734 31546 catalog_manager.cc:1519] Initializing Kudu cluster ID...
I20260608 13:01:56.562803 28985 internal_mini_cluster.cc:184] Waiting to initialize catalog manager on master 0
I20260608 13:01:56.571378 31546 catalog_manager.cc:1382] Generated new cluster ID: 1762382c07d64274afb33226275fb584
I20260608 13:01:56.571683 31546 catalog_manager.cc:1530] Initializing Kudu internal certificate authority...
I20260608 13:01:56.585865 31546 catalog_manager.cc:1405] Generated new certificate authority record
I20260608 13:01:56.587184 31546 catalog_manager.cc:1539] Loading token signing keys...
I20260608 13:01:56.604619 31546 catalog_manager.cc:6069] T 00000000000000000000000000000000 P 4b910894d90b4bea84e25c6e40e8812e: Generated new TSK 0
I20260608 13:01:56.605299 31546 catalog_manager.cc:1549] Initializing in-progress tserver states...
I20260608 13:01:56.629467 28985 file_cache.cc:492] Constructed file cache file cache with capacity 419430
W20260608 13:01:56.635864 31557 instance_detector.cc:116] could not retrieve AWS instance metadata: Network error: curl error: HTTP response code said error: The requested URL returned error: 404
W20260608 13:01:56.637007 31558 instance_detector.cc:116] could not retrieve Azure instance metadata: Network error: curl error: HTTP response code said error: The requested URL returned error: 404
I20260608 13:01:56.639217 28985 server_base.cc:1061] running on GCE node
W20260608 13:01:56.639185 31560 instance_detector.cc:116] could not retrieve OpenStack instance metadata: Network error: curl error: HTTP response code said error: The requested URL returned error: 404
I20260608 13:01:56.640408 28985 hybrid_clock.cc:584] initializing the hybrid clock with 'system_unsync' time source
W20260608 13:01:56.640712 28985 system_unsync_time.cc:38] NTP support is disabled. Clock error bounds will not be accurate. This configuration is not suitable for distributed clusters.
I20260608 13:01:56.640887 28985 hybrid_clock.cc:648] HybridClock initialized: now 1780923716640866 us; error 0 us; skew 500 ppm
I20260608 13:01:56.641438 28985 server_base.cc:861] Flag tcmalloc_max_total_thread_cache_bytes is not working since tcmalloc is not enabled.
I20260608 13:01:56.644212 28985 webserver.cc:533] Webserver started at http://127.28.78.65:38607/ using document root <none> and password file <none>
I20260608 13:01:56.644755 28985 fs_manager.cc:362] Metadata directory not provided
I20260608 13:01:56.644935 28985 fs_manager.cc:368] Using write-ahead log directory (fs_wal_dir) as metadata directory
I20260608 13:01:56.645170 28985 server_base.cc:909] This appears to be a new deployment of Kudu; creating new FS layout
I20260608 13:01:56.646493 28985 fs_manager.cc:1068] Generated new instance metadata in path /tmp/dist-test-taskdvo40T/test-tmp/auto_rebalancer-test.0.AutoRebalancerTest.RangeAwareBuildClusterInfoGroupsByRange.1780923641081266-28985-0/minicluster-data/ts-0-root/instance:
uuid: "20e76fdc8ebc4cd699d740542e5b93d9"
format_stamp: "Formatted at 2026-06-08 13:01:56 on dist-test-slave-k0bg"
I20260608 13:01:56.651468 28985 fs_manager.cc:696] Time spent creating directory manager: real 0.004s	user 0.006s	sys 0.000s
I20260608 13:01:56.655072 31565 log_block_manager.cc:4031] Time spent loading block containers with low live blocks: real 0.000s	user 0.000s	sys 0.000s
I20260608 13:01:56.655988 28985 fs_manager.cc:730] Time spent opening block manager: real 0.002s	user 0.002s	sys 0.000s
I20260608 13:01:56.656348 28985 fs_manager.cc:647] Opened local filesystem: /tmp/dist-test-taskdvo40T/test-tmp/auto_rebalancer-test.0.AutoRebalancerTest.RangeAwareBuildClusterInfoGroupsByRange.1780923641081266-28985-0/minicluster-data/ts-0-root
uuid: "20e76fdc8ebc4cd699d740542e5b93d9"
format_stamp: "Formatted at 2026-06-08 13:01:56 on dist-test-slave-k0bg"
I20260608 13:01:56.656652 28985 fs_report.cc:389] FS layout report
--------------------
wal directory: /tmp/dist-test-taskdvo40T/test-tmp/auto_rebalancer-test.0.AutoRebalancerTest.RangeAwareBuildClusterInfoGroupsByRange.1780923641081266-28985-0/minicluster-data/ts-0-root
metadata directory: /tmp/dist-test-taskdvo40T/test-tmp/auto_rebalancer-test.0.AutoRebalancerTest.RangeAwareBuildClusterInfoGroupsByRange.1780923641081266-28985-0/minicluster-data/ts-0-root
1 data directories: /tmp/dist-test-taskdvo40T/test-tmp/auto_rebalancer-test.0.AutoRebalancerTest.RangeAwareBuildClusterInfoGroupsByRange.1780923641081266-28985-0/minicluster-data/ts-0-root/data
Total live blocks: 0
Total live bytes: 0
Total live bytes (after alignment): 0
Total number of LBM containers: 0 (0 full)
Did not check for missing blocks
Did not check for orphaned blocks
Total full LBM containers with extra space: 0 (0 repaired)
Total full LBM container extra space in bytes: 0 (0 repaired)
Total incomplete LBM containers: 0 (0 repaired)
Total LBM partial records: 0 (0 repaired)
Total corrupted LBM metadata records in RocksDB: 0 (0 repaired)
I20260608 13:01:56.684065 28985 rpc_server.cc:225] running with OpenSSL 1.1.1  11 Sep 2018
I20260608 13:01:56.685477 28985 kserver.cc:163] Server-wide thread pool size limit: 3276
I20260608 13:01:56.687032 28985 txn_system_client.cc:432] TxnSystemClient initialization is disabled...
I20260608 13:01:56.689512 28985 ts_tablet_manager.cc:585] Loaded tablet metadata (0 total tablets, 0 live tablets)
I20260608 13:01:56.689756 28985 ts_tablet_manager.cc:531] Time spent load tablet metadata: real 0.000s	user 0.000s	sys 0.000s
I20260608 13:01:56.690011 28985 ts_tablet_manager.cc:616] Registered 0 tablets
I20260608 13:01:56.690196 28985 ts_tablet_manager.cc:595] Time spent register tablets: real 0.000s	user 0.000s	sys 0.000s
I20260608 13:01:56.732635 28985 rpc_server.cc:307] RPC server started. Bound to: 127.28.78.65:45613
I20260608 13:01:56.732838 31627 acceptor_pool.cc:272] collecting diagnostics on the listening RPC socket 127.28.78.65:45613 every 8 connection(s)
I20260608 13:01:56.738097 28985 file_cache.cc:492] Constructed file cache file cache with capacity 419430
W20260608 13:01:56.748203 31633 instance_detector.cc:116] could not retrieve Azure instance metadata: Network error: curl error: HTTP response code said error: The requested URL returned error: 404
W20260608 13:01:56.749025 31632 instance_detector.cc:116] could not retrieve AWS instance metadata: Network error: curl error: HTTP response code said error: The requested URL returned error: 404
W20260608 13:01:56.749555 31635 instance_detector.cc:116] could not retrieve OpenStack instance metadata: Network error: curl error: HTTP response code said error: The requested URL returned error: 404
I20260608 13:01:56.750026 28985 server_base.cc:1061] running on GCE node
I20260608 13:01:56.750898 28985 hybrid_clock.cc:584] initializing the hybrid clock with 'system_unsync' time source
W20260608 13:01:56.751094 28985 system_unsync_time.cc:38] NTP support is disabled. Clock error bounds will not be accurate. This configuration is not suitable for distributed clusters.
I20260608 13:01:56.751327 28985 hybrid_clock.cc:648] HybridClock initialized: now 1780923716751311 us; error 0 us; skew 500 ppm
I20260608 13:01:56.752012 28985 server_base.cc:861] Flag tcmalloc_max_total_thread_cache_bytes is not working since tcmalloc is not enabled.
I20260608 13:01:56.754838 28985 webserver.cc:533] Webserver started at http://127.28.78.66:37803/ using document root <none> and password file <none>
I20260608 13:01:56.755517 28985 fs_manager.cc:362] Metadata directory not provided
I20260608 13:01:56.755800 28985 fs_manager.cc:368] Using write-ahead log directory (fs_wal_dir) as metadata directory
I20260608 13:01:56.756174 28985 server_base.cc:909] This appears to be a new deployment of Kudu; creating new FS layout
I20260608 13:01:56.757539 28985 fs_manager.cc:1068] Generated new instance metadata in path /tmp/dist-test-taskdvo40T/test-tmp/auto_rebalancer-test.0.AutoRebalancerTest.RangeAwareBuildClusterInfoGroupsByRange.1780923641081266-28985-0/minicluster-data/ts-1-root/instance:
uuid: "02506d7641bf482c9843080eb8650e61"
format_stamp: "Formatted at 2026-06-08 13:01:56 on dist-test-slave-k0bg"
I20260608 13:01:56.757885 31628 heartbeater.cc:344] Connected to a master server at 127.28.78.126:33921
I20260608 13:01:56.758258 31628 heartbeater.cc:461] Registering TS with master...
I20260608 13:01:56.759187 31628 heartbeater.cc:507] Master 127.28.78.126:33921 requested a full tablet report, sending...
I20260608 13:01:56.761492 31501 ts_manager.cc:194] Registered new tserver with Master: 20e76fdc8ebc4cd699d740542e5b93d9 (127.28.78.65:45613)
I20260608 13:01:56.763082 28985 fs_manager.cc:696] Time spent creating directory manager: real 0.005s	user 0.000s	sys 0.004s
I20260608 13:01:56.763819 31501 master_service.cc:502] Signed X509 certificate for tserver {username='slave'} at 127.0.0.1:53902
I20260608 13:01:56.767004 31640 log_block_manager.cc:4031] Time spent loading block containers with low live blocks: real 0.000s	user 0.000s	sys 0.000s
I20260608 13:01:56.767755 28985 fs_manager.cc:730] Time spent opening block manager: real 0.002s	user 0.002s	sys 0.000s
I20260608 13:01:56.768090 28985 fs_manager.cc:647] Opened local filesystem: /tmp/dist-test-taskdvo40T/test-tmp/auto_rebalancer-test.0.AutoRebalancerTest.RangeAwareBuildClusterInfoGroupsByRange.1780923641081266-28985-0/minicluster-data/ts-1-root
uuid: "02506d7641bf482c9843080eb8650e61"
format_stamp: "Formatted at 2026-06-08 13:01:56 on dist-test-slave-k0bg"
I20260608 13:01:56.768364 28985 fs_report.cc:389] FS layout report
--------------------
wal directory: /tmp/dist-test-taskdvo40T/test-tmp/auto_rebalancer-test.0.AutoRebalancerTest.RangeAwareBuildClusterInfoGroupsByRange.1780923641081266-28985-0/minicluster-data/ts-1-root
metadata directory: /tmp/dist-test-taskdvo40T/test-tmp/auto_rebalancer-test.0.AutoRebalancerTest.RangeAwareBuildClusterInfoGroupsByRange.1780923641081266-28985-0/minicluster-data/ts-1-root
1 data directories: /tmp/dist-test-taskdvo40T/test-tmp/auto_rebalancer-test.0.AutoRebalancerTest.RangeAwareBuildClusterInfoGroupsByRange.1780923641081266-28985-0/minicluster-data/ts-1-root/data
Total live blocks: 0
Total live bytes: 0
Total live bytes (after alignment): 0
Total number of LBM containers: 0 (0 full)
Did not check for missing blocks
Did not check for orphaned blocks
Total full LBM containers with extra space: 0 (0 repaired)
Total full LBM container extra space in bytes: 0 (0 repaired)
Total incomplete LBM containers: 0 (0 repaired)
Total LBM partial records: 0 (0 repaired)
Total corrupted LBM metadata records in RocksDB: 0 (0 repaired)
I20260608 13:01:56.778234 28985 rpc_server.cc:225] running with OpenSSL 1.1.1  11 Sep 2018
I20260608 13:01:56.779382 28985 kserver.cc:163] Server-wide thread pool size limit: 3276
I20260608 13:01:56.781577 28985 txn_system_client.cc:432] TxnSystemClient initialization is disabled...
I20260608 13:01:56.784402 28985 ts_tablet_manager.cc:585] Loaded tablet metadata (0 total tablets, 0 live tablets)
I20260608 13:01:56.784613 28985 ts_tablet_manager.cc:531] Time spent load tablet metadata: real 0.000s	user 0.000s	sys 0.000s
I20260608 13:01:56.784922 28985 ts_tablet_manager.cc:616] Registered 0 tablets
I20260608 13:01:56.785106 28985 ts_tablet_manager.cc:595] Time spent register tablets: real 0.000s	user 0.000s	sys 0.000s
I20260608 13:01:56.826225 28985 rpc_server.cc:307] RPC server started. Bound to: 127.28.78.66:37479
I20260608 13:01:56.826362 31702 acceptor_pool.cc:272] collecting diagnostics on the listening RPC socket 127.28.78.66:37479 every 8 connection(s)
I20260608 13:01:56.831416 28985 file_cache.cc:492] Constructed file cache file cache with capacity 419430
W20260608 13:01:56.838339 31706 instance_detector.cc:116] could not retrieve AWS instance metadata: Network error: curl error: HTTP response code said error: The requested URL returned error: 404
W20260608 13:01:56.839355 31707 instance_detector.cc:116] could not retrieve Azure instance metadata: Network error: curl error: HTTP response code said error: The requested URL returned error: 404
I20260608 13:01:56.842852 28985 server_base.cc:1061] running on GCE node
W20260608 13:01:56.842936 31709 instance_detector.cc:116] could not retrieve OpenStack instance metadata: Network error: curl error: HTTP response code said error: The requested URL returned error: 404
I20260608 13:01:56.844316 28985 hybrid_clock.cc:584] initializing the hybrid clock with 'system_unsync' time source
I20260608 13:01:56.844323 31703 heartbeater.cc:344] Connected to a master server at 127.28.78.126:33921
W20260608 13:01:56.844820 28985 system_unsync_time.cc:38] NTP support is disabled. Clock error bounds will not be accurate. This configuration is not suitable for distributed clusters.
I20260608 13:01:56.845005 31703 heartbeater.cc:461] Registering TS with master...
I20260608 13:01:56.845063 28985 hybrid_clock.cc:648] HybridClock initialized: now 1780923716845042 us; error 0 us; skew 500 ppm
I20260608 13:01:56.846078 28985 server_base.cc:861] Flag tcmalloc_max_total_thread_cache_bytes is not working since tcmalloc is not enabled.
I20260608 13:01:56.846184 31703 heartbeater.cc:507] Master 127.28.78.126:33921 requested a full tablet report, sending...
I20260608 13:01:56.848984 28985 webserver.cc:533] Webserver started at http://127.28.78.67:43653/ using document root <none> and password file <none>
I20260608 13:01:56.849025 31501 ts_manager.cc:194] Registered new tserver with Master: 02506d7641bf482c9843080eb8650e61 (127.28.78.66:37479)
I20260608 13:01:56.849625 28985 fs_manager.cc:362] Metadata directory not provided
I20260608 13:01:56.849875 28985 fs_manager.cc:368] Using write-ahead log directory (fs_wal_dir) as metadata directory
I20260608 13:01:56.850154 28985 server_base.cc:909] This appears to be a new deployment of Kudu; creating new FS layout
I20260608 13:01:56.850811 31501 master_service.cc:502] Signed X509 certificate for tserver {username='slave'} at 127.0.0.1:53918
I20260608 13:01:56.851428 28985 fs_manager.cc:1068] Generated new instance metadata in path /tmp/dist-test-taskdvo40T/test-tmp/auto_rebalancer-test.0.AutoRebalancerTest.RangeAwareBuildClusterInfoGroupsByRange.1780923641081266-28985-0/minicluster-data/ts-2-root/instance:
uuid: "efaa29e9f5a84d13a12d5b6530f3a654"
format_stamp: "Formatted at 2026-06-08 13:01:56 on dist-test-slave-k0bg"
I20260608 13:01:56.856594 28985 fs_manager.cc:696] Time spent creating directory manager: real 0.005s	user 0.003s	sys 0.004s
I20260608 13:01:56.860273 31714 log_block_manager.cc:4031] Time spent loading block containers with low live blocks: real 0.000s	user 0.000s	sys 0.000s
I20260608 13:01:56.861078 28985 fs_manager.cc:730] Time spent opening block manager: real 0.002s	user 0.003s	sys 0.000s
I20260608 13:01:56.861384 28985 fs_manager.cc:647] Opened local filesystem: /tmp/dist-test-taskdvo40T/test-tmp/auto_rebalancer-test.0.AutoRebalancerTest.RangeAwareBuildClusterInfoGroupsByRange.1780923641081266-28985-0/minicluster-data/ts-2-root
uuid: "efaa29e9f5a84d13a12d5b6530f3a654"
format_stamp: "Formatted at 2026-06-08 13:01:56 on dist-test-slave-k0bg"
I20260608 13:01:56.861675 28985 fs_report.cc:389] FS layout report
--------------------
wal directory: /tmp/dist-test-taskdvo40T/test-tmp/auto_rebalancer-test.0.AutoRebalancerTest.RangeAwareBuildClusterInfoGroupsByRange.1780923641081266-28985-0/minicluster-data/ts-2-root
metadata directory: /tmp/dist-test-taskdvo40T/test-tmp/auto_rebalancer-test.0.AutoRebalancerTest.RangeAwareBuildClusterInfoGroupsByRange.1780923641081266-28985-0/minicluster-data/ts-2-root
1 data directories: /tmp/dist-test-taskdvo40T/test-tmp/auto_rebalancer-test.0.AutoRebalancerTest.RangeAwareBuildClusterInfoGroupsByRange.1780923641081266-28985-0/minicluster-data/ts-2-root/data
Total live blocks: 0
Total live bytes: 0
Total live bytes (after alignment): 0
Total number of LBM containers: 0 (0 full)
Did not check for missing blocks
Did not check for orphaned blocks
Total full LBM containers with extra space: 0 (0 repaired)
Total full LBM container extra space in bytes: 0 (0 repaired)
Total incomplete LBM containers: 0 (0 repaired)
Total LBM partial records: 0 (0 repaired)
Total corrupted LBM metadata records in RocksDB: 0 (0 repaired)
I20260608 13:01:56.898411 28985 rpc_server.cc:225] running with OpenSSL 1.1.1  11 Sep 2018
I20260608 13:01:56.899657 28985 kserver.cc:163] Server-wide thread pool size limit: 3276
I20260608 13:01:56.901177 28985 txn_system_client.cc:432] TxnSystemClient initialization is disabled...
I20260608 13:01:56.903465 28985 ts_tablet_manager.cc:585] Loaded tablet metadata (0 total tablets, 0 live tablets)
I20260608 13:01:56.903707 28985 ts_tablet_manager.cc:531] Time spent load tablet metadata: real 0.000s	user 0.000s	sys 0.000s
I20260608 13:01:56.903956 28985 ts_tablet_manager.cc:616] Registered 0 tablets
I20260608 13:01:56.904146 28985 ts_tablet_manager.cc:595] Time spent register tablets: real 0.000s	user 0.000s	sys 0.000s
I20260608 13:01:56.944447 28985 rpc_server.cc:307] RPC server started. Bound to: 127.28.78.67:36815
I20260608 13:01:56.944578 31776 acceptor_pool.cc:272] collecting diagnostics on the listening RPC socket 127.28.78.67:36815 every 8 connection(s)
I20260608 13:01:56.959390 31777 heartbeater.cc:344] Connected to a master server at 127.28.78.126:33921
I20260608 13:01:56.959888 31777 heartbeater.cc:461] Registering TS with master...
I20260608 13:01:56.960613 31777 heartbeater.cc:507] Master 127.28.78.126:33921 requested a full tablet report, sending...
I20260608 13:01:56.962628 31501 ts_manager.cc:194] Registered new tserver with Master: efaa29e9f5a84d13a12d5b6530f3a654 (127.28.78.67:36815)
I20260608 13:01:56.962955 28985 internal_mini_cluster.cc:371] 3 TS(s) registered with all masters after 0.014787273s
I20260608 13:01:56.964607 31501 master_service.cc:502] Signed X509 certificate for tserver {username='slave'} at 127.0.0.1:53922
I20260608 13:01:57.766449 31628 heartbeater.cc:499] Master 127.28.78.126:33921 was elected leader, sending a full tablet report...
I20260608 13:01:57.853915 31703 heartbeater.cc:499] Master 127.28.78.126:33921 was elected leader, sending a full tablet report...
I20260608 13:01:57.967445 31777 heartbeater.cc:499] Master 127.28.78.126:33921 was elected leader, sending a full tablet report...
I20260608 13:01:58.019949 31501 catalog_manager.cc:2282] Servicing CreateTable request from {username='slave'} at 127.0.0.1:53930:
name: "range_aware_auto_rebalancer_test"
schema {
  columns {
    name: "key"
    type: INT32
    is_key: true
    is_nullable: false
    encoding: AUTO_ENCODING
    compression: DEFAULT_COMPRESSION
    cfile_block_size: 0
    immutable: false
  }
}
num_replicas: 3
split_rows_range_bounds {
  rows: "\006\001\000\000\000\000\007\001\n\000\000\000\006\001\n\000\000\000\007\001\024\000\000\000""\006\001\000\000\000\000\007\001\n\000\000\000\006\001\n\000\000\000\007\001\024\000\000\000"
  indirect_data: """"
}
partition_schema {
  hash_schema {
    columns {
      name: "key"
    }
    num_buckets: 2
    seed: 0
  }
  range_schema {
    columns {
      name: "key"
    }
  }
}
W20260608 13:01:58.022800 31501 catalog_manager.cc:7076] The number of live tablet servers is not enough to re-replicate a tablet replica of the newly created table range_aware_auto_rebalancer_test in case of a server failure: 4 tablet servers would be needed, 3 are available. Consider bringing up more tablet servers.
I20260608 13:01:58.095752 31593 tablet_service.cc:1511] Processing CreateTablet for tablet caa72d4c10dc4c05916311bfa31f875e (DEFAULT_TABLE table=range_aware_auto_rebalancer_test [id=c8552bea8e39414ca860dd73a970c9e2]), partition=HASH (key) PARTITION 0, RANGE (key) PARTITION 0 <= VALUES < 10
I20260608 13:01:58.096091 31592 tablet_service.cc:1511] Processing CreateTablet for tablet 7584db33c3f14a4795f6d9558f09c63d (DEFAULT_TABLE table=range_aware_auto_rebalancer_test [id=c8552bea8e39414ca860dd73a970c9e2]), partition=HASH (key) PARTITION 0, RANGE (key) PARTITION 10 <= VALUES < 20
I20260608 13:01:58.096909 31591 tablet_service.cc:1511] Processing CreateTablet for tablet 7b9e0b8786c54263a79b18deee3be139 (DEFAULT_TABLE table=range_aware_auto_rebalancer_test [id=c8552bea8e39414ca860dd73a970c9e2]), partition=HASH (key) PARTITION 1, RANGE (key) PARTITION 0 <= VALUES < 10
I20260608 13:01:58.097622 31593 data_dirs.cc:400] Could only allocate 1 dirs of requested 3 for tablet caa72d4c10dc4c05916311bfa31f875e. 1 dirs total, 0 dirs full, 0 dirs failed
I20260608 13:01:58.098110 31590 tablet_service.cc:1511] Processing CreateTablet for tablet 5fbdc0f4a20a4ffe961b263b75841fba (DEFAULT_TABLE table=range_aware_auto_rebalancer_test [id=c8552bea8e39414ca860dd73a970c9e2]), partition=HASH (key) PARTITION 1, RANGE (key) PARTITION 10 <= VALUES < 20
I20260608 13:01:58.099030 31591 data_dirs.cc:400] Could only allocate 1 dirs of requested 3 for tablet 7b9e0b8786c54263a79b18deee3be139. 1 dirs total, 0 dirs full, 0 dirs failed
I20260608 13:01:58.100149 31590 data_dirs.cc:400] Could only allocate 1 dirs of requested 3 for tablet 5fbdc0f4a20a4ffe961b263b75841fba. 1 dirs total, 0 dirs full, 0 dirs failed
I20260608 13:01:58.103305 31668 tablet_service.cc:1511] Processing CreateTablet for tablet caa72d4c10dc4c05916311bfa31f875e (DEFAULT_TABLE table=range_aware_auto_rebalancer_test [id=c8552bea8e39414ca860dd73a970c9e2]), partition=HASH (key) PARTITION 0, RANGE (key) PARTITION 0 <= VALUES < 10
I20260608 13:01:58.105839 31667 tablet_service.cc:1511] Processing CreateTablet for tablet 7584db33c3f14a4795f6d9558f09c63d (DEFAULT_TABLE table=range_aware_auto_rebalancer_test [id=c8552bea8e39414ca860dd73a970c9e2]), partition=HASH (key) PARTITION 0, RANGE (key) PARTITION 10 <= VALUES < 20
I20260608 13:01:58.108209 31666 tablet_service.cc:1511] Processing CreateTablet for tablet 7b9e0b8786c54263a79b18deee3be139 (DEFAULT_TABLE table=range_aware_auto_rebalancer_test [id=c8552bea8e39414ca860dd73a970c9e2]), partition=HASH (key) PARTITION 1, RANGE (key) PARTITION 0 <= VALUES < 10
I20260608 13:01:58.110590 31665 tablet_service.cc:1511] Processing CreateTablet for tablet 5fbdc0f4a20a4ffe961b263b75841fba (DEFAULT_TABLE table=range_aware_auto_rebalancer_test [id=c8552bea8e39414ca860dd73a970c9e2]), partition=HASH (key) PARTITION 1, RANGE (key) PARTITION 10 <= VALUES < 20
I20260608 13:01:58.112211 31668 data_dirs.cc:400] Could only allocate 1 dirs of requested 3 for tablet caa72d4c10dc4c05916311bfa31f875e. 1 dirs total, 0 dirs full, 0 dirs failed
I20260608 13:01:58.113269 31742 tablet_service.cc:1511] Processing CreateTablet for tablet caa72d4c10dc4c05916311bfa31f875e (DEFAULT_TABLE table=range_aware_auto_rebalancer_test [id=c8552bea8e39414ca860dd73a970c9e2]), partition=HASH (key) PARTITION 0, RANGE (key) PARTITION 0 <= VALUES < 10
I20260608 13:01:58.113906 31741 tablet_service.cc:1511] Processing CreateTablet for tablet 7584db33c3f14a4795f6d9558f09c63d (DEFAULT_TABLE table=range_aware_auto_rebalancer_test [id=c8552bea8e39414ca860dd73a970c9e2]), partition=HASH (key) PARTITION 0, RANGE (key) PARTITION 10 <= VALUES < 20
I20260608 13:01:58.114778 31742 data_dirs.cc:400] Could only allocate 1 dirs of requested 3 for tablet caa72d4c10dc4c05916311bfa31f875e. 1 dirs total, 0 dirs full, 0 dirs failed
I20260608 13:01:58.117112 31667 data_dirs.cc:400] Could only allocate 1 dirs of requested 3 for tablet 7584db33c3f14a4795f6d9558f09c63d. 1 dirs total, 0 dirs full, 0 dirs failed
I20260608 13:01:58.116966 31740 tablet_service.cc:1511] Processing CreateTablet for tablet 7b9e0b8786c54263a79b18deee3be139 (DEFAULT_TABLE table=range_aware_auto_rebalancer_test [id=c8552bea8e39414ca860dd73a970c9e2]), partition=HASH (key) PARTITION 1, RANGE (key) PARTITION 0 <= VALUES < 10
I20260608 13:01:58.118541 31740 data_dirs.cc:400] Could only allocate 1 dirs of requested 3 for tablet 7b9e0b8786c54263a79b18deee3be139. 1 dirs total, 0 dirs full, 0 dirs failed
I20260608 13:01:58.121224 31665 data_dirs.cc:400] Could only allocate 1 dirs of requested 3 for tablet 5fbdc0f4a20a4ffe961b263b75841fba. 1 dirs total, 0 dirs full, 0 dirs failed
I20260608 13:01:58.121909 31739 tablet_service.cc:1511] Processing CreateTablet for tablet 5fbdc0f4a20a4ffe961b263b75841fba (DEFAULT_TABLE table=range_aware_auto_rebalancer_test [id=c8552bea8e39414ca860dd73a970c9e2]), partition=HASH (key) PARTITION 1, RANGE (key) PARTITION 10 <= VALUES < 20
I20260608 13:01:58.123346 31739 data_dirs.cc:400] Could only allocate 1 dirs of requested 3 for tablet 5fbdc0f4a20a4ffe961b263b75841fba. 1 dirs total, 0 dirs full, 0 dirs failed
I20260608 13:01:58.125037 31741 data_dirs.cc:400] Could only allocate 1 dirs of requested 3 for tablet 7584db33c3f14a4795f6d9558f09c63d. 1 dirs total, 0 dirs full, 0 dirs failed
I20260608 13:01:58.125252 31666 data_dirs.cc:400] Could only allocate 1 dirs of requested 3 for tablet 7b9e0b8786c54263a79b18deee3be139. 1 dirs total, 0 dirs full, 0 dirs failed
I20260608 13:01:58.129020 31592 data_dirs.cc:400] Could only allocate 1 dirs of requested 3 for tablet 7584db33c3f14a4795f6d9558f09c63d. 1 dirs total, 0 dirs full, 0 dirs failed
I20260608 13:01:58.186164 31798 tablet_bootstrap.cc:492] T caa72d4c10dc4c05916311bfa31f875e P efaa29e9f5a84d13a12d5b6530f3a654: Bootstrap starting.
I20260608 13:01:58.196399 31798 tablet_bootstrap.cc:654] T caa72d4c10dc4c05916311bfa31f875e P efaa29e9f5a84d13a12d5b6530f3a654: Neither blocks nor log segments found. Creating new log.
I20260608 13:01:58.203595 31799 tablet_bootstrap.cc:492] T 7584db33c3f14a4795f6d9558f09c63d P 02506d7641bf482c9843080eb8650e61: Bootstrap starting.
I20260608 13:01:58.211923 31798 tablet_bootstrap.cc:492] T caa72d4c10dc4c05916311bfa31f875e P efaa29e9f5a84d13a12d5b6530f3a654: No bootstrap required, opened a new log
I20260608 13:01:58.212772 31798 ts_tablet_manager.cc:1403] T caa72d4c10dc4c05916311bfa31f875e P efaa29e9f5a84d13a12d5b6530f3a654: Time spent bootstrapping tablet: real 0.027s	user 0.015s	sys 0.009s
I20260608 13:01:58.217628 31798 raft_consensus.cc:359] T caa72d4c10dc4c05916311bfa31f875e P efaa29e9f5a84d13a12d5b6530f3a654 [term 0 FOLLOWER]: Replica starting. Triggering 0 pending ops. Active config: opid_index: -1 OBSOLETE_local: false peers { permanent_uuid: "02506d7641bf482c9843080eb8650e61" member_type: VOTER last_known_addr { host: "127.28.78.66" port: 37479 } } peers { permanent_uuid: "20e76fdc8ebc4cd699d740542e5b93d9" member_type: VOTER last_known_addr { host: "127.28.78.65" port: 45613 } } peers { permanent_uuid: "efaa29e9f5a84d13a12d5b6530f3a654" member_type: VOTER last_known_addr { host: "127.28.78.67" port: 36815 } }
I20260608 13:01:58.212966 31799 tablet_bootstrap.cc:654] T 7584db33c3f14a4795f6d9558f09c63d P 02506d7641bf482c9843080eb8650e61: Neither blocks nor log segments found. Creating new log.
I20260608 13:01:58.222641 31798 raft_consensus.cc:385] T caa72d4c10dc4c05916311bfa31f875e P efaa29e9f5a84d13a12d5b6530f3a654 [term 0 FOLLOWER]: Consensus starting up: Expiring failure detector timer to make a prompt election more likely
I20260608 13:01:58.223289 31798 raft_consensus.cc:740] T caa72d4c10dc4c05916311bfa31f875e P efaa29e9f5a84d13a12d5b6530f3a654 [term 0 FOLLOWER]: Becoming Follower/Learner. State: Replica: efaa29e9f5a84d13a12d5b6530f3a654, State: Initialized, Role: FOLLOWER
I20260608 13:01:58.224885 31797 tablet_bootstrap.cc:492] T 7b9e0b8786c54263a79b18deee3be139 P 20e76fdc8ebc4cd699d740542e5b93d9: Bootstrap starting.
I20260608 13:01:58.224439 31798 consensus_queue.cc:260] T caa72d4c10dc4c05916311bfa31f875e P efaa29e9f5a84d13a12d5b6530f3a654 [NON_LEADER]: Queue going to NON_LEADER mode. State: All replicated index: 0, Majority replicated index: 0, Committed index: 0, Last appended: 0.0, Last appended by leader: 0, Current term: 0, Majority size: -1, State: 0, Mode: NON_LEADER, active raft config: opid_index: -1 OBSOLETE_local: false peers { permanent_uuid: "02506d7641bf482c9843080eb8650e61" member_type: VOTER last_known_addr { host: "127.28.78.66" port: 37479 } } peers { permanent_uuid: "20e76fdc8ebc4cd699d740542e5b93d9" member_type: VOTER last_known_addr { host: "127.28.78.65" port: 45613 } } peers { permanent_uuid: "efaa29e9f5a84d13a12d5b6530f3a654" member_type: VOTER last_known_addr { host: "127.28.78.67" port: 36815 } }
I20260608 13:01:58.231370 31799 tablet_bootstrap.cc:492] T 7584db33c3f14a4795f6d9558f09c63d P 02506d7641bf482c9843080eb8650e61: No bootstrap required, opened a new log
I20260608 13:01:58.231385 31798 ts_tablet_manager.cc:1434] T caa72d4c10dc4c05916311bfa31f875e P efaa29e9f5a84d13a12d5b6530f3a654: Time spent starting tablet: real 0.018s	user 0.012s	sys 0.000s
I20260608 13:01:58.232136 31799 ts_tablet_manager.cc:1403] T 7584db33c3f14a4795f6d9558f09c63d P 02506d7641bf482c9843080eb8650e61: Time spent bootstrapping tablet: real 0.029s	user 0.010s	sys 0.008s
I20260608 13:01:58.232848 31798 tablet_bootstrap.cc:492] T 7b9e0b8786c54263a79b18deee3be139 P efaa29e9f5a84d13a12d5b6530f3a654: Bootstrap starting.
I20260608 13:01:58.233738 31797 tablet_bootstrap.cc:654] T 7b9e0b8786c54263a79b18deee3be139 P 20e76fdc8ebc4cd699d740542e5b93d9: Neither blocks nor log segments found. Creating new log.
I20260608 13:01:58.235414 31799 raft_consensus.cc:359] T 7584db33c3f14a4795f6d9558f09c63d P 02506d7641bf482c9843080eb8650e61 [term 0 FOLLOWER]: Replica starting. Triggering 0 pending ops. Active config: opid_index: -1 OBSOLETE_local: false peers { permanent_uuid: "20e76fdc8ebc4cd699d740542e5b93d9" member_type: VOTER last_known_addr { host: "127.28.78.65" port: 45613 } } peers { permanent_uuid: "02506d7641bf482c9843080eb8650e61" member_type: VOTER last_known_addr { host: "127.28.78.66" port: 37479 } } peers { permanent_uuid: "efaa29e9f5a84d13a12d5b6530f3a654" member_type: VOTER last_known_addr { host: "127.28.78.67" port: 36815 } }
I20260608 13:01:58.236217 31799 raft_consensus.cc:385] T 7584db33c3f14a4795f6d9558f09c63d P 02506d7641bf482c9843080eb8650e61 [term 0 FOLLOWER]: Consensus starting up: Expiring failure detector timer to make a prompt election more likely
I20260608 13:01:58.236562 31799 raft_consensus.cc:740] T 7584db33c3f14a4795f6d9558f09c63d P 02506d7641bf482c9843080eb8650e61 [term 0 FOLLOWER]: Becoming Follower/Learner. State: Replica: 02506d7641bf482c9843080eb8650e61, State: Initialized, Role: FOLLOWER
I20260608 13:01:58.237682 31799 consensus_queue.cc:260] T 7584db33c3f14a4795f6d9558f09c63d P 02506d7641bf482c9843080eb8650e61 [NON_LEADER]: Queue going to NON_LEADER mode. State: All replicated index: 0, Majority replicated index: 0, Committed index: 0, Last appended: 0.0, Last appended by leader: 0, Current term: 0, Majority size: -1, State: 0, Mode: NON_LEADER, active raft config: opid_index: -1 OBSOLETE_local: false peers { permanent_uuid: "20e76fdc8ebc4cd699d740542e5b93d9" member_type: VOTER last_known_addr { host: "127.28.78.65" port: 45613 } } peers { permanent_uuid: "02506d7641bf482c9843080eb8650e61" member_type: VOTER last_known_addr { host: "127.28.78.66" port: 37479 } } peers { permanent_uuid: "efaa29e9f5a84d13a12d5b6530f3a654" member_type: VOTER last_known_addr { host: "127.28.78.67" port: 36815 } }
I20260608 13:01:58.240725 31798 tablet_bootstrap.cc:654] T 7b9e0b8786c54263a79b18deee3be139 P efaa29e9f5a84d13a12d5b6530f3a654: Neither blocks nor log segments found. Creating new log.
I20260608 13:01:58.241298 31799 ts_tablet_manager.cc:1434] T 7584db33c3f14a4795f6d9558f09c63d P 02506d7641bf482c9843080eb8650e61: Time spent starting tablet: real 0.009s	user 0.003s	sys 0.005s
I20260608 13:01:58.242348 31799 tablet_bootstrap.cc:492] T 5fbdc0f4a20a4ffe961b263b75841fba P 02506d7641bf482c9843080eb8650e61: Bootstrap starting.
I20260608 13:01:58.246070 31798 tablet_bootstrap.cc:492] T 7b9e0b8786c54263a79b18deee3be139 P efaa29e9f5a84d13a12d5b6530f3a654: No bootstrap required, opened a new log
I20260608 13:01:58.246644 31798 ts_tablet_manager.cc:1403] T 7b9e0b8786c54263a79b18deee3be139 P efaa29e9f5a84d13a12d5b6530f3a654: Time spent bootstrapping tablet: real 0.014s	user 0.013s	sys 0.000s
I20260608 13:01:58.248378 31797 tablet_bootstrap.cc:492] T 7b9e0b8786c54263a79b18deee3be139 P 20e76fdc8ebc4cd699d740542e5b93d9: No bootstrap required, opened a new log
I20260608 13:01:58.249238 31799 tablet_bootstrap.cc:654] T 5fbdc0f4a20a4ffe961b263b75841fba P 02506d7641bf482c9843080eb8650e61: Neither blocks nor log segments found. Creating new log.
I20260608 13:01:58.249308 31797 ts_tablet_manager.cc:1403] T 7b9e0b8786c54263a79b18deee3be139 P 20e76fdc8ebc4cd699d740542e5b93d9: Time spent bootstrapping tablet: real 0.025s	user 0.011s	sys 0.004s
I20260608 13:01:58.249977 31798 raft_consensus.cc:359] T 7b9e0b8786c54263a79b18deee3be139 P efaa29e9f5a84d13a12d5b6530f3a654 [term 0 FOLLOWER]: Replica starting. Triggering 0 pending ops. Active config: opid_index: -1 OBSOLETE_local: false peers { permanent_uuid: "20e76fdc8ebc4cd699d740542e5b93d9" member_type: VOTER last_known_addr { host: "127.28.78.65" port: 45613 } } peers { permanent_uuid: "02506d7641bf482c9843080eb8650e61" member_type: VOTER last_known_addr { host: "127.28.78.66" port: 37479 } } peers { permanent_uuid: "efaa29e9f5a84d13a12d5b6530f3a654" member_type: VOTER last_known_addr { host: "127.28.78.67" port: 36815 } }
I20260608 13:01:58.250736 31798 raft_consensus.cc:385] T 7b9e0b8786c54263a79b18deee3be139 P efaa29e9f5a84d13a12d5b6530f3a654 [term 0 FOLLOWER]: Consensus starting up: Expiring failure detector timer to make a prompt election more likely
I20260608 13:01:58.251071 31798 raft_consensus.cc:740] T 7b9e0b8786c54263a79b18deee3be139 P efaa29e9f5a84d13a12d5b6530f3a654 [term 0 FOLLOWER]: Becoming Follower/Learner. State: Replica: efaa29e9f5a84d13a12d5b6530f3a654, State: Initialized, Role: FOLLOWER
I20260608 13:01:58.251906 31798 consensus_queue.cc:260] T 7b9e0b8786c54263a79b18deee3be139 P efaa29e9f5a84d13a12d5b6530f3a654 [NON_LEADER]: Queue going to NON_LEADER mode. State: All replicated index: 0, Majority replicated index: 0, Committed index: 0, Last appended: 0.0, Last appended by leader: 0, Current term: 0, Majority size: -1, State: 0, Mode: NON_LEADER, active raft config: opid_index: -1 OBSOLETE_local: false peers { permanent_uuid: "20e76fdc8ebc4cd699d740542e5b93d9" member_type: VOTER last_known_addr { host: "127.28.78.65" port: 45613 } } peers { permanent_uuid: "02506d7641bf482c9843080eb8650e61" member_type: VOTER last_known_addr { host: "127.28.78.66" port: 37479 } } peers { permanent_uuid: "efaa29e9f5a84d13a12d5b6530f3a654" member_type: VOTER last_known_addr { host: "127.28.78.67" port: 36815 } }
I20260608 13:01:58.254199 31798 ts_tablet_manager.cc:1434] T 7b9e0b8786c54263a79b18deee3be139 P efaa29e9f5a84d13a12d5b6530f3a654: Time spent starting tablet: real 0.007s	user 0.006s	sys 0.000s
I20260608 13:01:58.255328 31798 tablet_bootstrap.cc:492] T 7584db33c3f14a4795f6d9558f09c63d P efaa29e9f5a84d13a12d5b6530f3a654: Bootstrap starting.
I20260608 13:01:58.259644 31797 raft_consensus.cc:359] T 7b9e0b8786c54263a79b18deee3be139 P 20e76fdc8ebc4cd699d740542e5b93d9 [term 0 FOLLOWER]: Replica starting. Triggering 0 pending ops. Active config: opid_index: -1 OBSOLETE_local: false peers { permanent_uuid: "20e76fdc8ebc4cd699d740542e5b93d9" member_type: VOTER last_known_addr { host: "127.28.78.65" port: 45613 } } peers { permanent_uuid: "02506d7641bf482c9843080eb8650e61" member_type: VOTER last_known_addr { host: "127.28.78.66" port: 37479 } } peers { permanent_uuid: "efaa29e9f5a84d13a12d5b6530f3a654" member_type: VOTER last_known_addr { host: "127.28.78.67" port: 36815 } }
I20260608 13:01:58.260440 31799 tablet_bootstrap.cc:492] T 5fbdc0f4a20a4ffe961b263b75841fba P 02506d7641bf482c9843080eb8650e61: No bootstrap required, opened a new log
I20260608 13:01:58.260478 31797 raft_consensus.cc:385] T 7b9e0b8786c54263a79b18deee3be139 P 20e76fdc8ebc4cd699d740542e5b93d9 [term 0 FOLLOWER]: Consensus starting up: Expiring failure detector timer to make a prompt election more likely
I20260608 13:01:58.261040 31799 ts_tablet_manager.cc:1403] T 5fbdc0f4a20a4ffe961b263b75841fba P 02506d7641bf482c9843080eb8650e61: Time spent bootstrapping tablet: real 0.019s	user 0.015s	sys 0.003s
I20260608 13:01:58.261129 31797 raft_consensus.cc:740] T 7b9e0b8786c54263a79b18deee3be139 P 20e76fdc8ebc4cd699d740542e5b93d9 [term 0 FOLLOWER]: Becoming Follower/Learner. State: Replica: 20e76fdc8ebc4cd699d740542e5b93d9, State: Initialized, Role: FOLLOWER
I20260608 13:01:58.262058 31798 tablet_bootstrap.cc:654] T 7584db33c3f14a4795f6d9558f09c63d P efaa29e9f5a84d13a12d5b6530f3a654: Neither blocks nor log segments found. Creating new log.
I20260608 13:01:58.262261 31797 consensus_queue.cc:260] T 7b9e0b8786c54263a79b18deee3be139 P 20e76fdc8ebc4cd699d740542e5b93d9 [NON_LEADER]: Queue going to NON_LEADER mode. State: All replicated index: 0, Majority replicated index: 0, Committed index: 0, Last appended: 0.0, Last appended by leader: 0, Current term: 0, Majority size: -1, State: 0, Mode: NON_LEADER, active raft config: opid_index: -1 OBSOLETE_local: false peers { permanent_uuid: "20e76fdc8ebc4cd699d740542e5b93d9" member_type: VOTER last_known_addr { host: "127.28.78.65" port: 45613 } } peers { permanent_uuid: "02506d7641bf482c9843080eb8650e61" member_type: VOTER last_known_addr { host: "127.28.78.66" port: 37479 } } peers { permanent_uuid: "efaa29e9f5a84d13a12d5b6530f3a654" member_type: VOTER last_known_addr { host: "127.28.78.67" port: 36815 } }
I20260608 13:01:58.264503 31799 raft_consensus.cc:359] T 5fbdc0f4a20a4ffe961b263b75841fba P 02506d7641bf482c9843080eb8650e61 [term 0 FOLLOWER]: Replica starting. Triggering 0 pending ops. Active config: opid_index: -1 OBSOLETE_local: false peers { permanent_uuid: "20e76fdc8ebc4cd699d740542e5b93d9" member_type: VOTER last_known_addr { host: "127.28.78.65" port: 45613 } } peers { permanent_uuid: "02506d7641bf482c9843080eb8650e61" member_type: VOTER last_known_addr { host: "127.28.78.66" port: 37479 } } peers { permanent_uuid: "efaa29e9f5a84d13a12d5b6530f3a654" member_type: VOTER last_known_addr { host: "127.28.78.67" port: 36815 } }
I20260608 13:01:58.265380 31799 raft_consensus.cc:385] T 5fbdc0f4a20a4ffe961b263b75841fba P 02506d7641bf482c9843080eb8650e61 [term 0 FOLLOWER]: Consensus starting up: Expiring failure detector timer to make a prompt election more likely
I20260608 13:01:58.265799 31799 raft_consensus.cc:740] T 5fbdc0f4a20a4ffe961b263b75841fba P 02506d7641bf482c9843080eb8650e61 [term 0 FOLLOWER]: Becoming Follower/Learner. State: Replica: 02506d7641bf482c9843080eb8650e61, State: Initialized, Role: FOLLOWER
I20260608 13:01:58.266872 31799 consensus_queue.cc:260] T 5fbdc0f4a20a4ffe961b263b75841fba P 02506d7641bf482c9843080eb8650e61 [NON_LEADER]: Queue going to NON_LEADER mode. State: All replicated index: 0, Majority replicated index: 0, Committed index: 0, Last appended: 0.0, Last appended by leader: 0, Current term: 0, Majority size: -1, State: 0, Mode: NON_LEADER, active raft config: opid_index: -1 OBSOLETE_local: false peers { permanent_uuid: "20e76fdc8ebc4cd699d740542e5b93d9" member_type: VOTER last_known_addr { host: "127.28.78.65" port: 45613 } } peers { permanent_uuid: "02506d7641bf482c9843080eb8650e61" member_type: VOTER last_known_addr { host: "127.28.78.66" port: 37479 } } peers { permanent_uuid: "efaa29e9f5a84d13a12d5b6530f3a654" member_type: VOTER last_known_addr { host: "127.28.78.67" port: 36815 } }
I20260608 13:01:58.271812 31799 ts_tablet_manager.cc:1434] T 5fbdc0f4a20a4ffe961b263b75841fba P 02506d7641bf482c9843080eb8650e61: Time spent starting tablet: real 0.010s	user 0.006s	sys 0.000s
I20260608 13:01:58.272617 31799 tablet_bootstrap.cc:492] T 7b9e0b8786c54263a79b18deee3be139 P 02506d7641bf482c9843080eb8650e61: Bootstrap starting.
I20260608 13:01:58.274353 31797 ts_tablet_manager.cc:1434] T 7b9e0b8786c54263a79b18deee3be139 P 20e76fdc8ebc4cd699d740542e5b93d9: Time spent starting tablet: real 0.024s	user 0.008s	sys 0.008s
I20260608 13:01:58.274776 31802 raft_consensus.cc:493] T caa72d4c10dc4c05916311bfa31f875e P efaa29e9f5a84d13a12d5b6530f3a654 [term 0 FOLLOWER]: Starting pre-election (no leader contacted us within the election timeout)
I20260608 13:01:58.275278 31802 raft_consensus.cc:515] T caa72d4c10dc4c05916311bfa31f875e P efaa29e9f5a84d13a12d5b6530f3a654 [term 0 FOLLOWER]: Starting pre-election with config: opid_index: -1 OBSOLETE_local: false peers { permanent_uuid: "02506d7641bf482c9843080eb8650e61" member_type: VOTER last_known_addr { host: "127.28.78.66" port: 37479 } } peers { permanent_uuid: "20e76fdc8ebc4cd699d740542e5b93d9" member_type: VOTER last_known_addr { host: "127.28.78.65" port: 45613 } } peers { permanent_uuid: "efaa29e9f5a84d13a12d5b6530f3a654" member_type: VOTER last_known_addr { host: "127.28.78.67" port: 36815 } }
I20260608 13:01:58.275993 31797 tablet_bootstrap.cc:492] T caa72d4c10dc4c05916311bfa31f875e P 20e76fdc8ebc4cd699d740542e5b93d9: Bootstrap starting.
I20260608 13:01:58.277096 31798 tablet_bootstrap.cc:492] T 7584db33c3f14a4795f6d9558f09c63d P efaa29e9f5a84d13a12d5b6530f3a654: No bootstrap required, opened a new log
I20260608 13:01:58.277632 31798 ts_tablet_manager.cc:1403] T 7584db33c3f14a4795f6d9558f09c63d P efaa29e9f5a84d13a12d5b6530f3a654: Time spent bootstrapping tablet: real 0.023s	user 0.017s	sys 0.000s
I20260608 13:01:58.278258 31802 leader_election.cc:290] T caa72d4c10dc4c05916311bfa31f875e P efaa29e9f5a84d13a12d5b6530f3a654 [CANDIDATE]: Term 1 pre-election: Requested pre-vote from peers 02506d7641bf482c9843080eb8650e61 (127.28.78.66:37479), 20e76fdc8ebc4cd699d740542e5b93d9 (127.28.78.65:45613)
I20260608 13:01:58.282819 31798 raft_consensus.cc:359] T 7584db33c3f14a4795f6d9558f09c63d P efaa29e9f5a84d13a12d5b6530f3a654 [term 0 FOLLOWER]: Replica starting. Triggering 0 pending ops. Active config: opid_index: -1 OBSOLETE_local: false peers { permanent_uuid: "20e76fdc8ebc4cd699d740542e5b93d9" member_type: VOTER last_known_addr { host: "127.28.78.65" port: 45613 } } peers { permanent_uuid: "02506d7641bf482c9843080eb8650e61" member_type: VOTER last_known_addr { host: "127.28.78.66" port: 37479 } } peers { permanent_uuid: "efaa29e9f5a84d13a12d5b6530f3a654" member_type: VOTER last_known_addr { host: "127.28.78.67" port: 36815 } }
I20260608 13:01:58.283823 31798 raft_consensus.cc:385] T 7584db33c3f14a4795f6d9558f09c63d P efaa29e9f5a84d13a12d5b6530f3a654 [term 0 FOLLOWER]: Consensus starting up: Expiring failure detector timer to make a prompt election more likely
I20260608 13:01:58.284258 31798 raft_consensus.cc:740] T 7584db33c3f14a4795f6d9558f09c63d P efaa29e9f5a84d13a12d5b6530f3a654 [term 0 FOLLOWER]: Becoming Follower/Learner. State: Replica: efaa29e9f5a84d13a12d5b6530f3a654, State: Initialized, Role: FOLLOWER
