I20260608 13:01:58.846387 11733 raft_consensus.cc:493] T e1ff5fdab3bb48b3a3abaaef09cf9b41 P ce5f51b53e9c4368bf23d11647a377b0 [term 0 FOLLOWER]: Starting pre-election (no leader contacted us within the election timeout)
W20260608 13:01:58.860844 11458 auto_leader_rebalancer.cc:460] the master instance isn't leader: Service unavailable: Tablet not running
I20260608 13:01:58.864099 11701 tablet_bootstrap.cc:654] T 71defbd25cfd47bea73413f70eee5429 P 7f19a31ba2da4b8397c8151992418270: Neither blocks nor log segments found. Creating new log.
I20260608 13:01:58.860589 11733 raft_consensus.cc:515] T e1ff5fdab3bb48b3a3abaaef09cf9b41 P ce5f51b53e9c4368bf23d11647a377b0 [term 0 FOLLOWER]: Starting pre-election with config: opid_index: -1 OBSOLETE_local: false peers { permanent_uuid: "7f19a31ba2da4b8397c8151992418270" member_type: VOTER last_known_addr { host: "127.8.90.1" port: 45807 } } peers { permanent_uuid: "b2630f81f6b54247a19cc5d3489f14db" member_type: VOTER last_known_addr { host: "127.8.90.2" port: 42183 } } peers { permanent_uuid: "ce5f51b53e9c4368bf23d11647a377b0" member_type: VOTER last_known_addr { host: "127.8.90.3" port: 35719 } }
I20260608 13:01:58.868163 11507 tablet_service.cc:1917] Received RequestConsensusVote() RPC: tablet_id: "e1ff5fdab3bb48b3a3abaaef09cf9b41" candidate_uuid: "ce5f51b53e9c4368bf23d11647a377b0" candidate_term: 1 candidate_status { last_received { term: 0 index: 0 } } ignore_live_leader: false dest_uuid: "7f19a31ba2da4b8397c8151992418270" is_pre_election: true
I20260608 13:01:58.868487 11702 tablet_bootstrap.cc:654] T 71defbd25cfd47bea73413f70eee5429 P ce5f51b53e9c4368bf23d11647a377b0: Neither blocks nor log segments found. Creating new log.
I20260608 13:01:58.868889 11507 raft_consensus.cc:2468] T e1ff5fdab3bb48b3a3abaaef09cf9b41 P 7f19a31ba2da4b8397c8151992418270 [term 0 FOLLOWER]: Leader pre-election vote request: Granting yes vote for candidate ce5f51b53e9c4368bf23d11647a377b0 in term 0.
I20260608 13:01:58.869529 11733 leader_election.cc:290] T e1ff5fdab3bb48b3a3abaaef09cf9b41 P ce5f51b53e9c4368bf23d11647a377b0 [CANDIDATE]: Term 1 pre-election: Requested pre-vote from peers 7f19a31ba2da4b8397c8151992418270 (127.8.90.1:45807), b2630f81f6b54247a19cc5d3489f14db (127.8.90.2:42183)
I20260608 13:01:58.871429 11582 tablet_service.cc:1917] Received RequestConsensusVote() RPC: tablet_id: "e1ff5fdab3bb48b3a3abaaef09cf9b41" candidate_uuid: "ce5f51b53e9c4368bf23d11647a377b0" candidate_term: 1 candidate_status { last_received { term: 0 index: 0 } } ignore_live_leader: false dest_uuid: "b2630f81f6b54247a19cc5d3489f14db" is_pre_election: true
I20260608 13:01:58.872678 11701 tablet_bootstrap.cc:492] T 71defbd25cfd47bea73413f70eee5429 P 7f19a31ba2da4b8397c8151992418270: No bootstrap required, opened a new log
I20260608 13:01:58.873158 11701 ts_tablet_manager.cc:1403] T 71defbd25cfd47bea73413f70eee5429 P 7f19a31ba2da4b8397c8151992418270: Time spent bootstrapping tablet: real 0.020s	user 0.012s	sys 0.000s
W20260608 13:01:58.873554 11621 leader_election.cc:343] T e1ff5fdab3bb48b3a3abaaef09cf9b41 P ce5f51b53e9c4368bf23d11647a377b0 [CANDIDATE]: Term 1 pre-election: Tablet error from VoteRequest() call to peer b2630f81f6b54247a19cc5d3489f14db (127.8.90.2:42183): Illegal state: must be running to vote when last-logged opid is not known
I20260608 13:01:58.875135 11622 leader_election.cc:304] T e1ff5fdab3bb48b3a3abaaef09cf9b41 P ce5f51b53e9c4368bf23d11647a377b0 [CANDIDATE]: Term 1 pre-election: Election decided. Result: candidate won. Election summary: received 3 responses out of 3 voters: 2 yes votes; 1 no votes. yes voters: 7f19a31ba2da4b8397c8151992418270, ce5f51b53e9c4368bf23d11647a377b0; no voters: b2630f81f6b54247a19cc5d3489f14db
I20260608 13:01:58.876767 11733 raft_consensus.cc:2804] T e1ff5fdab3bb48b3a3abaaef09cf9b41 P ce5f51b53e9c4368bf23d11647a377b0 [term 0 FOLLOWER]: Leader pre-election won for term 1
I20260608 13:01:58.877131 11733 raft_consensus.cc:493] T e1ff5fdab3bb48b3a3abaaef09cf9b41 P ce5f51b53e9c4368bf23d11647a377b0 [term 0 FOLLOWER]: Starting leader election (no leader contacted us within the election timeout)
I20260608 13:01:58.877079 11701 raft_consensus.cc:359] T 71defbd25cfd47bea73413f70eee5429 P 7f19a31ba2da4b8397c8151992418270 [term 0 FOLLOWER]: Replica starting. Triggering 0 pending ops. Active config: opid_index: -1 OBSOLETE_local: false peers { permanent_uuid: "b2630f81f6b54247a19cc5d3489f14db" member_type: VOTER last_known_addr { host: "127.8.90.2" port: 42183 } } peers { permanent_uuid: "7f19a31ba2da4b8397c8151992418270" member_type: VOTER last_known_addr { host: "127.8.90.1" port: 45807 } } peers { permanent_uuid: "ce5f51b53e9c4368bf23d11647a377b0" member_type: VOTER last_known_addr { host: "127.8.90.3" port: 35719 } }
I20260608 13:01:58.877990 11701 raft_consensus.cc:385] T 71defbd25cfd47bea73413f70eee5429 P 7f19a31ba2da4b8397c8151992418270 [term 0 FOLLOWER]: Consensus starting up: Expiring failure detector timer to make a prompt election more likely
I20260608 13:01:58.878405 11701 raft_consensus.cc:740] T 71defbd25cfd47bea73413f70eee5429 P 7f19a31ba2da4b8397c8151992418270 [term 0 FOLLOWER]: Becoming Follower/Learner. State: Replica: 7f19a31ba2da4b8397c8151992418270, State: Initialized, Role: FOLLOWER
I20260608 13:01:58.878607 11704 tablet_bootstrap.cc:492] T 71defbd25cfd47bea73413f70eee5429 P b2630f81f6b54247a19cc5d3489f14db: No bootstrap required, opened a new log
I20260608 13:01:58.877626 11733 raft_consensus.cc:3060] T e1ff5fdab3bb48b3a3abaaef09cf9b41 P ce5f51b53e9c4368bf23d11647a377b0 [term 0 FOLLOWER]: Advancing to term 1
I20260608 13:01:58.879279 11704 ts_tablet_manager.cc:1403] T 71defbd25cfd47bea73413f70eee5429 P b2630f81f6b54247a19cc5d3489f14db: Time spent bootstrapping tablet: real 0.036s	user 0.008s	sys 0.012s
I20260608 13:01:58.880157 11702 tablet_bootstrap.cc:492] T 71defbd25cfd47bea73413f70eee5429 P ce5f51b53e9c4368bf23d11647a377b0: No bootstrap required, opened a new log
I20260608 13:01:58.880659 11702 ts_tablet_manager.cc:1403] T 71defbd25cfd47bea73413f70eee5429 P ce5f51b53e9c4368bf23d11647a377b0: Time spent bootstrapping tablet: real 0.021s	user 0.018s	sys 0.000s
I20260608 13:01:58.882659 11704 raft_consensus.cc:359] T 71defbd25cfd47bea73413f70eee5429 P b2630f81f6b54247a19cc5d3489f14db [term 0 FOLLOWER]: Replica starting. Triggering 0 pending ops. Active config: opid_index: -1 OBSOLETE_local: false peers { permanent_uuid: "b2630f81f6b54247a19cc5d3489f14db" member_type: VOTER last_known_addr { host: "127.8.90.2" port: 42183 } } peers { permanent_uuid: "7f19a31ba2da4b8397c8151992418270" member_type: VOTER last_known_addr { host: "127.8.90.1" port: 45807 } } peers { permanent_uuid: "ce5f51b53e9c4368bf23d11647a377b0" member_type: VOTER last_known_addr { host: "127.8.90.3" port: 35719 } }
I20260608 13:01:58.883440 11704 raft_consensus.cc:385] T 71defbd25cfd47bea73413f70eee5429 P b2630f81f6b54247a19cc5d3489f14db [term 0 FOLLOWER]: Consensus starting up: Expiring failure detector timer to make a prompt election more likely
I20260608 13:01:58.883808 11704 raft_consensus.cc:740] T 71defbd25cfd47bea73413f70eee5429 P b2630f81f6b54247a19cc5d3489f14db [term 0 FOLLOWER]: Becoming Follower/Learner. State: Replica: b2630f81f6b54247a19cc5d3489f14db, State: Initialized, Role: FOLLOWER
I20260608 13:01:58.883701 11702 raft_consensus.cc:359] T 71defbd25cfd47bea73413f70eee5429 P ce5f51b53e9c4368bf23d11647a377b0 [term 0 FOLLOWER]: Replica starting. Triggering 0 pending ops. Active config: opid_index: -1 OBSOLETE_local: false peers { permanent_uuid: "b2630f81f6b54247a19cc5d3489f14db" member_type: VOTER last_known_addr { host: "127.8.90.2" port: 42183 } } peers { permanent_uuid: "7f19a31ba2da4b8397c8151992418270" member_type: VOTER last_known_addr { host: "127.8.90.1" port: 45807 } } peers { permanent_uuid: "ce5f51b53e9c4368bf23d11647a377b0" member_type: VOTER last_known_addr { host: "127.8.90.3" port: 35719 } }
I20260608 13:01:58.884498 11702 raft_consensus.cc:385] T 71defbd25cfd47bea73413f70eee5429 P ce5f51b53e9c4368bf23d11647a377b0 [term 0 FOLLOWER]: Consensus starting up: Expiring failure detector timer to make a prompt election more likely
I20260608 13:01:58.884804 11702 raft_consensus.cc:740] T 71defbd25cfd47bea73413f70eee5429 P ce5f51b53e9c4368bf23d11647a377b0 [term 0 FOLLOWER]: Becoming Follower/Learner. State: Replica: ce5f51b53e9c4368bf23d11647a377b0, State: Initialized, Role: FOLLOWER
I20260608 13:01:58.884837 11704 consensus_queue.cc:260] T 71defbd25cfd47bea73413f70eee5429 P b2630f81f6b54247a19cc5d3489f14db [NON_LEADER]: Queue going to NON_LEADER mode. State: All replicated index: 0, Majority replicated index: 0, Committed index: 0, Last appended: 0.0, Last appended by leader: 0, Current term: 0, Majority size: -1, State: 0, Mode: NON_LEADER, active raft config: opid_index: -1 OBSOLETE_local: false peers { permanent_uuid: "b2630f81f6b54247a19cc5d3489f14db" member_type: VOTER last_known_addr { host: "127.8.90.2" port: 42183 } } peers { permanent_uuid: "7f19a31ba2da4b8397c8151992418270" member_type: VOTER last_known_addr { host: "127.8.90.1" port: 45807 } } peers { permanent_uuid: "ce5f51b53e9c4368bf23d11647a377b0" member_type: VOTER last_known_addr { host: "127.8.90.3" port: 35719 } }
I20260608 13:01:58.885915 11702 consensus_queue.cc:260] T 71defbd25cfd47bea73413f70eee5429 P ce5f51b53e9c4368bf23d11647a377b0 [NON_LEADER]: Queue going to NON_LEADER mode. State: All replicated index: 0, Majority replicated index: 0, Committed index: 0, Last appended: 0.0, Last appended by leader: 0, Current term: 0, Majority size: -1, State: 0, Mode: NON_LEADER, active raft config: opid_index: -1 OBSOLETE_local: false peers { permanent_uuid: "b2630f81f6b54247a19cc5d3489f14db" member_type: VOTER last_known_addr { host: "127.8.90.2" port: 42183 } } peers { permanent_uuid: "7f19a31ba2da4b8397c8151992418270" member_type: VOTER last_known_addr { host: "127.8.90.1" port: 45807 } } peers { permanent_uuid: "ce5f51b53e9c4368bf23d11647a377b0" member_type: VOTER last_known_addr { host: "127.8.90.3" port: 35719 } }
I20260608 13:01:58.887545 11704 ts_tablet_manager.cc:1434] T 71defbd25cfd47bea73413f70eee5429 P b2630f81f6b54247a19cc5d3489f14db: Time spent starting tablet: real 0.008s	user 0.006s	sys 0.000s
I20260608 13:01:58.887681 11733 raft_consensus.cc:515] T e1ff5fdab3bb48b3a3abaaef09cf9b41 P ce5f51b53e9c4368bf23d11647a377b0 [term 1 FOLLOWER]: Starting leader election with config: opid_index: -1 OBSOLETE_local: false peers { permanent_uuid: "7f19a31ba2da4b8397c8151992418270" member_type: VOTER last_known_addr { host: "127.8.90.1" port: 45807 } } peers { permanent_uuid: "b2630f81f6b54247a19cc5d3489f14db" member_type: VOTER last_known_addr { host: "127.8.90.2" port: 42183 } } peers { permanent_uuid: "ce5f51b53e9c4368bf23d11647a377b0" member_type: VOTER last_known_addr { host: "127.8.90.3" port: 35719 } }
I20260608 13:01:58.888484 11702 ts_tablet_manager.cc:1434] T 71defbd25cfd47bea73413f70eee5429 P ce5f51b53e9c4368bf23d11647a377b0: Time spent starting tablet: real 0.008s	user 0.008s	sys 0.000s
I20260608 13:01:58.888805 11704 tablet_bootstrap.cc:492] T 0dda51b285bc458f81f6f816cba0d2af P b2630f81f6b54247a19cc5d3489f14db: Bootstrap starting.
I20260608 13:01:58.889494 11702 tablet_bootstrap.cc:492] T 0dda51b285bc458f81f6f816cba0d2af P ce5f51b53e9c4368bf23d11647a377b0: Bootstrap starting.
I20260608 13:01:58.891511 11507 tablet_service.cc:1917] Received RequestConsensusVote() RPC: tablet_id: "e1ff5fdab3bb48b3a3abaaef09cf9b41" candidate_uuid: "ce5f51b53e9c4368bf23d11647a377b0" candidate_term: 1 candidate_status { last_received { term: 0 index: 0 } } ignore_live_leader: false dest_uuid: "7f19a31ba2da4b8397c8151992418270"
I20260608 13:01:58.892287 11507 raft_consensus.cc:3060] T e1ff5fdab3bb48b3a3abaaef09cf9b41 P 7f19a31ba2da4b8397c8151992418270 [term 0 FOLLOWER]: Advancing to term 1
I20260608 13:01:58.891566 11701 consensus_queue.cc:260] T 71defbd25cfd47bea73413f70eee5429 P 7f19a31ba2da4b8397c8151992418270 [NON_LEADER]: Queue going to NON_LEADER mode. State: All replicated index: 0, Majority replicated index: 0, Committed index: 0, Last appended: 0.0, Last appended by leader: 0, Current term: 0, Majority size: -1, State: 0, Mode: NON_LEADER, active raft config: opid_index: -1 OBSOLETE_local: false peers { permanent_uuid: "b2630f81f6b54247a19cc5d3489f14db" member_type: VOTER last_known_addr { host: "127.8.90.2" port: 42183 } } peers { permanent_uuid: "7f19a31ba2da4b8397c8151992418270" member_type: VOTER last_known_addr { host: "127.8.90.1" port: 45807 } } peers { permanent_uuid: "ce5f51b53e9c4368bf23d11647a377b0" member_type: VOTER last_known_addr { host: "127.8.90.3" port: 35719 } }
I20260608 13:01:58.894994 11701 ts_tablet_manager.cc:1434] T 71defbd25cfd47bea73413f70eee5429 P 7f19a31ba2da4b8397c8151992418270: Time spent starting tablet: real 0.021s	user 0.008s	sys 0.001s
I20260608 13:01:58.896073 11701 tablet_bootstrap.cc:492] T d9e21be0ab334e90b6f027b5190368f7 P 7f19a31ba2da4b8397c8151992418270: Bootstrap starting.
I20260608 13:01:58.896519 11702 tablet_bootstrap.cc:654] T 0dda51b285bc458f81f6f816cba0d2af P ce5f51b53e9c4368bf23d11647a377b0: Neither blocks nor log segments found. Creating new log.
I20260608 13:01:58.899518 11507 raft_consensus.cc:2468] T e1ff5fdab3bb48b3a3abaaef09cf9b41 P 7f19a31ba2da4b8397c8151992418270 [term 1 FOLLOWER]: Leader election vote request: Granting yes vote for candidate ce5f51b53e9c4368bf23d11647a377b0 in term 1.
I20260608 13:01:58.901234 11622 leader_election.cc:304] T e1ff5fdab3bb48b3a3abaaef09cf9b41 P ce5f51b53e9c4368bf23d11647a377b0 [CANDIDATE]: Term 1 election: Election decided. Result: candidate won. Election summary: received 2 responses out of 3 voters: 2 yes votes; 0 no votes. yes voters: 7f19a31ba2da4b8397c8151992418270, ce5f51b53e9c4368bf23d11647a377b0; no voters: 
I20260608 13:01:58.902144 11701 tablet_bootstrap.cc:654] T d9e21be0ab334e90b6f027b5190368f7 P 7f19a31ba2da4b8397c8151992418270: Neither blocks nor log segments found. Creating new log.
I20260608 13:01:58.902293 11709 raft_consensus.cc:2804] T e1ff5fdab3bb48b3a3abaaef09cf9b41 P ce5f51b53e9c4368bf23d11647a377b0 [term 1 FOLLOWER]: Leader election won for term 1
I20260608 13:01:58.906267 11582 tablet_service.cc:1917] Received RequestConsensusVote() RPC: tablet_id: "e1ff5fdab3bb48b3a3abaaef09cf9b41" candidate_uuid: "ce5f51b53e9c4368bf23d11647a377b0" candidate_term: 1 candidate_status { last_received { term: 0 index: 0 } } ignore_live_leader: false dest_uuid: "b2630f81f6b54247a19cc5d3489f14db"
W20260608 13:01:58.907734 11621 leader_election.cc:343] T e1ff5fdab3bb48b3a3abaaef09cf9b41 P ce5f51b53e9c4368bf23d11647a377b0 [CANDIDATE]: Term 1 election: Tablet error from VoteRequest() call to peer b2630f81f6b54247a19cc5d3489f14db (127.8.90.2:42183): Illegal state: must be running to vote when last-logged opid is not known
I20260608 13:01:58.908953 11704 tablet_bootstrap.cc:654] T 0dda51b285bc458f81f6f816cba0d2af P b2630f81f6b54247a19cc5d3489f14db: Neither blocks nor log segments found. Creating new log.
I20260608 13:01:58.909727 11733 leader_election.cc:290] T e1ff5fdab3bb48b3a3abaaef09cf9b41 P ce5f51b53e9c4368bf23d11647a377b0 [CANDIDATE]: Term 1 election: Requested vote from peers 7f19a31ba2da4b8397c8151992418270 (127.8.90.1:45807), b2630f81f6b54247a19cc5d3489f14db (127.8.90.2:42183)
I20260608 13:01:58.910658 11733 raft_consensus.cc:493] T 71defbd25cfd47bea73413f70eee5429 P ce5f51b53e9c4368bf23d11647a377b0 [term 0 FOLLOWER]: Starting pre-election (no leader contacted us within the election timeout)
I20260608 13:01:58.911124 11733 raft_consensus.cc:515] T 71defbd25cfd47bea73413f70eee5429 P ce5f51b53e9c4368bf23d11647a377b0 [term 0 FOLLOWER]: Starting pre-election with config: opid_index: -1 OBSOLETE_local: false peers { permanent_uuid: "b2630f81f6b54247a19cc5d3489f14db" member_type: VOTER last_known_addr { host: "127.8.90.2" port: 42183 } } peers { permanent_uuid: "7f19a31ba2da4b8397c8151992418270" member_type: VOTER last_known_addr { host: "127.8.90.1" port: 45807 } } peers { permanent_uuid: "ce5f51b53e9c4368bf23d11647a377b0" member_type: VOTER last_known_addr { host: "127.8.90.3" port: 35719 } }
I20260608 13:01:58.915166 11582 tablet_service.cc:1917] Received RequestConsensusVote() RPC: tablet_id: "71defbd25cfd47bea73413f70eee5429" candidate_uuid: "ce5f51b53e9c4368bf23d11647a377b0" candidate_term: 1 candidate_status { last_received { term: 0 index: 0 } } ignore_live_leader: false dest_uuid: "b2630f81f6b54247a19cc5d3489f14db" is_pre_election: true
I20260608 13:01:58.915802 11582 raft_consensus.cc:2468] T 71defbd25cfd47bea73413f70eee5429 P b2630f81f6b54247a19cc5d3489f14db [term 0 FOLLOWER]: Leader pre-election vote request: Granting yes vote for candidate ce5f51b53e9c4368bf23d11647a377b0 in term 0.
I20260608 13:01:58.915166 11712 raft_consensus.cc:493] T 13f3b73b9b004d77951ca82295ae5f29 P b2630f81f6b54247a19cc5d3489f14db [term 0 FOLLOWER]: Starting pre-election (no leader contacted us within the election timeout)
I20260608 13:01:58.916774 11712 raft_consensus.cc:515] T 13f3b73b9b004d77951ca82295ae5f29 P b2630f81f6b54247a19cc5d3489f14db [term 0 FOLLOWER]: Starting pre-election with config: opid_index: -1 OBSOLETE_local: false peers { permanent_uuid: "7f19a31ba2da4b8397c8151992418270" member_type: VOTER last_known_addr { host: "127.8.90.1" port: 45807 } } peers { permanent_uuid: "b2630f81f6b54247a19cc5d3489f14db" member_type: VOTER last_known_addr { host: "127.8.90.2" port: 42183 } } peers { permanent_uuid: "ce5f51b53e9c4368bf23d11647a377b0" member_type: VOTER last_known_addr { host: "127.8.90.3" port: 35719 } }
I20260608 13:01:58.917125 11621 leader_election.cc:304] T 71defbd25cfd47bea73413f70eee5429 P ce5f51b53e9c4368bf23d11647a377b0 [CANDIDATE]: Term 1 pre-election: Election decided. Result: candidate won. Election summary: received 2 responses out of 3 voters: 2 yes votes; 0 no votes. yes voters: b2630f81f6b54247a19cc5d3489f14db, ce5f51b53e9c4368bf23d11647a377b0; no voters: 
I20260608 13:01:58.919174 11712 leader_election.cc:290] T 13f3b73b9b004d77951ca82295ae5f29 P b2630f81f6b54247a19cc5d3489f14db [CANDIDATE]: Term 1 pre-election: Requested pre-vote from peers 7f19a31ba2da4b8397c8151992418270 (127.8.90.1:45807), ce5f51b53e9c4368bf23d11647a377b0 (127.8.90.3:35719)
I20260608 13:01:58.919556 11733 leader_election.cc:290] T 71defbd25cfd47bea73413f70eee5429 P ce5f51b53e9c4368bf23d11647a377b0 [CANDIDATE]: Term 1 pre-election: Requested pre-vote from peers b2630f81f6b54247a19cc5d3489f14db (127.8.90.2:42183), 7f19a31ba2da4b8397c8151992418270 (127.8.90.1:45807)
I20260608 13:01:58.920073 11733 raft_consensus.cc:2804] T 71defbd25cfd47bea73413f70eee5429 P ce5f51b53e9c4368bf23d11647a377b0 [term 0 FOLLOWER]: Leader pre-election won for term 1
I20260608 13:01:58.920389 11733 raft_consensus.cc:493] T 71defbd25cfd47bea73413f70eee5429 P ce5f51b53e9c4368bf23d11647a377b0 [term 0 FOLLOWER]: Starting leader election (no leader contacted us within the election timeout)
I20260608 13:01:58.920717 11733 raft_consensus.cc:3060] T 71defbd25cfd47bea73413f70eee5429 P ce5f51b53e9c4368bf23d11647a377b0 [term 0 FOLLOWER]: Advancing to term 1
I20260608 13:01:58.921027 11507 tablet_service.cc:1917] Received RequestConsensusVote() RPC: tablet_id: "71defbd25cfd47bea73413f70eee5429" candidate_uuid: "ce5f51b53e9c4368bf23d11647a377b0" candidate_term: 1 candidate_status { last_received { term: 0 index: 0 } } ignore_live_leader: false dest_uuid: "7f19a31ba2da4b8397c8151992418270" is_pre_election: true
I20260608 13:01:58.921554 11506 tablet_service.cc:1917] Received RequestConsensusVote() RPC: tablet_id: "13f3b73b9b004d77951ca82295ae5f29" candidate_uuid: "b2630f81f6b54247a19cc5d3489f14db" candidate_term: 1 candidate_status { last_received { term: 0 index: 0 } } ignore_live_leader: false dest_uuid: "7f19a31ba2da4b8397c8151992418270" is_pre_election: true
I20260608 13:01:58.921819 11507 raft_consensus.cc:2468] T 71defbd25cfd47bea73413f70eee5429 P 7f19a31ba2da4b8397c8151992418270 [term 0 FOLLOWER]: Leader pre-election vote request: Granting yes vote for candidate ce5f51b53e9c4368bf23d11647a377b0 in term 0.
I20260608 13:01:58.922164 11506 raft_consensus.cc:2468] T 13f3b73b9b004d77951ca82295ae5f29 P 7f19a31ba2da4b8397c8151992418270 [term 0 FOLLOWER]: Leader pre-election vote request: Granting yes vote for candidate b2630f81f6b54247a19cc5d3489f14db in term 0.
I20260608 13:01:58.925271 11548 leader_election.cc:304] T 13f3b73b9b004d77951ca82295ae5f29 P b2630f81f6b54247a19cc5d3489f14db [CANDIDATE]: Term 1 pre-election: Election decided. Result: candidate won. Election summary: received 2 responses out of 3 voters: 2 yes votes; 0 no votes. yes voters: 7f19a31ba2da4b8397c8151992418270, b2630f81f6b54247a19cc5d3489f14db; no voters: 
I20260608 13:01:58.926313 11712 raft_consensus.cc:2804] T 13f3b73b9b004d77951ca82295ae5f29 P b2630f81f6b54247a19cc5d3489f14db [term 0 FOLLOWER]: Leader pre-election won for term 1
I20260608 13:01:58.926657 11712 raft_consensus.cc:493] T 13f3b73b9b004d77951ca82295ae5f29 P b2630f81f6b54247a19cc5d3489f14db [term 0 FOLLOWER]: Starting leader election (no leader contacted us within the election timeout)
I20260608 13:01:58.927906 11704 tablet_bootstrap.cc:492] T 0dda51b285bc458f81f6f816cba0d2af P b2630f81f6b54247a19cc5d3489f14db: No bootstrap required, opened a new log
I20260608 13:01:58.927019 11712 raft_consensus.cc:3060] T 13f3b73b9b004d77951ca82295ae5f29 P b2630f81f6b54247a19cc5d3489f14db [term 0 FOLLOWER]: Advancing to term 1
I20260608 13:01:58.928638 11704 ts_tablet_manager.cc:1403] T 0dda51b285bc458f81f6f816cba0d2af P b2630f81f6b54247a19cc5d3489f14db: Time spent bootstrapping tablet: real 0.040s	user 0.011s	sys 0.011s
I20260608 13:01:58.931653 11656 tablet_service.cc:1917] Received RequestConsensusVote() RPC: tablet_id: "13f3b73b9b004d77951ca82295ae5f29" candidate_uuid: "b2630f81f6b54247a19cc5d3489f14db" candidate_term: 1 candidate_status { last_received { term: 0 index: 0 } } ignore_live_leader: false dest_uuid: "ce5f51b53e9c4368bf23d11647a377b0" is_pre_election: true
I20260608 13:01:58.932510 11704 raft_consensus.cc:359] T 0dda51b285bc458f81f6f816cba0d2af P b2630f81f6b54247a19cc5d3489f14db [term 0 FOLLOWER]: Replica starting. Triggering 0 pending ops. Active config: opid_index: -1 OBSOLETE_local: false peers { permanent_uuid: "7f19a31ba2da4b8397c8151992418270" member_type: VOTER last_known_addr { host: "127.8.90.1" port: 45807 } } peers { permanent_uuid: "b2630f81f6b54247a19cc5d3489f14db" member_type: VOTER last_known_addr { host: "127.8.90.2" port: 42183 } } peers { permanent_uuid: "ce5f51b53e9c4368bf23d11647a377b0" member_type: VOTER last_known_addr { host: "127.8.90.3" port: 35719 } }
W20260608 13:01:58.933053 11545 leader_election.cc:343] T 13f3b73b9b004d77951ca82295ae5f29 P b2630f81f6b54247a19cc5d3489f14db [CANDIDATE]: Term 1 pre-election: Tablet error from VoteRequest() call to peer ce5f51b53e9c4368bf23d11647a377b0 (127.8.90.3:35719): Illegal state: must be running to vote when last-logged opid is not known
I20260608 13:01:58.933291 11704 raft_consensus.cc:385] T 0dda51b285bc458f81f6f816cba0d2af P b2630f81f6b54247a19cc5d3489f14db [term 0 FOLLOWER]: Consensus starting up: Expiring failure detector timer to make a prompt election more likely
I20260608 13:01:58.933714 11704 raft_consensus.cc:740] T 0dda51b285bc458f81f6f816cba0d2af P b2630f81f6b54247a19cc5d3489f14db [term 0 FOLLOWER]: Becoming Follower/Learner. State: Replica: b2630f81f6b54247a19cc5d3489f14db, State: Initialized, Role: FOLLOWER
I20260608 13:01:58.934836 11704 consensus_queue.cc:260] T 0dda51b285bc458f81f6f816cba0d2af P b2630f81f6b54247a19cc5d3489f14db [NON_LEADER]: Queue going to NON_LEADER mode. State: All replicated index: 0, Majority replicated index: 0, Committed index: 0, Last appended: 0.0, Last appended by leader: 0, Current term: 0, Majority size: -1, State: 0, Mode: NON_LEADER, active raft config: opid_index: -1 OBSOLETE_local: false peers { permanent_uuid: "7f19a31ba2da4b8397c8151992418270" member_type: VOTER last_known_addr { host: "127.8.90.1" port: 45807 } } peers { permanent_uuid: "b2630f81f6b54247a19cc5d3489f14db" member_type: VOTER last_known_addr { host: "127.8.90.2" port: 42183 } } peers { permanent_uuid: "ce5f51b53e9c4368bf23d11647a377b0" member_type: VOTER last_known_addr { host: "127.8.90.3" port: 35719 } }
I20260608 13:01:58.936781 11709 raft_consensus.cc:697] T e1ff5fdab3bb48b3a3abaaef09cf9b41 P ce5f51b53e9c4368bf23d11647a377b0 [term 1 LEADER]: Becoming Leader. State: Replica: ce5f51b53e9c4368bf23d11647a377b0, State: Running, Role: LEADER
I20260608 13:01:58.937960 11704 ts_tablet_manager.cc:1434] T 0dda51b285bc458f81f6f816cba0d2af P b2630f81f6b54247a19cc5d3489f14db: Time spent starting tablet: real 0.009s	user 0.007s	sys 0.000s
I20260608 13:01:58.937736 11709 consensus_queue.cc:237] T e1ff5fdab3bb48b3a3abaaef09cf9b41 P ce5f51b53e9c4368bf23d11647a377b0 [LEADER]: Queue going to LEADER mode. State: All replicated index: 0, Majority replicated index: 0, Committed index: 0, Last appended: 0.0, Last appended by leader: 0, Current term: 1, Majority size: 2, State: 0, Mode: LEADER, active raft config: opid_index: -1 OBSOLETE_local: false peers { permanent_uuid: "7f19a31ba2da4b8397c8151992418270" member_type: VOTER last_known_addr { host: "127.8.90.1" port: 45807 } } peers { permanent_uuid: "b2630f81f6b54247a19cc5d3489f14db" member_type: VOTER last_known_addr { host: "127.8.90.2" port: 42183 } } peers { permanent_uuid: "ce5f51b53e9c4368bf23d11647a377b0" member_type: VOTER last_known_addr { host: "127.8.90.3" port: 35719 } }
I20260608 13:01:58.939208 11704 tablet_bootstrap.cc:492] T 898cddcbb9724b61aa08442ac87a20b8 P b2630f81f6b54247a19cc5d3489f14db: Bootstrap starting.
I20260608 13:01:58.939986 11712 raft_consensus.cc:515] T 13f3b73b9b004d77951ca82295ae5f29 P b2630f81f6b54247a19cc5d3489f14db [term 1 FOLLOWER]: Starting leader election with config: opid_index: -1 OBSOLETE_local: false peers { permanent_uuid: "7f19a31ba2da4b8397c8151992418270" member_type: VOTER last_known_addr { host: "127.8.90.1" port: 45807 } } peers { permanent_uuid: "b2630f81f6b54247a19cc5d3489f14db" member_type: VOTER last_known_addr { host: "127.8.90.2" port: 42183 } } peers { permanent_uuid: "ce5f51b53e9c4368bf23d11647a377b0" member_type: VOTER last_known_addr { host: "127.8.90.3" port: 35719 } }
I20260608 13:01:58.943401 11702 tablet_bootstrap.cc:492] T 0dda51b285bc458f81f6f816cba0d2af P ce5f51b53e9c4368bf23d11647a377b0: No bootstrap required, opened a new log
I20260608 13:01:58.943951 11702 ts_tablet_manager.cc:1403] T 0dda51b285bc458f81f6f816cba0d2af P ce5f51b53e9c4368bf23d11647a377b0: Time spent bootstrapping tablet: real 0.055s	user 0.007s	sys 0.012s
I20260608 13:01:58.947062 11704 tablet_bootstrap.cc:654] T 898cddcbb9724b61aa08442ac87a20b8 P b2630f81f6b54247a19cc5d3489f14db: Neither blocks nor log segments found. Creating new log.
I20260608 13:01:58.947463 11702 raft_consensus.cc:359] T 0dda51b285bc458f81f6f816cba0d2af P ce5f51b53e9c4368bf23d11647a377b0 [term 0 FOLLOWER]: Replica starting. Triggering 0 pending ops. Active config: opid_index: -1 OBSOLETE_local: false peers { permanent_uuid: "7f19a31ba2da4b8397c8151992418270" member_type: VOTER last_known_addr { host: "127.8.90.1" port: 45807 } } peers { permanent_uuid: "b2630f81f6b54247a19cc5d3489f14db" member_type: VOTER last_known_addr { host: "127.8.90.2" port: 42183 } } peers { permanent_uuid: "ce5f51b53e9c4368bf23d11647a377b0" member_type: VOTER last_known_addr { host: "127.8.90.3" port: 35719 } }
I20260608 13:01:58.948237 11702 raft_consensus.cc:385] T 0dda51b285bc458f81f6f816cba0d2af P ce5f51b53e9c4368bf23d11647a377b0 [term 0 FOLLOWER]: Consensus starting up: Expiring failure detector timer to make a prompt election more likely
I20260608 13:01:58.948562 11702 raft_consensus.cc:740] T 0dda51b285bc458f81f6f816cba0d2af P ce5f51b53e9c4368bf23d11647a377b0 [term 0 FOLLOWER]: Becoming Follower/Learner. State: Replica: ce5f51b53e9c4368bf23d11647a377b0, State: Initialized, Role: FOLLOWER
I20260608 13:01:58.949131 11506 tablet_service.cc:1917] Received RequestConsensusVote() RPC: tablet_id: "13f3b73b9b004d77951ca82295ae5f29" candidate_uuid: "b2630f81f6b54247a19cc5d3489f14db" candidate_term: 1 candidate_status { last_received { term: 0 index: 0 } } ignore_live_leader: false dest_uuid: "7f19a31ba2da4b8397c8151992418270"
I20260608 13:01:58.949738 11506 raft_consensus.cc:3060] T 13f3b73b9b004d77951ca82295ae5f29 P 7f19a31ba2da4b8397c8151992418270 [term 0 FOLLOWER]: Advancing to term 1
I20260608 13:01:58.951870 11712 leader_election.cc:290] T 13f3b73b9b004d77951ca82295ae5f29 P b2630f81f6b54247a19cc5d3489f14db [CANDIDATE]: Term 1 election: Requested vote from peers 7f19a31ba2da4b8397c8151992418270 (127.8.90.1:45807), ce5f51b53e9c4368bf23d11647a377b0 (127.8.90.3:35719)
I20260608 13:01:58.951959 11733 raft_consensus.cc:515] T 71defbd25cfd47bea73413f70eee5429 P ce5f51b53e9c4368bf23d11647a377b0 [term 1 FOLLOWER]: Starting leader election with config: opid_index: -1 OBSOLETE_local: false peers { permanent_uuid: "b2630f81f6b54247a19cc5d3489f14db" member_type: VOTER last_known_addr { host: "127.8.90.2" port: 42183 } } peers { permanent_uuid: "7f19a31ba2da4b8397c8151992418270" member_type: VOTER last_known_addr { host: "127.8.90.1" port: 45807 } } peers { permanent_uuid: "ce5f51b53e9c4368bf23d11647a377b0" member_type: VOTER last_known_addr { host: "127.8.90.3" port: 35719 } }
I20260608 13:01:58.955576 11507 tablet_service.cc:1917] Received RequestConsensusVote() RPC: tablet_id: "71defbd25cfd47bea73413f70eee5429" candidate_uuid: "ce5f51b53e9c4368bf23d11647a377b0" candidate_term: 1 candidate_status { last_received { term: 0 index: 0 } } ignore_live_leader: false dest_uuid: "7f19a31ba2da4b8397c8151992418270"
I20260608 13:01:58.956296 11507 raft_consensus.cc:3060] T 71defbd25cfd47bea73413f70eee5429 P 7f19a31ba2da4b8397c8151992418270 [term 0 FOLLOWER]: Advancing to term 1
I20260608 13:01:58.955619 11582 tablet_service.cc:1917] Received RequestConsensusVote() RPC: tablet_id: "71defbd25cfd47bea73413f70eee5429" candidate_uuid: "ce5f51b53e9c4368bf23d11647a377b0" candidate_term: 1 candidate_status { last_received { term: 0 index: 0 } } ignore_live_leader: false dest_uuid: "b2630f81f6b54247a19cc5d3489f14db"
I20260608 13:01:58.957221 11582 raft_consensus.cc:3060] T 71defbd25cfd47bea73413f70eee5429 P b2630f81f6b54247a19cc5d3489f14db [term 0 FOLLOWER]: Advancing to term 1
I20260608 13:01:58.956069 11656 tablet_service.cc:1917] Received RequestConsensusVote() RPC: tablet_id: "13f3b73b9b004d77951ca82295ae5f29" candidate_uuid: "b2630f81f6b54247a19cc5d3489f14db" candidate_term: 1 candidate_status { last_received { term: 0 index: 0 } } ignore_live_leader: false dest_uuid: "ce5f51b53e9c4368bf23d11647a377b0"
W20260608 13:01:58.961725 11545 leader_election.cc:343] T 13f3b73b9b004d77951ca82295ae5f29 P b2630f81f6b54247a19cc5d3489f14db [CANDIDATE]: Term 1 election: Tablet error from VoteRequest() call to peer ce5f51b53e9c4368bf23d11647a377b0 (127.8.90.3:35719): Illegal state: must be running to vote when last-logged opid is not known
I20260608 13:01:58.963344 11507 raft_consensus.cc:2468] T 71defbd25cfd47bea73413f70eee5429 P 7f19a31ba2da4b8397c8151992418270 [term 1 FOLLOWER]: Leader election vote request: Granting yes vote for candidate ce5f51b53e9c4368bf23d11647a377b0 in term 1.
I20260608 13:01:58.964519 11622 leader_election.cc:304] T 71defbd25cfd47bea73413f70eee5429 P ce5f51b53e9c4368bf23d11647a377b0 [CANDIDATE]: Term 1 election: Election decided. Result: candidate won. Election summary: received 2 responses out of 3 voters: 2 yes votes; 0 no votes. yes voters: 7f19a31ba2da4b8397c8151992418270, ce5f51b53e9c4368bf23d11647a377b0; no voters: 
I20260608 13:01:58.965512 11733 leader_election.cc:290] T 71defbd25cfd47bea73413f70eee5429 P ce5f51b53e9c4368bf23d11647a377b0 [CANDIDATE]: Term 1 election: Requested vote from peers b2630f81f6b54247a19cc5d3489f14db (127.8.90.2:42183), 7f19a31ba2da4b8397c8151992418270 (127.8.90.1:45807)
I20260608 13:01:58.965636 11740 raft_consensus.cc:2804] T 71defbd25cfd47bea73413f70eee5429 P ce5f51b53e9c4368bf23d11647a377b0 [term 1 FOLLOWER]: Leader election won for term 1
I20260608 13:01:58.966441 11740 raft_consensus.cc:697] T 71defbd25cfd47bea73413f70eee5429 P ce5f51b53e9c4368bf23d11647a377b0 [term 1 LEADER]: Becoming Leader. State: Replica: ce5f51b53e9c4368bf23d11647a377b0, State: Running, Role: LEADER
I20260608 13:01:58.968251 11740 consensus_queue.cc:237] T 71defbd25cfd47bea73413f70eee5429 P ce5f51b53e9c4368bf23d11647a377b0 [LEADER]: Queue going to LEADER mode. State: All replicated index: 0, Majority replicated index: 0, Committed index: 0, Last appended: 0.0, Last appended by leader: 0, Current term: 1, Majority size: 2, State: 0, Mode: LEADER, active raft config: opid_index: -1 OBSOLETE_local: false peers { permanent_uuid: "b2630f81f6b54247a19cc5d3489f14db" member_type: VOTER last_known_addr { host: "127.8.90.2" port: 42183 } } peers { permanent_uuid: "7f19a31ba2da4b8397c8151992418270" member_type: VOTER last_known_addr { host: "127.8.90.1" port: 45807 } } peers { permanent_uuid: "ce5f51b53e9c4368bf23d11647a377b0" member_type: VOTER last_known_addr { host: "127.8.90.3" port: 35719 } }
I20260608 13:01:58.970937 11582 raft_consensus.cc:2468] T 71defbd25cfd47bea73413f70eee5429 P b2630f81f6b54247a19cc5d3489f14db [term 1 FOLLOWER]: Leader election vote request: Granting yes vote for candidate ce5f51b53e9c4368bf23d11647a377b0 in term 1.
I20260608 13:01:58.973366 11701 tablet_bootstrap.cc:492] T d9e21be0ab334e90b6f027b5190368f7 P 7f19a31ba2da4b8397c8151992418270: No bootstrap required, opened a new log
I20260608 13:01:58.974006 11701 ts_tablet_manager.cc:1403] T d9e21be0ab334e90b6f027b5190368f7 P 7f19a31ba2da4b8397c8151992418270: Time spent bootstrapping tablet: real 0.078s	user 0.000s	sys 0.013s
I20260608 13:01:58.980679 11701 raft_consensus.cc:359] T d9e21be0ab334e90b6f027b5190368f7 P 7f19a31ba2da4b8397c8151992418270 [term 0 FOLLOWER]: Replica starting. Triggering 0 pending ops. Active config: opid_index: -1 OBSOLETE_local: false peers { permanent_uuid: "b2630f81f6b54247a19cc5d3489f14db" member_type: VOTER last_known_addr { host: "127.8.90.2" port: 42183 } } peers { permanent_uuid: "7f19a31ba2da4b8397c8151992418270" member_type: VOTER last_known_addr { host: "127.8.90.1" port: 45807 } } peers { permanent_uuid: "ce5f51b53e9c4368bf23d11647a377b0" member_type: VOTER last_known_addr { host: "127.8.90.3" port: 35719 } }
I20260608 13:01:58.950404 11702 consensus_queue.cc:260] T 0dda51b285bc458f81f6f816cba0d2af P ce5f51b53e9c4368bf23d11647a377b0 [NON_LEADER]: Queue going to NON_LEADER mode. State: All replicated index: 0, Majority replicated index: 0, Committed index: 0, Last appended: 0.0, Last appended by leader: 0, Current term: 0, Majority size: -1, State: 0, Mode: NON_LEADER, active raft config: opid_index: -1 OBSOLETE_local: false peers { permanent_uuid: "7f19a31ba2da4b8397c8151992418270" member_type: VOTER last_known_addr { host: "127.8.90.1" port: 45807 } } peers { permanent_uuid: "b2630f81f6b54247a19cc5d3489f14db" member_type: VOTER last_known_addr { host: "127.8.90.2" port: 42183 } } peers { permanent_uuid: "ce5f51b53e9c4368bf23d11647a377b0" member_type: VOTER last_known_addr { host: "127.8.90.3" port: 35719 } }
I20260608 13:01:58.983035 11704 tablet_bootstrap.cc:492] T 898cddcbb9724b61aa08442ac87a20b8 P b2630f81f6b54247a19cc5d3489f14db: No bootstrap required, opened a new log
I20260608 13:01:58.985958 11506 raft_consensus.cc:2468] T 13f3b73b9b004d77951ca82295ae5f29 P 7f19a31ba2da4b8397c8151992418270 [term 1 FOLLOWER]: Leader election vote request: Granting yes vote for candidate b2630f81f6b54247a19cc5d3489f14db in term 1.
I20260608 13:01:58.994347 11704 ts_tablet_manager.cc:1403] T 898cddcbb9724b61aa08442ac87a20b8 P b2630f81f6b54247a19cc5d3489f14db: Time spent bootstrapping tablet: real 0.055s	user 0.029s	sys 0.018s
I20260608 13:01:58.992259 11402 catalog_manager.cc:5696] T 71defbd25cfd47bea73413f70eee5429 P ce5f51b53e9c4368bf23d11647a377b0 reported cstate change: term changed from 0 to 1, leader changed from <none> to ce5f51b53e9c4368bf23d11647a377b0 (127.8.90.3). New cstate: current_term: 1 leader_uuid: "ce5f51b53e9c4368bf23d11647a377b0" committed_config { opid_index: -1 OBSOLETE_local: false peers { permanent_uuid: "b2630f81f6b54247a19cc5d3489f14db" member_type: VOTER last_known_addr { host: "127.8.90.2" port: 42183 } health_report { overall_health: UNKNOWN } } peers { permanent_uuid: "7f19a31ba2da4b8397c8151992418270" member_type: VOTER last_known_addr { host: "127.8.90.1" port: 45807 } health_report { overall_health: UNKNOWN } } peers { permanent_uuid: "ce5f51b53e9c4368bf23d11647a377b0" member_type: VOTER last_known_addr { host: "127.8.90.3" port: 35719 } health_report { overall_health: HEALTHY } } }
I20260608 13:01:58.995193 11548 leader_election.cc:304] T 13f3b73b9b004d77951ca82295ae5f29 P b2630f81f6b54247a19cc5d3489f14db [CANDIDATE]: Term 1 election: Election decided. Result: candidate won. Election summary: received 3 responses out of 3 voters: 2 yes votes; 1 no votes. yes voters: 7f19a31ba2da4b8397c8151992418270, b2630f81f6b54247a19cc5d3489f14db; no voters: ce5f51b53e9c4368bf23d11647a377b0
I20260608 13:01:58.995633 11702 ts_tablet_manager.cc:1434] T 0dda51b285bc458f81f6f816cba0d2af P ce5f51b53e9c4368bf23d11647a377b0: Time spent starting tablet: real 0.051s	user 0.009s	sys 0.007s
I20260608 13:01:58.996110 11712 raft_consensus.cc:2804] T 13f3b73b9b004d77951ca82295ae5f29 P b2630f81f6b54247a19cc5d3489f14db [term 1 FOLLOWER]: Leader election won for term 1
I20260608 13:01:58.996642 11712 raft_consensus.cc:697] T 13f3b73b9b004d77951ca82295ae5f29 P b2630f81f6b54247a19cc5d3489f14db [term 1 LEADER]: Becoming Leader. State: Replica: b2630f81f6b54247a19cc5d3489f14db, State: Running, Role: LEADER
I20260608 13:01:58.996556 11402 catalog_manager.cc:5696] T e1ff5fdab3bb48b3a3abaaef09cf9b41 P ce5f51b53e9c4368bf23d11647a377b0 reported cstate change: term changed from 0 to 1, leader changed from <none> to ce5f51b53e9c4368bf23d11647a377b0 (127.8.90.3). New cstate: current_term: 1 leader_uuid: "ce5f51b53e9c4368bf23d11647a377b0" committed_config { opid_index: -1 OBSOLETE_local: false peers { permanent_uuid: "7f19a31ba2da4b8397c8151992418270" member_type: VOTER last_known_addr { host: "127.8.90.1" port: 45807 } health_report { overall_health: UNKNOWN } } peers { permanent_uuid: "b2630f81f6b54247a19cc5d3489f14db" member_type: VOTER last_known_addr { host: "127.8.90.2" port: 42183 } health_report { overall_health: UNKNOWN } } peers { permanent_uuid: "ce5f51b53e9c4368bf23d11647a377b0" member_type: VOTER last_known_addr { host: "127.8.90.3" port: 35719 } health_report { overall_health: HEALTHY } } }
I20260608 13:01:58.997562 11712 consensus_queue.cc:237] T 13f3b73b9b004d77951ca82295ae5f29 P b2630f81f6b54247a19cc5d3489f14db [LEADER]: Queue going to LEADER mode. State: All replicated index: 0, Majority replicated index: 0, Committed index: 0, Last appended: 0.0, Last appended by leader: 0, Current term: 1, Majority size: 2, State: 0, Mode: LEADER, active raft config: opid_index: -1 OBSOLETE_local: false peers { permanent_uuid: "7f19a31ba2da4b8397c8151992418270" member_type: VOTER last_known_addr { host: "127.8.90.1" port: 45807 } } peers { permanent_uuid: "b2630f81f6b54247a19cc5d3489f14db" member_type: VOTER last_known_addr { host: "127.8.90.2" port: 42183 } } peers { permanent_uuid: "ce5f51b53e9c4368bf23d11647a377b0" member_type: VOTER last_known_addr { host: "127.8.90.3" port: 35719 } }
I20260608 13:01:58.996829 11702 tablet_bootstrap.cc:492] T 13f3b73b9b004d77951ca82295ae5f29 P ce5f51b53e9c4368bf23d11647a377b0: Bootstrap starting.
I20260608 13:01:58.981479 11701 raft_consensus.cc:385] T d9e21be0ab334e90b6f027b5190368f7 P 7f19a31ba2da4b8397c8151992418270 [term 0 FOLLOWER]: Consensus starting up: Expiring failure detector timer to make a prompt election more likely
I20260608 13:01:59.004271 11701 raft_consensus.cc:740] T d9e21be0ab334e90b6f027b5190368f7 P 7f19a31ba2da4b8397c8151992418270 [term 0 FOLLOWER]: Becoming Follower/Learner. State: Replica: 7f19a31ba2da4b8397c8151992418270, State: Initialized, Role: FOLLOWER
I20260608 13:01:59.000571 11704 raft_consensus.cc:359] T 898cddcbb9724b61aa08442ac87a20b8 P b2630f81f6b54247a19cc5d3489f14db [term 0 FOLLOWER]: Replica starting. Triggering 0 pending ops. Active config: opid_index: -1 OBSOLETE_local: false peers { permanent_uuid: "7f19a31ba2da4b8397c8151992418270" member_type: VOTER last_known_addr { host: "127.8.90.1" port: 45807 } } peers { permanent_uuid: "b2630f81f6b54247a19cc5d3489f14db" member_type: VOTER last_known_addr { host: "127.8.90.2" port: 42183 } } peers { permanent_uuid: "ce5f51b53e9c4368bf23d11647a377b0" member_type: VOTER last_known_addr { host: "127.8.90.3" port: 35719 } }
I20260608 13:01:59.004802 11704 raft_consensus.cc:385] T 898cddcbb9724b61aa08442ac87a20b8 P b2630f81f6b54247a19cc5d3489f14db [term 0 FOLLOWER]: Consensus starting up: Expiring failure detector timer to make a prompt election more likely
I20260608 13:01:59.005124 11704 raft_consensus.cc:740] T 898cddcbb9724b61aa08442ac87a20b8 P b2630f81f6b54247a19cc5d3489f14db [term 0 FOLLOWER]: Becoming Follower/Learner. State: Replica: b2630f81f6b54247a19cc5d3489f14db, State: Initialized, Role: FOLLOWER
I20260608 13:01:59.005295 11701 consensus_queue.cc:260] T d9e21be0ab334e90b6f027b5190368f7 P 7f19a31ba2da4b8397c8151992418270 [NON_LEADER]: Queue going to NON_LEADER mode. State: All replicated index: 0, Majority replicated index: 0, Committed index: 0, Last appended: 0.0, Last appended by leader: 0, Current term: 0, Majority size: -1, State: 0, Mode: NON_LEADER, active raft config: opid_index: -1 OBSOLETE_local: false peers { permanent_uuid: "b2630f81f6b54247a19cc5d3489f14db" member_type: VOTER last_known_addr { host: "127.8.90.2" port: 42183 } } peers { permanent_uuid: "7f19a31ba2da4b8397c8151992418270" member_type: VOTER last_known_addr { host: "127.8.90.1" port: 45807 } } peers { permanent_uuid: "ce5f51b53e9c4368bf23d11647a377b0" member_type: VOTER last_known_addr { host: "127.8.90.3" port: 35719 } }
I20260608 13:01:59.006063 11704 consensus_queue.cc:260] T 898cddcbb9724b61aa08442ac87a20b8 P b2630f81f6b54247a19cc5d3489f14db [NON_LEADER]: Queue going to NON_LEADER mode. State: All replicated index: 0, Majority replicated index: 0, Committed index: 0, Last appended: 0.0, Last appended by leader: 0, Current term: 0, Majority size: -1, State: 0, Mode: NON_LEADER, active raft config: opid_index: -1 OBSOLETE_local: false peers { permanent_uuid: "7f19a31ba2da4b8397c8151992418270" member_type: VOTER last_known_addr { host: "127.8.90.1" port: 45807 } } peers { permanent_uuid: "b2630f81f6b54247a19cc5d3489f14db" member_type: VOTER last_known_addr { host: "127.8.90.2" port: 42183 } } peers { permanent_uuid: "ce5f51b53e9c4368bf23d11647a377b0" member_type: VOTER last_known_addr { host: "127.8.90.3" port: 35719 } }
I20260608 13:01:59.008364 11702 tablet_bootstrap.cc:654] T 13f3b73b9b004d77951ca82295ae5f29 P ce5f51b53e9c4368bf23d11647a377b0: Neither blocks nor log segments found. Creating new log.
I20260608 13:01:59.008469 11704 ts_tablet_manager.cc:1434] T 898cddcbb9724b61aa08442ac87a20b8 P b2630f81f6b54247a19cc5d3489f14db: Time spent starting tablet: real 0.014s	user 0.007s	sys 0.000s
I20260608 13:01:59.009545 11704 tablet_bootstrap.cc:492] T e1ff5fdab3bb48b3a3abaaef09cf9b41 P b2630f81f6b54247a19cc5d3489f14db: Bootstrap starting.
I20260608 13:01:59.012189 11701 ts_tablet_manager.cc:1434] T d9e21be0ab334e90b6f027b5190368f7 P 7f19a31ba2da4b8397c8151992418270: Time spent starting tablet: real 0.038s	user 0.009s	sys 0.002s
I20260608 13:01:59.008606 11403 catalog_manager.cc:5696] T 13f3b73b9b004d77951ca82295ae5f29 P b2630f81f6b54247a19cc5d3489f14db reported cstate change: term changed from 0 to 1, leader changed from <none> to b2630f81f6b54247a19cc5d3489f14db (127.8.90.2). New cstate: current_term: 1 leader_uuid: "b2630f81f6b54247a19cc5d3489f14db" committed_config { opid_index: -1 OBSOLETE_local: false peers { permanent_uuid: "7f19a31ba2da4b8397c8151992418270" member_type: VOTER last_known_addr { host: "127.8.90.1" port: 45807 } health_report { overall_health: UNKNOWN } } peers { permanent_uuid: "b2630f81f6b54247a19cc5d3489f14db" member_type: VOTER last_known_addr { host: "127.8.90.2" port: 42183 } health_report { overall_health: HEALTHY } } peers { permanent_uuid: "ce5f51b53e9c4368bf23d11647a377b0" member_type: VOTER last_known_addr { host: "127.8.90.3" port: 35719 } health_report { overall_health: UNKNOWN } } }
I20260608 13:01:59.018904 11709 raft_consensus.cc:493] T d9e21be0ab334e90b6f027b5190368f7 P ce5f51b53e9c4368bf23d11647a377b0 [term 0 FOLLOWER]: Starting pre-election (no leader contacted us within the election timeout)
I20260608 13:01:59.019109 11704 tablet_bootstrap.cc:654] T e1ff5fdab3bb48b3a3abaaef09cf9b41 P b2630f81f6b54247a19cc5d3489f14db: Neither blocks nor log segments found. Creating new log.
I20260608 13:01:59.019426 11709 raft_consensus.cc:515] T d9e21be0ab334e90b6f027b5190368f7 P ce5f51b53e9c4368bf23d11647a377b0 [term 0 FOLLOWER]: Starting pre-election with config: opid_index: -1 OBSOLETE_local: false peers { permanent_uuid: "b2630f81f6b54247a19cc5d3489f14db" member_type: VOTER last_known_addr { host: "127.8.90.2" port: 42183 } } peers { permanent_uuid: "7f19a31ba2da4b8397c8151992418270" member_type: VOTER last_known_addr { host: "127.8.90.1" port: 45807 } } peers { permanent_uuid: "ce5f51b53e9c4368bf23d11647a377b0" member_type: VOTER last_known_addr { host: "127.8.90.3" port: 35719 } }
I20260608 13:01:59.021739 11709 leader_election.cc:290] T d9e21be0ab334e90b6f027b5190368f7 P ce5f51b53e9c4368bf23d11647a377b0 [CANDIDATE]: Term 1 pre-election: Requested pre-vote from peers b2630f81f6b54247a19cc5d3489f14db (127.8.90.2:42183), 7f19a31ba2da4b8397c8151992418270 (127.8.90.1:45807)
I20260608 13:01:59.023428 11582 tablet_service.cc:1917] Received RequestConsensusVote() RPC: tablet_id: "d9e21be0ab334e90b6f027b5190368f7" candidate_uuid: "ce5f51b53e9c4368bf23d11647a377b0" candidate_term: 1 candidate_status { last_received { term: 0 index: 0 } } ignore_live_leader: false dest_uuid: "b2630f81f6b54247a19cc5d3489f14db" is_pre_election: true
I20260608 13:01:59.024235 11506 tablet_service.cc:1917] Received RequestConsensusVote() RPC: tablet_id: "d9e21be0ab334e90b6f027b5190368f7" candidate_uuid: "ce5f51b53e9c4368bf23d11647a377b0" candidate_term: 1 candidate_status { last_received { term: 0 index: 0 } } ignore_live_leader: false dest_uuid: "7f19a31ba2da4b8397c8151992418270" is_pre_election: true
I20260608 13:01:59.024302 11582 raft_consensus.cc:2468] T d9e21be0ab334e90b6f027b5190368f7 P b2630f81f6b54247a19cc5d3489f14db [term 0 FOLLOWER]: Leader pre-election vote request: Granting yes vote for candidate ce5f51b53e9c4368bf23d11647a377b0 in term 0.
I20260608 13:01:59.025038 11506 raft_consensus.cc:2468] T d9e21be0ab334e90b6f027b5190368f7 P 7f19a31ba2da4b8397c8151992418270 [term 0 FOLLOWER]: Leader pre-election vote request: Granting yes vote for candidate ce5f51b53e9c4368bf23d11647a377b0 in term 0.
I20260608 13:01:59.026259 11621 leader_election.cc:304] T d9e21be0ab334e90b6f027b5190368f7 P ce5f51b53e9c4368bf23d11647a377b0 [CANDIDATE]: Term 1 pre-election: Election decided. Result: candidate won. Election summary: received 2 responses out of 3 voters: 2 yes votes; 0 no votes. yes voters: b2630f81f6b54247a19cc5d3489f14db, ce5f51b53e9c4368bf23d11647a377b0; no voters: 
I20260608 13:01:59.029438 11709 raft_consensus.cc:2804] T d9e21be0ab334e90b6f027b5190368f7 P ce5f51b53e9c4368bf23d11647a377b0 [term 0 FOLLOWER]: Leader pre-election won for term 1
I20260608 13:01:59.029675 11702 tablet_bootstrap.cc:492] T 13f3b73b9b004d77951ca82295ae5f29 P ce5f51b53e9c4368bf23d11647a377b0: No bootstrap required, opened a new log
I20260608 13:01:59.029816 11709 raft_consensus.cc:493] T d9e21be0ab334e90b6f027b5190368f7 P ce5f51b53e9c4368bf23d11647a377b0 [term 0 FOLLOWER]: Starting leader election (no leader contacted us within the election timeout)
I20260608 13:01:59.030175 11702 ts_tablet_manager.cc:1403] T 13f3b73b9b004d77951ca82295ae5f29 P ce5f51b53e9c4368bf23d11647a377b0: Time spent bootstrapping tablet: real 0.034s	user 0.013s	sys 0.012s
I20260608 13:01:59.030208 11709 raft_consensus.cc:3060] T d9e21be0ab334e90b6f027b5190368f7 P ce5f51b53e9c4368bf23d11647a377b0 [term 0 FOLLOWER]: Advancing to term 1
I20260608 13:01:59.032804 11704 tablet_bootstrap.cc:492] T e1ff5fdab3bb48b3a3abaaef09cf9b41 P b2630f81f6b54247a19cc5d3489f14db: No bootstrap required, opened a new log
I20260608 13:01:59.033344 11704 ts_tablet_manager.cc:1403] T e1ff5fdab3bb48b3a3abaaef09cf9b41 P b2630f81f6b54247a19cc5d3489f14db: Time spent bootstrapping tablet: real 0.024s	user 0.011s	sys 0.003s
I20260608 13:01:59.033286 11702 raft_consensus.cc:359] T 13f3b73b9b004d77951ca82295ae5f29 P ce5f51b53e9c4368bf23d11647a377b0 [term 0 FOLLOWER]: Replica starting. Triggering 0 pending ops. Active config: opid_index: -1 OBSOLETE_local: false peers { permanent_uuid: "7f19a31ba2da4b8397c8151992418270" member_type: VOTER last_known_addr { host: "127.8.90.1" port: 45807 } } peers { permanent_uuid: "b2630f81f6b54247a19cc5d3489f14db" member_type: VOTER last_known_addr { host: "127.8.90.2" port: 42183 } } peers { permanent_uuid: "ce5f51b53e9c4368bf23d11647a377b0" member_type: VOTER last_known_addr { host: "127.8.90.3" port: 35719 } }
I20260608 13:01:59.034101 11702 raft_consensus.cc:385] T 13f3b73b9b004d77951ca82295ae5f29 P ce5f51b53e9c4368bf23d11647a377b0 [term 0 FOLLOWER]: Consensus starting up: Expiring failure detector timer to make a prompt election more likely
I20260608 13:01:59.034374 11702 raft_consensus.cc:740] T 13f3b73b9b004d77951ca82295ae5f29 P ce5f51b53e9c4368bf23d11647a377b0 [term 0 FOLLOWER]: Becoming Follower/Learner. State: Replica: ce5f51b53e9c4368bf23d11647a377b0, State: Initialized, Role: FOLLOWER
