I20260608 13:01:06.705421 30488 catalog_manager.cc:5696] T 8f575940961b48098aacfa2ab132b8ec P cbd7390cb4cc423f8b293084d768e507 reported cstate change: term changed from 1 to 2, leader changed from a38696a81b344ae2bf3190fa71fac3fa (127.28.41.130) to cbd7390cb4cc423f8b293084d768e507 (127.28.41.129). New cstate: current_term: 2 leader_uuid: "cbd7390cb4cc423f8b293084d768e507" committed_config { opid_index: -1 OBSOLETE_local: false peers { permanent_uuid: "cbd7390cb4cc423f8b293084d768e507" member_type: VOTER last_known_addr { host: "127.28.41.129" port: 42939 } health_report { overall_health: HEALTHY } } peers { permanent_uuid: "a38696a81b344ae2bf3190fa71fac3fa" member_type: VOTER last_known_addr { host: "127.28.41.130" port: 38351 } health_report { overall_health: UNKNOWN } } peers { permanent_uuid: "af59af8ec4f14553a8d2ea24ac59153f" member_type: VOTER last_known_addr { host: "127.28.41.131" port: 35557 } health_report { overall_health: UNKNOWN } } }
I20260608 13:01:07.131906 30741 raft_consensus.cc:1275] T 8f575940961b48098aacfa2ab132b8ec P af59af8ec4f14553a8d2ea24ac59153f [term 2 FOLLOWER]: Refusing update from remote peer cbd7390cb4cc423f8b293084d768e507: Log matching property violated. Preceding OpId in replica: term: 1 index: 1. Preceding OpId from leader: term: 2 index: 2. (index mismatch)
I20260608 13:01:07.133507 30854 consensus_queue.cc:1048] T 8f575940961b48098aacfa2ab132b8ec P cbd7390cb4cc423f8b293084d768e507 [LEADER]: Connected to new peer: Peer: permanent_uuid: "af59af8ec4f14553a8d2ea24ac59153f" member_type: VOTER last_known_addr { host: "127.28.41.131" port: 35557 }, Status: LMP_MISMATCH, Last received: 0.0, Next index: 2, Last known committed idx: 1, Time since last communication: 0.000s
I20260608 13:01:07.137255 30667 raft_consensus.cc:1275] T 8f575940961b48098aacfa2ab132b8ec P a38696a81b344ae2bf3190fa71fac3fa [term 2 FOLLOWER]: Refusing update from remote peer cbd7390cb4cc423f8b293084d768e507: Log matching property violated. Preceding OpId in replica: term: 1 index: 1. Preceding OpId from leader: term: 2 index: 2. (index mismatch)
I20260608 13:01:07.138799 30854 consensus_queue.cc:1048] T 8f575940961b48098aacfa2ab132b8ec P cbd7390cb4cc423f8b293084d768e507 [LEADER]: Connected to new peer: Peer: permanent_uuid: "a38696a81b344ae2bf3190fa71fac3fa" member_type: VOTER last_known_addr { host: "127.28.41.130" port: 38351 }, Status: LMP_MISMATCH, Last received: 0.0, Next index: 2, Last known committed idx: 1, Time since last communication: 0.000s
I20260608 13:01:08.595432 30543 auto_leader_rebalancer.cc:140] leader rebalance for table test-workload
I20260608 13:01:08.597442 30543 auto_leader_rebalancer.cc:388] table: test-workload, leader rebalance finish, leader transfer count: 0
I20260608 13:01:08.597801 30543 auto_leader_rebalancer.cc:451] All tables' leader rebalancing finished this round
I20260608 13:01:09.490855 28838 file_cache.cc:492] Constructed file cache file cache with capacity 419430
W20260608 13:01:09.498353 30868 instance_detector.cc:116] could not retrieve AWS instance metadata: Network error: curl error: HTTP response code said error: The requested URL returned error: 404
W20260608 13:01:09.499238 30869 instance_detector.cc:116] could not retrieve Azure instance metadata: Network error: curl error: HTTP response code said error: The requested URL returned error: 404
W20260608 13:01:09.501243 30871 instance_detector.cc:116] could not retrieve OpenStack instance metadata: Network error: curl error: HTTP response code said error: The requested URL returned error: 404
I20260608 13:01:09.501462 28838 server_base.cc:1061] running on GCE node
I20260608 13:01:09.502912 28838 hybrid_clock.cc:584] initializing the hybrid clock with 'system_unsync' time source
W20260608 13:01:09.503151 28838 system_unsync_time.cc:38] NTP support is disabled. Clock error bounds will not be accurate. This configuration is not suitable for distributed clusters.
I20260608 13:01:09.503369 28838 hybrid_clock.cc:648] HybridClock initialized: now 1780923669503352 us; error 0 us; skew 500 ppm
I20260608 13:01:09.503988 28838 server_base.cc:861] Flag tcmalloc_max_total_thread_cache_bytes is not working since tcmalloc is not enabled.
I20260608 13:01:09.507158 28838 webserver.cc:533] Webserver started at http://127.28.41.132:32913/ using document root <none> and password file <none>
I20260608 13:01:09.507869 28838 fs_manager.cc:362] Metadata directory not provided
I20260608 13:01:09.508056 28838 fs_manager.cc:368] Using write-ahead log directory (fs_wal_dir) as metadata directory
I20260608 13:01:09.508311 28838 server_base.cc:909] This appears to be a new deployment of Kudu; creating new FS layout
I20260608 13:01:09.509840 28838 fs_manager.cc:1068] Generated new instance metadata in path /tmp/dist-test-taskXOC68w/test-tmp/auto_rebalancer-test.0.AutoRebalancerTest.MovesScheduledIfAddTserver.1780923632659625-28838-0/minicluster-data/ts-3-root/instance:
uuid: "0e942ce7fc8b49498977a1f34ada3b02"
format_stamp: "Formatted at 2026-06-08 13:01:09 on dist-test-slave-1t7p"
I20260608 13:01:09.514955 28838 fs_manager.cc:696] Time spent creating directory manager: real 0.004s	user 0.005s	sys 0.001s
I20260608 13:01:09.518414 30876 log_block_manager.cc:4031] Time spent loading block containers with low live blocks: real 0.000s	user 0.000s	sys 0.000s
I20260608 13:01:09.519173 28838 fs_manager.cc:730] Time spent opening block manager: real 0.002s	user 0.001s	sys 0.000s
I20260608 13:01:09.519426 28838 fs_manager.cc:647] Opened local filesystem: /tmp/dist-test-taskXOC68w/test-tmp/auto_rebalancer-test.0.AutoRebalancerTest.MovesScheduledIfAddTserver.1780923632659625-28838-0/minicluster-data/ts-3-root
uuid: "0e942ce7fc8b49498977a1f34ada3b02"
format_stamp: "Formatted at 2026-06-08 13:01:09 on dist-test-slave-1t7p"
I20260608 13:01:09.519678 28838 fs_report.cc:389] FS layout report
--------------------
wal directory: /tmp/dist-test-taskXOC68w/test-tmp/auto_rebalancer-test.0.AutoRebalancerTest.MovesScheduledIfAddTserver.1780923632659625-28838-0/minicluster-data/ts-3-root
metadata directory: /tmp/dist-test-taskXOC68w/test-tmp/auto_rebalancer-test.0.AutoRebalancerTest.MovesScheduledIfAddTserver.1780923632659625-28838-0/minicluster-data/ts-3-root
1 data directories: /tmp/dist-test-taskXOC68w/test-tmp/auto_rebalancer-test.0.AutoRebalancerTest.MovesScheduledIfAddTserver.1780923632659625-28838-0/minicluster-data/ts-3-root/data
Total live blocks: 0
Total live bytes: 0
Total live bytes (after alignment): 0
Total number of LBM containers: 0 (0 full)
Did not check for missing blocks
Did not check for orphaned blocks
Total full LBM containers with extra space: 0 (0 repaired)
Total full LBM container extra space in bytes: 0 (0 repaired)
Total incomplete LBM containers: 0 (0 repaired)
Total LBM partial records: 0 (0 repaired)
Total corrupted LBM metadata records in RocksDB: 0 (0 repaired)
I20260608 13:01:09.536916 28838 rpc_server.cc:225] running with OpenSSL 1.1.1  11 Sep 2018
I20260608 13:01:09.538091 28838 kserver.cc:163] Server-wide thread pool size limit: 3276
I20260608 13:01:09.539575 28838 txn_system_client.cc:432] TxnSystemClient initialization is disabled...
I20260608 13:01:09.541998 28838 ts_tablet_manager.cc:585] Loaded tablet metadata (0 total tablets, 0 live tablets)
I20260608 13:01:09.542246 28838 ts_tablet_manager.cc:531] Time spent load tablet metadata: real 0.000s	user 0.000s	sys 0.000s
I20260608 13:01:09.542503 28838 ts_tablet_manager.cc:616] Registered 0 tablets
I20260608 13:01:09.542703 28838 ts_tablet_manager.cc:595] Time spent register tablets: real 0.000s	user 0.000s	sys 0.000s
I20260608 13:01:09.583158 28838 rpc_server.cc:307] RPC server started. Bound to: 127.28.41.132:38341
I20260608 13:01:09.583360 30938 acceptor_pool.cc:272] collecting diagnostics on the listening RPC socket 127.28.41.132:38341 every 8 connection(s)
I20260608 13:01:09.603449 30939 heartbeater.cc:344] Connected to a master server at 127.28.41.190:42571
I20260608 13:01:09.603876 30939 heartbeater.cc:461] Registering TS with master...
I20260608 13:01:09.604617 30939 heartbeater.cc:507] Master 127.28.41.190:42571 requested a full tablet report, sending...
I20260608 13:01:09.606850 30488 ts_manager.cc:194] Registered new tserver with Master: 0e942ce7fc8b49498977a1f34ada3b02 (127.28.41.132:38341)
I20260608 13:01:09.608361 30488 master_service.cc:502] Signed X509 certificate for tserver {username='slave'} at 127.0.0.1:39770
I20260608 13:01:09.659567 30667 consensus_queue.cc:237] T 87564572460e449e89944a3502a8b638 P a38696a81b344ae2bf3190fa71fac3fa [LEADER]: Queue going to LEADER mode. State: All replicated index: 0, Majority replicated index: 3, Committed index: 3, Last appended: 3.3, Last appended by leader: 2, Current term: 3, Majority size: 2, State: 0, Mode: LEADER, active raft config: opid_index: 4 OBSOLETE_local: false peers { permanent_uuid: "af59af8ec4f14553a8d2ea24ac59153f" member_type: VOTER last_known_addr { host: "127.28.41.131" port: 35557 } attrs { replace: true } } peers { permanent_uuid: "cbd7390cb4cc423f8b293084d768e507" member_type: VOTER last_known_addr { host: "127.28.41.129" port: 42939 } } peers { permanent_uuid: "a38696a81b344ae2bf3190fa71fac3fa" member_type: VOTER last_known_addr { host: "127.28.41.130" port: 38351 } } peers { permanent_uuid: "0e942ce7fc8b49498977a1f34ada3b02" member_type: NON_VOTER last_known_addr { host: "127.28.41.132" port: 38341 } attrs { promote: true } }
I20260608 13:01:09.667516 30592 raft_consensus.cc:1275] T 87564572460e449e89944a3502a8b638 P cbd7390cb4cc423f8b293084d768e507 [term 3 FOLLOWER]: Refusing update from remote peer a38696a81b344ae2bf3190fa71fac3fa: Log matching property violated. Preceding OpId in replica: term: 3 index: 3. Preceding OpId from leader: term: 3 index: 4. (index mismatch)
I20260608 13:01:09.669193 30741 raft_consensus.cc:1275] T 87564572460e449e89944a3502a8b638 P af59af8ec4f14553a8d2ea24ac59153f [term 3 FOLLOWER]: Refusing update from remote peer a38696a81b344ae2bf3190fa71fac3fa: Log matching property violated. Preceding OpId in replica: term: 3 index: 3. Preceding OpId from leader: term: 3 index: 4. (index mismatch)
I20260608 13:01:09.669555 30946 consensus_queue.cc:1048] T 87564572460e449e89944a3502a8b638 P a38696a81b344ae2bf3190fa71fac3fa [LEADER]: Connected to new peer: Peer: permanent_uuid: "cbd7390cb4cc423f8b293084d768e507" member_type: VOTER last_known_addr { host: "127.28.41.129" port: 42939 }, Status: LMP_MISMATCH, Last received: 0.0, Next index: 4, Last known committed idx: 3, Time since last communication: 0.000s
I20260608 13:01:09.670897 30853 consensus_queue.cc:1048] T 87564572460e449e89944a3502a8b638 P a38696a81b344ae2bf3190fa71fac3fa [LEADER]: Connected to new peer: Peer: permanent_uuid: "af59af8ec4f14553a8d2ea24ac59153f" member_type: VOTER last_known_addr { host: "127.28.41.131" port: 35557 } attrs { replace: true }, Status: LMP_MISMATCH, Last received: 0.0, Next index: 4, Last known committed idx: 3, Time since last communication: 0.000s
I20260608 13:01:09.679230 30946 raft_consensus.cc:2955] T 87564572460e449e89944a3502a8b638 P a38696a81b344ae2bf3190fa71fac3fa [term 3 LEADER]: Committing config change with OpId 3.4: config changed from index -1 to 4, NON_VOTER 0e942ce7fc8b49498977a1f34ada3b02 (127.28.41.132) added. New config: { opid_index: 4 OBSOLETE_local: false peers { permanent_uuid: "af59af8ec4f14553a8d2ea24ac59153f" member_type: VOTER last_known_addr { host: "127.28.41.131" port: 35557 } attrs { replace: true } } peers { permanent_uuid: "cbd7390cb4cc423f8b293084d768e507" member_type: VOTER last_known_addr { host: "127.28.41.129" port: 42939 } } peers { permanent_uuid: "a38696a81b344ae2bf3190fa71fac3fa" member_type: VOTER last_known_addr { host: "127.28.41.130" port: 38351 } } peers { permanent_uuid: "0e942ce7fc8b49498977a1f34ada3b02" member_type: NON_VOTER last_known_addr { host: "127.28.41.132" port: 38341 } attrs { promote: true } } }
W20260608 13:01:09.683162 30633 consensus_peers.cc:597] T 87564572460e449e89944a3502a8b638 P a38696a81b344ae2bf3190fa71fac3fa -> Peer 0e942ce7fc8b49498977a1f34ada3b02 (127.28.41.132:38341): Couldn't send request to peer 0e942ce7fc8b49498977a1f34ada3b02. Error code: TABLET_NOT_FOUND (6). Status: Not found: Tablet not found: 87564572460e449e89944a3502a8b638. This is attempt 1: this message will repeat every 5th retry.
I20260608 13:01:09.682456 30592 raft_consensus.cc:2955] T 87564572460e449e89944a3502a8b638 P cbd7390cb4cc423f8b293084d768e507 [term 3 FOLLOWER]: Committing config change with OpId 3.4: config changed from index -1 to 4, NON_VOTER 0e942ce7fc8b49498977a1f34ada3b02 (127.28.41.132) added. New config: { opid_index: 4 OBSOLETE_local: false peers { permanent_uuid: "af59af8ec4f14553a8d2ea24ac59153f" member_type: VOTER last_known_addr { host: "127.28.41.131" port: 35557 } attrs { replace: true } } peers { permanent_uuid: "cbd7390cb4cc423f8b293084d768e507" member_type: VOTER last_known_addr { host: "127.28.41.129" port: 42939 } } peers { permanent_uuid: "a38696a81b344ae2bf3190fa71fac3fa" member_type: VOTER last_known_addr { host: "127.28.41.130" port: 38351 } } peers { permanent_uuid: "0e942ce7fc8b49498977a1f34ada3b02" member_type: NON_VOTER last_known_addr { host: "127.28.41.132" port: 38341 } attrs { promote: true } } }
I20260608 13:01:09.685316 30741 raft_consensus.cc:2955] T 87564572460e449e89944a3502a8b638 P af59af8ec4f14553a8d2ea24ac59153f [term 3 FOLLOWER]: Committing config change with OpId 3.4: config changed from index -1 to 4, NON_VOTER 0e942ce7fc8b49498977a1f34ada3b02 (127.28.41.132) added. New config: { opid_index: 4 OBSOLETE_local: false peers { permanent_uuid: "af59af8ec4f14553a8d2ea24ac59153f" member_type: VOTER last_known_addr { host: "127.28.41.131" port: 35557 } attrs { replace: true } } peers { permanent_uuid: "cbd7390cb4cc423f8b293084d768e507" member_type: VOTER last_known_addr { host: "127.28.41.129" port: 42939 } } peers { permanent_uuid: "a38696a81b344ae2bf3190fa71fac3fa" member_type: VOTER last_known_addr { host: "127.28.41.130" port: 38351 } } peers { permanent_uuid: "0e942ce7fc8b49498977a1f34ada3b02" member_type: NON_VOTER last_known_addr { host: "127.28.41.132" port: 38341 } attrs { promote: true } } }
I20260608 13:01:09.694355 30488 catalog_manager.cc:5696] T 87564572460e449e89944a3502a8b638 P a38696a81b344ae2bf3190fa71fac3fa reported cstate change: config changed from index -1 to 4, NON_VOTER 0e942ce7fc8b49498977a1f34ada3b02 (127.28.41.132) added. New cstate: current_term: 3 leader_uuid: "a38696a81b344ae2bf3190fa71fac3fa" committed_config { opid_index: 4 OBSOLETE_local: false peers { permanent_uuid: "af59af8ec4f14553a8d2ea24ac59153f" member_type: VOTER last_known_addr { host: "127.28.41.131" port: 35557 } attrs { replace: true } health_report { overall_health: HEALTHY } } peers { permanent_uuid: "cbd7390cb4cc423f8b293084d768e507" member_type: VOTER last_known_addr { host: "127.28.41.129" port: 42939 } health_report { overall_health: HEALTHY } } peers { permanent_uuid: "a38696a81b344ae2bf3190fa71fac3fa" member_type: VOTER last_known_addr { host: "127.28.41.130" port: 38351 } health_report { overall_health: HEALTHY } } peers { permanent_uuid: "0e942ce7fc8b49498977a1f34ada3b02" member_type: NON_VOTER last_known_addr { host: "127.28.41.132" port: 38341 } attrs { promote: true } health_report { overall_health: UNKNOWN } } }
I20260608 13:01:10.105445 30957 ts_tablet_manager.cc:933] T 87564572460e449e89944a3502a8b638 P 0e942ce7fc8b49498977a1f34ada3b02: Initiating tablet copy from peer a38696a81b344ae2bf3190fa71fac3fa (127.28.41.130:38351)
I20260608 13:01:10.107232 30957 tablet_copy_client.cc:323] T 87564572460e449e89944a3502a8b638 P 0e942ce7fc8b49498977a1f34ada3b02: tablet copy: Beginning tablet copy session from remote peer at address 127.28.41.130:38351
I20260608 13:01:10.116858 30677 tablet_copy_service.cc:140] P a38696a81b344ae2bf3190fa71fac3fa: Received BeginTabletCopySession request for tablet 87564572460e449e89944a3502a8b638 from peer 0e942ce7fc8b49498977a1f34ada3b02 ({username='slave'} at 127.0.0.1:43150)
I20260608 13:01:10.117426 30677 tablet_copy_service.cc:161] P a38696a81b344ae2bf3190fa71fac3fa: Beginning new tablet copy session on tablet 87564572460e449e89944a3502a8b638 from peer 0e942ce7fc8b49498977a1f34ada3b02 at {username='slave'} at 127.0.0.1:43150: session id = 0e942ce7fc8b49498977a1f34ada3b02-87564572460e449e89944a3502a8b638
I20260608 13:01:10.125396 30677 tablet_copy_source_session.cc:215] T 87564572460e449e89944a3502a8b638 P a38696a81b344ae2bf3190fa71fac3fa: Tablet Copy: opened 0 blocks and 1 log segments
I20260608 13:01:10.128367 30957 data_dirs.cc:400] Could only allocate 1 dirs of requested 3 for tablet 87564572460e449e89944a3502a8b638. 1 dirs total, 0 dirs full, 0 dirs failed
I20260608 13:01:10.138721 30957 tablet_copy_client.cc:806] T 87564572460e449e89944a3502a8b638 P 0e942ce7fc8b49498977a1f34ada3b02: tablet copy: Starting download of 0 data blocks...
I20260608 13:01:10.139299 30957 tablet_copy_client.cc:670] T 87564572460e449e89944a3502a8b638 P 0e942ce7fc8b49498977a1f34ada3b02: tablet copy: Starting download of 1 WAL segments...
I20260608 13:01:10.143043 30957 tablet_copy_client.cc:538] T 87564572460e449e89944a3502a8b638 P 0e942ce7fc8b49498977a1f34ada3b02: tablet copy: Tablet Copy complete. Replacing tablet superblock.
I20260608 13:01:10.148918 30957 tablet_bootstrap.cc:492] T 87564572460e449e89944a3502a8b638 P 0e942ce7fc8b49498977a1f34ada3b02: Bootstrap starting.
I20260608 13:01:10.168138 30957 tablet_bootstrap.cc:492] T 87564572460e449e89944a3502a8b638 P 0e942ce7fc8b49498977a1f34ada3b02: Bootstrap replayed 1/1 log segments. Stats: ops{read=4 overwritten=0 applied=4 ignored=0} inserts{seen=0 ignored=0} mutations{seen=0 ignored=0} orphaned_commits=0. Pending: 0 replicates
I20260608 13:01:10.168942 30957 tablet_bootstrap.cc:492] T 87564572460e449e89944a3502a8b638 P 0e942ce7fc8b49498977a1f34ada3b02: Bootstrap complete.
I20260608 13:01:10.169518 30957 ts_tablet_manager.cc:1403] T 87564572460e449e89944a3502a8b638 P 0e942ce7fc8b49498977a1f34ada3b02: Time spent bootstrapping tablet: real 0.021s	user 0.012s	sys 0.008s
I20260608 13:01:10.171805 30957 raft_consensus.cc:359] T 87564572460e449e89944a3502a8b638 P 0e942ce7fc8b49498977a1f34ada3b02 [term 3 LEARNER]: Replica starting. Triggering 0 pending ops. Active config: opid_index: 4 OBSOLETE_local: false peers { permanent_uuid: "af59af8ec4f14553a8d2ea24ac59153f" member_type: VOTER last_known_addr { host: "127.28.41.131" port: 35557 } attrs { replace: true } } peers { permanent_uuid: "cbd7390cb4cc423f8b293084d768e507" member_type: VOTER last_known_addr { host: "127.28.41.129" port: 42939 } } peers { permanent_uuid: "a38696a81b344ae2bf3190fa71fac3fa" member_type: VOTER last_known_addr { host: "127.28.41.130" port: 38351 } } peers { permanent_uuid: "0e942ce7fc8b49498977a1f34ada3b02" member_type: NON_VOTER last_known_addr { host: "127.28.41.132" port: 38341 } attrs { promote: true } }
I20260608 13:01:10.172395 30957 raft_consensus.cc:740] T 87564572460e449e89944a3502a8b638 P 0e942ce7fc8b49498977a1f34ada3b02 [term 3 LEARNER]: Becoming Follower/Learner. State: Replica: 0e942ce7fc8b49498977a1f34ada3b02, State: Initialized, Role: LEARNER
I20260608 13:01:10.172997 30957 consensus_queue.cc:260] T 87564572460e449e89944a3502a8b638 P 0e942ce7fc8b49498977a1f34ada3b02 [NON_LEADER]: Queue going to NON_LEADER mode. State: All replicated index: 0, Majority replicated index: 0, Committed index: 4, Last appended: 3.4, Last appended by leader: 4, Current term: 0, Majority size: -1, State: 0, Mode: NON_LEADER, active raft config: opid_index: 4 OBSOLETE_local: false peers { permanent_uuid: "af59af8ec4f14553a8d2ea24ac59153f" member_type: VOTER last_known_addr { host: "127.28.41.131" port: 35557 } attrs { replace: true } } peers { permanent_uuid: "cbd7390cb4cc423f8b293084d768e507" member_type: VOTER last_known_addr { host: "127.28.41.129" port: 42939 } } peers { permanent_uuid: "a38696a81b344ae2bf3190fa71fac3fa" member_type: VOTER last_known_addr { host: "127.28.41.130" port: 38351 } } peers { permanent_uuid: "0e942ce7fc8b49498977a1f34ada3b02" member_type: NON_VOTER last_known_addr { host: "127.28.41.132" port: 38341 } attrs { promote: true } }
I20260608 13:01:10.175307 30939 heartbeater.cc:499] Master 127.28.41.190:42571 was elected leader, sending a full tablet report...
I20260608 13:01:10.175763 30957 ts_tablet_manager.cc:1434] T 87564572460e449e89944a3502a8b638 P 0e942ce7fc8b49498977a1f34ada3b02: Time spent starting tablet: real 0.006s	user 0.005s	sys 0.001s
I20260608 13:01:10.177776 30677 tablet_copy_service.cc:342] P a38696a81b344ae2bf3190fa71fac3fa: Request end of tablet copy session 0e942ce7fc8b49498977a1f34ada3b02-87564572460e449e89944a3502a8b638 received from {username='slave'} at 127.0.0.1:43150
I20260608 13:01:10.178211 30677 tablet_copy_service.cc:434] P a38696a81b344ae2bf3190fa71fac3fa: ending tablet copy session 0e942ce7fc8b49498977a1f34ada3b02-87564572460e449e89944a3502a8b638 on tablet 87564572460e449e89944a3502a8b638 with peer 0e942ce7fc8b49498977a1f34ada3b02
I20260608 13:01:10.598793 30543 auto_leader_rebalancer.cc:140] leader rebalance for table test-workload
I20260608 13:01:10.601666 30543 auto_leader_rebalancer.cc:388] table: test-workload, leader rebalance finish, leader transfer count: 0
I20260608 13:01:10.602101 30543 auto_leader_rebalancer.cc:451] All tables' leader rebalancing finished this round
I20260608 13:01:10.621677 30914 raft_consensus.cc:1217] T 87564572460e449e89944a3502a8b638 P 0e942ce7fc8b49498977a1f34ada3b02 [term 3 LEARNER]: Deduplicated request from leader. Original: 3.3->[3.4-3.4]   Dedup: 3.4->[]
I20260608 13:01:11.138626 30946 raft_consensus.cc:1064] T 87564572460e449e89944a3502a8b638 P a38696a81b344ae2bf3190fa71fac3fa: attempting to promote NON_VOTER 0e942ce7fc8b49498977a1f34ada3b02 to VOTER
I20260608 13:01:11.141305 30946 consensus_queue.cc:237] T 87564572460e449e89944a3502a8b638 P a38696a81b344ae2bf3190fa71fac3fa [LEADER]: Queue going to LEADER mode. State: All replicated index: 0, Majority replicated index: 4, Committed index: 4, Last appended: 3.4, Last appended by leader: 2, Current term: 3, Majority size: 3, State: 0, Mode: LEADER, active raft config: opid_index: 5 OBSOLETE_local: false peers { permanent_uuid: "af59af8ec4f14553a8d2ea24ac59153f" member_type: VOTER last_known_addr { host: "127.28.41.131" port: 35557 } attrs { replace: true } } peers { permanent_uuid: "cbd7390cb4cc423f8b293084d768e507" member_type: VOTER last_known_addr { host: "127.28.41.129" port: 42939 } } peers { permanent_uuid: "a38696a81b344ae2bf3190fa71fac3fa" member_type: VOTER last_known_addr { host: "127.28.41.130" port: 38351 } } peers { permanent_uuid: "0e942ce7fc8b49498977a1f34ada3b02" member_type: VOTER last_known_addr { host: "127.28.41.132" port: 38341 } attrs { promote: false } }
I20260608 13:01:11.165611 30914 raft_consensus.cc:1275] T 87564572460e449e89944a3502a8b638 P 0e942ce7fc8b49498977a1f34ada3b02 [term 3 LEARNER]: Refusing update from remote peer a38696a81b344ae2bf3190fa71fac3fa: Log matching property violated. Preceding OpId in replica: term: 3 index: 4. Preceding OpId from leader: term: 3 index: 5. (index mismatch)
I20260608 13:01:11.166349 30592 raft_consensus.cc:1275] T 87564572460e449e89944a3502a8b638 P cbd7390cb4cc423f8b293084d768e507 [term 3 FOLLOWER]: Refusing update from remote peer a38696a81b344ae2bf3190fa71fac3fa: Log matching property violated. Preceding OpId in replica: term: 3 index: 4. Preceding OpId from leader: term: 3 index: 5. (index mismatch)
I20260608 13:01:11.166709 30741 raft_consensus.cc:1275] T 87564572460e449e89944a3502a8b638 P af59af8ec4f14553a8d2ea24ac59153f [term 3 FOLLOWER]: Refusing update from remote peer a38696a81b344ae2bf3190fa71fac3fa: Log matching property violated. Preceding OpId in replica: term: 3 index: 4. Preceding OpId from leader: term: 3 index: 5. (index mismatch)
I20260608 13:01:11.167964 30946 consensus_queue.cc:1048] T 87564572460e449e89944a3502a8b638 P a38696a81b344ae2bf3190fa71fac3fa [LEADER]: Connected to new peer: Peer: permanent_uuid: "0e942ce7fc8b49498977a1f34ada3b02" member_type: VOTER last_known_addr { host: "127.28.41.132" port: 38341 } attrs { promote: false }, Status: LMP_MISMATCH, Last received: 0.0, Next index: 5, Last known committed idx: 4, Time since last communication: 0.000s
I20260608 13:01:11.168949 30964 consensus_queue.cc:1048] T 87564572460e449e89944a3502a8b638 P a38696a81b344ae2bf3190fa71fac3fa [LEADER]: Connected to new peer: Peer: permanent_uuid: "cbd7390cb4cc423f8b293084d768e507" member_type: VOTER last_known_addr { host: "127.28.41.129" port: 42939 }, Status: LMP_MISMATCH, Last received: 0.0, Next index: 5, Last known committed idx: 4, Time since last communication: 0.000s
I20260608 13:01:11.169799 30966 consensus_queue.cc:1048] T 87564572460e449e89944a3502a8b638 P a38696a81b344ae2bf3190fa71fac3fa [LEADER]: Connected to new peer: Peer: permanent_uuid: "af59af8ec4f14553a8d2ea24ac59153f" member_type: VOTER last_known_addr { host: "127.28.41.131" port: 35557 } attrs { replace: true }, Status: LMP_MISMATCH, Last received: 0.0, Next index: 5, Last known committed idx: 4, Time since last communication: 0.001s
I20260608 13:01:11.193354 30966 raft_consensus.cc:2955] T 87564572460e449e89944a3502a8b638 P a38696a81b344ae2bf3190fa71fac3fa [term 3 LEADER]: Committing config change with OpId 3.5: config changed from index 4 to 5, 0e942ce7fc8b49498977a1f34ada3b02 (127.28.41.132) changed from NON_VOTER to VOTER. New config: { opid_index: 5 OBSOLETE_local: false peers { permanent_uuid: "af59af8ec4f14553a8d2ea24ac59153f" member_type: VOTER last_known_addr { host: "127.28.41.131" port: 35557 } attrs { replace: true } } peers { permanent_uuid: "cbd7390cb4cc423f8b293084d768e507" member_type: VOTER last_known_addr { host: "127.28.41.129" port: 42939 } } peers { permanent_uuid: "a38696a81b344ae2bf3190fa71fac3fa" member_type: VOTER last_known_addr { host: "127.28.41.130" port: 38351 } } peers { permanent_uuid: "0e942ce7fc8b49498977a1f34ada3b02" member_type: VOTER last_known_addr { host: "127.28.41.132" port: 38341 } attrs { promote: false } } }
I20260608 13:01:11.195302 30592 raft_consensus.cc:2955] T 87564572460e449e89944a3502a8b638 P cbd7390cb4cc423f8b293084d768e507 [term 3 FOLLOWER]: Committing config change with OpId 3.5: config changed from index 4 to 5, 0e942ce7fc8b49498977a1f34ada3b02 (127.28.41.132) changed from NON_VOTER to VOTER. New config: { opid_index: 5 OBSOLETE_local: false peers { permanent_uuid: "af59af8ec4f14553a8d2ea24ac59153f" member_type: VOTER last_known_addr { host: "127.28.41.131" port: 35557 } attrs { replace: true } } peers { permanent_uuid: "cbd7390cb4cc423f8b293084d768e507" member_type: VOTER last_known_addr { host: "127.28.41.129" port: 42939 } } peers { permanent_uuid: "a38696a81b344ae2bf3190fa71fac3fa" member_type: VOTER last_known_addr { host: "127.28.41.130" port: 38351 } } peers { permanent_uuid: "0e942ce7fc8b49498977a1f34ada3b02" member_type: VOTER last_known_addr { host: "127.28.41.132" port: 38341 } attrs { promote: false } } }
I20260608 13:01:11.195668 30914 raft_consensus.cc:2955] T 87564572460e449e89944a3502a8b638 P 0e942ce7fc8b49498977a1f34ada3b02 [term 3 FOLLOWER]: Committing config change with OpId 3.5: config changed from index 4 to 5, 0e942ce7fc8b49498977a1f34ada3b02 (127.28.41.132) changed from NON_VOTER to VOTER. New config: { opid_index: 5 OBSOLETE_local: false peers { permanent_uuid: "af59af8ec4f14553a8d2ea24ac59153f" member_type: VOTER last_known_addr { host: "127.28.41.131" port: 35557 } attrs { replace: true } } peers { permanent_uuid: "cbd7390cb4cc423f8b293084d768e507" member_type: VOTER last_known_addr { host: "127.28.41.129" port: 42939 } } peers { permanent_uuid: "a38696a81b344ae2bf3190fa71fac3fa" member_type: VOTER last_known_addr { host: "127.28.41.130" port: 38351 } } peers { permanent_uuid: "0e942ce7fc8b49498977a1f34ada3b02" member_type: VOTER last_known_addr { host: "127.28.41.132" port: 38341 } attrs { promote: false } } }
I20260608 13:01:11.205416 30741 raft_consensus.cc:2955] T 87564572460e449e89944a3502a8b638 P af59af8ec4f14553a8d2ea24ac59153f [term 3 FOLLOWER]: Committing config change with OpId 3.5: config changed from index 4 to 5, 0e942ce7fc8b49498977a1f34ada3b02 (127.28.41.132) changed from NON_VOTER to VOTER. New config: { opid_index: 5 OBSOLETE_local: false peers { permanent_uuid: "af59af8ec4f14553a8d2ea24ac59153f" member_type: VOTER last_known_addr { host: "127.28.41.131" port: 35557 } attrs { replace: true } } peers { permanent_uuid: "cbd7390cb4cc423f8b293084d768e507" member_type: VOTER last_known_addr { host: "127.28.41.129" port: 42939 } } peers { permanent_uuid: "a38696a81b344ae2bf3190fa71fac3fa" member_type: VOTER last_known_addr { host: "127.28.41.130" port: 38351 } } peers { permanent_uuid: "0e942ce7fc8b49498977a1f34ada3b02" member_type: VOTER last_known_addr { host: "127.28.41.132" port: 38341 } attrs { promote: false } } }
I20260608 13:01:11.208694 30490 catalog_manager.cc:5696] T 87564572460e449e89944a3502a8b638 P a38696a81b344ae2bf3190fa71fac3fa reported cstate change: config changed from index 4 to 5, 0e942ce7fc8b49498977a1f34ada3b02 (127.28.41.132) changed from NON_VOTER to VOTER. New cstate: current_term: 3 leader_uuid: "a38696a81b344ae2bf3190fa71fac3fa" committed_config { opid_index: 5 OBSOLETE_local: false peers { permanent_uuid: "af59af8ec4f14553a8d2ea24ac59153f" member_type: VOTER last_known_addr { host: "127.28.41.131" port: 35557 } attrs { replace: true } health_report { overall_health: HEALTHY } } peers { permanent_uuid: "cbd7390cb4cc423f8b293084d768e507" member_type: VOTER last_known_addr { host: "127.28.41.129" port: 42939 } health_report { overall_health: HEALTHY } } peers { permanent_uuid: "a38696a81b344ae2bf3190fa71fac3fa" member_type: VOTER last_known_addr { host: "127.28.41.130" port: 38351 } health_report { overall_health: HEALTHY } } peers { permanent_uuid: "0e942ce7fc8b49498977a1f34ada3b02" member_type: VOTER last_known_addr { host: "127.28.41.132" port: 38341 } attrs { promote: false } health_report { overall_health: HEALTHY } } }
I20260608 13:01:11.240725 30667 consensus_queue.cc:237] T 87564572460e449e89944a3502a8b638 P a38696a81b344ae2bf3190fa71fac3fa [LEADER]: Queue going to LEADER mode. State: All replicated index: 0, Majority replicated index: 5, Committed index: 5, Last appended: 3.5, Last appended by leader: 2, Current term: 3, Majority size: 2, State: 0, Mode: LEADER, active raft config: opid_index: 6 OBSOLETE_local: false peers { permanent_uuid: "cbd7390cb4cc423f8b293084d768e507" member_type: VOTER last_known_addr { host: "127.28.41.129" port: 42939 } } peers { permanent_uuid: "a38696a81b344ae2bf3190fa71fac3fa" member_type: VOTER last_known_addr { host: "127.28.41.130" port: 38351 } } peers { permanent_uuid: "0e942ce7fc8b49498977a1f34ada3b02" member_type: VOTER last_known_addr { host: "127.28.41.132" port: 38341 } attrs { promote: false } }
I20260608 13:01:11.246042 30914 raft_consensus.cc:1275] T 87564572460e449e89944a3502a8b638 P 0e942ce7fc8b49498977a1f34ada3b02 [term 3 FOLLOWER]: Refusing update from remote peer a38696a81b344ae2bf3190fa71fac3fa: Log matching property violated. Preceding OpId in replica: term: 3 index: 5. Preceding OpId from leader: term: 3 index: 6. (index mismatch)
I20260608 13:01:11.246191 30592 raft_consensus.cc:1275] T 87564572460e449e89944a3502a8b638 P cbd7390cb4cc423f8b293084d768e507 [term 3 FOLLOWER]: Refusing update from remote peer a38696a81b344ae2bf3190fa71fac3fa: Log matching property violated. Preceding OpId in replica: term: 3 index: 5. Preceding OpId from leader: term: 3 index: 6. (index mismatch)
I20260608 13:01:11.247524 30964 consensus_queue.cc:1048] T 87564572460e449e89944a3502a8b638 P a38696a81b344ae2bf3190fa71fac3fa [LEADER]: Connected to new peer: Peer: permanent_uuid: "0e942ce7fc8b49498977a1f34ada3b02" member_type: VOTER last_known_addr { host: "127.28.41.132" port: 38341 } attrs { promote: false }, Status: LMP_MISMATCH, Last received: 0.0, Next index: 6, Last known committed idx: 5, Time since last communication: 0.000s
I20260608 13:01:11.248446 30946 consensus_queue.cc:1048] T 87564572460e449e89944a3502a8b638 P a38696a81b344ae2bf3190fa71fac3fa [LEADER]: Connected to new peer: Peer: permanent_uuid: "cbd7390cb4cc423f8b293084d768e507" member_type: VOTER last_known_addr { host: "127.28.41.129" port: 42939 }, Status: LMP_MISMATCH, Last received: 0.0, Next index: 6, Last known committed idx: 5, Time since last communication: 0.000s
I20260608 13:01:11.255065 30966 raft_consensus.cc:2955] T 87564572460e449e89944a3502a8b638 P a38696a81b344ae2bf3190fa71fac3fa [term 3 LEADER]: Committing config change with OpId 3.6: config changed from index 5 to 6, VOTER af59af8ec4f14553a8d2ea24ac59153f (127.28.41.131) evicted. New config: { opid_index: 6 OBSOLETE_local: false peers { permanent_uuid: "cbd7390cb4cc423f8b293084d768e507" member_type: VOTER last_known_addr { host: "127.28.41.129" port: 42939 } } peers { permanent_uuid: "a38696a81b344ae2bf3190fa71fac3fa" member_type: VOTER last_known_addr { host: "127.28.41.130" port: 38351 } } peers { permanent_uuid: "0e942ce7fc8b49498977a1f34ada3b02" member_type: VOTER last_known_addr { host: "127.28.41.132" port: 38341 } attrs { promote: false } } }
I20260608 13:01:11.257227 30914 raft_consensus.cc:2955] T 87564572460e449e89944a3502a8b638 P 0e942ce7fc8b49498977a1f34ada3b02 [term 3 FOLLOWER]: Committing config change with OpId 3.6: config changed from index 5 to 6, VOTER af59af8ec4f14553a8d2ea24ac59153f (127.28.41.131) evicted. New config: { opid_index: 6 OBSOLETE_local: false peers { permanent_uuid: "cbd7390cb4cc423f8b293084d768e507" member_type: VOTER last_known_addr { host: "127.28.41.129" port: 42939 } } peers { permanent_uuid: "a38696a81b344ae2bf3190fa71fac3fa" member_type: VOTER last_known_addr { host: "127.28.41.130" port: 38351 } } peers { permanent_uuid: "0e942ce7fc8b49498977a1f34ada3b02" member_type: VOTER last_known_addr { host: "127.28.41.132" port: 38341 } attrs { promote: false } } }
I20260608 13:01:11.257292 30592 raft_consensus.cc:2955] T 87564572460e449e89944a3502a8b638 P cbd7390cb4cc423f8b293084d768e507 [term 3 FOLLOWER]: Committing config change with OpId 3.6: config changed from index 5 to 6, VOTER af59af8ec4f14553a8d2ea24ac59153f (127.28.41.131) evicted. New config: { opid_index: 6 OBSOLETE_local: false peers { permanent_uuid: "cbd7390cb4cc423f8b293084d768e507" member_type: VOTER last_known_addr { host: "127.28.41.129" port: 42939 } } peers { permanent_uuid: "a38696a81b344ae2bf3190fa71fac3fa" member_type: VOTER last_known_addr { host: "127.28.41.130" port: 38351 } } peers { permanent_uuid: "0e942ce7fc8b49498977a1f34ada3b02" member_type: VOTER last_known_addr { host: "127.28.41.132" port: 38341 } attrs { promote: false } } }
I20260608 13:01:11.267128 30476 catalog_manager.cc:5209] ChangeConfig:REMOVE_PEER RPC for tablet 87564572460e449e89944a3502a8b638 with cas_config_opid_index 5: ChangeConfig:REMOVE_PEER succeeded (attempt 1)
I20260608 13:01:11.272207 30487 catalog_manager.cc:5696] T 87564572460e449e89944a3502a8b638 P a38696a81b344ae2bf3190fa71fac3fa reported cstate change: config changed from index 5 to 6, VOTER af59af8ec4f14553a8d2ea24ac59153f (127.28.41.131) evicted. New cstate: current_term: 3 leader_uuid: "a38696a81b344ae2bf3190fa71fac3fa" committed_config { opid_index: 6 OBSOLETE_local: false peers { permanent_uuid: "cbd7390cb4cc423f8b293084d768e507" member_type: VOTER last_known_addr { host: "127.28.41.129" port: 42939 } health_report { overall_health: HEALTHY } } peers { permanent_uuid: "a38696a81b344ae2bf3190fa71fac3fa" member_type: VOTER last_known_addr { host: "127.28.41.130" port: 38351 } health_report { overall_health: HEALTHY } } peers { permanent_uuid: "0e942ce7fc8b49498977a1f34ada3b02" member_type: VOTER last_known_addr { host: "127.28.41.132" port: 38341 } attrs { promote: false } health_report { overall_health: HEALTHY } } }
I20260608 13:01:11.283385 30731 tablet_service.cc:1558] Processing DeleteTablet for tablet 87564572460e449e89944a3502a8b638 with delete_type TABLET_DATA_TOMBSTONED (TS af59af8ec4f14553a8d2ea24ac59153f not found in new config with opid_index 6) from {username='slave'} at 127.0.0.1:34730
I20260608 13:01:11.286257 30976 tablet_replica.cc:333] T 87564572460e449e89944a3502a8b638 P af59af8ec4f14553a8d2ea24ac59153f: stopping tablet replica
I20260608 13:01:11.287195 30976 raft_consensus.cc:2243] T 87564572460e449e89944a3502a8b638 P af59af8ec4f14553a8d2ea24ac59153f [term 3 FOLLOWER]: Raft consensus shutting down.
I20260608 13:01:11.288017 30976 raft_consensus.cc:2272] T 87564572460e449e89944a3502a8b638 P af59af8ec4f14553a8d2ea24ac59153f [term 3 FOLLOWER]: Raft consensus is shut down!
I20260608 13:01:11.291368 30976 ts_tablet_manager.cc:1916] T 87564572460e449e89944a3502a8b638 P af59af8ec4f14553a8d2ea24ac59153f: Deleting tablet data with delete state TABLET_DATA_TOMBSTONED
I20260608 13:01:11.302135 30976 ts_tablet_manager.cc:1929] T 87564572460e449e89944a3502a8b638 P af59af8ec4f14553a8d2ea24ac59153f: tablet deleted with delete type TABLET_DATA_TOMBSTONED: last-logged OpId 3.5
I20260608 13:01:11.302528 30976 log.cc:1199] T 87564572460e449e89944a3502a8b638 P af59af8ec4f14553a8d2ea24ac59153f: Deleting WAL directory at /tmp/dist-test-taskXOC68w/test-tmp/auto_rebalancer-test.0.AutoRebalancerTest.MovesScheduledIfAddTserver.1780923632659625-28838-0/minicluster-data/ts-2-root/wals/87564572460e449e89944a3502a8b638
I20260608 13:01:11.303978 30477 catalog_manager.cc:5027] TS af59af8ec4f14553a8d2ea24ac59153f (127.28.41.131:35557): tablet 87564572460e449e89944a3502a8b638 (table test-workload [id=4f418942dd0143059ddb21b42f9fb9d2]) successfully deleted
W20260608 13:01:11.628743 30935 debug-util.cc:398] Leaking SignalData structure 0x7b08001fdc80 after lost signal to thread 28841
W20260608 13:01:11.629639 30935 debug-util.cc:398] Leaking SignalData structure 0x7b0800233a00 after lost signal to thread 30524
W20260608 13:01:11.630590 30935 debug-util.cc:398] Leaking SignalData structure 0x7b08001a3460 after lost signal to thread 30616
W20260608 13:01:11.631448 30935 debug-util.cc:398] Leaking SignalData structure 0x7b08001edea0 after lost signal to thread 30691
W20260608 13:01:11.632282 30935 debug-util.cc:398] Leaking SignalData structure 0x7b08000cc560 after lost signal to thread 30765
W20260608 13:01:11.633185 30935 debug-util.cc:398] Leaking SignalData structure 0x7b0800030640 after lost signal to thread 30938
I20260608 13:01:12.603735 30543 auto_leader_rebalancer.cc:140] leader rebalance for table test-workload
I20260608 13:01:12.607026 30543 auto_leader_rebalancer.cc:388] table: test-workload, leader rebalance finish, leader transfer count: 0
I20260608 13:01:12.607560 30543 auto_leader_rebalancer.cc:451] All tables' leader rebalancing finished this round
I20260608 13:01:14.609074 30543 auto_leader_rebalancer.cc:140] leader rebalance for table test-workload
I20260608 13:01:14.612563 30543 auto_leader_rebalancer.cc:388] table: test-workload, leader rebalance finish, leader transfer count: 0
I20260608 13:01:14.613173 30543 auto_leader_rebalancer.cc:451] All tables' leader rebalancing finished this round
I20260608 13:01:16.614184 30543 auto_leader_rebalancer.cc:140] leader rebalance for table test-workload
I20260608 13:01:16.616201 30543 auto_leader_rebalancer.cc:388] table: test-workload, leader rebalance finish, leader transfer count: 0
I20260608 13:01:16.616515 30543 auto_leader_rebalancer.cc:451] All tables' leader rebalancing finished this round
I20260608 13:01:18.617385 30543 auto_leader_rebalancer.cc:140] leader rebalance for table test-workload
I20260608 13:01:18.619431 30543 auto_leader_rebalancer.cc:388] table: test-workload, leader rebalance finish, leader transfer count: 0
I20260608 13:01:18.619746 30543 auto_leader_rebalancer.cc:451] All tables' leader rebalancing finished this round
I20260608 13:01:20.620565 30543 auto_leader_rebalancer.cc:140] leader rebalance for table test-workload
I20260608 13:01:20.622819 30543 auto_leader_rebalancer.cc:388] table: test-workload, leader rebalance finish, leader transfer count: 0
I20260608 13:01:20.623188 30543 auto_leader_rebalancer.cc:451] All tables' leader rebalancing finished this round
I20260608 13:01:22.624150 30543 auto_leader_rebalancer.cc:140] leader rebalance for table test-workload
I20260608 13:01:22.626722 30543 auto_leader_rebalancer.cc:388] table: test-workload, leader rebalance finish, leader transfer count: 0
I20260608 13:01:22.627111 30543 auto_leader_rebalancer.cc:451] All tables' leader rebalancing finished this round
I20260608 13:01:23.406625 28838 tablet_server.cc:179] TabletServer@127.28.41.129:0 shutting down...
I20260608 13:01:23.432842 28838 ts_tablet_manager.cc:1507] Shutting down tablet manager...
I20260608 13:01:23.433661 28838 tablet_replica.cc:333] T 8f575940961b48098aacfa2ab132b8ec P cbd7390cb4cc423f8b293084d768e507: stopping tablet replica
I20260608 13:01:23.434239 28838 raft_consensus.cc:2243] T 8f575940961b48098aacfa2ab132b8ec P cbd7390cb4cc423f8b293084d768e507 [term 2 LEADER]: Raft consensus shutting down.
I20260608 13:01:23.435184 28838 raft_consensus.cc:2272] T 8f575940961b48098aacfa2ab132b8ec P cbd7390cb4cc423f8b293084d768e507 [term 2 FOLLOWER]: Raft consensus is shut down!
I20260608 13:01:23.437496 28838 tablet_replica.cc:333] T 87564572460e449e89944a3502a8b638 P cbd7390cb4cc423f8b293084d768e507: stopping tablet replica
I20260608 13:01:23.438002 28838 raft_consensus.cc:2243] T 87564572460e449e89944a3502a8b638 P cbd7390cb4cc423f8b293084d768e507 [term 3 FOLLOWER]: Raft consensus shutting down.
I20260608 13:01:23.438795 28838 raft_consensus.cc:2272] T 87564572460e449e89944a3502a8b638 P cbd7390cb4cc423f8b293084d768e507 [term 3 FOLLOWER]: Raft consensus is shut down!
I20260608 13:01:23.461702 28838 tablet_server.cc:196] TabletServer@127.28.41.129:0 shutdown complete.
I20260608 13:01:23.474785 28838 tablet_server.cc:179] TabletServer@127.28.41.130:0 shutting down...
I20260608 13:01:23.498600 28838 ts_tablet_manager.cc:1507] Shutting down tablet manager...
I20260608 13:01:23.499330 28838 tablet_replica.cc:333] T 87564572460e449e89944a3502a8b638 P a38696a81b344ae2bf3190fa71fac3fa: stopping tablet replica
I20260608 13:01:23.499936 28838 raft_consensus.cc:2243] T 87564572460e449e89944a3502a8b638 P a38696a81b344ae2bf3190fa71fac3fa [term 3 LEADER]: Raft consensus shutting down.
I20260608 13:01:23.500972 28838 raft_consensus.cc:2272] T 87564572460e449e89944a3502a8b638 P a38696a81b344ae2bf3190fa71fac3fa [term 3 FOLLOWER]: Raft consensus is shut down!
I20260608 13:01:23.503170 28838 tablet_replica.cc:333] T 8f575940961b48098aacfa2ab132b8ec P a38696a81b344ae2bf3190fa71fac3fa: stopping tablet replica
I20260608 13:01:23.503631 28838 raft_consensus.cc:2243] T 8f575940961b48098aacfa2ab132b8ec P a38696a81b344ae2bf3190fa71fac3fa [term 2 FOLLOWER]: Raft consensus shutting down.
I20260608 13:01:23.504034 28838 raft_consensus.cc:2272] T 8f575940961b48098aacfa2ab132b8ec P a38696a81b344ae2bf3190fa71fac3fa [term 2 FOLLOWER]: Raft consensus is shut down!
I20260608 13:01:23.526268 28838 tablet_server.cc:196] TabletServer@127.28.41.130:0 shutdown complete.
I20260608 13:01:23.538281 28838 tablet_server.cc:179] TabletServer@127.28.41.131:0 shutting down...
I20260608 13:01:23.560281 28838 ts_tablet_manager.cc:1507] Shutting down tablet manager...
I20260608 13:01:23.561121 28838 tablet_replica.cc:333] T 8f575940961b48098aacfa2ab132b8ec P af59af8ec4f14553a8d2ea24ac59153f: stopping tablet replica
I20260608 13:01:23.561682 28838 raft_consensus.cc:2243] T 8f575940961b48098aacfa2ab132b8ec P af59af8ec4f14553a8d2ea24ac59153f [term 2 FOLLOWER]: Raft consensus shutting down.
I20260608 13:01:23.562201 28838 raft_consensus.cc:2272] T 8f575940961b48098aacfa2ab132b8ec P af59af8ec4f14553a8d2ea24ac59153f [term 2 FOLLOWER]: Raft consensus is shut down!
I20260608 13:01:23.601012 28838 tablet_server.cc:196] TabletServer@127.28.41.131:0 shutdown complete.
I20260608 13:01:23.613178 28838 tablet_server.cc:179] TabletServer@127.28.41.132:0 shutting down...
I20260608 13:01:23.636885 28838 ts_tablet_manager.cc:1507] Shutting down tablet manager...
I20260608 13:01:23.637560 28838 tablet_replica.cc:333] T 87564572460e449e89944a3502a8b638 P 0e942ce7fc8b49498977a1f34ada3b02: stopping tablet replica
I20260608 13:01:23.638052 28838 raft_consensus.cc:2243] T 87564572460e449e89944a3502a8b638 P 0e942ce7fc8b49498977a1f34ada3b02 [term 3 FOLLOWER]: Raft consensus shutting down.
I20260608 13:01:23.638614 28838 raft_consensus.cc:2272] T 87564572460e449e89944a3502a8b638 P 0e942ce7fc8b49498977a1f34ada3b02 [term 3 FOLLOWER]: Raft consensus is shut down!
I20260608 13:01:23.675197 28838 tablet_server.cc:196] TabletServer@127.28.41.132:0 shutdown complete.
I20260608 13:01:23.685658 28838 master.cc:562] Master@127.28.41.190:42571 shutting down...
I20260608 13:01:23.710325 28838 raft_consensus.cc:2243] T 00000000000000000000000000000000 P 70b891ce1a234fe2ad8cfd586b0e1065 [term 1 LEADER]: Raft consensus shutting down.
I20260608 13:01:23.711086 28838 raft_consensus.cc:2272] T 00000000000000000000000000000000 P 70b891ce1a234fe2ad8cfd586b0e1065 [term 1 FOLLOWER]: Raft consensus is shut down!
I20260608 13:01:23.711494 28838 tablet_replica.cc:333] T 00000000000000000000000000000000 P 70b891ce1a234fe2ad8cfd586b0e1065: stopping tablet replica
I20260608 13:01:23.747502 28838 master.cc:584] Master@127.28.41.190:42571 shutdown complete.
[       OK ] AutoRebalancerTest.MovesScheduledIfAddTserver (28425 ms)
[ RUN      ] AutoRebalancerTest.NoReplicaMovesIfNoTservers
I20260608 13:01:23.790293 28838 internal_mini_cluster.cc:156] Creating distributed mini masters. Addrs: 127.28.41.190:37803
I20260608 13:01:23.791674 28838 file_cache.cc:492] Constructed file cache file cache with capacity 419430
W20260608 13:01:23.798255 30985 instance_detector.cc:116] could not retrieve Azure instance metadata: Network error: curl error: HTTP response code said error: The requested URL returned error: 404
W20260608 13:01:23.798027 30984 instance_detector.cc:116] could not retrieve AWS instance metadata: Network error: curl error: HTTP response code said error: The requested URL returned error: 404
W20260608 13:01:23.798828 30987 instance_detector.cc:116] could not retrieve OpenStack instance metadata: Network error: curl error: HTTP response code said error: The requested URL returned error: 404
I20260608 13:01:23.800284 28838 server_base.cc:1061] running on GCE node
I20260608 13:01:23.801322 28838 hybrid_clock.cc:584] initializing the hybrid clock with 'system_unsync' time source
W20260608 13:01:23.801561 28838 system_unsync_time.cc:38] NTP support is disabled. Clock error bounds will not be accurate. This configuration is not suitable for distributed clusters.
I20260608 13:01:23.801749 28838 hybrid_clock.cc:648] HybridClock initialized: now 1780923683801714 us; error 0 us; skew 500 ppm
I20260608 13:01:23.802419 28838 server_base.cc:861] Flag tcmalloc_max_total_thread_cache_bytes is not working since tcmalloc is not enabled.
I20260608 13:01:23.805250 28838 webserver.cc:533] Webserver started at http://127.28.41.190:38761/ using document root <none> and password file <none>
I20260608 13:01:23.805835 28838 fs_manager.cc:362] Metadata directory not provided
I20260608 13:01:23.806072 28838 fs_manager.cc:368] Using write-ahead log directory (fs_wal_dir) as metadata directory
I20260608 13:01:23.806388 28838 server_base.cc:909] This appears to be a new deployment of Kudu; creating new FS layout
I20260608 13:01:23.807708 28838 fs_manager.cc:1068] Generated new instance metadata in path /tmp/dist-test-taskXOC68w/test-tmp/auto_rebalancer-test.0.AutoRebalancerTest.NoReplicaMovesIfNoTservers.1780923632659625-28838-0/minicluster-data/master-0-root/instance:
uuid: "b47f65149d724509b7bd53cbb8a3c9ea"
format_stamp: "Formatted at 2026-06-08 13:01:23 on dist-test-slave-1t7p"
I20260608 13:01:23.812754 28838 fs_manager.cc:696] Time spent creating directory manager: real 0.004s	user 0.002s	sys 0.005s
I20260608 13:01:23.816511 30992 log_block_manager.cc:4031] Time spent loading block containers with low live blocks: real 0.000s	user 0.000s	sys 0.000s
I20260608 13:01:23.817420 28838 fs_manager.cc:730] Time spent opening block manager: real 0.002s	user 0.004s	sys 0.000s
I20260608 13:01:23.817745 28838 fs_manager.cc:647] Opened local filesystem: /tmp/dist-test-taskXOC68w/test-tmp/auto_rebalancer-test.0.AutoRebalancerTest.NoReplicaMovesIfNoTservers.1780923632659625-28838-0/minicluster-data/master-0-root
uuid: "b47f65149d724509b7bd53cbb8a3c9ea"
format_stamp: "Formatted at 2026-06-08 13:01:23 on dist-test-slave-1t7p"
I20260608 13:01:23.818068 28838 fs_report.cc:389] FS layout report
--------------------
wal directory: /tmp/dist-test-taskXOC68w/test-tmp/auto_rebalancer-test.0.AutoRebalancerTest.NoReplicaMovesIfNoTservers.1780923632659625-28838-0/minicluster-data/master-0-root
metadata directory: /tmp/dist-test-taskXOC68w/test-tmp/auto_rebalancer-test.0.AutoRebalancerTest.NoReplicaMovesIfNoTservers.1780923632659625-28838-0/minicluster-data/master-0-root
1 data directories: /tmp/dist-test-taskXOC68w/test-tmp/auto_rebalancer-test.0.AutoRebalancerTest.NoReplicaMovesIfNoTservers.1780923632659625-28838-0/minicluster-data/master-0-root/data
Total live blocks: 0
Total live bytes: 0
Total live bytes (after alignment): 0
Total number of LBM containers: 0 (0 full)
Did not check for missing blocks
Did not check for orphaned blocks
Total full LBM containers with extra space: 0 (0 repaired)
Total full LBM container extra space in bytes: 0 (0 repaired)
Total incomplete LBM containers: 0 (0 repaired)
Total LBM partial records: 0 (0 repaired)
Total corrupted LBM metadata records in RocksDB: 0 (0 repaired)
I20260608 13:01:23.831813 28838 rpc_server.cc:225] running with OpenSSL 1.1.1  11 Sep 2018
I20260608 13:01:23.833292 28838 kserver.cc:163] Server-wide thread pool size limit: 3276
I20260608 13:01:23.876686 28838 rpc_server.cc:307] RPC server started. Bound to: 127.28.41.190:37803
