I20260608 13:02:16.641019 29196 raft_consensus.cc:2243] T 4aa9102516b4430fb7573df912ac0859 P b06902652fb5406493caa8311b2b220a [term 1 LEADER]: Raft consensus shutting down.
I20260608 13:02:16.642089 29196 raft_consensus.cc:2272] T 4aa9102516b4430fb7573df912ac0859 P b06902652fb5406493caa8311b2b220a [term 1 FOLLOWER]: Raft consensus is shut down!
W20260608 13:02:17.661562 29196 thread.cc:527] Waited for 1000ms trying to join with diag-logger (tid 723)
I20260608 13:02:17.782502   429 auto_leader_rebalancer.cc:140] leader rebalance for table test-workload
I20260608 13:02:17.784526   429 auto_leader_rebalancer.cc:388] table: test-workload, leader rebalance finish, leader transfer count: 0
I20260608 13:02:17.784963   429 auto_leader_rebalancer.cc:451] All tables' leader rebalancing finished this round
W20260608 13:02:18.662148 29196 thread.cc:527] Waited for 2000ms trying to join with diag-logger (tid 723)
I20260608 13:02:19.168869 29196 tablet_server.cc:196] TabletServer@127.28.131.4:0 shutdown complete.
I20260608 13:02:19.180580 29196 master.cc:562] Master@127.28.131.62:46703 shutting down...
I20260608 13:02:19.201790 29196 raft_consensus.cc:2243] T 00000000000000000000000000000000 P c19f7a4b9b7d4f4d91d4897334f68e1d [term 1 LEADER]: Raft consensus shutting down.
I20260608 13:02:19.202590 29196 raft_consensus.cc:2272] T 00000000000000000000000000000000 P c19f7a4b9b7d4f4d91d4897334f68e1d [term 1 FOLLOWER]: Raft consensus is shut down!
I20260608 13:02:19.202947 29196 tablet_replica.cc:333] T 00000000000000000000000000000000 P c19f7a4b9b7d4f4d91d4897334f68e1d: stopping tablet replica
I20260608 13:02:19.223273 29196 master.cc:584] Master@127.28.131.62:46703 shutdown complete.
[       OK ] AutoRebalancerTest.NoReplicaMovesIfLocationLoadSkewedByOne (15647 ms)
[ RUN      ] AutoRebalancerTest.NoReplicaMovesIfCannotFixPlacementPolicy
I20260608 13:02:19.261355 29196 internal_mini_cluster.cc:156] Creating distributed mini masters. Addrs: 127.28.131.62:42313
I20260608 13:02:19.262620 29196 file_cache.cc:492] Constructed file cache file cache with capacity 419430
W20260608 13:02:19.268726   775 instance_detector.cc:116] could not retrieve AWS instance metadata: Network error: curl error: HTTP response code said error: The requested URL returned error: 404
W20260608 13:02:19.268728   776 instance_detector.cc:116] could not retrieve Azure instance metadata: Network error: curl error: HTTP response code said error: The requested URL returned error: 404
W20260608 13:02:19.269852   778 instance_detector.cc:116] could not retrieve OpenStack instance metadata: Network error: curl error: HTTP response code said error: The requested URL returned error: 404
I20260608 13:02:19.270186 29196 server_base.cc:1061] running on GCE node
I20260608 13:02:19.271180 29196 hybrid_clock.cc:584] initializing the hybrid clock with 'system_unsync' time source
W20260608 13:02:19.271361 29196 system_unsync_time.cc:38] NTP support is disabled. Clock error bounds will not be accurate. This configuration is not suitable for distributed clusters.
I20260608 13:02:19.271476 29196 hybrid_clock.cc:648] HybridClock initialized: now 1780923739271465 us; error 0 us; skew 500 ppm
I20260608 13:02:19.271982 29196 server_base.cc:861] Flag tcmalloc_max_total_thread_cache_bytes is not working since tcmalloc is not enabled.
I20260608 13:02:19.278070 29196 webserver.cc:533] Webserver started at http://127.28.131.62:43723/ using document root <none> and password file <none>
I20260608 13:02:19.278805 29196 fs_manager.cc:362] Metadata directory not provided
I20260608 13:02:19.278986 29196 fs_manager.cc:368] Using write-ahead log directory (fs_wal_dir) as metadata directory
I20260608 13:02:19.279224 29196 server_base.cc:909] This appears to be a new deployment of Kudu; creating new FS layout
I20260608 13:02:19.280402 29196 fs_manager.cc:1068] Generated new instance metadata in path /tmp/dist-test-taskrtQVEV/test-tmp/auto_rebalancer-test.0.AutoRebalancerTest.NoReplicaMovesIfCannotFixPlacementPolicy.1780923630399528-29196-0/minicluster-data/master-0-root/instance:
uuid: "3ea52a45283f4ff1a51e7c6b71c0c49e"
format_stamp: "Formatted at 2026-06-08 13:02:19 on dist-test-slave-fcrv"
I20260608 13:02:19.285477 29196 fs_manager.cc:696] Time spent creating directory manager: real 0.005s	user 0.006s	sys 0.000s
I20260608 13:02:19.289376   783 log_block_manager.cc:4031] Time spent loading block containers with low live blocks: real 0.000s	user 0.000s	sys 0.000s
I20260608 13:02:19.290292 29196 fs_manager.cc:730] Time spent opening block manager: real 0.003s	user 0.002s	sys 0.000s
I20260608 13:02:19.290699 29196 fs_manager.cc:647] Opened local filesystem: /tmp/dist-test-taskrtQVEV/test-tmp/auto_rebalancer-test.0.AutoRebalancerTest.NoReplicaMovesIfCannotFixPlacementPolicy.1780923630399528-29196-0/minicluster-data/master-0-root
uuid: "3ea52a45283f4ff1a51e7c6b71c0c49e"
format_stamp: "Formatted at 2026-06-08 13:02:19 on dist-test-slave-fcrv"
I20260608 13:02:19.290962 29196 fs_report.cc:389] FS layout report
--------------------
wal directory: /tmp/dist-test-taskrtQVEV/test-tmp/auto_rebalancer-test.0.AutoRebalancerTest.NoReplicaMovesIfCannotFixPlacementPolicy.1780923630399528-29196-0/minicluster-data/master-0-root
metadata directory: /tmp/dist-test-taskrtQVEV/test-tmp/auto_rebalancer-test.0.AutoRebalancerTest.NoReplicaMovesIfCannotFixPlacementPolicy.1780923630399528-29196-0/minicluster-data/master-0-root
1 data directories: /tmp/dist-test-taskrtQVEV/test-tmp/auto_rebalancer-test.0.AutoRebalancerTest.NoReplicaMovesIfCannotFixPlacementPolicy.1780923630399528-29196-0/minicluster-data/master-0-root/data
Total live blocks: 0
Total live bytes: 0
Total live bytes (after alignment): 0
Total number of LBM containers: 0 (0 full)
Did not check for missing blocks
Did not check for orphaned blocks
Total full LBM containers with extra space: 0 (0 repaired)
Total full LBM container extra space in bytes: 0 (0 repaired)
Total incomplete LBM containers: 0 (0 repaired)
Total LBM partial records: 0 (0 repaired)
Total corrupted LBM metadata records in RocksDB: 0 (0 repaired)
I20260608 13:02:19.306751 29196 rpc_server.cc:225] running with OpenSSL 1.1.1  11 Sep 2018
I20260608 13:02:19.308043 29196 kserver.cc:163] Server-wide thread pool size limit: 3276
I20260608 13:02:19.348601 29196 rpc_server.cc:307] RPC server started. Bound to: 127.28.131.62:42313
I20260608 13:02:19.348706   834 acceptor_pool.cc:272] collecting diagnostics on the listening RPC socket 127.28.131.62:42313 every 8 connection(s)
I20260608 13:02:19.353024   835 data_dirs.cc:400] Could only allocate 1 dirs of requested 3 for tablet 00000000000000000000000000000000. 1 dirs total, 0 dirs full, 0 dirs failed
I20260608 13:02:19.364745   835 tablet_bootstrap.cc:492] T 00000000000000000000000000000000 P 3ea52a45283f4ff1a51e7c6b71c0c49e: Bootstrap starting.
I20260608 13:02:19.369751   835 tablet_bootstrap.cc:654] T 00000000000000000000000000000000 P 3ea52a45283f4ff1a51e7c6b71c0c49e: Neither blocks nor log segments found. Creating new log.
I20260608 13:02:19.374307   835 tablet_bootstrap.cc:492] T 00000000000000000000000000000000 P 3ea52a45283f4ff1a51e7c6b71c0c49e: No bootstrap required, opened a new log
I20260608 13:02:19.376777   835 raft_consensus.cc:359] T 00000000000000000000000000000000 P 3ea52a45283f4ff1a51e7c6b71c0c49e [term 0 FOLLOWER]: Replica starting. Triggering 0 pending ops. Active config: opid_index: -1 OBSOLETE_local: true peers { permanent_uuid: "3ea52a45283f4ff1a51e7c6b71c0c49e" member_type: VOTER }
I20260608 13:02:19.377218   835 raft_consensus.cc:385] T 00000000000000000000000000000000 P 3ea52a45283f4ff1a51e7c6b71c0c49e [term 0 FOLLOWER]: Consensus starting up: Expiring failure detector timer to make a prompt election more likely
I20260608 13:02:19.377523   835 raft_consensus.cc:740] T 00000000000000000000000000000000 P 3ea52a45283f4ff1a51e7c6b71c0c49e [term 0 FOLLOWER]: Becoming Follower/Learner. State: Replica: 3ea52a45283f4ff1a51e7c6b71c0c49e, State: Initialized, Role: FOLLOWER
I20260608 13:02:19.378172   835 consensus_queue.cc:260] T 00000000000000000000000000000000 P 3ea52a45283f4ff1a51e7c6b71c0c49e [NON_LEADER]: Queue going to NON_LEADER mode. State: All replicated index: 0, Majority replicated index: 0, Committed index: 0, Last appended: 0.0, Last appended by leader: 0, Current term: 0, Majority size: -1, State: 0, Mode: NON_LEADER, active raft config: opid_index: -1 OBSOLETE_local: true peers { permanent_uuid: "3ea52a45283f4ff1a51e7c6b71c0c49e" member_type: VOTER }
I20260608 13:02:19.378695   835 raft_consensus.cc:399] T 00000000000000000000000000000000 P 3ea52a45283f4ff1a51e7c6b71c0c49e [term 0 FOLLOWER]: Only one voter in the Raft config. Triggering election immediately
I20260608 13:02:19.378919   835 raft_consensus.cc:493] T 00000000000000000000000000000000 P 3ea52a45283f4ff1a51e7c6b71c0c49e [term 0 FOLLOWER]: Starting leader election (initial election of a single-replica configuration)
I20260608 13:02:19.379251   835 raft_consensus.cc:3060] T 00000000000000000000000000000000 P 3ea52a45283f4ff1a51e7c6b71c0c49e [term 0 FOLLOWER]: Advancing to term 1
I20260608 13:02:19.383949   835 raft_consensus.cc:515] T 00000000000000000000000000000000 P 3ea52a45283f4ff1a51e7c6b71c0c49e [term 1 FOLLOWER]: Starting leader election with config: opid_index: -1 OBSOLETE_local: true peers { permanent_uuid: "3ea52a45283f4ff1a51e7c6b71c0c49e" member_type: VOTER }
I20260608 13:02:19.384542   835 leader_election.cc:304] T 00000000000000000000000000000000 P 3ea52a45283f4ff1a51e7c6b71c0c49e [CANDIDATE]: Term 1 election: Election decided. Result: candidate won. Election summary: received 1 responses out of 1 voters: 1 yes votes; 0 no votes. yes voters: 3ea52a45283f4ff1a51e7c6b71c0c49e; no voters: 
I20260608 13:02:19.385815   835 leader_election.cc:290] T 00000000000000000000000000000000 P 3ea52a45283f4ff1a51e7c6b71c0c49e [CANDIDATE]: Term 1 election: Requested vote from peers 
I20260608 13:02:19.386598   838 raft_consensus.cc:2804] T 00000000000000000000000000000000 P 3ea52a45283f4ff1a51e7c6b71c0c49e [term 1 FOLLOWER]: Leader election won for term 1
I20260608 13:02:19.388000   838 raft_consensus.cc:697] T 00000000000000000000000000000000 P 3ea52a45283f4ff1a51e7c6b71c0c49e [term 1 LEADER]: Becoming Leader. State: Replica: 3ea52a45283f4ff1a51e7c6b71c0c49e, State: Running, Role: LEADER
I20260608 13:02:19.388840   838 consensus_queue.cc:237] T 00000000000000000000000000000000 P 3ea52a45283f4ff1a51e7c6b71c0c49e [LEADER]: Queue going to LEADER mode. State: All replicated index: 0, Majority replicated index: 0, Committed index: 0, Last appended: 0.0, Last appended by leader: 0, Current term: 1, Majority size: 1, State: 0, Mode: LEADER, active raft config: opid_index: -1 OBSOLETE_local: true peers { permanent_uuid: "3ea52a45283f4ff1a51e7c6b71c0c49e" member_type: VOTER }
I20260608 13:02:19.388998   835 sys_catalog.cc:565] T 00000000000000000000000000000000 P 3ea52a45283f4ff1a51e7c6b71c0c49e [sys.catalog]: configured and running, proceeding with master startup.
I20260608 13:02:19.394223   840 sys_catalog.cc:455] T 00000000000000000000000000000000 P 3ea52a45283f4ff1a51e7c6b71c0c49e [sys.catalog]: SysCatalogTable state changed. Reason: New leader 3ea52a45283f4ff1a51e7c6b71c0c49e. Latest consensus state: current_term: 1 leader_uuid: "3ea52a45283f4ff1a51e7c6b71c0c49e" committed_config { opid_index: -1 OBSOLETE_local: true peers { permanent_uuid: "3ea52a45283f4ff1a51e7c6b71c0c49e" member_type: VOTER } }
I20260608 13:02:19.394275   839 sys_catalog.cc:455] T 00000000000000000000000000000000 P 3ea52a45283f4ff1a51e7c6b71c0c49e [sys.catalog]: SysCatalogTable state changed. Reason: RaftConsensus started. Latest consensus state: current_term: 1 leader_uuid: "3ea52a45283f4ff1a51e7c6b71c0c49e" committed_config { opid_index: -1 OBSOLETE_local: true peers { permanent_uuid: "3ea52a45283f4ff1a51e7c6b71c0c49e" member_type: VOTER } }
I20260608 13:02:19.395012   840 sys_catalog.cc:458] T 00000000000000000000000000000000 P 3ea52a45283f4ff1a51e7c6b71c0c49e [sys.catalog]: This master's current role is: LEADER
I20260608 13:02:19.395087   839 sys_catalog.cc:458] T 00000000000000000000000000000000 P 3ea52a45283f4ff1a51e7c6b71c0c49e [sys.catalog]: This master's current role is: LEADER
I20260608 13:02:19.399044   844 catalog_manager.cc:1510] Loading table and tablet metadata into memory...
I20260608 13:02:19.406152   844 catalog_manager.cc:1519] Initializing Kudu cluster ID...
I20260608 13:02:19.407342 29196 internal_mini_cluster.cc:184] Waiting to initialize catalog manager on master 0
I20260608 13:02:19.416211   844 catalog_manager.cc:1382] Generated new cluster ID: 588e6420a37d4eb0808e6b41879d33a1
I20260608 13:02:19.416576   844 catalog_manager.cc:1530] Initializing Kudu internal certificate authority...
I20260608 13:02:19.433465   844 catalog_manager.cc:1405] Generated new certificate authority record
I20260608 13:02:19.434849   844 catalog_manager.cc:1539] Loading token signing keys...
I20260608 13:02:19.451954   844 catalog_manager.cc:6069] T 00000000000000000000000000000000 P 3ea52a45283f4ff1a51e7c6b71c0c49e: Generated new TSK 0
I20260608 13:02:19.452744   844 catalog_manager.cc:1549] Initializing in-progress tserver states...
I20260608 13:02:19.474665 29196 file_cache.cc:492] Constructed file cache file cache with capacity 419430
W20260608 13:02:19.484450   856 instance_detector.cc:116] could not retrieve AWS instance metadata: Network error: curl error: HTTP response code said error: The requested URL returned error: 404
W20260608 13:02:19.485808   857 instance_detector.cc:116] could not retrieve Azure instance metadata: Network error: curl error: HTTP response code said error: The requested URL returned error: 404
I20260608 13:02:19.491665 29196 server_base.cc:1061] running on GCE node
W20260608 13:02:19.492736   859 instance_detector.cc:116] could not retrieve OpenStack instance metadata: Network error: curl error: HTTP response code said error: The requested URL returned error: 404
I20260608 13:02:19.494040 29196 hybrid_clock.cc:584] initializing the hybrid clock with 'system_unsync' time source
W20260608 13:02:19.494252 29196 system_unsync_time.cc:38] NTP support is disabled. Clock error bounds will not be accurate. This configuration is not suitable for distributed clusters.
I20260608 13:02:19.494388 29196 hybrid_clock.cc:648] HybridClock initialized: now 1780923739494377 us; error 0 us; skew 500 ppm
I20260608 13:02:19.495203 29196 server_base.cc:861] Flag tcmalloc_max_total_thread_cache_bytes is not working since tcmalloc is not enabled.
I20260608 13:02:19.498540 29196 webserver.cc:533] Webserver started at http://127.28.131.1:35541/ using document root <none> and password file <none>
I20260608 13:02:19.499365 29196 fs_manager.cc:362] Metadata directory not provided
I20260608 13:02:19.499675 29196 fs_manager.cc:368] Using write-ahead log directory (fs_wal_dir) as metadata directory
I20260608 13:02:19.500106 29196 server_base.cc:909] This appears to be a new deployment of Kudu; creating new FS layout
I20260608 13:02:19.501722 29196 fs_manager.cc:1068] Generated new instance metadata in path /tmp/dist-test-taskrtQVEV/test-tmp/auto_rebalancer-test.0.AutoRebalancerTest.NoReplicaMovesIfCannotFixPlacementPolicy.1780923630399528-29196-0/minicluster-data/ts-0-root/instance:
uuid: "aa5beaae295c42eaae261ebc8c16271a"
format_stamp: "Formatted at 2026-06-08 13:02:19 on dist-test-slave-fcrv"
I20260608 13:02:19.508634 29196 fs_manager.cc:696] Time spent creating directory manager: real 0.006s	user 0.008s	sys 0.002s
I20260608 13:02:19.514357   864 log_block_manager.cc:4031] Time spent loading block containers with low live blocks: real 0.000s	user 0.000s	sys 0.000s
I20260608 13:02:19.515436 29196 fs_manager.cc:730] Time spent opening block manager: real 0.003s	user 0.001s	sys 0.002s
I20260608 13:02:19.515888 29196 fs_manager.cc:647] Opened local filesystem: /tmp/dist-test-taskrtQVEV/test-tmp/auto_rebalancer-test.0.AutoRebalancerTest.NoReplicaMovesIfCannotFixPlacementPolicy.1780923630399528-29196-0/minicluster-data/ts-0-root
uuid: "aa5beaae295c42eaae261ebc8c16271a"
format_stamp: "Formatted at 2026-06-08 13:02:19 on dist-test-slave-fcrv"
I20260608 13:02:19.516345 29196 fs_report.cc:389] FS layout report
--------------------
wal directory: /tmp/dist-test-taskrtQVEV/test-tmp/auto_rebalancer-test.0.AutoRebalancerTest.NoReplicaMovesIfCannotFixPlacementPolicy.1780923630399528-29196-0/minicluster-data/ts-0-root
metadata directory: /tmp/dist-test-taskrtQVEV/test-tmp/auto_rebalancer-test.0.AutoRebalancerTest.NoReplicaMovesIfCannotFixPlacementPolicy.1780923630399528-29196-0/minicluster-data/ts-0-root
1 data directories: /tmp/dist-test-taskrtQVEV/test-tmp/auto_rebalancer-test.0.AutoRebalancerTest.NoReplicaMovesIfCannotFixPlacementPolicy.1780923630399528-29196-0/minicluster-data/ts-0-root/data
Total live blocks: 0
Total live bytes: 0
Total live bytes (after alignment): 0
Total number of LBM containers: 0 (0 full)
Did not check for missing blocks
Did not check for orphaned blocks
Total full LBM containers with extra space: 0 (0 repaired)
Total full LBM container extra space in bytes: 0 (0 repaired)
Total incomplete LBM containers: 0 (0 repaired)
Total LBM partial records: 0 (0 repaired)
Total corrupted LBM metadata records in RocksDB: 0 (0 repaired)
I20260608 13:02:19.534742 29196 rpc_server.cc:225] running with OpenSSL 1.1.1  11 Sep 2018
I20260608 13:02:19.536002 29196 kserver.cc:163] Server-wide thread pool size limit: 3276
I20260608 13:02:19.537865 29196 txn_system_client.cc:432] TxnSystemClient initialization is disabled...
I20260608 13:02:19.540627 29196 ts_tablet_manager.cc:585] Loaded tablet metadata (0 total tablets, 0 live tablets)
I20260608 13:02:19.540834 29196 ts_tablet_manager.cc:531] Time spent load tablet metadata: real 0.000s	user 0.000s	sys 0.000s
I20260608 13:02:19.541154 29196 ts_tablet_manager.cc:616] Registered 0 tablets
I20260608 13:02:19.541326 29196 ts_tablet_manager.cc:595] Time spent register tablets: real 0.000s	user 0.000s	sys 0.000s
I20260608 13:02:19.584012 29196 rpc_server.cc:307] RPC server started. Bound to: 127.28.131.1:41569
I20260608 13:02:19.584117   926 acceptor_pool.cc:272] collecting diagnostics on the listening RPC socket 127.28.131.1:41569 every 8 connection(s)
I20260608 13:02:19.589685 29196 file_cache.cc:492] Constructed file cache file cache with capacity 419430
W20260608 13:02:19.598948   932 instance_detector.cc:116] could not retrieve Azure instance metadata: Network error: curl error: HTTP response code said error: The requested URL returned error: 404
W20260608 13:02:19.599224   931 instance_detector.cc:116] could not retrieve AWS instance metadata: Network error: curl error: HTTP response code said error: The requested URL returned error: 404
W20260608 13:02:19.600840   934 instance_detector.cc:116] could not retrieve OpenStack instance metadata: Network error: curl error: HTTP response code said error: The requested URL returned error: 404
I20260608 13:02:19.602103 29196 server_base.cc:1061] running on GCE node
I20260608 13:02:19.603294 29196 hybrid_clock.cc:584] initializing the hybrid clock with 'system_unsync' time source
W20260608 13:02:19.603612 29196 system_unsync_time.cc:38] NTP support is disabled. Clock error bounds will not be accurate. This configuration is not suitable for distributed clusters.
I20260608 13:02:19.603826 29196 hybrid_clock.cc:648] HybridClock initialized: now 1780923739603807 us; error 0 us; skew 500 ppm
I20260608 13:02:19.604499 29196 server_base.cc:861] Flag tcmalloc_max_total_thread_cache_bytes is not working since tcmalloc is not enabled.
I20260608 13:02:19.605018   927 heartbeater.cc:344] Connected to a master server at 127.28.131.62:42313
I20260608 13:02:19.605466   927 heartbeater.cc:461] Registering TS with master...
I20260608 13:02:19.606578   927 heartbeater.cc:507] Master 127.28.131.62:42313 requested a full tablet report, sending...
I20260608 13:02:19.607786 29196 webserver.cc:533] Webserver started at http://127.28.131.2:44677/ using document root <none> and password file <none>
I20260608 13:02:19.608368 29196 fs_manager.cc:362] Metadata directory not provided
I20260608 13:02:19.608603 29196 fs_manager.cc:368] Using write-ahead log directory (fs_wal_dir) as metadata directory
I20260608 13:02:19.608903 29196 server_base.cc:909] This appears to be a new deployment of Kudu; creating new FS layout
I20260608 13:02:19.609297   800 ts_manager.cc:194] Registered new tserver with Master: aa5beaae295c42eaae261ebc8c16271a (127.28.131.1:41569)
I20260608 13:02:19.610149 29196 fs_manager.cc:1068] Generated new instance metadata in path /tmp/dist-test-taskrtQVEV/test-tmp/auto_rebalancer-test.0.AutoRebalancerTest.NoReplicaMovesIfCannotFixPlacementPolicy.1780923630399528-29196-0/minicluster-data/ts-1-root/instance:
uuid: "9ea743df2c23480084e58ff1ce596c81"
format_stamp: "Formatted at 2026-06-08 13:02:19 on dist-test-slave-fcrv"
I20260608 13:02:19.611377   800 master_service.cc:502] Signed X509 certificate for tserver {username='slave'} at 127.0.0.1:47816
I20260608 13:02:19.615713 29196 fs_manager.cc:696] Time spent creating directory manager: real 0.005s	user 0.004s	sys 0.000s
I20260608 13:02:19.619889   939 log_block_manager.cc:4031] Time spent loading block containers with low live blocks: real 0.000s	user 0.000s	sys 0.000s
I20260608 13:02:19.620757 29196 fs_manager.cc:730] Time spent opening block manager: real 0.003s	user 0.004s	sys 0.000s
I20260608 13:02:19.621070 29196 fs_manager.cc:647] Opened local filesystem: /tmp/dist-test-taskrtQVEV/test-tmp/auto_rebalancer-test.0.AutoRebalancerTest.NoReplicaMovesIfCannotFixPlacementPolicy.1780923630399528-29196-0/minicluster-data/ts-1-root
uuid: "9ea743df2c23480084e58ff1ce596c81"
format_stamp: "Formatted at 2026-06-08 13:02:19 on dist-test-slave-fcrv"
I20260608 13:02:19.621378 29196 fs_report.cc:389] FS layout report
--------------------
wal directory: /tmp/dist-test-taskrtQVEV/test-tmp/auto_rebalancer-test.0.AutoRebalancerTest.NoReplicaMovesIfCannotFixPlacementPolicy.1780923630399528-29196-0/minicluster-data/ts-1-root
metadata directory: /tmp/dist-test-taskrtQVEV/test-tmp/auto_rebalancer-test.0.AutoRebalancerTest.NoReplicaMovesIfCannotFixPlacementPolicy.1780923630399528-29196-0/minicluster-data/ts-1-root
1 data directories: /tmp/dist-test-taskrtQVEV/test-tmp/auto_rebalancer-test.0.AutoRebalancerTest.NoReplicaMovesIfCannotFixPlacementPolicy.1780923630399528-29196-0/minicluster-data/ts-1-root/data
Total live blocks: 0
Total live bytes: 0
Total live bytes (after alignment): 0
Total number of LBM containers: 0 (0 full)
Did not check for missing blocks
Did not check for orphaned blocks
Total full LBM containers with extra space: 0 (0 repaired)
Total full LBM container extra space in bytes: 0 (0 repaired)
Total incomplete LBM containers: 0 (0 repaired)
Total LBM partial records: 0 (0 repaired)
Total corrupted LBM metadata records in RocksDB: 0 (0 repaired)
I20260608 13:02:19.633898 29196 rpc_server.cc:225] running with OpenSSL 1.1.1  11 Sep 2018
I20260608 13:02:19.635318 29196 kserver.cc:163] Server-wide thread pool size limit: 3276
I20260608 13:02:19.636991 29196 txn_system_client.cc:432] TxnSystemClient initialization is disabled...
I20260608 13:02:19.639557 29196 ts_tablet_manager.cc:585] Loaded tablet metadata (0 total tablets, 0 live tablets)
I20260608 13:02:19.639814 29196 ts_tablet_manager.cc:531] Time spent load tablet metadata: real 0.000s	user 0.000s	sys 0.000s
I20260608 13:02:19.640170 29196 ts_tablet_manager.cc:616] Registered 0 tablets
I20260608 13:02:19.640407 29196 ts_tablet_manager.cc:595] Time spent register tablets: real 0.000s	user 0.000s	sys 0.000s
I20260608 13:02:19.687529 29196 rpc_server.cc:307] RPC server started. Bound to: 127.28.131.2:39119
I20260608 13:02:19.687644  1001 acceptor_pool.cc:272] collecting diagnostics on the listening RPC socket 127.28.131.2:39119 every 8 connection(s)
I20260608 13:02:19.693537 29196 file_cache.cc:492] Constructed file cache file cache with capacity 419430
W20260608 13:02:19.701403  1005 instance_detector.cc:116] could not retrieve AWS instance metadata: Network error: curl error: HTTP response code said error: The requested URL returned error: 404
W20260608 13:02:19.704044  1006 instance_detector.cc:116] could not retrieve Azure instance metadata: Network error: curl error: HTTP response code said error: The requested URL returned error: 404
I20260608 13:02:19.710495  1002 heartbeater.cc:344] Connected to a master server at 127.28.131.62:42313
I20260608 13:02:19.711081  1002 heartbeater.cc:461] Registering TS with master...
I20260608 13:02:19.711911 29196 server_base.cc:1061] running on GCE node
W20260608 13:02:19.711987  1008 instance_detector.cc:116] could not retrieve OpenStack instance metadata: Network error: curl error: HTTP response code said error: The requested URL returned error: 404
I20260608 13:02:19.712167  1002 heartbeater.cc:507] Master 127.28.131.62:42313 requested a full tablet report, sending...
I20260608 13:02:19.713243 29196 hybrid_clock.cc:584] initializing the hybrid clock with 'system_unsync' time source
W20260608 13:02:19.713527 29196 system_unsync_time.cc:38] NTP support is disabled. Clock error bounds will not be accurate. This configuration is not suitable for distributed clusters.
I20260608 13:02:19.713722 29196 hybrid_clock.cc:648] HybridClock initialized: now 1780923739713703 us; error 0 us; skew 500 ppm
I20260608 13:02:19.714387 29196 server_base.cc:861] Flag tcmalloc_max_total_thread_cache_bytes is not working since tcmalloc is not enabled.
I20260608 13:02:19.714896   800 ts_manager.cc:194] Registered new tserver with Master: 9ea743df2c23480084e58ff1ce596c81 (127.28.131.2:39119)
I20260608 13:02:19.716715   800 master_service.cc:502] Signed X509 certificate for tserver {username='slave'} at 127.0.0.1:47820
I20260608 13:02:19.717572 29196 webserver.cc:533] Webserver started at http://127.28.131.3:42113/ using document root <none> and password file <none>
I20260608 13:02:19.718264 29196 fs_manager.cc:362] Metadata directory not provided
I20260608 13:02:19.718550 29196 fs_manager.cc:368] Using write-ahead log directory (fs_wal_dir) as metadata directory
I20260608 13:02:19.718937 29196 server_base.cc:909] This appears to be a new deployment of Kudu; creating new FS layout
I20260608 13:02:19.720417 29196 fs_manager.cc:1068] Generated new instance metadata in path /tmp/dist-test-taskrtQVEV/test-tmp/auto_rebalancer-test.0.AutoRebalancerTest.NoReplicaMovesIfCannotFixPlacementPolicy.1780923630399528-29196-0/minicluster-data/ts-2-root/instance:
uuid: "1b8a129b56454ed4b0397fb904e9d8b7"
format_stamp: "Formatted at 2026-06-08 13:02:19 on dist-test-slave-fcrv"
I20260608 13:02:19.725865 29196 fs_manager.cc:696] Time spent creating directory manager: real 0.005s	user 0.002s	sys 0.004s
I20260608 13:02:19.729643  1013 log_block_manager.cc:4031] Time spent loading block containers with low live blocks: real 0.000s	user 0.000s	sys 0.000s
I20260608 13:02:19.730831 29196 fs_manager.cc:730] Time spent opening block manager: real 0.003s	user 0.003s	sys 0.000s
I20260608 13:02:19.731189 29196 fs_manager.cc:647] Opened local filesystem: /tmp/dist-test-taskrtQVEV/test-tmp/auto_rebalancer-test.0.AutoRebalancerTest.NoReplicaMovesIfCannotFixPlacementPolicy.1780923630399528-29196-0/minicluster-data/ts-2-root
uuid: "1b8a129b56454ed4b0397fb904e9d8b7"
format_stamp: "Formatted at 2026-06-08 13:02:19 on dist-test-slave-fcrv"
I20260608 13:02:19.731602 29196 fs_report.cc:389] FS layout report
--------------------
wal directory: /tmp/dist-test-taskrtQVEV/test-tmp/auto_rebalancer-test.0.AutoRebalancerTest.NoReplicaMovesIfCannotFixPlacementPolicy.1780923630399528-29196-0/minicluster-data/ts-2-root
metadata directory: /tmp/dist-test-taskrtQVEV/test-tmp/auto_rebalancer-test.0.AutoRebalancerTest.NoReplicaMovesIfCannotFixPlacementPolicy.1780923630399528-29196-0/minicluster-data/ts-2-root
1 data directories: /tmp/dist-test-taskrtQVEV/test-tmp/auto_rebalancer-test.0.AutoRebalancerTest.NoReplicaMovesIfCannotFixPlacementPolicy.1780923630399528-29196-0/minicluster-data/ts-2-root/data
Total live blocks: 0
Total live bytes: 0
Total live bytes (after alignment): 0
Total number of LBM containers: 0 (0 full)
Did not check for missing blocks
Did not check for orphaned blocks
Total full LBM containers with extra space: 0 (0 repaired)
Total full LBM container extra space in bytes: 0 (0 repaired)
Total incomplete LBM containers: 0 (0 repaired)
Total LBM partial records: 0 (0 repaired)
Total corrupted LBM metadata records in RocksDB: 0 (0 repaired)
I20260608 13:02:19.758626 29196 rpc_server.cc:225] running with OpenSSL 1.1.1  11 Sep 2018
I20260608 13:02:19.759929 29196 kserver.cc:163] Server-wide thread pool size limit: 3276
I20260608 13:02:19.761483 29196 txn_system_client.cc:432] TxnSystemClient initialization is disabled...
I20260608 13:02:19.764088 29196 ts_tablet_manager.cc:585] Loaded tablet metadata (0 total tablets, 0 live tablets)
I20260608 13:02:19.764350 29196 ts_tablet_manager.cc:531] Time spent load tablet metadata: real 0.000s	user 0.000s	sys 0.000s
I20260608 13:02:19.764621 29196 ts_tablet_manager.cc:616] Registered 0 tablets
I20260608 13:02:19.764810 29196 ts_tablet_manager.cc:595] Time spent register tablets: real 0.000s	user 0.000s	sys 0.000s
I20260608 13:02:19.819187 29196 rpc_server.cc:307] RPC server started. Bound to: 127.28.131.3:40379
I20260608 13:02:19.819317  1075 acceptor_pool.cc:272] collecting diagnostics on the listening RPC socket 127.28.131.3:40379 every 8 connection(s)
I20260608 13:02:19.834317  1076 heartbeater.cc:344] Connected to a master server at 127.28.131.62:42313
I20260608 13:02:19.834817  1076 heartbeater.cc:461] Registering TS with master...
I20260608 13:02:19.835642  1076 heartbeater.cc:507] Master 127.28.131.62:42313 requested a full tablet report, sending...
I20260608 13:02:19.837880   800 ts_manager.cc:194] Registered new tserver with Master: 1b8a129b56454ed4b0397fb904e9d8b7 (127.28.131.3:40379)
I20260608 13:02:19.838868 29196 internal_mini_cluster.cc:371] 3 TS(s) registered with all masters after 0.015960744s
I20260608 13:02:19.839454   800 master_service.cc:502] Signed X509 certificate for tserver {username='slave'} at 127.0.0.1:47822
I20260608 13:02:20.614902   927 heartbeater.cc:499] Master 127.28.131.62:42313 was elected leader, sending a full tablet report...
I20260608 13:02:20.719887  1002 heartbeater.cc:499] Master 127.28.131.62:42313 was elected leader, sending a full tablet report...
I20260608 13:02:20.842424  1076 heartbeater.cc:499] Master 127.28.131.62:42313 was elected leader, sending a full tablet report...
I20260608 13:02:20.911173   800 catalog_manager.cc:2282] Servicing CreateTable request from {username='slave'} at 127.0.0.1:47844:
name: "test-workload"
schema {
  columns {
    name: "key"
    type: INT32
    is_key: true
    is_nullable: false
    encoding: AUTO_ENCODING
    compression: DEFAULT_COMPRESSION
    cfile_block_size: 0
    immutable: false
  }
  columns {
    name: "int_val"
    type: INT32
    is_key: false
    is_nullable: false
    encoding: AUTO_ENCODING
    compression: DEFAULT_COMPRESSION
    cfile_block_size: 0
    immutable: false
  }
  columns {
    name: "string_val"
    type: STRING
    is_key: false
    is_nullable: true
    encoding: AUTO_ENCODING
    compression: DEFAULT_COMPRESSION
    cfile_block_size: 0
    immutable: false
  }
}
num_replicas: 3
split_rows_range_bounds {
}
partition_schema {
  range_schema {
    columns {
      name: "key"
    }
  }
}
W20260608 13:02:20.913308   800 catalog_manager.cc:7076] The number of live tablet servers is not enough to re-replicate a tablet replica of the newly created table test-workload in case of a server failure: 4 tablet servers would be needed, 3 are available. Consider bringing up more tablet servers.
I20260608 13:02:20.963171   967 tablet_service.cc:1511] Processing CreateTablet for tablet f24ebde9c8724b0ab2b325190ec56a69 (DEFAULT_TABLE table=test-workload [id=aa3b09fd575e45a2b633fee555b7e513]), partition=RANGE (key) PARTITION UNBOUNDED
I20260608 13:02:20.963752  1041 tablet_service.cc:1511] Processing CreateTablet for tablet f24ebde9c8724b0ab2b325190ec56a69 (DEFAULT_TABLE table=test-workload [id=aa3b09fd575e45a2b633fee555b7e513]), partition=RANGE (key) PARTITION UNBOUNDED
I20260608 13:02:20.964676   967 data_dirs.cc:400] Could only allocate 1 dirs of requested 3 for tablet f24ebde9c8724b0ab2b325190ec56a69. 1 dirs total, 0 dirs full, 0 dirs failed
I20260608 13:02:20.965060  1041 data_dirs.cc:400] Could only allocate 1 dirs of requested 3 for tablet f24ebde9c8724b0ab2b325190ec56a69. 1 dirs total, 0 dirs full, 0 dirs failed
I20260608 13:02:20.971122   892 tablet_service.cc:1511] Processing CreateTablet for tablet f24ebde9c8724b0ab2b325190ec56a69 (DEFAULT_TABLE table=test-workload [id=aa3b09fd575e45a2b633fee555b7e513]), partition=RANGE (key) PARTITION UNBOUNDED
I20260608 13:02:20.972538   892 data_dirs.cc:400] Could only allocate 1 dirs of requested 3 for tablet f24ebde9c8724b0ab2b325190ec56a69. 1 dirs total, 0 dirs full, 0 dirs failed
I20260608 13:02:20.979524  1097 tablet_bootstrap.cc:492] T f24ebde9c8724b0ab2b325190ec56a69 P 9ea743df2c23480084e58ff1ce596c81: Bootstrap starting.
I20260608 13:02:20.984095  1098 tablet_bootstrap.cc:492] T f24ebde9c8724b0ab2b325190ec56a69 P 1b8a129b56454ed4b0397fb904e9d8b7: Bootstrap starting.
I20260608 13:02:20.989693  1099 tablet_bootstrap.cc:492] T f24ebde9c8724b0ab2b325190ec56a69 P aa5beaae295c42eaae261ebc8c16271a: Bootstrap starting.
I20260608 13:02:20.989717  1097 tablet_bootstrap.cc:654] T f24ebde9c8724b0ab2b325190ec56a69 P 9ea743df2c23480084e58ff1ce596c81: Neither blocks nor log segments found. Creating new log.
I20260608 13:02:20.991724  1098 tablet_bootstrap.cc:654] T f24ebde9c8724b0ab2b325190ec56a69 P 1b8a129b56454ed4b0397fb904e9d8b7: Neither blocks nor log segments found. Creating new log.
I20260608 13:02:20.997080  1097 tablet_bootstrap.cc:492] T f24ebde9c8724b0ab2b325190ec56a69 P 9ea743df2c23480084e58ff1ce596c81: No bootstrap required, opened a new log
I20260608 13:02:20.997587  1097 ts_tablet_manager.cc:1403] T f24ebde9c8724b0ab2b325190ec56a69 P 9ea743df2c23480084e58ff1ce596c81: Time spent bootstrapping tablet: real 0.018s	user 0.010s	sys 0.002s
I20260608 13:02:20.997611  1099 tablet_bootstrap.cc:654] T f24ebde9c8724b0ab2b325190ec56a69 P aa5beaae295c42eaae261ebc8c16271a: Neither blocks nor log segments found. Creating new log.
I20260608 13:02:20.997679  1098 tablet_bootstrap.cc:492] T f24ebde9c8724b0ab2b325190ec56a69 P 1b8a129b56454ed4b0397fb904e9d8b7: No bootstrap required, opened a new log
I20260608 13:02:20.998492  1098 ts_tablet_manager.cc:1403] T f24ebde9c8724b0ab2b325190ec56a69 P 1b8a129b56454ed4b0397fb904e9d8b7: Time spent bootstrapping tablet: real 0.015s	user 0.010s	sys 0.004s
I20260608 13:02:21.001080  1097 raft_consensus.cc:359] T f24ebde9c8724b0ab2b325190ec56a69 P 9ea743df2c23480084e58ff1ce596c81 [term 0 FOLLOWER]: Replica starting. Triggering 0 pending ops. Active config: opid_index: -1 OBSOLETE_local: false peers { permanent_uuid: "9ea743df2c23480084e58ff1ce596c81" member_type: VOTER last_known_addr { host: "127.28.131.2" port: 39119 } } peers { permanent_uuid: "1b8a129b56454ed4b0397fb904e9d8b7" member_type: VOTER last_known_addr { host: "127.28.131.3" port: 40379 } } peers { permanent_uuid: "aa5beaae295c42eaae261ebc8c16271a" member_type: VOTER last_known_addr { host: "127.28.131.1" port: 41569 } }
I20260608 13:02:21.001535  1098 raft_consensus.cc:359] T f24ebde9c8724b0ab2b325190ec56a69 P 1b8a129b56454ed4b0397fb904e9d8b7 [term 0 FOLLOWER]: Replica starting. Triggering 0 pending ops. Active config: opid_index: -1 OBSOLETE_local: false peers { permanent_uuid: "9ea743df2c23480084e58ff1ce596c81" member_type: VOTER last_known_addr { host: "127.28.131.2" port: 39119 } } peers { permanent_uuid: "1b8a129b56454ed4b0397fb904e9d8b7" member_type: VOTER last_known_addr { host: "127.28.131.3" port: 40379 } } peers { permanent_uuid: "aa5beaae295c42eaae261ebc8c16271a" member_type: VOTER last_known_addr { host: "127.28.131.1" port: 41569 } }
I20260608 13:02:21.001987  1097 raft_consensus.cc:385] T f24ebde9c8724b0ab2b325190ec56a69 P 9ea743df2c23480084e58ff1ce596c81 [term 0 FOLLOWER]: Consensus starting up: Expiring failure detector timer to make a prompt election more likely
I20260608 13:02:21.002269  1098 raft_consensus.cc:385] T f24ebde9c8724b0ab2b325190ec56a69 P 1b8a129b56454ed4b0397fb904e9d8b7 [term 0 FOLLOWER]: Consensus starting up: Expiring failure detector timer to make a prompt election more likely
I20260608 13:02:21.002324  1097 raft_consensus.cc:740] T f24ebde9c8724b0ab2b325190ec56a69 P 9ea743df2c23480084e58ff1ce596c81 [term 0 FOLLOWER]: Becoming Follower/Learner. State: Replica: 9ea743df2c23480084e58ff1ce596c81, State: Initialized, Role: FOLLOWER
I20260608 13:02:21.002722  1098 raft_consensus.cc:740] T f24ebde9c8724b0ab2b325190ec56a69 P 1b8a129b56454ed4b0397fb904e9d8b7 [term 0 FOLLOWER]: Becoming Follower/Learner. State: Replica: 1b8a129b56454ed4b0397fb904e9d8b7, State: Initialized, Role: FOLLOWER
I20260608 13:02:21.003018  1099 tablet_bootstrap.cc:492] T f24ebde9c8724b0ab2b325190ec56a69 P aa5beaae295c42eaae261ebc8c16271a: No bootstrap required, opened a new log
I20260608 13:02:21.003535  1099 ts_tablet_manager.cc:1403] T f24ebde9c8724b0ab2b325190ec56a69 P aa5beaae295c42eaae261ebc8c16271a: Time spent bootstrapping tablet: real 0.014s	user 0.011s	sys 0.001s
I20260608 13:02:21.003332  1097 consensus_queue.cc:260] T f24ebde9c8724b0ab2b325190ec56a69 P 9ea743df2c23480084e58ff1ce596c81 [NON_LEADER]: Queue going to NON_LEADER mode. State: All replicated index: 0, Majority replicated index: 0, Committed index: 0, Last appended: 0.0, Last appended by leader: 0, Current term: 0, Majority size: -1, State: 0, Mode: NON_LEADER, active raft config: opid_index: -1 OBSOLETE_local: false peers { permanent_uuid: "9ea743df2c23480084e58ff1ce596c81" member_type: VOTER last_known_addr { host: "127.28.131.2" port: 39119 } } peers { permanent_uuid: "1b8a129b56454ed4b0397fb904e9d8b7" member_type: VOTER last_known_addr { host: "127.28.131.3" port: 40379 } } peers { permanent_uuid: "aa5beaae295c42eaae261ebc8c16271a" member_type: VOTER last_known_addr { host: "127.28.131.1" port: 41569 } }
I20260608 13:02:21.003841  1098 consensus_queue.cc:260] T f24ebde9c8724b0ab2b325190ec56a69 P 1b8a129b56454ed4b0397fb904e9d8b7 [NON_LEADER]: Queue going to NON_LEADER mode. State: All replicated index: 0, Majority replicated index: 0, Committed index: 0, Last appended: 0.0, Last appended by leader: 0, Current term: 0, Majority size: -1, State: 0, Mode: NON_LEADER, active raft config: opid_index: -1 OBSOLETE_local: false peers { permanent_uuid: "9ea743df2c23480084e58ff1ce596c81" member_type: VOTER last_known_addr { host: "127.28.131.2" port: 39119 } } peers { permanent_uuid: "1b8a129b56454ed4b0397fb904e9d8b7" member_type: VOTER last_known_addr { host: "127.28.131.3" port: 40379 } } peers { permanent_uuid: "aa5beaae295c42eaae261ebc8c16271a" member_type: VOTER last_known_addr { host: "127.28.131.1" port: 41569 } }
I20260608 13:02:21.006484  1097 ts_tablet_manager.cc:1434] T f24ebde9c8724b0ab2b325190ec56a69 P 9ea743df2c23480084e58ff1ce596c81: Time spent starting tablet: real 0.008s	user 0.005s	sys 0.003s
I20260608 13:02:21.006790  1099 raft_consensus.cc:359] T f24ebde9c8724b0ab2b325190ec56a69 P aa5beaae295c42eaae261ebc8c16271a [term 0 FOLLOWER]: Replica starting. Triggering 0 pending ops. Active config: opid_index: -1 OBSOLETE_local: false peers { permanent_uuid: "9ea743df2c23480084e58ff1ce596c81" member_type: VOTER last_known_addr { host: "127.28.131.2" port: 39119 } } peers { permanent_uuid: "1b8a129b56454ed4b0397fb904e9d8b7" member_type: VOTER last_known_addr { host: "127.28.131.3" port: 40379 } } peers { permanent_uuid: "aa5beaae295c42eaae261ebc8c16271a" member_type: VOTER last_known_addr { host: "127.28.131.1" port: 41569 } }
I20260608 13:02:21.007835  1099 raft_consensus.cc:385] T f24ebde9c8724b0ab2b325190ec56a69 P aa5beaae295c42eaae261ebc8c16271a [term 0 FOLLOWER]: Consensus starting up: Expiring failure detector timer to make a prompt election more likely
I20260608 13:02:21.008231  1099 raft_consensus.cc:740] T f24ebde9c8724b0ab2b325190ec56a69 P aa5beaae295c42eaae261ebc8c16271a [term 0 FOLLOWER]: Becoming Follower/Learner. State: Replica: aa5beaae295c42eaae261ebc8c16271a, State: Initialized, Role: FOLLOWER
I20260608 13:02:21.009008  1098 ts_tablet_manager.cc:1434] T f24ebde9c8724b0ab2b325190ec56a69 P 1b8a129b56454ed4b0397fb904e9d8b7: Time spent starting tablet: real 0.010s	user 0.007s	sys 0.000s
I20260608 13:02:21.009239  1099 consensus_queue.cc:260] T f24ebde9c8724b0ab2b325190ec56a69 P aa5beaae295c42eaae261ebc8c16271a [NON_LEADER]: Queue going to NON_LEADER mode. State: All replicated index: 0, Majority replicated index: 0, Committed index: 0, Last appended: 0.0, Last appended by leader: 0, Current term: 0, Majority size: -1, State: 0, Mode: NON_LEADER, active raft config: opid_index: -1 OBSOLETE_local: false peers { permanent_uuid: "9ea743df2c23480084e58ff1ce596c81" member_type: VOTER last_known_addr { host: "127.28.131.2" port: 39119 } } peers { permanent_uuid: "1b8a129b56454ed4b0397fb904e9d8b7" member_type: VOTER last_known_addr { host: "127.28.131.3" port: 40379 } } peers { permanent_uuid: "aa5beaae295c42eaae261ebc8c16271a" member_type: VOTER last_known_addr { host: "127.28.131.1" port: 41569 } }
I20260608 13:02:21.012332  1099 ts_tablet_manager.cc:1434] T f24ebde9c8724b0ab2b325190ec56a69 P aa5beaae295c42eaae261ebc8c16271a: Time spent starting tablet: real 0.008s	user 0.004s	sys 0.005s
W20260608 13:02:21.075160  1077 tablet.cc:2404] T f24ebde9c8724b0ab2b325190ec56a69 P 1b8a129b56454ed4b0397fb904e9d8b7: Can't schedule compaction. Clean time has not been advanced past its initial value.
I20260608 13:02:21.107389  1105 raft_consensus.cc:493] T f24ebde9c8724b0ab2b325190ec56a69 P aa5beaae295c42eaae261ebc8c16271a [term 0 FOLLOWER]: Starting pre-election (no leader contacted us within the election timeout)
I20260608 13:02:21.109026  1105 raft_consensus.cc:515] T f24ebde9c8724b0ab2b325190ec56a69 P aa5beaae295c42eaae261ebc8c16271a [term 0 FOLLOWER]: Starting pre-election with config: opid_index: -1 OBSOLETE_local: false peers { permanent_uuid: "9ea743df2c23480084e58ff1ce596c81" member_type: VOTER last_known_addr { host: "127.28.131.2" port: 39119 } } peers { permanent_uuid: "1b8a129b56454ed4b0397fb904e9d8b7" member_type: VOTER last_known_addr { host: "127.28.131.3" port: 40379 } } peers { permanent_uuid: "aa5beaae295c42eaae261ebc8c16271a" member_type: VOTER last_known_addr { host: "127.28.131.1" port: 41569 } }
I20260608 13:02:21.112613  1105 leader_election.cc:290] T f24ebde9c8724b0ab2b325190ec56a69 P aa5beaae295c42eaae261ebc8c16271a [CANDIDATE]: Term 1 pre-election: Requested pre-vote from peers 9ea743df2c23480084e58ff1ce596c81 (127.28.131.2:39119), 1b8a129b56454ed4b0397fb904e9d8b7 (127.28.131.3:40379)
I20260608 13:02:21.130285   977 tablet_service.cc:1917] Received RequestConsensusVote() RPC: tablet_id: "f24ebde9c8724b0ab2b325190ec56a69" candidate_uuid: "aa5beaae295c42eaae261ebc8c16271a" candidate_term: 1 candidate_status { last_received { term: 0 index: 0 } } ignore_live_leader: false dest_uuid: "9ea743df2c23480084e58ff1ce596c81" is_pre_election: true
I20260608 13:02:21.130337  1051 tablet_service.cc:1917] Received RequestConsensusVote() RPC: tablet_id: "f24ebde9c8724b0ab2b325190ec56a69" candidate_uuid: "aa5beaae295c42eaae261ebc8c16271a" candidate_term: 1 candidate_status { last_received { term: 0 index: 0 } } ignore_live_leader: false dest_uuid: "1b8a129b56454ed4b0397fb904e9d8b7" is_pre_election: true
I20260608 13:02:21.131420   977 raft_consensus.cc:2468] T f24ebde9c8724b0ab2b325190ec56a69 P 9ea743df2c23480084e58ff1ce596c81 [term 0 FOLLOWER]: Leader pre-election vote request: Granting yes vote for candidate aa5beaae295c42eaae261ebc8c16271a in term 0.
I20260608 13:02:21.131465  1051 raft_consensus.cc:2468] T f24ebde9c8724b0ab2b325190ec56a69 P 1b8a129b56454ed4b0397fb904e9d8b7 [term 0 FOLLOWER]: Leader pre-election vote request: Granting yes vote for candidate aa5beaae295c42eaae261ebc8c16271a in term 0.
I20260608 13:02:21.133026   866 leader_election.cc:304] T f24ebde9c8724b0ab2b325190ec56a69 P aa5beaae295c42eaae261ebc8c16271a [CANDIDATE]: Term 1 pre-election: Election decided. Result: candidate won. Election summary: received 2 responses out of 3 voters: 2 yes votes; 0 no votes. yes voters: 9ea743df2c23480084e58ff1ce596c81, aa5beaae295c42eaae261ebc8c16271a; no voters: 
I20260608 13:02:21.133921  1105 raft_consensus.cc:2804] T f24ebde9c8724b0ab2b325190ec56a69 P aa5beaae295c42eaae261ebc8c16271a [term 0 FOLLOWER]: Leader pre-election won for term 1
I20260608 13:02:21.134238  1105 raft_consensus.cc:493] T f24ebde9c8724b0ab2b325190ec56a69 P aa5beaae295c42eaae261ebc8c16271a [term 0 FOLLOWER]: Starting leader election (no leader contacted us within the election timeout)
I20260608 13:02:21.134608  1105 raft_consensus.cc:3060] T f24ebde9c8724b0ab2b325190ec56a69 P aa5beaae295c42eaae261ebc8c16271a [term 0 FOLLOWER]: Advancing to term 1
I20260608 13:02:21.141790  1105 raft_consensus.cc:515] T f24ebde9c8724b0ab2b325190ec56a69 P aa5beaae295c42eaae261ebc8c16271a [term 1 FOLLOWER]: Starting leader election with config: opid_index: -1 OBSOLETE_local: false peers { permanent_uuid: "9ea743df2c23480084e58ff1ce596c81" member_type: VOTER last_known_addr { host: "127.28.131.2" port: 39119 } } peers { permanent_uuid: "1b8a129b56454ed4b0397fb904e9d8b7" member_type: VOTER last_known_addr { host: "127.28.131.3" port: 40379 } } peers { permanent_uuid: "aa5beaae295c42eaae261ebc8c16271a" member_type: VOTER last_known_addr { host: "127.28.131.1" port: 41569 } }
I20260608 13:02:21.144161  1105 leader_election.cc:290] T f24ebde9c8724b0ab2b325190ec56a69 P aa5beaae295c42eaae261ebc8c16271a [CANDIDATE]: Term 1 election: Requested vote from peers 9ea743df2c23480084e58ff1ce596c81 (127.28.131.2:39119), 1b8a129b56454ed4b0397fb904e9d8b7 (127.28.131.3:40379)
I20260608 13:02:21.145076   977 tablet_service.cc:1917] Received RequestConsensusVote() RPC: tablet_id: "f24ebde9c8724b0ab2b325190ec56a69" candidate_uuid: "aa5beaae295c42eaae261ebc8c16271a" candidate_term: 1 candidate_status { last_received { term: 0 index: 0 } } ignore_live_leader: false dest_uuid: "9ea743df2c23480084e58ff1ce596c81"
I20260608 13:02:21.145352  1051 tablet_service.cc:1917] Received RequestConsensusVote() RPC: tablet_id: "f24ebde9c8724b0ab2b325190ec56a69" candidate_uuid: "aa5beaae295c42eaae261ebc8c16271a" candidate_term: 1 candidate_status { last_received { term: 0 index: 0 } } ignore_live_leader: false dest_uuid: "1b8a129b56454ed4b0397fb904e9d8b7"
I20260608 13:02:21.145752   977 raft_consensus.cc:3060] T f24ebde9c8724b0ab2b325190ec56a69 P 9ea743df2c23480084e58ff1ce596c81 [term 0 FOLLOWER]: Advancing to term 1
I20260608 13:02:21.145861  1051 raft_consensus.cc:3060] T f24ebde9c8724b0ab2b325190ec56a69 P 1b8a129b56454ed4b0397fb904e9d8b7 [term 0 FOLLOWER]: Advancing to term 1
I20260608 13:02:21.155054  1051 raft_consensus.cc:2468] T f24ebde9c8724b0ab2b325190ec56a69 P 1b8a129b56454ed4b0397fb904e9d8b7 [term 1 FOLLOWER]: Leader election vote request: Granting yes vote for candidate aa5beaae295c42eaae261ebc8c16271a in term 1.
I20260608 13:02:21.155053   977 raft_consensus.cc:2468] T f24ebde9c8724b0ab2b325190ec56a69 P 9ea743df2c23480084e58ff1ce596c81 [term 1 FOLLOWER]: Leader election vote request: Granting yes vote for candidate aa5beaae295c42eaae261ebc8c16271a in term 1.
I20260608 13:02:21.156764   868 leader_election.cc:304] T f24ebde9c8724b0ab2b325190ec56a69 P aa5beaae295c42eaae261ebc8c16271a [CANDIDATE]: Term 1 election: Election decided. Result: candidate won. Election summary: received 2 responses out of 3 voters: 2 yes votes; 0 no votes. yes voters: 1b8a129b56454ed4b0397fb904e9d8b7, aa5beaae295c42eaae261ebc8c16271a; no voters: 
I20260608 13:02:21.157786  1105 raft_consensus.cc:2804] T f24ebde9c8724b0ab2b325190ec56a69 P aa5beaae295c42eaae261ebc8c16271a [term 1 FOLLOWER]: Leader election won for term 1
I20260608 13:02:21.158965  1105 raft_consensus.cc:697] T f24ebde9c8724b0ab2b325190ec56a69 P aa5beaae295c42eaae261ebc8c16271a [term 1 LEADER]: Becoming Leader. State: Replica: aa5beaae295c42eaae261ebc8c16271a, State: Running, Role: LEADER
I20260608 13:02:21.160009  1105 consensus_queue.cc:237] T f24ebde9c8724b0ab2b325190ec56a69 P aa5beaae295c42eaae261ebc8c16271a [LEADER]: Queue going to LEADER mode. State: All replicated index: 0, Majority replicated index: 0, Committed index: 0, Last appended: 0.0, Last appended by leader: 0, Current term: 1, Majority size: 2, State: 0, Mode: LEADER, active raft config: opid_index: -1 OBSOLETE_local: false peers { permanent_uuid: "9ea743df2c23480084e58ff1ce596c81" member_type: VOTER last_known_addr { host: "127.28.131.2" port: 39119 } } peers { permanent_uuid: "1b8a129b56454ed4b0397fb904e9d8b7" member_type: VOTER last_known_addr { host: "127.28.131.3" port: 40379 } } peers { permanent_uuid: "aa5beaae295c42eaae261ebc8c16271a" member_type: VOTER last_known_addr { host: "127.28.131.1" port: 41569 } }
