I20260608 13:00:46.828501 30174 tablet_bootstrap.cc:492] T 9e512cc546b44fa7bfe8d4f4a016caec P 44f7bbdd7d3745d3b438d812edd4484a: Bootstrap complete.
I20260608 13:00:46.829214 30174 ts_tablet_manager.cc:1403] T 9e512cc546b44fa7bfe8d4f4a016caec P 44f7bbdd7d3745d3b438d812edd4484a: Time spent bootstrapping tablet: real 0.029s	user 0.020s	sys 0.008s
I20260608 13:00:46.830928 29935 tablet_copy_service.cc:140] P 4a53b83cfb50432da42c1023b64dd9a2: Received BeginTabletCopySession request for tablet 2b5dd0b39e834d06ad03fc277b74b09c from peer 44f7bbdd7d3745d3b438d812edd4484a ({username='slave'} at 127.0.0.1:60118)
I20260608 13:00:46.831512 29935 tablet_copy_service.cc:161] P 4a53b83cfb50432da42c1023b64dd9a2: Beginning new tablet copy session on tablet 2b5dd0b39e834d06ad03fc277b74b09c from peer 44f7bbdd7d3745d3b438d812edd4484a at {username='slave'} at 127.0.0.1:60118: session id = 44f7bbdd7d3745d3b438d812edd4484a-2b5dd0b39e834d06ad03fc277b74b09c
I20260608 13:00:46.832166 30174 raft_consensus.cc:359] T 9e512cc546b44fa7bfe8d4f4a016caec P 44f7bbdd7d3745d3b438d812edd4484a [term 1 LEARNER]: Replica starting. Triggering 0 pending ops. Active config: opid_index: 2 OBSOLETE_local: false peers { permanent_uuid: "7143137de7214795b946fac2072af468" member_type: VOTER last_known_addr { host: "127.28.105.129" port: 45289 } } peers { permanent_uuid: "bbf61e21f7bf47859c0b949ed7edbf54" member_type: VOTER last_known_addr { host: "127.28.105.130" port: 42371 } attrs { replace: true } } peers { permanent_uuid: "4a53b83cfb50432da42c1023b64dd9a2" member_type: VOTER last_known_addr { host: "127.28.105.131" port: 41183 } } peers { permanent_uuid: "44f7bbdd7d3745d3b438d812edd4484a" member_type: NON_VOTER last_known_addr { host: "127.28.105.132" port: 43275 } attrs { promote: true } }
I20260608 13:00:46.833029 30174 raft_consensus.cc:740] T 9e512cc546b44fa7bfe8d4f4a016caec P 44f7bbdd7d3745d3b438d812edd4484a [term 1 LEARNER]: Becoming Follower/Learner. State: Replica: 44f7bbdd7d3745d3b438d812edd4484a, State: Initialized, Role: LEARNER
I20260608 13:00:46.833717 30174 consensus_queue.cc:260] T 9e512cc546b44fa7bfe8d4f4a016caec P 44f7bbdd7d3745d3b438d812edd4484a [NON_LEADER]: Queue going to NON_LEADER mode. State: All replicated index: 0, Majority replicated index: 0, Committed index: 2, Last appended: 1.2, Last appended by leader: 2, Current term: 0, Majority size: -1, State: 0, Mode: NON_LEADER, active raft config: opid_index: 2 OBSOLETE_local: false peers { permanent_uuid: "7143137de7214795b946fac2072af468" member_type: VOTER last_known_addr { host: "127.28.105.129" port: 45289 } } peers { permanent_uuid: "bbf61e21f7bf47859c0b949ed7edbf54" member_type: VOTER last_known_addr { host: "127.28.105.130" port: 42371 } attrs { replace: true } } peers { permanent_uuid: "4a53b83cfb50432da42c1023b64dd9a2" member_type: VOTER last_known_addr { host: "127.28.105.131" port: 41183 } } peers { permanent_uuid: "44f7bbdd7d3745d3b438d812edd4484a" member_type: NON_VOTER last_known_addr { host: "127.28.105.132" port: 43275 } attrs { promote: true } }
I20260608 13:00:46.839802 29935 tablet_copy_source_session.cc:215] T 2b5dd0b39e834d06ad03fc277b74b09c P 4a53b83cfb50432da42c1023b64dd9a2: Tablet Copy: opened 0 blocks and 1 log segments
I20260608 13:00:46.843091 30174 ts_tablet_manager.cc:1434] T 9e512cc546b44fa7bfe8d4f4a016caec P 44f7bbdd7d3745d3b438d812edd4484a: Time spent starting tablet: real 0.014s	user 0.003s	sys 0.004s
I20260608 13:00:46.845695 30170 tablet_copy_client.cc:806] T b6ad6dfa61f842e6bd97b1852c77aad4 P 44f7bbdd7d3745d3b438d812edd4484a: tablet copy: Starting download of 0 data blocks...
I20260608 13:00:46.846771 30170 tablet_copy_client.cc:670] T b6ad6dfa61f842e6bd97b1852c77aad4 P 44f7bbdd7d3745d3b438d812edd4484a: tablet copy: Starting download of 1 WAL segments...
I20260608 13:00:46.844765 30181 data_dirs.cc:400] Could only allocate 1 dirs of requested 3 for tablet 2b5dd0b39e834d06ad03fc277b74b09c. 1 dirs total, 0 dirs full, 0 dirs failed
I20260608 13:00:46.857045 29935 tablet_copy_service.cc:342] P 4a53b83cfb50432da42c1023b64dd9a2: Request end of tablet copy session 44f7bbdd7d3745d3b438d812edd4484a-9e512cc546b44fa7bfe8d4f4a016caec received from {username='slave'} at 127.0.0.1:60118
I20260608 13:00:46.858037 29935 tablet_copy_service.cc:434] P 4a53b83cfb50432da42c1023b64dd9a2: ending tablet copy session 44f7bbdd7d3745d3b438d812edd4484a-9e512cc546b44fa7bfe8d4f4a016caec on tablet 9e512cc546b44fa7bfe8d4f4a016caec with peer 44f7bbdd7d3745d3b438d812edd4484a
I20260608 13:00:46.858052 30170 tablet_copy_client.cc:538] T b6ad6dfa61f842e6bd97b1852c77aad4 P 44f7bbdd7d3745d3b438d812edd4484a: tablet copy: Tablet Copy complete. Replacing tablet superblock.
I20260608 13:00:46.865631 30170 tablet_bootstrap.cc:492] T b6ad6dfa61f842e6bd97b1852c77aad4 P 44f7bbdd7d3745d3b438d812edd4484a: Bootstrap starting.
I20260608 13:00:46.869560 30181 tablet_copy_client.cc:806] T 2b5dd0b39e834d06ad03fc277b74b09c P 44f7bbdd7d3745d3b438d812edd4484a: tablet copy: Starting download of 0 data blocks...
I20260608 13:00:46.870211 30181 tablet_copy_client.cc:670] T 2b5dd0b39e834d06ad03fc277b74b09c P 44f7bbdd7d3745d3b438d812edd4484a: tablet copy: Starting download of 1 WAL segments...
I20260608 13:00:46.874949 30181 tablet_copy_client.cc:538] T 2b5dd0b39e834d06ad03fc277b74b09c P 44f7bbdd7d3745d3b438d812edd4484a: tablet copy: Tablet Copy complete. Replacing tablet superblock.
I20260608 13:00:46.884301 30181 tablet_bootstrap.cc:492] T 2b5dd0b39e834d06ad03fc277b74b09c P 44f7bbdd7d3745d3b438d812edd4484a: Bootstrap starting.
I20260608 13:00:46.888407 30170 tablet_bootstrap.cc:492] T b6ad6dfa61f842e6bd97b1852c77aad4 P 44f7bbdd7d3745d3b438d812edd4484a: Bootstrap replayed 1/1 log segments. Stats: ops{read=3 overwritten=0 applied=3 ignored=0} inserts{seen=0 ignored=0} mutations{seen=0 ignored=0} orphaned_commits=0. Pending: 0 replicates
I20260608 13:00:46.889449 30170 tablet_bootstrap.cc:492] T b6ad6dfa61f842e6bd97b1852c77aad4 P 44f7bbdd7d3745d3b438d812edd4484a: Bootstrap complete.
I20260608 13:00:46.890175 30170 ts_tablet_manager.cc:1403] T b6ad6dfa61f842e6bd97b1852c77aad4 P 44f7bbdd7d3745d3b438d812edd4484a: Time spent bootstrapping tablet: real 0.025s	user 0.019s	sys 0.004s
I20260608 13:00:46.893514 30170 raft_consensus.cc:359] T b6ad6dfa61f842e6bd97b1852c77aad4 P 44f7bbdd7d3745d3b438d812edd4484a [term 2 LEARNER]: Replica starting. Triggering 0 pending ops. Active config: opid_index: 3 OBSOLETE_local: false peers { permanent_uuid: "7143137de7214795b946fac2072af468" member_type: VOTER last_known_addr { host: "127.28.105.129" port: 45289 } } peers { permanent_uuid: "bbf61e21f7bf47859c0b949ed7edbf54" member_type: VOTER last_known_addr { host: "127.28.105.130" port: 42371 } } peers { permanent_uuid: "4a53b83cfb50432da42c1023b64dd9a2" member_type: VOTER last_known_addr { host: "127.28.105.131" port: 41183 } attrs { replace: true } } peers { permanent_uuid: "44f7bbdd7d3745d3b438d812edd4484a" member_type: NON_VOTER last_known_addr { host: "127.28.105.132" port: 43275 } attrs { promote: true } }
I20260608 13:00:46.894366 30170 raft_consensus.cc:740] T b6ad6dfa61f842e6bd97b1852c77aad4 P 44f7bbdd7d3745d3b438d812edd4484a [term 2 LEARNER]: Becoming Follower/Learner. State: Replica: 44f7bbdd7d3745d3b438d812edd4484a, State: Initialized, Role: LEARNER
I20260608 13:00:46.895094 30170 consensus_queue.cc:260] T b6ad6dfa61f842e6bd97b1852c77aad4 P 44f7bbdd7d3745d3b438d812edd4484a [NON_LEADER]: Queue going to NON_LEADER mode. State: All replicated index: 0, Majority replicated index: 0, Committed index: 3, Last appended: 2.3, Last appended by leader: 3, Current term: 0, Majority size: -1, State: 0, Mode: NON_LEADER, active raft config: opid_index: 3 OBSOLETE_local: false peers { permanent_uuid: "7143137de7214795b946fac2072af468" member_type: VOTER last_known_addr { host: "127.28.105.129" port: 45289 } } peers { permanent_uuid: "bbf61e21f7bf47859c0b949ed7edbf54" member_type: VOTER last_known_addr { host: "127.28.105.130" port: 42371 } } peers { permanent_uuid: "4a53b83cfb50432da42c1023b64dd9a2" member_type: VOTER last_known_addr { host: "127.28.105.131" port: 41183 } attrs { replace: true } } peers { permanent_uuid: "44f7bbdd7d3745d3b438d812edd4484a" member_type: NON_VOTER last_known_addr { host: "127.28.105.132" port: 43275 } attrs { promote: true } }
I20260608 13:00:46.899637 30170 ts_tablet_manager.cc:1434] T b6ad6dfa61f842e6bd97b1852c77aad4 P 44f7bbdd7d3745d3b438d812edd4484a: Time spent starting tablet: real 0.009s	user 0.010s	sys 0.000s
I20260608 13:00:46.902120 29861 tablet_copy_service.cc:342] P bbf61e21f7bf47859c0b949ed7edbf54: Request end of tablet copy session 44f7bbdd7d3745d3b438d812edd4484a-b6ad6dfa61f842e6bd97b1852c77aad4 received from {username='slave'} at 127.0.0.1:35344
I20260608 13:00:46.902736 29861 tablet_copy_service.cc:434] P bbf61e21f7bf47859c0b949ed7edbf54: ending tablet copy session 44f7bbdd7d3745d3b438d812edd4484a-b6ad6dfa61f842e6bd97b1852c77aad4 on tablet b6ad6dfa61f842e6bd97b1852c77aad4 with peer 44f7bbdd7d3745d3b438d812edd4484a
I20260608 13:00:46.918893 30181 tablet_bootstrap.cc:492] T 2b5dd0b39e834d06ad03fc277b74b09c P 44f7bbdd7d3745d3b438d812edd4484a: Bootstrap replayed 1/1 log segments. Stats: ops{read=2 overwritten=0 applied=2 ignored=0} inserts{seen=0 ignored=0} mutations{seen=0 ignored=0} orphaned_commits=0. Pending: 0 replicates
I20260608 13:00:46.919705 30181 tablet_bootstrap.cc:492] T 2b5dd0b39e834d06ad03fc277b74b09c P 44f7bbdd7d3745d3b438d812edd4484a: Bootstrap complete.
I20260608 13:00:46.920282 30181 ts_tablet_manager.cc:1403] T 2b5dd0b39e834d06ad03fc277b74b09c P 44f7bbdd7d3745d3b438d812edd4484a: Time spent bootstrapping tablet: real 0.036s	user 0.017s	sys 0.017s
I20260608 13:00:46.922677 30181 raft_consensus.cc:359] T 2b5dd0b39e834d06ad03fc277b74b09c P 44f7bbdd7d3745d3b438d812edd4484a [term 1 LEARNER]: Replica starting. Triggering 0 pending ops. Active config: opid_index: 2 OBSOLETE_local: false peers { permanent_uuid: "7143137de7214795b946fac2072af468" member_type: VOTER last_known_addr { host: "127.28.105.129" port: 45289 } attrs { replace: true } } peers { permanent_uuid: "bbf61e21f7bf47859c0b949ed7edbf54" member_type: VOTER last_known_addr { host: "127.28.105.130" port: 42371 } } peers { permanent_uuid: "4a53b83cfb50432da42c1023b64dd9a2" member_type: VOTER last_known_addr { host: "127.28.105.131" port: 41183 } } peers { permanent_uuid: "44f7bbdd7d3745d3b438d812edd4484a" member_type: NON_VOTER last_known_addr { host: "127.28.105.132" port: 43275 } attrs { promote: true } }
I20260608 13:00:46.923290 30181 raft_consensus.cc:740] T 2b5dd0b39e834d06ad03fc277b74b09c P 44f7bbdd7d3745d3b438d812edd4484a [term 1 LEARNER]: Becoming Follower/Learner. State: Replica: 44f7bbdd7d3745d3b438d812edd4484a, State: Initialized, Role: LEARNER
I20260608 13:00:46.923838 30181 consensus_queue.cc:260] T 2b5dd0b39e834d06ad03fc277b74b09c P 44f7bbdd7d3745d3b438d812edd4484a [NON_LEADER]: Queue going to NON_LEADER mode. State: All replicated index: 0, Majority replicated index: 0, Committed index: 2, Last appended: 1.2, Last appended by leader: 2, Current term: 0, Majority size: -1, State: 0, Mode: NON_LEADER, active raft config: opid_index: 2 OBSOLETE_local: false peers { permanent_uuid: "7143137de7214795b946fac2072af468" member_type: VOTER last_known_addr { host: "127.28.105.129" port: 45289 } attrs { replace: true } } peers { permanent_uuid: "bbf61e21f7bf47859c0b949ed7edbf54" member_type: VOTER last_known_addr { host: "127.28.105.130" port: 42371 } } peers { permanent_uuid: "4a53b83cfb50432da42c1023b64dd9a2" member_type: VOTER last_known_addr { host: "127.28.105.131" port: 41183 } } peers { permanent_uuid: "44f7bbdd7d3745d3b438d812edd4484a" member_type: NON_VOTER last_known_addr { host: "127.28.105.132" port: 43275 } attrs { promote: true } }
I20260608 13:00:46.925896 30181 ts_tablet_manager.cc:1434] T 2b5dd0b39e834d06ad03fc277b74b09c P 44f7bbdd7d3745d3b438d812edd4484a: Time spent starting tablet: real 0.005s	user 0.004s	sys 0.000s
I20260608 13:00:46.928015 29935 tablet_copy_service.cc:342] P 4a53b83cfb50432da42c1023b64dd9a2: Request end of tablet copy session 44f7bbdd7d3745d3b438d812edd4484a-2b5dd0b39e834d06ad03fc277b74b09c received from {username='slave'} at 127.0.0.1:60118
I20260608 13:00:46.928404 29935 tablet_copy_service.cc:434] P 4a53b83cfb50432da42c1023b64dd9a2: ending tablet copy session 44f7bbdd7d3745d3b438d812edd4484a-2b5dd0b39e834d06ad03fc277b74b09c on tablet 2b5dd0b39e834d06ad03fc277b74b09c with peer 44f7bbdd7d3745d3b438d812edd4484a
I20260608 13:00:47.154428 29727 auto_leader_rebalancer.cc:140] leader rebalance for table test-workload
I20260608 13:00:47.160297 29094 tablet_server.cc:179] TabletServer@127.28.105.129:0 shutting down...
I20260608 13:00:47.164186 29727 auto_leader_rebalancer.cc:388] table: test-workload, leader rebalance finish, leader transfer count: 0
I20260608 13:00:47.164851 29727 auto_leader_rebalancer.cc:451] All tables' leader rebalancing finished this round
I20260608 13:00:47.177871 30094 raft_consensus.cc:1217] T b6ad6dfa61f842e6bd97b1852c77aad4 P 44f7bbdd7d3745d3b438d812edd4484a [term 2 LEARNER]: Deduplicated request from leader. Original: 2.2->[2.3-2.3]   Dedup: 2.3->[]
W20260608 13:00:47.186100 29815 proxy.cc:239] Call had error, refreshing address and retrying: Remote error: Service unavailable: service kudu.consensus.ConsensusService not registered on TabletServer [suppressed 5 similar messages]
W20260608 13:00:47.203775 29815 consensus_peers.cc:597] T 229b16756b0b4424b096b02bc103bf44 P bbf61e21f7bf47859c0b949ed7edbf54 -> Peer 7143137de7214795b946fac2072af468 (127.28.105.129:45289): Couldn't send request to peer 7143137de7214795b946fac2072af468. Status: Remote error: Service unavailable: service kudu.consensus.ConsensusService not registered on TabletServer. This is attempt 1: this message will repeat every 5th retry.
I20260608 13:00:47.216843 29094 ts_tablet_manager.cc:1507] Shutting down tablet manager...
I20260608 13:00:47.217867 29094 tablet_replica.cc:333] T 229b16756b0b4424b096b02bc103bf44 P 7143137de7214795b946fac2072af468: stopping tablet replica
I20260608 13:00:47.218747 29094 raft_consensus.cc:2243] T 229b16756b0b4424b096b02bc103bf44 P 7143137de7214795b946fac2072af468 [term 1 FOLLOWER]: Raft consensus shutting down.
I20260608 13:00:47.219376 29094 raft_consensus.cc:2272] T 229b16756b0b4424b096b02bc103bf44 P 7143137de7214795b946fac2072af468 [term 1 FOLLOWER]: Raft consensus is shut down!
I20260608 13:00:47.221663 29094 tablet_replica.cc:333] T 10e052eec7b24ac18ace04190454d70b P 7143137de7214795b946fac2072af468: stopping tablet replica
I20260608 13:00:47.222301 29094 raft_consensus.cc:2243] T 10e052eec7b24ac18ace04190454d70b P 7143137de7214795b946fac2072af468 [term 1 FOLLOWER]: Raft consensus shutting down.
I20260608 13:00:47.222877 29094 raft_consensus.cc:2272] T 10e052eec7b24ac18ace04190454d70b P 7143137de7214795b946fac2072af468 [term 1 FOLLOWER]: Raft consensus is shut down!
I20260608 13:00:47.226042 29094 tablet_replica.cc:333] T b6ad6dfa61f842e6bd97b1852c77aad4 P 7143137de7214795b946fac2072af468: stopping tablet replica
I20260608 13:00:47.226881 29094 raft_consensus.cc:2243] T b6ad6dfa61f842e6bd97b1852c77aad4 P 7143137de7214795b946fac2072af468 [term 2 FOLLOWER]: Raft consensus shutting down.
I20260608 13:00:47.227497 29094 raft_consensus.cc:2272] T b6ad6dfa61f842e6bd97b1852c77aad4 P 7143137de7214795b946fac2072af468 [term 2 FOLLOWER]: Raft consensus is shut down!
I20260608 13:00:47.230253 29094 tablet_replica.cc:333] T 0442cac885e245a0930c8e0736e9ae26 P 7143137de7214795b946fac2072af468: stopping tablet replica
I20260608 13:00:47.231027 29094 raft_consensus.cc:2243] T 0442cac885e245a0930c8e0736e9ae26 P 7143137de7214795b946fac2072af468 [term 1 LEADER]: Raft consensus shutting down.
I20260608 13:00:47.232002 29094 raft_consensus.cc:2272] T 0442cac885e245a0930c8e0736e9ae26 P 7143137de7214795b946fac2072af468 [term 1 FOLLOWER]: Raft consensus is shut down!
I20260608 13:00:47.234386 29094 tablet_replica.cc:333] T 9e512cc546b44fa7bfe8d4f4a016caec P 7143137de7214795b946fac2072af468: stopping tablet replica
I20260608 13:00:47.234953 29094 raft_consensus.cc:2243] T 9e512cc546b44fa7bfe8d4f4a016caec P 7143137de7214795b946fac2072af468 [term 1 FOLLOWER]: Raft consensus shutting down.
I20260608 13:00:47.235502 29094 raft_consensus.cc:2272] T 9e512cc546b44fa7bfe8d4f4a016caec P 7143137de7214795b946fac2072af468 [term 1 FOLLOWER]: Raft consensus is shut down!
I20260608 13:00:47.238263 29094 tablet_replica.cc:333] T fed8b544c88e4bd3b4d536702bdf1d64 P 7143137de7214795b946fac2072af468: stopping tablet replica
I20260608 13:00:47.239116 29094 raft_consensus.cc:2243] T fed8b544c88e4bd3b4d536702bdf1d64 P 7143137de7214795b946fac2072af468 [term 1 LEADER]: Raft consensus shutting down.
I20260608 13:00:47.240587 29094 raft_consensus.cc:2272] T fed8b544c88e4bd3b4d536702bdf1d64 P 7143137de7214795b946fac2072af468 [term 1 FOLLOWER]: Raft consensus is shut down!
I20260608 13:00:47.244288 29094 tablet_replica.cc:333] T 2b5dd0b39e834d06ad03fc277b74b09c P 7143137de7214795b946fac2072af468: stopping tablet replica
I20260608 13:00:47.245119 29094 raft_consensus.cc:2243] T 2b5dd0b39e834d06ad03fc277b74b09c P 7143137de7214795b946fac2072af468 [term 1 FOLLOWER]: Raft consensus shutting down.
I20260608 13:00:47.245646 30094 raft_consensus.cc:1217] T 2b5dd0b39e834d06ad03fc277b74b09c P 44f7bbdd7d3745d3b438d812edd4484a [term 1 LEARNER]: Deduplicated request from leader. Original: 1.1->[1.2-1.2]   Dedup: 1.2->[]
I20260608 13:00:47.245889 29094 raft_consensus.cc:2272] T 2b5dd0b39e834d06ad03fc277b74b09c P 7143137de7214795b946fac2072af468 [term 1 FOLLOWER]: Raft consensus is shut down!
I20260608 13:00:47.253885 29094 tablet_replica.cc:333] T de0ed673479243b6a5deade23690f980 P 7143137de7214795b946fac2072af468: stopping tablet replica
I20260608 13:00:47.254634 29094 raft_consensus.cc:2243] T de0ed673479243b6a5deade23690f980 P 7143137de7214795b946fac2072af468 [term 1 LEADER]: Raft consensus shutting down.
I20260608 13:00:47.255956 29094 raft_consensus.cc:2272] T de0ed673479243b6a5deade23690f980 P 7143137de7214795b946fac2072af468 [term 1 FOLLOWER]: Raft consensus is shut down!
I20260608 13:00:47.259169 30094 raft_consensus.cc:1217] T 229b16756b0b4424b096b02bc103bf44 P 44f7bbdd7d3745d3b438d812edd4484a [term 1 LEARNER]: Deduplicated request from leader. Original: 1.1->[1.2-1.2]   Dedup: 1.2->[]
I20260608 13:00:47.280809 30094 raft_consensus.cc:1217] T 9e512cc546b44fa7bfe8d4f4a016caec P 44f7bbdd7d3745d3b438d812edd4484a [term 1 LEARNER]: Deduplicated request from leader. Original: 1.1->[1.2-1.2]   Dedup: 1.2->[]
I20260608 13:00:47.283811 29094 tablet_server.cc:196] TabletServer@127.28.105.129:0 shutdown complete.
I20260608 13:00:47.309414 29094 tablet_server.cc:179] TabletServer@127.28.105.130:0 shutting down...
W20260608 13:00:47.355021 29890 consensus_peers.cc:597] T 2b5dd0b39e834d06ad03fc277b74b09c P 4a53b83cfb50432da42c1023b64dd9a2 -> Peer bbf61e21f7bf47859c0b949ed7edbf54 (127.28.105.130:42371): Couldn't send request to peer bbf61e21f7bf47859c0b949ed7edbf54. Status: Remote error: Service unavailable: service kudu.consensus.ConsensusService not registered on TabletServer. This is attempt 1: this message will repeat every 5th retry.
W20260608 13:00:47.361317 29890 consensus_peers.cc:597] T 9e512cc546b44fa7bfe8d4f4a016caec P 4a53b83cfb50432da42c1023b64dd9a2 -> Peer bbf61e21f7bf47859c0b949ed7edbf54 (127.28.105.130:42371): Couldn't send request to peer bbf61e21f7bf47859c0b949ed7edbf54. Status: Remote error: Service unavailable: service kudu.consensus.ConsensusService not registered on TabletServer. This is attempt 1: this message will repeat every 5th retry.
I20260608 13:00:47.363252 29094 ts_tablet_manager.cc:1507] Shutting down tablet manager...
I20260608 13:00:47.364214 29094 tablet_replica.cc:333] T b6ad6dfa61f842e6bd97b1852c77aad4 P bbf61e21f7bf47859c0b949ed7edbf54: stopping tablet replica
I20260608 13:00:47.364974 29094 raft_consensus.cc:2243] T b6ad6dfa61f842e6bd97b1852c77aad4 P bbf61e21f7bf47859c0b949ed7edbf54 [term 2 LEADER]: Raft consensus shutting down.
W20260608 13:00:47.365896 29889 consensus_peers.cc:597] T 2b5dd0b39e834d06ad03fc277b74b09c P 4a53b83cfb50432da42c1023b64dd9a2 -> Peer 7143137de7214795b946fac2072af468 (127.28.105.129:45289): Couldn't send request to peer 7143137de7214795b946fac2072af468. Status: Network error: Client connection negotiation failed: client connection to 127.28.105.129:45289: connect: Connection refused (error 111). This is attempt 1: this message will repeat every 5th retry.
I20260608 13:00:47.366068 29094 raft_consensus.cc:2272] T b6ad6dfa61f842e6bd97b1852c77aad4 P bbf61e21f7bf47859c0b949ed7edbf54 [term 2 FOLLOWER]: Raft consensus is shut down!
I20260608 13:00:47.368364 29094 tablet_replica.cc:333] T de0ed673479243b6a5deade23690f980 P bbf61e21f7bf47859c0b949ed7edbf54: stopping tablet replica
I20260608 13:00:47.368956 29094 raft_consensus.cc:2243] T de0ed673479243b6a5deade23690f980 P bbf61e21f7bf47859c0b949ed7edbf54 [term 1 FOLLOWER]: Raft consensus shutting down.
I20260608 13:00:47.369395 29094 raft_consensus.cc:2272] T de0ed673479243b6a5deade23690f980 P bbf61e21f7bf47859c0b949ed7edbf54 [term 1 FOLLOWER]: Raft consensus is shut down!
I20260608 13:00:47.371526 29094 tablet_replica.cc:333] T fed8b544c88e4bd3b4d536702bdf1d64 P bbf61e21f7bf47859c0b949ed7edbf54: stopping tablet replica
I20260608 13:00:47.372110 29094 raft_consensus.cc:2243] T fed8b544c88e4bd3b4d536702bdf1d64 P bbf61e21f7bf47859c0b949ed7edbf54 [term 1 FOLLOWER]: Raft consensus shutting down.
I20260608 13:00:47.372565 29094 raft_consensus.cc:2272] T fed8b544c88e4bd3b4d536702bdf1d64 P bbf61e21f7bf47859c0b949ed7edbf54 [term 1 FOLLOWER]: Raft consensus is shut down!
I20260608 13:00:47.374631 29094 tablet_replica.cc:333] T 9e512cc546b44fa7bfe8d4f4a016caec P bbf61e21f7bf47859c0b949ed7edbf54: stopping tablet replica
I20260608 13:00:47.375183 29094 raft_consensus.cc:2243] T 9e512cc546b44fa7bfe8d4f4a016caec P bbf61e21f7bf47859c0b949ed7edbf54 [term 1 FOLLOWER]: Raft consensus shutting down.
I20260608 13:00:47.375653 29094 raft_consensus.cc:2272] T 9e512cc546b44fa7bfe8d4f4a016caec P bbf61e21f7bf47859c0b949ed7edbf54 [term 1 FOLLOWER]: Raft consensus is shut down!
I20260608 13:00:47.377583 29094 tablet_replica.cc:333] T 2b5dd0b39e834d06ad03fc277b74b09c P bbf61e21f7bf47859c0b949ed7edbf54: stopping tablet replica
I20260608 13:00:47.378108 29094 raft_consensus.cc:2243] T 2b5dd0b39e834d06ad03fc277b74b09c P bbf61e21f7bf47859c0b949ed7edbf54 [term 1 FOLLOWER]: Raft consensus shutting down.
I20260608 13:00:47.378710 29094 raft_consensus.cc:2272] T 2b5dd0b39e834d06ad03fc277b74b09c P bbf61e21f7bf47859c0b949ed7edbf54 [term 1 FOLLOWER]: Raft consensus is shut down!
I20260608 13:00:47.380669 29094 tablet_replica.cc:333] T 10e052eec7b24ac18ace04190454d70b P bbf61e21f7bf47859c0b949ed7edbf54: stopping tablet replica
I20260608 13:00:47.381191 29094 raft_consensus.cc:2243] T 10e052eec7b24ac18ace04190454d70b P bbf61e21f7bf47859c0b949ed7edbf54 [term 1 LEADER]: Raft consensus shutting down.
I20260608 13:00:47.381999 29094 raft_consensus.cc:2272] T 10e052eec7b24ac18ace04190454d70b P bbf61e21f7bf47859c0b949ed7edbf54 [term 1 FOLLOWER]: Raft consensus is shut down!
I20260608 13:00:47.384060 29094 tablet_replica.cc:333] T 0442cac885e245a0930c8e0736e9ae26 P bbf61e21f7bf47859c0b949ed7edbf54: stopping tablet replica
I20260608 13:00:47.384608 29094 raft_consensus.cc:2243] T 0442cac885e245a0930c8e0736e9ae26 P bbf61e21f7bf47859c0b949ed7edbf54 [term 1 FOLLOWER]: Raft consensus shutting down.
I20260608 13:00:47.385022 29094 raft_consensus.cc:2272] T 0442cac885e245a0930c8e0736e9ae26 P bbf61e21f7bf47859c0b949ed7edbf54 [term 1 FOLLOWER]: Raft consensus is shut down!
I20260608 13:00:47.387009 29094 tablet_replica.cc:333] T 229b16756b0b4424b096b02bc103bf44 P bbf61e21f7bf47859c0b949ed7edbf54: stopping tablet replica
I20260608 13:00:47.387530 29094 raft_consensus.cc:2243] T 229b16756b0b4424b096b02bc103bf44 P bbf61e21f7bf47859c0b949ed7edbf54 [term 1 LEADER]: Raft consensus shutting down.
I20260608 13:00:47.388501 29094 raft_consensus.cc:2272] T 229b16756b0b4424b096b02bc103bf44 P bbf61e21f7bf47859c0b949ed7edbf54 [term 1 FOLLOWER]: Raft consensus is shut down!
I20260608 13:00:47.408502 29094 tablet_server.cc:196] TabletServer@127.28.105.130:0 shutdown complete.
I20260608 13:00:47.432436 29094 tablet_server.cc:179] TabletServer@127.28.105.131:0 shutting down...
I20260608 13:00:47.470340 29094 ts_tablet_manager.cc:1507] Shutting down tablet manager...
I20260608 13:00:47.471242 29094 tablet_replica.cc:333] T 229b16756b0b4424b096b02bc103bf44 P 4a53b83cfb50432da42c1023b64dd9a2: stopping tablet replica
I20260608 13:00:47.472222 29094 raft_consensus.cc:2243] T 229b16756b0b4424b096b02bc103bf44 P 4a53b83cfb50432da42c1023b64dd9a2 [term 1 FOLLOWER]: Raft consensus shutting down.
I20260608 13:00:47.472877 29094 raft_consensus.cc:2272] T 229b16756b0b4424b096b02bc103bf44 P 4a53b83cfb50432da42c1023b64dd9a2 [term 1 FOLLOWER]: Raft consensus is shut down!
I20260608 13:00:47.475769 29094 tablet_replica.cc:333] T b6ad6dfa61f842e6bd97b1852c77aad4 P 4a53b83cfb50432da42c1023b64dd9a2: stopping tablet replica
I20260608 13:00:47.476529 29094 raft_consensus.cc:2243] T b6ad6dfa61f842e6bd97b1852c77aad4 P 4a53b83cfb50432da42c1023b64dd9a2 [term 2 FOLLOWER]: Raft consensus shutting down.
I20260608 13:00:47.477155 29094 raft_consensus.cc:2272] T b6ad6dfa61f842e6bd97b1852c77aad4 P 4a53b83cfb50432da42c1023b64dd9a2 [term 2 FOLLOWER]: Raft consensus is shut down!
I20260608 13:00:47.479786 29094 tablet_replica.cc:333] T 2b5dd0b39e834d06ad03fc277b74b09c P 4a53b83cfb50432da42c1023b64dd9a2: stopping tablet replica
I20260608 13:00:47.480502 29094 raft_consensus.cc:2243] T 2b5dd0b39e834d06ad03fc277b74b09c P 4a53b83cfb50432da42c1023b64dd9a2 [term 1 LEADER]: Raft consensus shutting down.
I20260608 13:00:47.481839 29094 raft_consensus.cc:2272] T 2b5dd0b39e834d06ad03fc277b74b09c P 4a53b83cfb50432da42c1023b64dd9a2 [term 1 FOLLOWER]: Raft consensus is shut down!
I20260608 13:00:47.484607 29094 tablet_replica.cc:333] T fed8b544c88e4bd3b4d536702bdf1d64 P 4a53b83cfb50432da42c1023b64dd9a2: stopping tablet replica
I20260608 13:00:47.485339 29094 raft_consensus.cc:2243] T fed8b544c88e4bd3b4d536702bdf1d64 P 4a53b83cfb50432da42c1023b64dd9a2 [term 1 FOLLOWER]: Raft consensus shutting down.
I20260608 13:00:47.485886 29094 raft_consensus.cc:2272] T fed8b544c88e4bd3b4d536702bdf1d64 P 4a53b83cfb50432da42c1023b64dd9a2 [term 1 FOLLOWER]: Raft consensus is shut down!
I20260608 13:00:47.488575 29094 tablet_replica.cc:333] T 9e512cc546b44fa7bfe8d4f4a016caec P 4a53b83cfb50432da42c1023b64dd9a2: stopping tablet replica
I20260608 13:00:47.489290 29094 raft_consensus.cc:2243] T 9e512cc546b44fa7bfe8d4f4a016caec P 4a53b83cfb50432da42c1023b64dd9a2 [term 1 LEADER]: Raft consensus shutting down.
I20260608 13:00:47.490624 29094 raft_consensus.cc:2272] T 9e512cc546b44fa7bfe8d4f4a016caec P 4a53b83cfb50432da42c1023b64dd9a2 [term 1 FOLLOWER]: Raft consensus is shut down!
I20260608 13:00:47.493281 29094 tablet_replica.cc:333] T 0442cac885e245a0930c8e0736e9ae26 P 4a53b83cfb50432da42c1023b64dd9a2: stopping tablet replica
I20260608 13:00:47.493988 29094 raft_consensus.cc:2243] T 0442cac885e245a0930c8e0736e9ae26 P 4a53b83cfb50432da42c1023b64dd9a2 [term 1 FOLLOWER]: Raft consensus shutting down.
I20260608 13:00:47.494556 29094 raft_consensus.cc:2272] T 0442cac885e245a0930c8e0736e9ae26 P 4a53b83cfb50432da42c1023b64dd9a2 [term 1 FOLLOWER]: Raft consensus is shut down!
I20260608 13:00:47.497385 29094 tablet_replica.cc:333] T 10e052eec7b24ac18ace04190454d70b P 4a53b83cfb50432da42c1023b64dd9a2: stopping tablet replica
I20260608 13:00:47.498044 29094 raft_consensus.cc:2243] T 10e052eec7b24ac18ace04190454d70b P 4a53b83cfb50432da42c1023b64dd9a2 [term 1 FOLLOWER]: Raft consensus shutting down.
I20260608 13:00:47.498613 29094 raft_consensus.cc:2272] T 10e052eec7b24ac18ace04190454d70b P 4a53b83cfb50432da42c1023b64dd9a2 [term 1 FOLLOWER]: Raft consensus is shut down!
I20260608 13:00:47.501237 29094 tablet_replica.cc:333] T de0ed673479243b6a5deade23690f980 P 4a53b83cfb50432da42c1023b64dd9a2: stopping tablet replica
I20260608 13:00:47.501881 29094 raft_consensus.cc:2243] T de0ed673479243b6a5deade23690f980 P 4a53b83cfb50432da42c1023b64dd9a2 [term 1 FOLLOWER]: Raft consensus shutting down.
I20260608 13:00:47.502418 29094 raft_consensus.cc:2272] T de0ed673479243b6a5deade23690f980 P 4a53b83cfb50432da42c1023b64dd9a2 [term 1 FOLLOWER]: Raft consensus is shut down!
I20260608 13:00:47.527827 29094 tablet_server.cc:196] TabletServer@127.28.105.131:0 shutdown complete.
I20260608 13:00:47.551029 29094 tablet_server.cc:179] TabletServer@127.28.105.132:0 shutting down...
I20260608 13:00:47.587956 29094 ts_tablet_manager.cc:1507] Shutting down tablet manager...
I20260608 13:00:47.588887 29094 tablet_replica.cc:333] T 2b5dd0b39e834d06ad03fc277b74b09c P 44f7bbdd7d3745d3b438d812edd4484a: stopping tablet replica
I20260608 13:00:47.589632 29094 raft_consensus.cc:2243] T 2b5dd0b39e834d06ad03fc277b74b09c P 44f7bbdd7d3745d3b438d812edd4484a [term 1 LEARNER]: Raft consensus shutting down.
I20260608 13:00:47.590121 29094 raft_consensus.cc:2272] T 2b5dd0b39e834d06ad03fc277b74b09c P 44f7bbdd7d3745d3b438d812edd4484a [term 1 LEARNER]: Raft consensus is shut down!
I20260608 13:00:47.592608 29094 tablet_replica.cc:333] T 9e512cc546b44fa7bfe8d4f4a016caec P 44f7bbdd7d3745d3b438d812edd4484a: stopping tablet replica
I20260608 13:00:47.593287 29094 raft_consensus.cc:2243] T 9e512cc546b44fa7bfe8d4f4a016caec P 44f7bbdd7d3745d3b438d812edd4484a [term 1 LEARNER]: Raft consensus shutting down.
I20260608 13:00:47.593740 29094 raft_consensus.cc:2272] T 9e512cc546b44fa7bfe8d4f4a016caec P 44f7bbdd7d3745d3b438d812edd4484a [term 1 LEARNER]: Raft consensus is shut down!
I20260608 13:00:47.596082 29094 tablet_replica.cc:333] T b6ad6dfa61f842e6bd97b1852c77aad4 P 44f7bbdd7d3745d3b438d812edd4484a: stopping tablet replica
I20260608 13:00:47.596733 29094 raft_consensus.cc:2243] T b6ad6dfa61f842e6bd97b1852c77aad4 P 44f7bbdd7d3745d3b438d812edd4484a [term 2 LEARNER]: Raft consensus shutting down.
I20260608 13:00:47.597177 29094 raft_consensus.cc:2272] T b6ad6dfa61f842e6bd97b1852c77aad4 P 44f7bbdd7d3745d3b438d812edd4484a [term 2 LEARNER]: Raft consensus is shut down!
I20260608 13:00:47.599498 29094 tablet_replica.cc:333] T 229b16756b0b4424b096b02bc103bf44 P 44f7bbdd7d3745d3b438d812edd4484a: stopping tablet replica
I20260608 13:00:47.600122 29094 raft_consensus.cc:2243] T 229b16756b0b4424b096b02bc103bf44 P 44f7bbdd7d3745d3b438d812edd4484a [term 1 LEARNER]: Raft consensus shutting down.
I20260608 13:00:47.600555 29094 raft_consensus.cc:2272] T 229b16756b0b4424b096b02bc103bf44 P 44f7bbdd7d3745d3b438d812edd4484a [term 1 LEARNER]: Raft consensus is shut down!
I20260608 13:00:47.624086 29094 tablet_server.cc:196] TabletServer@127.28.105.132:0 shutdown complete.
I20260608 13:00:47.636843 29094 master.cc:562] Master@127.28.105.190:35227 shutting down...
W20260608 13:00:47.670421 29722 auto_rebalancer.cc:835] Removing replace marker failed: Catalog manager is not initialized. State: Closing
W20260608 13:00:47.670758 29722 auto_rebalancer.cc:863] Could not move replica: Service unavailable: Catalog manager is not initialized. State: Closing
W20260608 13:00:47.670989 29722 auto_rebalancer.cc:301] scheduled replica move failed to complete: Service unavailable: Catalog manager is not initialized. State: Closing
I20260608 13:00:47.672298 29094 raft_consensus.cc:2243] T 00000000000000000000000000000000 P 41889cfc1d474153b75ea0fc6c659fef [term 1 LEADER]: Raft consensus shutting down.
I20260608 13:00:47.672881 29094 raft_consensus.cc:2272] T 00000000000000000000000000000000 P 41889cfc1d474153b75ea0fc6c659fef [term 1 FOLLOWER]: Raft consensus is shut down!
I20260608 13:00:47.673246 29094 tablet_replica.cc:333] T 00000000000000000000000000000000 P 41889cfc1d474153b75ea0fc6c659fef: stopping tablet replica
I20260608 13:00:47.692616 29094 master.cc:584] Master@127.28.105.190:35227 shutdown complete.
[       OK ] AutoRebalancerTest.AutoRebalancingTurnOffAndOn (10761 ms)
[ RUN      ] AutoRebalancerTest.NextLeaderResumesAutoRebalancing
I20260608 13:00:47.734773 29094 internal_mini_cluster.cc:156] Creating distributed mini masters. Addrs: 127.28.105.190:39787,127.28.105.189:37119,127.28.105.188:36201
I20260608 13:00:47.736701 29094 file_cache.cc:492] Constructed file cache file cache with capacity 419430
W20260608 13:00:47.742275 30190 instance_detector.cc:116] could not retrieve AWS instance metadata: Network error: curl error: HTTP response code said error: The requested URL returned error: 404
W20260608 13:00:47.742384 30191 instance_detector.cc:116] could not retrieve Azure instance metadata: Network error: curl error: HTTP response code said error: The requested URL returned error: 404
W20260608 13:00:47.743942 30193 instance_detector.cc:116] could not retrieve OpenStack instance metadata: Network error: curl error: HTTP response code said error: The requested URL returned error: 404
I20260608 13:00:47.744859 29094 server_base.cc:1061] running on GCE node
I20260608 13:00:47.745648 29094 hybrid_clock.cc:584] initializing the hybrid clock with 'system_unsync' time source
W20260608 13:00:47.745857 29094 system_unsync_time.cc:38] NTP support is disabled. Clock error bounds will not be accurate. This configuration is not suitable for distributed clusters.
I20260608 13:00:47.746018 29094 hybrid_clock.cc:648] HybridClock initialized: now 1780923647745988 us; error 0 us; skew 500 ppm
I20260608 13:00:47.746665 29094 server_base.cc:861] Flag tcmalloc_max_total_thread_cache_bytes is not working since tcmalloc is not enabled.
I20260608 13:00:47.749141 29094 webserver.cc:533] Webserver started at http://127.28.105.190:41593/ using document root <none> and password file <none>
I20260608 13:00:47.749696 29094 fs_manager.cc:362] Metadata directory not provided
I20260608 13:00:47.749894 29094 fs_manager.cc:368] Using write-ahead log directory (fs_wal_dir) as metadata directory
I20260608 13:00:47.750174 29094 server_base.cc:909] This appears to be a new deployment of Kudu; creating new FS layout
I20260608 13:00:47.751323 29094 fs_manager.cc:1068] Generated new instance metadata in path /tmp/dist-test-taskO9HiKo/test-tmp/auto_rebalancer-test.0.AutoRebalancerTest.NextLeaderResumesAutoRebalancing.1780923626392460-29094-0/minicluster-data/master-0-root/instance:
uuid: "145da9bf1c204d6fb20d29f52eef14e7"
format_stamp: "Formatted at 2026-06-08 13:00:47 on dist-test-slave-4bvg"
I20260608 13:00:47.756098 29094 fs_manager.cc:696] Time spent creating directory manager: real 0.004s	user 0.004s	sys 0.001s
I20260608 13:00:47.759654 30198 log_block_manager.cc:4031] Time spent loading block containers with low live blocks: real 0.000s	user 0.000s	sys 0.000s
I20260608 13:00:47.760365 29094 fs_manager.cc:730] Time spent opening block manager: real 0.002s	user 0.003s	sys 0.000s
I20260608 13:00:47.760672 29094 fs_manager.cc:647] Opened local filesystem: /tmp/dist-test-taskO9HiKo/test-tmp/auto_rebalancer-test.0.AutoRebalancerTest.NextLeaderResumesAutoRebalancing.1780923626392460-29094-0/minicluster-data/master-0-root
uuid: "145da9bf1c204d6fb20d29f52eef14e7"
format_stamp: "Formatted at 2026-06-08 13:00:47 on dist-test-slave-4bvg"
I20260608 13:00:47.760943 29094 fs_report.cc:389] FS layout report
--------------------
wal directory: /tmp/dist-test-taskO9HiKo/test-tmp/auto_rebalancer-test.0.AutoRebalancerTest.NextLeaderResumesAutoRebalancing.1780923626392460-29094-0/minicluster-data/master-0-root
metadata directory: /tmp/dist-test-taskO9HiKo/test-tmp/auto_rebalancer-test.0.AutoRebalancerTest.NextLeaderResumesAutoRebalancing.1780923626392460-29094-0/minicluster-data/master-0-root
1 data directories: /tmp/dist-test-taskO9HiKo/test-tmp/auto_rebalancer-test.0.AutoRebalancerTest.NextLeaderResumesAutoRebalancing.1780923626392460-29094-0/minicluster-data/master-0-root/data
Total live blocks: 0
Total live bytes: 0
Total live bytes (after alignment): 0
Total number of LBM containers: 0 (0 full)
Did not check for missing blocks
Did not check for orphaned blocks
Total full LBM containers with extra space: 0 (0 repaired)
Total full LBM container extra space in bytes: 0 (0 repaired)
Total incomplete LBM containers: 0 (0 repaired)
Total LBM partial records: 0 (0 repaired)
Total corrupted LBM metadata records in RocksDB: 0 (0 repaired)
I20260608 13:00:47.795220 29094 rpc_server.cc:225] running with OpenSSL 1.1.1  11 Sep 2018
I20260608 13:00:47.796550 29094 kserver.cc:163] Server-wide thread pool size limit: 3276
I20260608 13:00:47.836042 29094 rpc_server.cc:307] RPC server started. Bound to: 127.28.105.190:39787
I20260608 13:00:47.836161 30249 acceptor_pool.cc:272] collecting diagnostics on the listening RPC socket 127.28.105.190:39787 every 8 connection(s)
I20260608 13:00:47.840268 30250 data_dirs.cc:400] Could only allocate 1 dirs of requested 3 for tablet 00000000000000000000000000000000. 1 dirs total, 0 dirs full, 0 dirs failed
I20260608 13:00:47.840279 29094 file_cache.cc:492] Constructed file cache file cache with capacity 419430
W20260608 13:00:47.846128 30252 instance_detector.cc:116] could not retrieve AWS instance metadata: Network error: curl error: HTTP response code said error: The requested URL returned error: 404
W20260608 13:00:47.847822 30253 instance_detector.cc:116] could not retrieve Azure instance metadata: Network error: curl error: HTTP response code said error: The requested URL returned error: 404
I20260608 13:00:47.848227 30250 sys_catalog.cc:422] member_type: VOTER last_known_addr { host: "127.28.105.190" port: 39787 } has no permanent_uuid. Determining permanent_uuid...
W20260608 13:00:47.848850 30255 instance_detector.cc:116] could not retrieve OpenStack instance metadata: Network error: curl error: HTTP response code said error: The requested URL returned error: 404
I20260608 13:00:47.851085 29094 server_base.cc:1061] running on GCE node
I20260608 13:00:47.852519 29094 hybrid_clock.cc:584] initializing the hybrid clock with 'system_unsync' time source
W20260608 13:00:47.852828 29094 system_unsync_time.cc:38] NTP support is disabled. Clock error bounds will not be accurate. This configuration is not suitable for distributed clusters.
I20260608 13:00:47.853061 29094 hybrid_clock.cc:648] HybridClock initialized: now 1780923647853044 us; error 0 us; skew 500 ppm
I20260608 13:00:47.853931 29094 server_base.cc:861] Flag tcmalloc_max_total_thread_cache_bytes is not working since tcmalloc is not enabled.
I20260608 13:00:47.857316 29094 webserver.cc:533] Webserver started at http://127.28.105.189:42019/ using document root <none> and password file <none>
I20260608 13:00:47.858000 29094 fs_manager.cc:362] Metadata directory not provided
I20260608 13:00:47.858245 29094 fs_manager.cc:368] Using write-ahead log directory (fs_wal_dir) as metadata directory
I20260608 13:00:47.858600 29094 server_base.cc:909] This appears to be a new deployment of Kudu; creating new FS layout
I20260608 13:00:47.860350 29094 fs_manager.cc:1068] Generated new instance metadata in path /tmp/dist-test-taskO9HiKo/test-tmp/auto_rebalancer-test.0.AutoRebalancerTest.NextLeaderResumesAutoRebalancing.1780923626392460-29094-0/minicluster-data/master-1-root/instance:
uuid: "97c733f50f7d434b87693d3085f8032c"
format_stamp: "Formatted at 2026-06-08 13:00:47 on dist-test-slave-4bvg"
I20260608 13:00:47.865936 29094 fs_manager.cc:696] Time spent creating directory manager: real 0.005s	user 0.006s	sys 0.001s
I20260608 13:00:47.870182 30262 log_block_manager.cc:4031] Time spent loading block containers with low live blocks: real 0.000s	user 0.000s	sys 0.000s
I20260608 13:00:47.870442 30250 sys_catalog.cc:422] member_type: VOTER last_known_addr { host: "127.28.105.189" port: 37119 } has no permanent_uuid. Determining permanent_uuid...
I20260608 13:00:47.871208 29094 fs_manager.cc:730] Time spent opening block manager: real 0.003s	user 0.000s	sys 0.003s
I20260608 13:00:47.871536 29094 fs_manager.cc:647] Opened local filesystem: /tmp/dist-test-taskO9HiKo/test-tmp/auto_rebalancer-test.0.AutoRebalancerTest.NextLeaderResumesAutoRebalancing.1780923626392460-29094-0/minicluster-data/master-1-root
uuid: "97c733f50f7d434b87693d3085f8032c"
format_stamp: "Formatted at 2026-06-08 13:00:47 on dist-test-slave-4bvg"
I20260608 13:00:47.871812 29094 fs_report.cc:389] FS layout report
--------------------
wal directory: /tmp/dist-test-taskO9HiKo/test-tmp/auto_rebalancer-test.0.AutoRebalancerTest.NextLeaderResumesAutoRebalancing.1780923626392460-29094-0/minicluster-data/master-1-root
metadata directory: /tmp/dist-test-taskO9HiKo/test-tmp/auto_rebalancer-test.0.AutoRebalancerTest.NextLeaderResumesAutoRebalancing.1780923626392460-29094-0/minicluster-data/master-1-root
1 data directories: /tmp/dist-test-taskO9HiKo/test-tmp/auto_rebalancer-test.0.AutoRebalancerTest.NextLeaderResumesAutoRebalancing.1780923626392460-29094-0/minicluster-data/master-1-root/data
Total live blocks: 0
Total live bytes: 0
Total live bytes (after alignment): 0
Total number of LBM containers: 0 (0 full)
Did not check for missing blocks
Did not check for orphaned blocks
Total full LBM containers with extra space: 0 (0 repaired)
Total full LBM container extra space in bytes: 0 (0 repaired)
Total incomplete LBM containers: 0 (0 repaired)
Total LBM partial records: 0 (0 repaired)
Total corrupted LBM metadata records in RocksDB: 0 (0 repaired)
W20260608 13:00:47.877179 30250 consensus_peers.cc:760] Error getting permanent uuid from config peer 127.28.105.189:37119: Network error: Client connection negotiation failed: client connection to 127.28.105.189:37119: connect: Connection refused (error 111)
I20260608 13:00:47.887957 29094 rpc_server.cc:225] running with OpenSSL 1.1.1  11 Sep 2018
I20260608 13:00:47.889176 29094 kserver.cc:163] Server-wide thread pool size limit: 3276
I20260608 13:00:47.893695 30250 consensus_peers.cc:770] Retrying to get permanent uuid for remote peer: member_type: VOTER last_known_addr { host: "127.28.105.189" port: 37119 } attempt: 1
W20260608 13:00:47.899015 30250 consensus_peers.cc:760] Error getting permanent uuid from config peer 127.28.105.189:37119: Network error: Client connection negotiation failed: client connection to 127.28.105.189:37119: connect: Connection refused (error 111)
I20260608 13:00:47.929234 29094 rpc_server.cc:307] RPC server started. Bound to: 127.28.105.189:37119
I20260608 13:00:47.929345 30314 acceptor_pool.cc:272] collecting diagnostics on the listening RPC socket 127.28.105.189:37119 every 8 connection(s)
I20260608 13:00:47.933705 29094 file_cache.cc:492] Constructed file cache file cache with capacity 419430
I20260608 13:00:47.934193 30315 data_dirs.cc:400] Could only allocate 1 dirs of requested 3 for tablet 00000000000000000000000000000000. 1 dirs total, 0 dirs full, 0 dirs failed
W20260608 13:00:47.939628 30317 instance_detector.cc:116] could not retrieve AWS instance metadata: Network error: curl error: HTTP response code said error: The requested URL returned error: 404
W20260608 13:00:47.939947 30318 instance_detector.cc:116] could not retrieve Azure instance metadata: Network error: curl error: HTTP response code said error: The requested URL returned error: 404
I20260608 13:00:47.946995 30315 sys_catalog.cc:422] member_type: VOTER last_known_addr { host: "127.28.105.190" port: 39787 } has no permanent_uuid. Determining permanent_uuid...
W20260608 13:00:47.948099 30320 instance_detector.cc:116] could not retrieve OpenStack instance metadata: Network error: curl error: HTTP response code said error: The requested URL returned error: 404
I20260608 13:00:47.948442 29094 server_base.cc:1061] running on GCE node
I20260608 13:00:47.950294 29094 hybrid_clock.cc:584] initializing the hybrid clock with 'system_unsync' time source
W20260608 13:00:47.950544 29094 system_unsync_time.cc:38] NTP support is disabled. Clock error bounds will not be accurate. This configuration is not suitable for distributed clusters.
I20260608 13:00:47.950836 29094 hybrid_clock.cc:648] HybridClock initialized: now 1780923647950816 us; error 0 us; skew 500 ppm
I20260608 13:00:47.951586 29094 server_base.cc:861] Flag tcmalloc_max_total_thread_cache_bytes is not working since tcmalloc is not enabled.
I20260608 13:00:47.954780 29094 webserver.cc:533] Webserver started at http://127.28.105.188:44019/ using document root <none> and password file <none>
I20260608 13:00:47.955426 29094 fs_manager.cc:362] Metadata directory not provided
I20260608 13:00:47.955624 29094 fs_manager.cc:368] Using write-ahead log directory (fs_wal_dir) as metadata directory
I20260608 13:00:47.955932 29094 server_base.cc:909] This appears to be a new deployment of Kudu; creating new FS layout
I20260608 13:00:47.957368 29094 fs_manager.cc:1068] Generated new instance metadata in path /tmp/dist-test-taskO9HiKo/test-tmp/auto_rebalancer-test.0.AutoRebalancerTest.NextLeaderResumesAutoRebalancing.1780923626392460-29094-0/minicluster-data/master-2-root/instance:
uuid: "7a0a7d36b1b3405f934cb61a8183f8b4"
format_stamp: "Formatted at 2026-06-08 13:00:47 on dist-test-slave-4bvg"
I20260608 13:00:47.960177 30315 sys_catalog.cc:422] member_type: VOTER last_known_addr { host: "127.28.105.189" port: 37119 } has no permanent_uuid. Determining permanent_uuid...
I20260608 13:00:47.963467 29094 fs_manager.cc:696] Time spent creating directory manager: real 0.005s	user 0.003s	sys 0.005s
I20260608 13:00:47.967494 30327 log_block_manager.cc:4031] Time spent loading block containers with low live blocks: real 0.000s	user 0.000s	sys 0.000s
I20260608 13:00:47.968392 29094 fs_manager.cc:730] Time spent opening block manager: real 0.003s	user 0.003s	sys 0.001s
I20260608 13:00:47.968720 29094 fs_manager.cc:647] Opened local filesystem: /tmp/dist-test-taskO9HiKo/test-tmp/auto_rebalancer-test.0.AutoRebalancerTest.NextLeaderResumesAutoRebalancing.1780923626392460-29094-0/minicluster-data/master-2-root
uuid: "7a0a7d36b1b3405f934cb61a8183f8b4"
format_stamp: "Formatted at 2026-06-08 13:00:47 on dist-test-slave-4bvg"
I20260608 13:00:47.969022 29094 fs_report.cc:389] FS layout report
--------------------
wal directory: /tmp/dist-test-taskO9HiKo/test-tmp/auto_rebalancer-test.0.AutoRebalancerTest.NextLeaderResumesAutoRebalancing.1780923626392460-29094-0/minicluster-data/master-2-root
metadata directory: /tmp/dist-test-taskO9HiKo/test-tmp/auto_rebalancer-test.0.AutoRebalancerTest.NextLeaderResumesAutoRebalancing.1780923626392460-29094-0/minicluster-data/master-2-root
1 data directories: /tmp/dist-test-taskO9HiKo/test-tmp/auto_rebalancer-test.0.AutoRebalancerTest.NextLeaderResumesAutoRebalancing.1780923626392460-29094-0/minicluster-data/master-2-root/data
Total live blocks: 0
Total live bytes: 0
Total live bytes (after alignment): 0
Total number of LBM containers: 0 (0 full)
Did not check for missing blocks
Did not check for orphaned blocks
Total full LBM containers with extra space: 0 (0 repaired)
Total full LBM container extra space in bytes: 0 (0 repaired)
Total incomplete LBM containers: 0 (0 repaired)
Total LBM partial records: 0 (0 repaired)
Total corrupted LBM metadata records in RocksDB: 0 (0 repaired)
I20260608 13:00:47.974890 30315 sys_catalog.cc:422] member_type: VOTER last_known_addr { host: "127.28.105.188" port: 36201 } has no permanent_uuid. Determining permanent_uuid...
I20260608 13:00:47.976511 30250 consensus_peers.cc:770] Retrying to get permanent uuid for remote peer: member_type: VOTER last_known_addr { host: "127.28.105.189" port: 37119 } attempt: 2
W20260608 13:00:47.982179 30315 consensus_peers.cc:760] Error getting permanent uuid from config peer 127.28.105.188:36201: Network error: Client connection negotiation failed: client connection to 127.28.105.188:36201: connect: Connection refused (error 111)
I20260608 13:00:47.983361 29094 rpc_server.cc:225] running with OpenSSL 1.1.1  11 Sep 2018
I20260608 13:00:47.984956 29094 kserver.cc:163] Server-wide thread pool size limit: 3276
I20260608 13:00:47.988488 30250 sys_catalog.cc:422] member_type: VOTER last_known_addr { host: "127.28.105.188" port: 36201 } has no permanent_uuid. Determining permanent_uuid...
W20260608 13:00:47.993434 30250 consensus_peers.cc:760] Error getting permanent uuid from config peer 127.28.105.188:36201: Network error: Client connection negotiation failed: client connection to 127.28.105.188:36201: connect: Connection refused (error 111)
I20260608 13:00:48.006767 30315 consensus_peers.cc:770] Retrying to get permanent uuid for remote peer: member_type: VOTER last_known_addr { host: "127.28.105.188" port: 36201 } attempt: 1
W20260608 13:00:48.013368 30315 consensus_peers.cc:760] Error getting permanent uuid from config peer 127.28.105.188:36201: Network error: Client connection negotiation failed: client connection to 127.28.105.188:36201: connect: Connection refused (error 111)
I20260608 13:00:48.024667 29094 rpc_server.cc:307] RPC server started. Bound to: 127.28.105.188:36201
I20260608 13:00:48.024781 30379 acceptor_pool.cc:272] collecting diagnostics on the listening RPC socket 127.28.105.188:36201 every 8 connection(s)
I20260608 13:00:48.027966 29094 internal_mini_cluster.cc:184] Waiting to initialize catalog manager on master 0
I20260608 13:00:48.028908 30380 data_dirs.cc:400] Could only allocate 1 dirs of requested 3 for tablet 00000000000000000000000000000000. 1 dirs total, 0 dirs full, 0 dirs failed
I20260608 13:00:48.034931 30380 sys_catalog.cc:422] member_type: VOTER last_known_addr { host: "127.28.105.190" port: 39787 } has no permanent_uuid. Determining permanent_uuid...
I20260608 13:00:48.043984 30250 consensus_peers.cc:770] Retrying to get permanent uuid for remote peer: member_type: VOTER last_known_addr { host: "127.28.105.188" port: 36201 } attempt: 1
I20260608 13:00:48.046718 30380 sys_catalog.cc:422] member_type: VOTER last_known_addr { host: "127.28.105.189" port: 37119 } has no permanent_uuid. Determining permanent_uuid...
