I20260608 13:01:47.742105 32439 raft_consensus.cc:359] T a480f6ba390e4503bd30425ca6ca45f5 P d7e99454d1fc407897fabf9296c1d1d1 [term 0 FOLLOWER]: Replica starting. Triggering 0 pending ops. Active config: opid_index: -1 OBSOLETE_local: false peers { permanent_uuid: "82ebf5573ff54e1c81d8529f1d68339d" member_type: VOTER last_known_addr { host: "127.28.146.2" port: 42529 } } peers { permanent_uuid: "d7e99454d1fc407897fabf9296c1d1d1" member_type: VOTER last_known_addr { host: "127.28.146.1" port: 40255 } } peers { permanent_uuid: "1b0805c4a80345f280cbffdd11a74530" member_type: VOTER last_known_addr { host: "127.28.146.3" port: 33805 } }
I20260608 13:01:47.743345 32439 raft_consensus.cc:385] T a480f6ba390e4503bd30425ca6ca45f5 P d7e99454d1fc407897fabf9296c1d1d1 [term 0 FOLLOWER]: Consensus starting up: Expiring failure detector timer to make a prompt election more likely
I20260608 13:01:47.743815 32439 raft_consensus.cc:740] T a480f6ba390e4503bd30425ca6ca45f5 P d7e99454d1fc407897fabf9296c1d1d1 [term 0 FOLLOWER]: Becoming Follower/Learner. State: Replica: d7e99454d1fc407897fabf9296c1d1d1, State: Initialized, Role: FOLLOWER
I20260608 13:01:47.744983 32439 consensus_queue.cc:260] T a480f6ba390e4503bd30425ca6ca45f5 P d7e99454d1fc407897fabf9296c1d1d1 [NON_LEADER]: Queue going to NON_LEADER mode. State: All replicated index: 0, Majority replicated index: 0, Committed index: 0, Last appended: 0.0, Last appended by leader: 0, Current term: 0, Majority size: -1, State: 0, Mode: NON_LEADER, active raft config: opid_index: -1 OBSOLETE_local: false peers { permanent_uuid: "82ebf5573ff54e1c81d8529f1d68339d" member_type: VOTER last_known_addr { host: "127.28.146.2" port: 42529 } } peers { permanent_uuid: "d7e99454d1fc407897fabf9296c1d1d1" member_type: VOTER last_known_addr { host: "127.28.146.1" port: 40255 } } peers { permanent_uuid: "1b0805c4a80345f280cbffdd11a74530" member_type: VOTER last_known_addr { host: "127.28.146.3" port: 33805 } }
I20260608 13:01:47.746309 32438 ts_tablet_manager.cc:1434] T 9e54683f57ca40e482ed9edee715202f P 1b0805c4a80345f280cbffdd11a74530: Time spent starting tablet: real 0.015s	user 0.012s	sys 0.003s
I20260608 13:01:47.750361 32438 tablet_bootstrap.cc:492] T b27a9f2138324dfcbf77a77b386451fc P 1b0805c4a80345f280cbffdd11a74530: Bootstrap starting.
I20260608 13:01:47.751374 32440 tablet_bootstrap.cc:492] T a480f6ba390e4503bd30425ca6ca45f5 P 82ebf5573ff54e1c81d8529f1d68339d: No bootstrap required, opened a new log
I20260608 13:01:47.752096 32440 ts_tablet_manager.cc:1403] T a480f6ba390e4503bd30425ca6ca45f5 P 82ebf5573ff54e1c81d8529f1d68339d: Time spent bootstrapping tablet: real 0.023s	user 0.014s	sys 0.008s
I20260608 13:01:47.756278 32440 raft_consensus.cc:359] T a480f6ba390e4503bd30425ca6ca45f5 P 82ebf5573ff54e1c81d8529f1d68339d [term 0 FOLLOWER]: Replica starting. Triggering 0 pending ops. Active config: opid_index: -1 OBSOLETE_local: false peers { permanent_uuid: "82ebf5573ff54e1c81d8529f1d68339d" member_type: VOTER last_known_addr { host: "127.28.146.2" port: 42529 } } peers { permanent_uuid: "d7e99454d1fc407897fabf9296c1d1d1" member_type: VOTER last_known_addr { host: "127.28.146.1" port: 40255 } } peers { permanent_uuid: "1b0805c4a80345f280cbffdd11a74530" member_type: VOTER last_known_addr { host: "127.28.146.3" port: 33805 } }
I20260608 13:01:47.757303 32440 raft_consensus.cc:385] T a480f6ba390e4503bd30425ca6ca45f5 P 82ebf5573ff54e1c81d8529f1d68339d [term 0 FOLLOWER]: Consensus starting up: Expiring failure detector timer to make a prompt election more likely
I20260608 13:01:47.757761 32440 raft_consensus.cc:740] T a480f6ba390e4503bd30425ca6ca45f5 P 82ebf5573ff54e1c81d8529f1d68339d [term 0 FOLLOWER]: Becoming Follower/Learner. State: Replica: 82ebf5573ff54e1c81d8529f1d68339d, State: Initialized, Role: FOLLOWER
I20260608 13:01:47.758023 32438 tablet_bootstrap.cc:654] T b27a9f2138324dfcbf77a77b386451fc P 1b0805c4a80345f280cbffdd11a74530: Neither blocks nor log segments found. Creating new log.
I20260608 13:01:47.759061 32440 consensus_queue.cc:260] T a480f6ba390e4503bd30425ca6ca45f5 P 82ebf5573ff54e1c81d8529f1d68339d [NON_LEADER]: Queue going to NON_LEADER mode. State: All replicated index: 0, Majority replicated index: 0, Committed index: 0, Last appended: 0.0, Last appended by leader: 0, Current term: 0, Majority size: -1, State: 0, Mode: NON_LEADER, active raft config: opid_index: -1 OBSOLETE_local: false peers { permanent_uuid: "82ebf5573ff54e1c81d8529f1d68339d" member_type: VOTER last_known_addr { host: "127.28.146.2" port: 42529 } } peers { permanent_uuid: "d7e99454d1fc407897fabf9296c1d1d1" member_type: VOTER last_known_addr { host: "127.28.146.1" port: 40255 } } peers { permanent_uuid: "1b0805c4a80345f280cbffdd11a74530" member_type: VOTER last_known_addr { host: "127.28.146.3" port: 33805 } }
I20260608 13:01:47.762393 32440 ts_tablet_manager.cc:1434] T a480f6ba390e4503bd30425ca6ca45f5 P 82ebf5573ff54e1c81d8529f1d68339d: Time spent starting tablet: real 0.010s	user 0.009s	sys 0.000s
I20260608 13:01:47.762631 32439 ts_tablet_manager.cc:1434] T a480f6ba390e4503bd30425ca6ca45f5 P d7e99454d1fc407897fabf9296c1d1d1: Time spent starting tablet: real 0.034s	user 0.013s	sys 0.011s
I20260608 13:01:47.763528 32440 tablet_bootstrap.cc:492] T 0909fe4a922c425fabe5cbb961a8edd1 P 82ebf5573ff54e1c81d8529f1d68339d: Bootstrap starting.
I20260608 13:01:47.764544 32439 tablet_bootstrap.cc:492] T 6e7b2c65b57a4fc5bfbba2d076459466 P d7e99454d1fc407897fabf9296c1d1d1: Bootstrap starting.
I20260608 13:01:47.766228 32438 tablet_bootstrap.cc:492] T b27a9f2138324dfcbf77a77b386451fc P 1b0805c4a80345f280cbffdd11a74530: No bootstrap required, opened a new log
I20260608 13:01:47.767033 32438 ts_tablet_manager.cc:1403] T b27a9f2138324dfcbf77a77b386451fc P 1b0805c4a80345f280cbffdd11a74530: Time spent bootstrapping tablet: real 0.017s	user 0.010s	sys 0.003s
I20260608 13:01:47.770242 32438 raft_consensus.cc:359] T b27a9f2138324dfcbf77a77b386451fc P 1b0805c4a80345f280cbffdd11a74530 [term 0 FOLLOWER]: Replica starting. Triggering 0 pending ops. Active config: opid_index: -1 OBSOLETE_local: false peers { permanent_uuid: "d7e99454d1fc407897fabf9296c1d1d1" member_type: VOTER last_known_addr { host: "127.28.146.1" port: 40255 } } peers { permanent_uuid: "82ebf5573ff54e1c81d8529f1d68339d" member_type: VOTER last_known_addr { host: "127.28.146.2" port: 42529 } } peers { permanent_uuid: "1b0805c4a80345f280cbffdd11a74530" member_type: VOTER last_known_addr { host: "127.28.146.3" port: 33805 } }
I20260608 13:01:47.770906 32440 tablet_bootstrap.cc:654] T 0909fe4a922c425fabe5cbb961a8edd1 P 82ebf5573ff54e1c81d8529f1d68339d: Neither blocks nor log segments found. Creating new log.
I20260608 13:01:47.771059 32438 raft_consensus.cc:385] T b27a9f2138324dfcbf77a77b386451fc P 1b0805c4a80345f280cbffdd11a74530 [term 0 FOLLOWER]: Consensus starting up: Expiring failure detector timer to make a prompt election more likely
I20260608 13:01:47.771528 32438 raft_consensus.cc:740] T b27a9f2138324dfcbf77a77b386451fc P 1b0805c4a80345f280cbffdd11a74530 [term 0 FOLLOWER]: Becoming Follower/Learner. State: Replica: 1b0805c4a80345f280cbffdd11a74530, State: Initialized, Role: FOLLOWER
I20260608 13:01:47.772172 32439 tablet_bootstrap.cc:654] T 6e7b2c65b57a4fc5bfbba2d076459466 P d7e99454d1fc407897fabf9296c1d1d1: Neither blocks nor log segments found. Creating new log.
I20260608 13:01:47.772516 32438 consensus_queue.cc:260] T b27a9f2138324dfcbf77a77b386451fc P 1b0805c4a80345f280cbffdd11a74530 [NON_LEADER]: Queue going to NON_LEADER mode. State: All replicated index: 0, Majority replicated index: 0, Committed index: 0, Last appended: 0.0, Last appended by leader: 0, Current term: 0, Majority size: -1, State: 0, Mode: NON_LEADER, active raft config: opid_index: -1 OBSOLETE_local: false peers { permanent_uuid: "d7e99454d1fc407897fabf9296c1d1d1" member_type: VOTER last_known_addr { host: "127.28.146.1" port: 40255 } } peers { permanent_uuid: "82ebf5573ff54e1c81d8529f1d68339d" member_type: VOTER last_known_addr { host: "127.28.146.2" port: 42529 } } peers { permanent_uuid: "1b0805c4a80345f280cbffdd11a74530" member_type: VOTER last_known_addr { host: "127.28.146.3" port: 33805 } }
I20260608 13:01:47.777817 32438 ts_tablet_manager.cc:1434] T b27a9f2138324dfcbf77a77b386451fc P 1b0805c4a80345f280cbffdd11a74530: Time spent starting tablet: real 0.010s	user 0.007s	sys 0.000s
I20260608 13:01:47.779415 32438 tablet_bootstrap.cc:492] T 6e7b2c65b57a4fc5bfbba2d076459466 P 1b0805c4a80345f280cbffdd11a74530: Bootstrap starting.
I20260608 13:01:47.788117 32438 tablet_bootstrap.cc:654] T 6e7b2c65b57a4fc5bfbba2d076459466 P 1b0805c4a80345f280cbffdd11a74530: Neither blocks nor log segments found. Creating new log.
I20260608 13:01:47.801344 32438 tablet_bootstrap.cc:492] T 6e7b2c65b57a4fc5bfbba2d076459466 P 1b0805c4a80345f280cbffdd11a74530: No bootstrap required, opened a new log
I20260608 13:01:47.802134 32438 ts_tablet_manager.cc:1403] T 6e7b2c65b57a4fc5bfbba2d076459466 P 1b0805c4a80345f280cbffdd11a74530: Time spent bootstrapping tablet: real 0.023s	user 0.015s	sys 0.007s
I20260608 13:01:47.806466 32438 raft_consensus.cc:359] T 6e7b2c65b57a4fc5bfbba2d076459466 P 1b0805c4a80345f280cbffdd11a74530 [term 0 FOLLOWER]: Replica starting. Triggering 0 pending ops. Active config: opid_index: -1 OBSOLETE_local: false peers { permanent_uuid: "82ebf5573ff54e1c81d8529f1d68339d" member_type: VOTER last_known_addr { host: "127.28.146.2" port: 42529 } } peers { permanent_uuid: "d7e99454d1fc407897fabf9296c1d1d1" member_type: VOTER last_known_addr { host: "127.28.146.1" port: 40255 } } peers { permanent_uuid: "1b0805c4a80345f280cbffdd11a74530" member_type: VOTER last_known_addr { host: "127.28.146.3" port: 33805 } }
I20260608 13:01:47.807528 32438 raft_consensus.cc:385] T 6e7b2c65b57a4fc5bfbba2d076459466 P 1b0805c4a80345f280cbffdd11a74530 [term 0 FOLLOWER]: Consensus starting up: Expiring failure detector timer to make a prompt election more likely
I20260608 13:01:47.807933 32438 raft_consensus.cc:740] T 6e7b2c65b57a4fc5bfbba2d076459466 P 1b0805c4a80345f280cbffdd11a74530 [term 0 FOLLOWER]: Becoming Follower/Learner. State: Replica: 1b0805c4a80345f280cbffdd11a74530, State: Initialized, Role: FOLLOWER
I20260608 13:01:47.809007 32438 consensus_queue.cc:260] T 6e7b2c65b57a4fc5bfbba2d076459466 P 1b0805c4a80345f280cbffdd11a74530 [NON_LEADER]: Queue going to NON_LEADER mode. State: All replicated index: 0, Majority replicated index: 0, Committed index: 0, Last appended: 0.0, Last appended by leader: 0, Current term: 0, Majority size: -1, State: 0, Mode: NON_LEADER, active raft config: opid_index: -1 OBSOLETE_local: false peers { permanent_uuid: "82ebf5573ff54e1c81d8529f1d68339d" member_type: VOTER last_known_addr { host: "127.28.146.2" port: 42529 } } peers { permanent_uuid: "d7e99454d1fc407897fabf9296c1d1d1" member_type: VOTER last_known_addr { host: "127.28.146.1" port: 40255 } } peers { permanent_uuid: "1b0805c4a80345f280cbffdd11a74530" member_type: VOTER last_known_addr { host: "127.28.146.3" port: 33805 } }
I20260608 13:01:47.812465 32438 ts_tablet_manager.cc:1434] T 6e7b2c65b57a4fc5bfbba2d076459466 P 1b0805c4a80345f280cbffdd11a74530: Time spent starting tablet: real 0.010s	user 0.004s	sys 0.004s
I20260608 13:01:47.813568 32438 tablet_bootstrap.cc:492] T 0909fe4a922c425fabe5cbb961a8edd1 P 1b0805c4a80345f280cbffdd11a74530: Bootstrap starting.
I20260608 13:01:47.816567 32440 tablet_bootstrap.cc:492] T 0909fe4a922c425fabe5cbb961a8edd1 P 82ebf5573ff54e1c81d8529f1d68339d: No bootstrap required, opened a new log
I20260608 13:01:47.817111 32440 ts_tablet_manager.cc:1403] T 0909fe4a922c425fabe5cbb961a8edd1 P 82ebf5573ff54e1c81d8529f1d68339d: Time spent bootstrapping tablet: real 0.054s	user 0.024s	sys 0.025s
I20260608 13:01:47.817104 32439 tablet_bootstrap.cc:492] T 6e7b2c65b57a4fc5bfbba2d076459466 P d7e99454d1fc407897fabf9296c1d1d1: No bootstrap required, opened a new log
I20260608 13:01:47.818058 32439 ts_tablet_manager.cc:1403] T 6e7b2c65b57a4fc5bfbba2d076459466 P d7e99454d1fc407897fabf9296c1d1d1: Time spent bootstrapping tablet: real 0.054s	user 0.015s	sys 0.035s
I20260608 13:01:47.820364 32438 tablet_bootstrap.cc:654] T 0909fe4a922c425fabe5cbb961a8edd1 P 1b0805c4a80345f280cbffdd11a74530: Neither blocks nor log segments found. Creating new log.
I20260608 13:01:47.820744 32440 raft_consensus.cc:359] T 0909fe4a922c425fabe5cbb961a8edd1 P 82ebf5573ff54e1c81d8529f1d68339d [term 0 FOLLOWER]: Replica starting. Triggering 0 pending ops. Active config: opid_index: -1 OBSOLETE_local: false peers { permanent_uuid: "82ebf5573ff54e1c81d8529f1d68339d" member_type: VOTER last_known_addr { host: "127.28.146.2" port: 42529 } } peers { permanent_uuid: "d7e99454d1fc407897fabf9296c1d1d1" member_type: VOTER last_known_addr { host: "127.28.146.1" port: 40255 } } peers { permanent_uuid: "1b0805c4a80345f280cbffdd11a74530" member_type: VOTER last_known_addr { host: "127.28.146.3" port: 33805 } }
I20260608 13:01:47.821406 32440 raft_consensus.cc:385] T 0909fe4a922c425fabe5cbb961a8edd1 P 82ebf5573ff54e1c81d8529f1d68339d [term 0 FOLLOWER]: Consensus starting up: Expiring failure detector timer to make a prompt election more likely
I20260608 13:01:47.821830 32440 raft_consensus.cc:740] T 0909fe4a922c425fabe5cbb961a8edd1 P 82ebf5573ff54e1c81d8529f1d68339d [term 0 FOLLOWER]: Becoming Follower/Learner. State: Replica: 82ebf5573ff54e1c81d8529f1d68339d, State: Initialized, Role: FOLLOWER
I20260608 13:01:47.821412 32439 raft_consensus.cc:359] T 6e7b2c65b57a4fc5bfbba2d076459466 P d7e99454d1fc407897fabf9296c1d1d1 [term 0 FOLLOWER]: Replica starting. Triggering 0 pending ops. Active config: opid_index: -1 OBSOLETE_local: false peers { permanent_uuid: "82ebf5573ff54e1c81d8529f1d68339d" member_type: VOTER last_known_addr { host: "127.28.146.2" port: 42529 } } peers { permanent_uuid: "d7e99454d1fc407897fabf9296c1d1d1" member_type: VOTER last_known_addr { host: "127.28.146.1" port: 40255 } } peers { permanent_uuid: "1b0805c4a80345f280cbffdd11a74530" member_type: VOTER last_known_addr { host: "127.28.146.3" port: 33805 } }
I20260608 13:01:47.822417 32439 raft_consensus.cc:385] T 6e7b2c65b57a4fc5bfbba2d076459466 P d7e99454d1fc407897fabf9296c1d1d1 [term 0 FOLLOWER]: Consensus starting up: Expiring failure detector timer to make a prompt election more likely
I20260608 13:01:47.822573 32440 consensus_queue.cc:260] T 0909fe4a922c425fabe5cbb961a8edd1 P 82ebf5573ff54e1c81d8529f1d68339d [NON_LEADER]: Queue going to NON_LEADER mode. State: All replicated index: 0, Majority replicated index: 0, Committed index: 0, Last appended: 0.0, Last appended by leader: 0, Current term: 0, Majority size: -1, State: 0, Mode: NON_LEADER, active raft config: opid_index: -1 OBSOLETE_local: false peers { permanent_uuid: "82ebf5573ff54e1c81d8529f1d68339d" member_type: VOTER last_known_addr { host: "127.28.146.2" port: 42529 } } peers { permanent_uuid: "d7e99454d1fc407897fabf9296c1d1d1" member_type: VOTER last_known_addr { host: "127.28.146.1" port: 40255 } } peers { permanent_uuid: "1b0805c4a80345f280cbffdd11a74530" member_type: VOTER last_known_addr { host: "127.28.146.3" port: 33805 } }
I20260608 13:01:47.822799 32439 raft_consensus.cc:740] T 6e7b2c65b57a4fc5bfbba2d076459466 P d7e99454d1fc407897fabf9296c1d1d1 [term 0 FOLLOWER]: Becoming Follower/Learner. State: Replica: d7e99454d1fc407897fabf9296c1d1d1, State: Initialized, Role: FOLLOWER
I20260608 13:01:47.824463 32440 ts_tablet_manager.cc:1434] T 0909fe4a922c425fabe5cbb961a8edd1 P 82ebf5573ff54e1c81d8529f1d68339d: Time spent starting tablet: real 0.007s	user 0.000s	sys 0.004s
I20260608 13:01:47.825512 32440 tablet_bootstrap.cc:492] T 6e7b2c65b57a4fc5bfbba2d076459466 P 82ebf5573ff54e1c81d8529f1d68339d: Bootstrap starting.
I20260608 13:01:47.827019 32439 consensus_queue.cc:260] T 6e7b2c65b57a4fc5bfbba2d076459466 P d7e99454d1fc407897fabf9296c1d1d1 [NON_LEADER]: Queue going to NON_LEADER mode. State: All replicated index: 0, Majority replicated index: 0, Committed index: 0, Last appended: 0.0, Last appended by leader: 0, Current term: 0, Majority size: -1, State: 0, Mode: NON_LEADER, active raft config: opid_index: -1 OBSOLETE_local: false peers { permanent_uuid: "82ebf5573ff54e1c81d8529f1d68339d" member_type: VOTER last_known_addr { host: "127.28.146.2" port: 42529 } } peers { permanent_uuid: "d7e99454d1fc407897fabf9296c1d1d1" member_type: VOTER last_known_addr { host: "127.28.146.1" port: 40255 } } peers { permanent_uuid: "1b0805c4a80345f280cbffdd11a74530" member_type: VOTER last_known_addr { host: "127.28.146.3" port: 33805 } }
I20260608 13:01:47.831401 32440 tablet_bootstrap.cc:654] T 6e7b2c65b57a4fc5bfbba2d076459466 P 82ebf5573ff54e1c81d8529f1d68339d: Neither blocks nor log segments found. Creating new log.
I20260608 13:01:47.840461 32439 ts_tablet_manager.cc:1434] T 6e7b2c65b57a4fc5bfbba2d076459466 P d7e99454d1fc407897fabf9296c1d1d1: Time spent starting tablet: real 0.022s	user 0.007s	sys 0.001s
I20260608 13:01:47.842711 32440 tablet_bootstrap.cc:492] T 6e7b2c65b57a4fc5bfbba2d076459466 P 82ebf5573ff54e1c81d8529f1d68339d: No bootstrap required, opened a new log
I20260608 13:01:47.843165 32440 ts_tablet_manager.cc:1403] T 6e7b2c65b57a4fc5bfbba2d076459466 P 82ebf5573ff54e1c81d8529f1d68339d: Time spent bootstrapping tablet: real 0.018s	user 0.012s	sys 0.003s
I20260608 13:01:47.843375 32438 tablet_bootstrap.cc:492] T 0909fe4a922c425fabe5cbb961a8edd1 P 1b0805c4a80345f280cbffdd11a74530: No bootstrap required, opened a new log
I20260608 13:01:47.843930 32438 ts_tablet_manager.cc:1403] T 0909fe4a922c425fabe5cbb961a8edd1 P 1b0805c4a80345f280cbffdd11a74530: Time spent bootstrapping tablet: real 0.031s	user 0.019s	sys 0.008s
I20260608 13:01:47.844413 32439 tablet_bootstrap.cc:492] T 782db63033d049d8b26d9a3f0a5d4d4d P d7e99454d1fc407897fabf9296c1d1d1: Bootstrap starting.
I20260608 13:01:47.846140 32440 raft_consensus.cc:359] T 6e7b2c65b57a4fc5bfbba2d076459466 P 82ebf5573ff54e1c81d8529f1d68339d [term 0 FOLLOWER]: Replica starting. Triggering 0 pending ops. Active config: opid_index: -1 OBSOLETE_local: false peers { permanent_uuid: "82ebf5573ff54e1c81d8529f1d68339d" member_type: VOTER last_known_addr { host: "127.28.146.2" port: 42529 } } peers { permanent_uuid: "d7e99454d1fc407897fabf9296c1d1d1" member_type: VOTER last_known_addr { host: "127.28.146.1" port: 40255 } } peers { permanent_uuid: "1b0805c4a80345f280cbffdd11a74530" member_type: VOTER last_known_addr { host: "127.28.146.3" port: 33805 } }
I20260608 13:01:47.846902 32440 raft_consensus.cc:385] T 6e7b2c65b57a4fc5bfbba2d076459466 P 82ebf5573ff54e1c81d8529f1d68339d [term 0 FOLLOWER]: Consensus starting up: Expiring failure detector timer to make a prompt election more likely
I20260608 13:01:47.847210 32440 raft_consensus.cc:740] T 6e7b2c65b57a4fc5bfbba2d076459466 P 82ebf5573ff54e1c81d8529f1d68339d [term 0 FOLLOWER]: Becoming Follower/Learner. State: Replica: 82ebf5573ff54e1c81d8529f1d68339d, State: Initialized, Role: FOLLOWER
I20260608 13:01:47.847183 32438 raft_consensus.cc:359] T 0909fe4a922c425fabe5cbb961a8edd1 P 1b0805c4a80345f280cbffdd11a74530 [term 0 FOLLOWER]: Replica starting. Triggering 0 pending ops. Active config: opid_index: -1 OBSOLETE_local: false peers { permanent_uuid: "82ebf5573ff54e1c81d8529f1d68339d" member_type: VOTER last_known_addr { host: "127.28.146.2" port: 42529 } } peers { permanent_uuid: "d7e99454d1fc407897fabf9296c1d1d1" member_type: VOTER last_known_addr { host: "127.28.146.1" port: 40255 } } peers { permanent_uuid: "1b0805c4a80345f280cbffdd11a74530" member_type: VOTER last_known_addr { host: "127.28.146.3" port: 33805 } }
I20260608 13:01:47.848121 32438 raft_consensus.cc:385] T 0909fe4a922c425fabe5cbb961a8edd1 P 1b0805c4a80345f280cbffdd11a74530 [term 0 FOLLOWER]: Consensus starting up: Expiring failure detector timer to make a prompt election more likely
I20260608 13:01:47.848517 32438 raft_consensus.cc:740] T 0909fe4a922c425fabe5cbb961a8edd1 P 1b0805c4a80345f280cbffdd11a74530 [term 0 FOLLOWER]: Becoming Follower/Learner. State: Replica: 1b0805c4a80345f280cbffdd11a74530, State: Initialized, Role: FOLLOWER
I20260608 13:01:47.848341 32440 consensus_queue.cc:260] T 6e7b2c65b57a4fc5bfbba2d076459466 P 82ebf5573ff54e1c81d8529f1d68339d [NON_LEADER]: Queue going to NON_LEADER mode. State: All replicated index: 0, Majority replicated index: 0, Committed index: 0, Last appended: 0.0, Last appended by leader: 0, Current term: 0, Majority size: -1, State: 0, Mode: NON_LEADER, active raft config: opid_index: -1 OBSOLETE_local: false peers { permanent_uuid: "82ebf5573ff54e1c81d8529f1d68339d" member_type: VOTER last_known_addr { host: "127.28.146.2" port: 42529 } } peers { permanent_uuid: "d7e99454d1fc407897fabf9296c1d1d1" member_type: VOTER last_known_addr { host: "127.28.146.1" port: 40255 } } peers { permanent_uuid: "1b0805c4a80345f280cbffdd11a74530" member_type: VOTER last_known_addr { host: "127.28.146.3" port: 33805 } }
I20260608 13:01:47.849512 32438 consensus_queue.cc:260] T 0909fe4a922c425fabe5cbb961a8edd1 P 1b0805c4a80345f280cbffdd11a74530 [NON_LEADER]: Queue going to NON_LEADER mode. State: All replicated index: 0, Majority replicated index: 0, Committed index: 0, Last appended: 0.0, Last appended by leader: 0, Current term: 0, Majority size: -1, State: 0, Mode: NON_LEADER, active raft config: opid_index: -1 OBSOLETE_local: false peers { permanent_uuid: "82ebf5573ff54e1c81d8529f1d68339d" member_type: VOTER last_known_addr { host: "127.28.146.2" port: 42529 } } peers { permanent_uuid: "d7e99454d1fc407897fabf9296c1d1d1" member_type: VOTER last_known_addr { host: "127.28.146.1" port: 40255 } } peers { permanent_uuid: "1b0805c4a80345f280cbffdd11a74530" member_type: VOTER last_known_addr { host: "127.28.146.3" port: 33805 } }
I20260608 13:01:47.850726 32440 ts_tablet_manager.cc:1434] T 6e7b2c65b57a4fc5bfbba2d076459466 P 82ebf5573ff54e1c81d8529f1d68339d: Time spent starting tablet: real 0.007s	user 0.008s	sys 0.000s
I20260608 13:01:47.851804 32439 tablet_bootstrap.cc:654] T 782db63033d049d8b26d9a3f0a5d4d4d P d7e99454d1fc407897fabf9296c1d1d1: Neither blocks nor log segments found. Creating new log.
I20260608 13:01:47.853256 32438 ts_tablet_manager.cc:1434] T 0909fe4a922c425fabe5cbb961a8edd1 P 1b0805c4a80345f280cbffdd11a74530: Time spent starting tablet: real 0.009s	user 0.009s	sys 0.000s
I20260608 13:01:47.851778 32440 tablet_bootstrap.cc:492] T d92de1f756664d24a83eb740b6c805e3 P 82ebf5573ff54e1c81d8529f1d68339d: Bootstrap starting.
I20260608 13:01:47.854331 32438 tablet_bootstrap.cc:492] T d92de1f756664d24a83eb740b6c805e3 P 1b0805c4a80345f280cbffdd11a74530: Bootstrap starting.
I20260608 13:01:47.860931 32438 tablet_bootstrap.cc:654] T d92de1f756664d24a83eb740b6c805e3 P 1b0805c4a80345f280cbffdd11a74530: Neither blocks nor log segments found. Creating new log.
I20260608 13:01:47.863885 32440 tablet_bootstrap.cc:654] T d92de1f756664d24a83eb740b6c805e3 P 82ebf5573ff54e1c81d8529f1d68339d: Neither blocks nor log segments found. Creating new log.
I20260608 13:01:47.867252 32439 tablet_bootstrap.cc:492] T 782db63033d049d8b26d9a3f0a5d4d4d P d7e99454d1fc407897fabf9296c1d1d1: No bootstrap required, opened a new log
I20260608 13:01:47.867815 32439 ts_tablet_manager.cc:1403] T 782db63033d049d8b26d9a3f0a5d4d4d P d7e99454d1fc407897fabf9296c1d1d1: Time spent bootstrapping tablet: real 0.024s	user 0.017s	sys 0.004s
I20260608 13:01:47.871842 32439 raft_consensus.cc:359] T 782db63033d049d8b26d9a3f0a5d4d4d P d7e99454d1fc407897fabf9296c1d1d1 [term 0 FOLLOWER]: Replica starting. Triggering 0 pending ops. Active config: opid_index: -1 OBSOLETE_local: false peers { permanent_uuid: "d7e99454d1fc407897fabf9296c1d1d1" member_type: VOTER last_known_addr { host: "127.28.146.1" port: 40255 } } peers { permanent_uuid: "82ebf5573ff54e1c81d8529f1d68339d" member_type: VOTER last_known_addr { host: "127.28.146.2" port: 42529 } } peers { permanent_uuid: "1b0805c4a80345f280cbffdd11a74530" member_type: VOTER last_known_addr { host: "127.28.146.3" port: 33805 } }
I20260608 13:01:47.872735 32439 raft_consensus.cc:385] T 782db63033d049d8b26d9a3f0a5d4d4d P d7e99454d1fc407897fabf9296c1d1d1 [term 0 FOLLOWER]: Consensus starting up: Expiring failure detector timer to make a prompt election more likely
I20260608 13:01:47.873118 32439 raft_consensus.cc:740] T 782db63033d049d8b26d9a3f0a5d4d4d P d7e99454d1fc407897fabf9296c1d1d1 [term 0 FOLLOWER]: Becoming Follower/Learner. State: Replica: d7e99454d1fc407897fabf9296c1d1d1, State: Initialized, Role: FOLLOWER
I20260608 13:01:47.873956 32439 consensus_queue.cc:260] T 782db63033d049d8b26d9a3f0a5d4d4d P d7e99454d1fc407897fabf9296c1d1d1 [NON_LEADER]: Queue going to NON_LEADER mode. State: All replicated index: 0, Majority replicated index: 0, Committed index: 0, Last appended: 0.0, Last appended by leader: 0, Current term: 0, Majority size: -1, State: 0, Mode: NON_LEADER, active raft config: opid_index: -1 OBSOLETE_local: false peers { permanent_uuid: "d7e99454d1fc407897fabf9296c1d1d1" member_type: VOTER last_known_addr { host: "127.28.146.1" port: 40255 } } peers { permanent_uuid: "82ebf5573ff54e1c81d8529f1d68339d" member_type: VOTER last_known_addr { host: "127.28.146.2" port: 42529 } } peers { permanent_uuid: "1b0805c4a80345f280cbffdd11a74530" member_type: VOTER last_known_addr { host: "127.28.146.3" port: 33805 } }
I20260608 13:01:47.874668 32438 tablet_bootstrap.cc:492] T d92de1f756664d24a83eb740b6c805e3 P 1b0805c4a80345f280cbffdd11a74530: No bootstrap required, opened a new log
I20260608 13:01:47.874794 32440 tablet_bootstrap.cc:492] T d92de1f756664d24a83eb740b6c805e3 P 82ebf5573ff54e1c81d8529f1d68339d: No bootstrap required, opened a new log
I20260608 13:01:47.875617 32438 ts_tablet_manager.cc:1403] T d92de1f756664d24a83eb740b6c805e3 P 1b0805c4a80345f280cbffdd11a74530: Time spent bootstrapping tablet: real 0.021s	user 0.016s	sys 0.004s
I20260608 13:01:47.876824 32439 ts_tablet_manager.cc:1434] T 782db63033d049d8b26d9a3f0a5d4d4d P d7e99454d1fc407897fabf9296c1d1d1: Time spent starting tablet: real 0.009s	user 0.007s	sys 0.002s
I20260608 13:01:47.875612 32440 ts_tablet_manager.cc:1403] T d92de1f756664d24a83eb740b6c805e3 P 82ebf5573ff54e1c81d8529f1d68339d: Time spent bootstrapping tablet: real 0.024s	user 0.011s	sys 0.007s
I20260608 13:01:47.877976 32439 tablet_bootstrap.cc:492] T 9e54683f57ca40e482ed9edee715202f P d7e99454d1fc407897fabf9296c1d1d1: Bootstrap starting.
I20260608 13:01:47.879405 32438 raft_consensus.cc:359] T d92de1f756664d24a83eb740b6c805e3 P 1b0805c4a80345f280cbffdd11a74530 [term 0 FOLLOWER]: Replica starting. Triggering 0 pending ops. Active config: opid_index: -1 OBSOLETE_local: false peers { permanent_uuid: "82ebf5573ff54e1c81d8529f1d68339d" member_type: VOTER last_known_addr { host: "127.28.146.2" port: 42529 } } peers { permanent_uuid: "d7e99454d1fc407897fabf9296c1d1d1" member_type: VOTER last_known_addr { host: "127.28.146.1" port: 40255 } } peers { permanent_uuid: "1b0805c4a80345f280cbffdd11a74530" member_type: VOTER last_known_addr { host: "127.28.146.3" port: 33805 } }
I20260608 13:01:47.880187 32438 raft_consensus.cc:385] T d92de1f756664d24a83eb740b6c805e3 P 1b0805c4a80345f280cbffdd11a74530 [term 0 FOLLOWER]: Consensus starting up: Expiring failure detector timer to make a prompt election more likely
I20260608 13:01:47.880540 32438 raft_consensus.cc:740] T d92de1f756664d24a83eb740b6c805e3 P 1b0805c4a80345f280cbffdd11a74530 [term 0 FOLLOWER]: Becoming Follower/Learner. State: Replica: 1b0805c4a80345f280cbffdd11a74530, State: Initialized, Role: FOLLOWER
I20260608 13:01:47.881422 32438 consensus_queue.cc:260] T d92de1f756664d24a83eb740b6c805e3 P 1b0805c4a80345f280cbffdd11a74530 [NON_LEADER]: Queue going to NON_LEADER mode. State: All replicated index: 0, Majority replicated index: 0, Committed index: 0, Last appended: 0.0, Last appended by leader: 0, Current term: 0, Majority size: -1, State: 0, Mode: NON_LEADER, active raft config: opid_index: -1 OBSOLETE_local: false peers { permanent_uuid: "82ebf5573ff54e1c81d8529f1d68339d" member_type: VOTER last_known_addr { host: "127.28.146.2" port: 42529 } } peers { permanent_uuid: "d7e99454d1fc407897fabf9296c1d1d1" member_type: VOTER last_known_addr { host: "127.28.146.1" port: 40255 } } peers { permanent_uuid: "1b0805c4a80345f280cbffdd11a74530" member_type: VOTER last_known_addr { host: "127.28.146.3" port: 33805 } }
I20260608 13:01:47.883098 32440 raft_consensus.cc:359] T d92de1f756664d24a83eb740b6c805e3 P 82ebf5573ff54e1c81d8529f1d68339d [term 0 FOLLOWER]: Replica starting. Triggering 0 pending ops. Active config: opid_index: -1 OBSOLETE_local: false peers { permanent_uuid: "82ebf5573ff54e1c81d8529f1d68339d" member_type: VOTER last_known_addr { host: "127.28.146.2" port: 42529 } } peers { permanent_uuid: "d7e99454d1fc407897fabf9296c1d1d1" member_type: VOTER last_known_addr { host: "127.28.146.1" port: 40255 } } peers { permanent_uuid: "1b0805c4a80345f280cbffdd11a74530" member_type: VOTER last_known_addr { host: "127.28.146.3" port: 33805 } }
I20260608 13:01:47.883803 32440 raft_consensus.cc:385] T d92de1f756664d24a83eb740b6c805e3 P 82ebf5573ff54e1c81d8529f1d68339d [term 0 FOLLOWER]: Consensus starting up: Expiring failure detector timer to make a prompt election more likely
I20260608 13:01:47.884085 32440 raft_consensus.cc:740] T d92de1f756664d24a83eb740b6c805e3 P 82ebf5573ff54e1c81d8529f1d68339d [term 0 FOLLOWER]: Becoming Follower/Learner. State: Replica: 82ebf5573ff54e1c81d8529f1d68339d, State: Initialized, Role: FOLLOWER
I20260608 13:01:47.884302 32438 ts_tablet_manager.cc:1434] T d92de1f756664d24a83eb740b6c805e3 P 1b0805c4a80345f280cbffdd11a74530: Time spent starting tablet: real 0.008s	user 0.003s	sys 0.003s
I20260608 13:01:47.884842 32440 consensus_queue.cc:260] T d92de1f756664d24a83eb740b6c805e3 P 82ebf5573ff54e1c81d8529f1d68339d [NON_LEADER]: Queue going to NON_LEADER mode. State: All replicated index: 0, Majority replicated index: 0, Committed index: 0, Last appended: 0.0, Last appended by leader: 0, Current term: 0, Majority size: -1, State: 0, Mode: NON_LEADER, active raft config: opid_index: -1 OBSOLETE_local: false peers { permanent_uuid: "82ebf5573ff54e1c81d8529f1d68339d" member_type: VOTER last_known_addr { host: "127.28.146.2" port: 42529 } } peers { permanent_uuid: "d7e99454d1fc407897fabf9296c1d1d1" member_type: VOTER last_known_addr { host: "127.28.146.1" port: 40255 } } peers { permanent_uuid: "1b0805c4a80345f280cbffdd11a74530" member_type: VOTER last_known_addr { host: "127.28.146.3" port: 33805 } }
I20260608 13:01:47.885596 32438 tablet_bootstrap.cc:492] T a480f6ba390e4503bd30425ca6ca45f5 P 1b0805c4a80345f280cbffdd11a74530: Bootstrap starting.
I20260608 13:01:47.885658 32439 tablet_bootstrap.cc:654] T 9e54683f57ca40e482ed9edee715202f P d7e99454d1fc407897fabf9296c1d1d1: Neither blocks nor log segments found. Creating new log.
I20260608 13:01:47.887122 32440 ts_tablet_manager.cc:1434] T d92de1f756664d24a83eb740b6c805e3 P 82ebf5573ff54e1c81d8529f1d68339d: Time spent starting tablet: real 0.009s	user 0.006s	sys 0.000s
I20260608 13:01:47.888098 32440 tablet_bootstrap.cc:492] T 782db63033d049d8b26d9a3f0a5d4d4d P 82ebf5573ff54e1c81d8529f1d68339d: Bootstrap starting.
I20260608 13:01:47.894443 32440 tablet_bootstrap.cc:654] T 782db63033d049d8b26d9a3f0a5d4d4d P 82ebf5573ff54e1c81d8529f1d68339d: Neither blocks nor log segments found. Creating new log.
I20260608 13:01:47.894658 32438 tablet_bootstrap.cc:654] T a480f6ba390e4503bd30425ca6ca45f5 P 1b0805c4a80345f280cbffdd11a74530: Neither blocks nor log segments found. Creating new log.
I20260608 13:01:47.906026 32440 tablet_bootstrap.cc:492] T 782db63033d049d8b26d9a3f0a5d4d4d P 82ebf5573ff54e1c81d8529f1d68339d: No bootstrap required, opened a new log
I20260608 13:01:47.906529 32440 ts_tablet_manager.cc:1403] T 782db63033d049d8b26d9a3f0a5d4d4d P 82ebf5573ff54e1c81d8529f1d68339d: Time spent bootstrapping tablet: real 0.019s	user 0.014s	sys 0.003s
I20260608 13:01:47.909548 32440 raft_consensus.cc:359] T 782db63033d049d8b26d9a3f0a5d4d4d P 82ebf5573ff54e1c81d8529f1d68339d [term 0 FOLLOWER]: Replica starting. Triggering 0 pending ops. Active config: opid_index: -1 OBSOLETE_local: false peers { permanent_uuid: "d7e99454d1fc407897fabf9296c1d1d1" member_type: VOTER last_known_addr { host: "127.28.146.1" port: 40255 } } peers { permanent_uuid: "82ebf5573ff54e1c81d8529f1d68339d" member_type: VOTER last_known_addr { host: "127.28.146.2" port: 42529 } } peers { permanent_uuid: "1b0805c4a80345f280cbffdd11a74530" member_type: VOTER last_known_addr { host: "127.28.146.3" port: 33805 } }
I20260608 13:01:47.910287 32440 raft_consensus.cc:385] T 782db63033d049d8b26d9a3f0a5d4d4d P 82ebf5573ff54e1c81d8529f1d68339d [term 0 FOLLOWER]: Consensus starting up: Expiring failure detector timer to make a prompt election more likely
I20260608 13:01:47.910622 32440 raft_consensus.cc:740] T 782db63033d049d8b26d9a3f0a5d4d4d P 82ebf5573ff54e1c81d8529f1d68339d [term 0 FOLLOWER]: Becoming Follower/Learner. State: Replica: 82ebf5573ff54e1c81d8529f1d68339d, State: Initialized, Role: FOLLOWER
I20260608 13:01:47.912753 32440 consensus_queue.cc:260] T 782db63033d049d8b26d9a3f0a5d4d4d P 82ebf5573ff54e1c81d8529f1d68339d [NON_LEADER]: Queue going to NON_LEADER mode. State: All replicated index: 0, Majority replicated index: 0, Committed index: 0, Last appended: 0.0, Last appended by leader: 0, Current term: 0, Majority size: -1, State: 0, Mode: NON_LEADER, active raft config: opid_index: -1 OBSOLETE_local: false peers { permanent_uuid: "d7e99454d1fc407897fabf9296c1d1d1" member_type: VOTER last_known_addr { host: "127.28.146.1" port: 40255 } } peers { permanent_uuid: "82ebf5573ff54e1c81d8529f1d68339d" member_type: VOTER last_known_addr { host: "127.28.146.2" port: 42529 } } peers { permanent_uuid: "1b0805c4a80345f280cbffdd11a74530" member_type: VOTER last_known_addr { host: "127.28.146.3" port: 33805 } }
I20260608 13:01:47.914746 32438 tablet_bootstrap.cc:492] T a480f6ba390e4503bd30425ca6ca45f5 P 1b0805c4a80345f280cbffdd11a74530: No bootstrap required, opened a new log
I20260608 13:01:47.915467 32438 ts_tablet_manager.cc:1403] T a480f6ba390e4503bd30425ca6ca45f5 P 1b0805c4a80345f280cbffdd11a74530: Time spent bootstrapping tablet: real 0.030s	user 0.024s	sys 0.004s
I20260608 13:01:47.917466 32440 ts_tablet_manager.cc:1434] T 782db63033d049d8b26d9a3f0a5d4d4d P 82ebf5573ff54e1c81d8529f1d68339d: Time spent starting tablet: real 0.011s	user 0.004s	sys 0.003s
I20260608 13:01:47.918356 32439 tablet_bootstrap.cc:492] T 9e54683f57ca40e482ed9edee715202f P d7e99454d1fc407897fabf9296c1d1d1: No bootstrap required, opened a new log
I20260608 13:01:47.918572 32440 tablet_bootstrap.cc:492] T 9e45a35967cf415eaa975f14cd583ebe P 82ebf5573ff54e1c81d8529f1d68339d: Bootstrap starting.
I20260608 13:01:47.919050 32439 ts_tablet_manager.cc:1403] T 9e54683f57ca40e482ed9edee715202f P d7e99454d1fc407897fabf9296c1d1d1: Time spent bootstrapping tablet: real 0.041s	user 0.011s	sys 0.027s
I20260608 13:01:47.918774 32438 raft_consensus.cc:359] T a480f6ba390e4503bd30425ca6ca45f5 P 1b0805c4a80345f280cbffdd11a74530 [term 0 FOLLOWER]: Replica starting. Triggering 0 pending ops. Active config: opid_index: -1 OBSOLETE_local: false peers { permanent_uuid: "82ebf5573ff54e1c81d8529f1d68339d" member_type: VOTER last_known_addr { host: "127.28.146.2" port: 42529 } } peers { permanent_uuid: "d7e99454d1fc407897fabf9296c1d1d1" member_type: VOTER last_known_addr { host: "127.28.146.1" port: 40255 } } peers { permanent_uuid: "1b0805c4a80345f280cbffdd11a74530" member_type: VOTER last_known_addr { host: "127.28.146.3" port: 33805 } }
I20260608 13:01:47.919647 32438 raft_consensus.cc:385] T a480f6ba390e4503bd30425ca6ca45f5 P 1b0805c4a80345f280cbffdd11a74530 [term 0 FOLLOWER]: Consensus starting up: Expiring failure detector timer to make a prompt election more likely
I20260608 13:01:47.920038 32438 raft_consensus.cc:740] T a480f6ba390e4503bd30425ca6ca45f5 P 1b0805c4a80345f280cbffdd11a74530 [term 0 FOLLOWER]: Becoming Follower/Learner. State: Replica: 1b0805c4a80345f280cbffdd11a74530, State: Initialized, Role: FOLLOWER
I20260608 13:01:47.920921 32438 consensus_queue.cc:260] T a480f6ba390e4503bd30425ca6ca45f5 P 1b0805c4a80345f280cbffdd11a74530 [NON_LEADER]: Queue going to NON_LEADER mode. State: All replicated index: 0, Majority replicated index: 0, Committed index: 0, Last appended: 0.0, Last appended by leader: 0, Current term: 0, Majority size: -1, State: 0, Mode: NON_LEADER, active raft config: opid_index: -1 OBSOLETE_local: false peers { permanent_uuid: "82ebf5573ff54e1c81d8529f1d68339d" member_type: VOTER last_known_addr { host: "127.28.146.2" port: 42529 } } peers { permanent_uuid: "d7e99454d1fc407897fabf9296c1d1d1" member_type: VOTER last_known_addr { host: "127.28.146.1" port: 40255 } } peers { permanent_uuid: "1b0805c4a80345f280cbffdd11a74530" member_type: VOTER last_known_addr { host: "127.28.146.3" port: 33805 } }
I20260608 13:01:47.922932 32439 raft_consensus.cc:359] T 9e54683f57ca40e482ed9edee715202f P d7e99454d1fc407897fabf9296c1d1d1 [term 0 FOLLOWER]: Replica starting. Triggering 0 pending ops. Active config: opid_index: -1 OBSOLETE_local: false peers { permanent_uuid: "d7e99454d1fc407897fabf9296c1d1d1" member_type: VOTER last_known_addr { host: "127.28.146.1" port: 40255 } } peers { permanent_uuid: "82ebf5573ff54e1c81d8529f1d68339d" member_type: VOTER last_known_addr { host: "127.28.146.2" port: 42529 } } peers { permanent_uuid: "1b0805c4a80345f280cbffdd11a74530" member_type: VOTER last_known_addr { host: "127.28.146.3" port: 33805 } }
I20260608 13:01:47.923812 32438 ts_tablet_manager.cc:1434] T a480f6ba390e4503bd30425ca6ca45f5 P 1b0805c4a80345f280cbffdd11a74530: Time spent starting tablet: real 0.008s	user 0.005s	sys 0.003s
I20260608 13:01:47.923792 32439 raft_consensus.cc:385] T 9e54683f57ca40e482ed9edee715202f P d7e99454d1fc407897fabf9296c1d1d1 [term 0 FOLLOWER]: Consensus starting up: Expiring failure detector timer to make a prompt election more likely
I20260608 13:01:47.924422 32439 raft_consensus.cc:740] T 9e54683f57ca40e482ed9edee715202f P d7e99454d1fc407897fabf9296c1d1d1 [term 0 FOLLOWER]: Becoming Follower/Learner. State: Replica: d7e99454d1fc407897fabf9296c1d1d1, State: Initialized, Role: FOLLOWER
I20260608 13:01:47.925140 32438 tablet_bootstrap.cc:492] T 782db63033d049d8b26d9a3f0a5d4d4d P 1b0805c4a80345f280cbffdd11a74530: Bootstrap starting.
I20260608 13:01:47.925824 32440 tablet_bootstrap.cc:654] T 9e45a35967cf415eaa975f14cd583ebe P 82ebf5573ff54e1c81d8529f1d68339d: Neither blocks nor log segments found. Creating new log.
I20260608 13:01:47.925526 32439 consensus_queue.cc:260] T 9e54683f57ca40e482ed9edee715202f P d7e99454d1fc407897fabf9296c1d1d1 [NON_LEADER]: Queue going to NON_LEADER mode. State: All replicated index: 0, Majority replicated index: 0, Committed index: 0, Last appended: 0.0, Last appended by leader: 0, Current term: 0, Majority size: -1, State: 0, Mode: NON_LEADER, active raft config: opid_index: -1 OBSOLETE_local: false peers { permanent_uuid: "d7e99454d1fc407897fabf9296c1d1d1" member_type: VOTER last_known_addr { host: "127.28.146.1" port: 40255 } } peers { permanent_uuid: "82ebf5573ff54e1c81d8529f1d68339d" member_type: VOTER last_known_addr { host: "127.28.146.2" port: 42529 } } peers { permanent_uuid: "1b0805c4a80345f280cbffdd11a74530" member_type: VOTER last_known_addr { host: "127.28.146.3" port: 33805 } }
I20260608 13:01:47.931555 32439 ts_tablet_manager.cc:1434] T 9e54683f57ca40e482ed9edee715202f P d7e99454d1fc407897fabf9296c1d1d1: Time spent starting tablet: real 0.012s	user 0.005s	sys 0.002s
I20260608 13:01:47.932816 32439 tablet_bootstrap.cc:492] T 0909fe4a922c425fabe5cbb961a8edd1 P d7e99454d1fc407897fabf9296c1d1d1: Bootstrap starting.
I20260608 13:01:47.933120 32438 tablet_bootstrap.cc:654] T 782db63033d049d8b26d9a3f0a5d4d4d P 1b0805c4a80345f280cbffdd11a74530: Neither blocks nor log segments found. Creating new log.
I20260608 13:01:47.942225 32439 tablet_bootstrap.cc:654] T 0909fe4a922c425fabe5cbb961a8edd1 P d7e99454d1fc407897fabf9296c1d1d1: Neither blocks nor log segments found. Creating new log.
I20260608 13:01:47.944015 32440 tablet_bootstrap.cc:492] T 9e45a35967cf415eaa975f14cd583ebe P 82ebf5573ff54e1c81d8529f1d68339d: No bootstrap required, opened a new log
I20260608 13:01:47.944526 32440 ts_tablet_manager.cc:1403] T 9e45a35967cf415eaa975f14cd583ebe P 82ebf5573ff54e1c81d8529f1d68339d: Time spent bootstrapping tablet: real 0.026s	user 0.008s	sys 0.009s
I20260608 13:01:47.947899 32440 raft_consensus.cc:359] T 9e45a35967cf415eaa975f14cd583ebe P 82ebf5573ff54e1c81d8529f1d68339d [term 0 FOLLOWER]: Replica starting. Triggering 0 pending ops. Active config: opid_index: -1 OBSOLETE_local: false peers { permanent_uuid: "82ebf5573ff54e1c81d8529f1d68339d" member_type: VOTER last_known_addr { host: "127.28.146.2" port: 42529 } } peers { permanent_uuid: "d7e99454d1fc407897fabf9296c1d1d1" member_type: VOTER last_known_addr { host: "127.28.146.1" port: 40255 } } peers { permanent_uuid: "1b0805c4a80345f280cbffdd11a74530" member_type: VOTER last_known_addr { host: "127.28.146.3" port: 33805 } }
I20260608 13:01:47.948642 32440 raft_consensus.cc:385] T 9e45a35967cf415eaa975f14cd583ebe P 82ebf5573ff54e1c81d8529f1d68339d [term 0 FOLLOWER]: Consensus starting up: Expiring failure detector timer to make a prompt election more likely
I20260608 13:01:47.948941 32440 raft_consensus.cc:740] T 9e45a35967cf415eaa975f14cd583ebe P 82ebf5573ff54e1c81d8529f1d68339d [term 0 FOLLOWER]: Becoming Follower/Learner. State: Replica: 82ebf5573ff54e1c81d8529f1d68339d, State: Initialized, Role: FOLLOWER
I20260608 13:01:47.950013 32438 tablet_bootstrap.cc:492] T 782db63033d049d8b26d9a3f0a5d4d4d P 1b0805c4a80345f280cbffdd11a74530: No bootstrap required, opened a new log
I20260608 13:01:47.949841 32440 consensus_queue.cc:260] T 9e45a35967cf415eaa975f14cd583ebe P 82ebf5573ff54e1c81d8529f1d68339d [NON_LEADER]: Queue going to NON_LEADER mode. State: All replicated index: 0, Majority replicated index: 0, Committed index: 0, Last appended: 0.0, Last appended by leader: 0, Current term: 0, Majority size: -1, State: 0, Mode: NON_LEADER, active raft config: opid_index: -1 OBSOLETE_local: false peers { permanent_uuid: "82ebf5573ff54e1c81d8529f1d68339d" member_type: VOTER last_known_addr { host: "127.28.146.2" port: 42529 } } peers { permanent_uuid: "d7e99454d1fc407897fabf9296c1d1d1" member_type: VOTER last_known_addr { host: "127.28.146.1" port: 40255 } } peers { permanent_uuid: "1b0805c4a80345f280cbffdd11a74530" member_type: VOTER last_known_addr { host: "127.28.146.3" port: 33805 } }
I20260608 13:01:47.950716 32438 ts_tablet_manager.cc:1403] T 782db63033d049d8b26d9a3f0a5d4d4d P 1b0805c4a80345f280cbffdd11a74530: Time spent bootstrapping tablet: real 0.026s	user 0.021s	sys 0.004s
I20260608 13:01:47.951951 32440 ts_tablet_manager.cc:1434] T 9e45a35967cf415eaa975f14cd583ebe P 82ebf5573ff54e1c81d8529f1d68339d: Time spent starting tablet: real 0.007s	user 0.003s	sys 0.004s
I20260608 13:01:47.952979 32444 raft_consensus.cc:493] T 9e45a35967cf415eaa975f14cd583ebe P 82ebf5573ff54e1c81d8529f1d68339d [term 0 FOLLOWER]: Starting pre-election (no leader contacted us within the election timeout)
I20260608 13:01:47.953269 32440 tablet_bootstrap.cc:492] T 9e54683f57ca40e482ed9edee715202f P 82ebf5573ff54e1c81d8529f1d68339d: Bootstrap starting.
I20260608 13:01:47.953540 32444 raft_consensus.cc:515] T 9e45a35967cf415eaa975f14cd583ebe P 82ebf5573ff54e1c81d8529f1d68339d [term 0 FOLLOWER]: Starting pre-election with config: opid_index: -1 OBSOLETE_local: false peers { permanent_uuid: "82ebf5573ff54e1c81d8529f1d68339d" member_type: VOTER last_known_addr { host: "127.28.146.2" port: 42529 } } peers { permanent_uuid: "d7e99454d1fc407897fabf9296c1d1d1" member_type: VOTER last_known_addr { host: "127.28.146.1" port: 40255 } } peers { permanent_uuid: "1b0805c4a80345f280cbffdd11a74530" member_type: VOTER last_known_addr { host: "127.28.146.3" port: 33805 } }
I20260608 13:01:47.954275 32438 raft_consensus.cc:359] T 782db63033d049d8b26d9a3f0a5d4d4d P 1b0805c4a80345f280cbffdd11a74530 [term 0 FOLLOWER]: Replica starting. Triggering 0 pending ops. Active config: opid_index: -1 OBSOLETE_local: false peers { permanent_uuid: "d7e99454d1fc407897fabf9296c1d1d1" member_type: VOTER last_known_addr { host: "127.28.146.1" port: 40255 } } peers { permanent_uuid: "82ebf5573ff54e1c81d8529f1d68339d" member_type: VOTER last_known_addr { host: "127.28.146.2" port: 42529 } } peers { permanent_uuid: "1b0805c4a80345f280cbffdd11a74530" member_type: VOTER last_known_addr { host: "127.28.146.3" port: 33805 } }
I20260608 13:01:47.955099 32438 raft_consensus.cc:385] T 782db63033d049d8b26d9a3f0a5d4d4d P 1b0805c4a80345f280cbffdd11a74530 [term 0 FOLLOWER]: Consensus starting up: Expiring failure detector timer to make a prompt election more likely
I20260608 13:01:47.955591 32438 raft_consensus.cc:740] T 782db63033d049d8b26d9a3f0a5d4d4d P 1b0805c4a80345f280cbffdd11a74530 [term 0 FOLLOWER]: Becoming Follower/Learner. State: Replica: 1b0805c4a80345f280cbffdd11a74530, State: Initialized, Role: FOLLOWER
I20260608 13:01:47.956487 32438 consensus_queue.cc:260] T 782db63033d049d8b26d9a3f0a5d4d4d P 1b0805c4a80345f280cbffdd11a74530 [NON_LEADER]: Queue going to NON_LEADER mode. State: All replicated index: 0, Majority replicated index: 0, Committed index: 0, Last appended: 0.0, Last appended by leader: 0, Current term: 0, Majority size: -1, State: 0, Mode: NON_LEADER, active raft config: opid_index: -1 OBSOLETE_local: false peers { permanent_uuid: "d7e99454d1fc407897fabf9296c1d1d1" member_type: VOTER last_known_addr { host: "127.28.146.1" port: 40255 } } peers { permanent_uuid: "82ebf5573ff54e1c81d8529f1d68339d" member_type: VOTER last_known_addr { host: "127.28.146.2" port: 42529 } } peers { permanent_uuid: "1b0805c4a80345f280cbffdd11a74530" member_type: VOTER last_known_addr { host: "127.28.146.3" port: 33805 } }
I20260608 13:01:47.959416 32444 leader_election.cc:290] T 9e45a35967cf415eaa975f14cd583ebe P 82ebf5573ff54e1c81d8529f1d68339d [CANDIDATE]: Term 1 pre-election: Requested pre-vote from peers d7e99454d1fc407897fabf9296c1d1d1 (127.28.146.1:40255), 1b0805c4a80345f280cbffdd11a74530 (127.28.146.3:33805)
I20260608 13:01:47.960358 32440 tablet_bootstrap.cc:654] T 9e54683f57ca40e482ed9edee715202f P 82ebf5573ff54e1c81d8529f1d68339d: Neither blocks nor log segments found. Creating new log.
I20260608 13:01:47.962782 32438 ts_tablet_manager.cc:1434] T 782db63033d049d8b26d9a3f0a5d4d4d P 1b0805c4a80345f280cbffdd11a74530: Time spent starting tablet: real 0.012s	user 0.007s	sys 0.002s
I20260608 13:01:47.964288 32438 tablet_bootstrap.cc:492] T 9e45a35967cf415eaa975f14cd583ebe P 1b0805c4a80345f280cbffdd11a74530: Bootstrap starting.
I20260608 13:01:47.966921 32439 tablet_bootstrap.cc:492] T 0909fe4a922c425fabe5cbb961a8edd1 P d7e99454d1fc407897fabf9296c1d1d1: No bootstrap required, opened a new log
I20260608 13:01:47.967873 32439 ts_tablet_manager.cc:1403] T 0909fe4a922c425fabe5cbb961a8edd1 P d7e99454d1fc407897fabf9296c1d1d1: Time spent bootstrapping tablet: real 0.035s	user 0.007s	sys 0.011s
I20260608 13:01:47.969317 32447 raft_consensus.cc:493] T 6e7b2c65b57a4fc5bfbba2d076459466 P d7e99454d1fc407897fabf9296c1d1d1 [term 0 FOLLOWER]: Starting pre-election (no leader contacted us within the election timeout)
I20260608 13:01:47.969945 32447 raft_consensus.cc:515] T 6e7b2c65b57a4fc5bfbba2d076459466 P d7e99454d1fc407897fabf9296c1d1d1 [term 0 FOLLOWER]: Starting pre-election with config: opid_index: -1 OBSOLETE_local: false peers { permanent_uuid: "82ebf5573ff54e1c81d8529f1d68339d" member_type: VOTER last_known_addr { host: "127.28.146.2" port: 42529 } } peers { permanent_uuid: "d7e99454d1fc407897fabf9296c1d1d1" member_type: VOTER last_known_addr { host: "127.28.146.1" port: 40255 } } peers { permanent_uuid: "1b0805c4a80345f280cbffdd11a74530" member_type: VOTER last_known_addr { host: "127.28.146.3" port: 33805 } }
I20260608 13:01:47.971902 32438 tablet_bootstrap.cc:654] T 9e45a35967cf415eaa975f14cd583ebe P 1b0805c4a80345f280cbffdd11a74530: Neither blocks nor log segments found. Creating new log.
I20260608 13:01:47.977034 32447 leader_election.cc:290] T 6e7b2c65b57a4fc5bfbba2d076459466 P d7e99454d1fc407897fabf9296c1d1d1 [CANDIDATE]: Term 1 pre-election: Requested pre-vote from peers 82ebf5573ff54e1c81d8529f1d68339d (127.28.146.2:42529), 1b0805c4a80345f280cbffdd11a74530 (127.28.146.3:33805)
I20260608 13:01:47.978060 32444 raft_consensus.cc:493] T 782db63033d049d8b26d9a3f0a5d4d4d P 82ebf5573ff54e1c81d8529f1d68339d [term 0 FOLLOWER]: Starting pre-election (no leader contacted us within the election timeout)
I20260608 13:01:47.979732 32444 raft_consensus.cc:515] T 782db63033d049d8b26d9a3f0a5d4d4d P 82ebf5573ff54e1c81d8529f1d68339d [term 0 FOLLOWER]: Starting pre-election with config: opid_index: -1 OBSOLETE_local: false peers { permanent_uuid: "d7e99454d1fc407897fabf9296c1d1d1" member_type: VOTER last_known_addr { host: "127.28.146.1" port: 40255 } } peers { permanent_uuid: "82ebf5573ff54e1c81d8529f1d68339d" member_type: VOTER last_known_addr { host: "127.28.146.2" port: 42529 } } peers { permanent_uuid: "1b0805c4a80345f280cbffdd11a74530" member_type: VOTER last_known_addr { host: "127.28.146.3" port: 33805 } }
I20260608 13:01:47.984177 32444 leader_election.cc:290] T 782db63033d049d8b26d9a3f0a5d4d4d P 82ebf5573ff54e1c81d8529f1d68339d [CANDIDATE]: Term 1 pre-election: Requested pre-vote from peers d7e99454d1fc407897fabf9296c1d1d1 (127.28.146.1:40255), 1b0805c4a80345f280cbffdd11a74530 (127.28.146.3:33805)
I20260608 13:01:47.989601 32440 tablet_bootstrap.cc:492] T 9e54683f57ca40e482ed9edee715202f P 82ebf5573ff54e1c81d8529f1d68339d: No bootstrap required, opened a new log
I20260608 13:01:47.991129 32440 ts_tablet_manager.cc:1403] T 9e54683f57ca40e482ed9edee715202f P 82ebf5573ff54e1c81d8529f1d68339d: Time spent bootstrapping tablet: real 0.038s	user 0.023s	sys 0.011s
