I20260608 13:02:22.979499 29270 rpc_server.cc:307] RPC server started. Bound to: 127.28.149.130:37523
I20260608 13:02:22.979636  1382 acceptor_pool.cc:272] collecting diagnostics on the listening RPC socket 127.28.149.130:37523 every 8 connection(s)
I20260608 13:02:22.984885 29270 file_cache.cc:492] Constructed file cache file cache with capacity 419430
W20260608 13:02:22.992509  1386 instance_detector.cc:116] could not retrieve AWS instance metadata: Network error: curl error: HTTP response code said error: The requested URL returned error: 404
W20260608 13:02:22.994859  1387 instance_detector.cc:116] could not retrieve Azure instance metadata: Network error: curl error: HTTP response code said error: The requested URL returned error: 404
W20260608 13:02:22.996405  1389 instance_detector.cc:116] could not retrieve OpenStack instance metadata: Network error: curl error: HTTP response code said error: The requested URL returned error: 404
I20260608 13:02:22.996587 29270 server_base.cc:1061] running on GCE node
I20260608 13:02:22.997740 29270 hybrid_clock.cc:584] initializing the hybrid clock with 'system_unsync' time source
W20260608 13:02:22.998028 29270 system_unsync_time.cc:38] NTP support is disabled. Clock error bounds will not be accurate. This configuration is not suitable for distributed clusters.
I20260608 13:02:22.998270 29270 hybrid_clock.cc:648] HybridClock initialized: now 1780923742998250 us; error 0 us; skew 500 ppm
I20260608 13:02:22.998876 29270 server_base.cc:861] Flag tcmalloc_max_total_thread_cache_bytes is not working since tcmalloc is not enabled.
I20260608 13:02:22.999117  1383 heartbeater.cc:344] Connected to a master server at 127.28.149.190:35355
I20260608 13:02:22.999552  1383 heartbeater.cc:461] Registering TS with master...
I20260608 13:02:23.000625  1383 heartbeater.cc:507] Master 127.28.149.190:35355 requested a full tablet report, sending...
I20260608 13:02:23.001936 29270 webserver.cc:533] Webserver started at http://127.28.149.131:45225/ using document root <none> and password file <none>
I20260608 13:02:23.002694 29270 fs_manager.cc:362] Metadata directory not provided
I20260608 13:02:23.002933 29270 fs_manager.cc:368] Using write-ahead log directory (fs_wal_dir) as metadata directory
I20260608 13:02:23.003125  1181 ts_manager.cc:194] Registered new tserver with Master: 808c12b7794b4b6f9fd79cdbfce7bbe7 (127.28.149.130:37523)
I20260608 13:02:23.003273 29270 server_base.cc:909] This appears to be a new deployment of Kudu; creating new FS layout
I20260608 13:02:23.004894 29270 fs_manager.cc:1068] Generated new instance metadata in path /tmp/dist-test-taskNs46Uq/test-tmp/auto_rebalancer-test.0.AutoRebalancerTest.TestMaxMovesPerServer.1780923622281963-29270-0/minicluster-data/ts-2-root/instance:
uuid: "d5e6247aae7248cebd03cc43a84c63ab"
format_stamp: "Formatted at 2026-06-08 13:02:22 on dist-test-slave-995v"
I20260608 13:02:23.005091  1181 master_service.cc:502] Signed X509 certificate for tserver {username='slave'} at 127.0.0.1:59992
I20260608 13:02:23.010484 29270 fs_manager.cc:696] Time spent creating directory manager: real 0.005s	user 0.002s	sys 0.004s
I20260608 13:02:23.037294  1395 log_block_manager.cc:4031] Time spent loading block containers with low live blocks: real 0.000s	user 0.000s	sys 0.000s
I20260608 13:02:23.038606 29270 fs_manager.cc:730] Time spent opening block manager: real 0.003s	user 0.002s	sys 0.001s
I20260608 13:02:23.038908 29270 fs_manager.cc:647] Opened local filesystem: /tmp/dist-test-taskNs46Uq/test-tmp/auto_rebalancer-test.0.AutoRebalancerTest.TestMaxMovesPerServer.1780923622281963-29270-0/minicluster-data/ts-2-root
uuid: "d5e6247aae7248cebd03cc43a84c63ab"
format_stamp: "Formatted at 2026-06-08 13:02:22 on dist-test-slave-995v"
I20260608 13:02:23.039302 29270 fs_report.cc:389] FS layout report
--------------------
wal directory: /tmp/dist-test-taskNs46Uq/test-tmp/auto_rebalancer-test.0.AutoRebalancerTest.TestMaxMovesPerServer.1780923622281963-29270-0/minicluster-data/ts-2-root
metadata directory: /tmp/dist-test-taskNs46Uq/test-tmp/auto_rebalancer-test.0.AutoRebalancerTest.TestMaxMovesPerServer.1780923622281963-29270-0/minicluster-data/ts-2-root
1 data directories: /tmp/dist-test-taskNs46Uq/test-tmp/auto_rebalancer-test.0.AutoRebalancerTest.TestMaxMovesPerServer.1780923622281963-29270-0/minicluster-data/ts-2-root/data
Total live blocks: 0
Total live bytes: 0
Total live bytes (after alignment): 0
Total number of LBM containers: 0 (0 full)
Did not check for missing blocks
Did not check for orphaned blocks
Total full LBM containers with extra space: 0 (0 repaired)
Total full LBM container extra space in bytes: 0 (0 repaired)
Total incomplete LBM containers: 0 (0 repaired)
Total LBM partial records: 0 (0 repaired)
Total corrupted LBM metadata records in RocksDB: 0 (0 repaired)
I20260608 13:02:23.060783 29270 rpc_server.cc:225] running with OpenSSL 1.1.1  11 Sep 2018
I20260608 13:02:23.062170 29270 kserver.cc:163] Server-wide thread pool size limit: 3276
I20260608 13:02:23.063661 29270 txn_system_client.cc:432] TxnSystemClient initialization is disabled...
I20260608 13:02:23.066210 29270 ts_tablet_manager.cc:585] Loaded tablet metadata (0 total tablets, 0 live tablets)
I20260608 13:02:23.066438 29270 ts_tablet_manager.cc:531] Time spent load tablet metadata: real 0.000s	user 0.000s	sys 0.000s
I20260608 13:02:23.066680 29270 ts_tablet_manager.cc:616] Registered 0 tablets
I20260608 13:02:23.066866 29270 ts_tablet_manager.cc:595] Time spent register tablets: real 0.000s	user 0.000s	sys 0.000s
I20260608 13:02:23.118745 29270 rpc_server.cc:307] RPC server started. Bound to: 127.28.149.131:44531
I20260608 13:02:23.118940  1457 acceptor_pool.cc:272] collecting diagnostics on the listening RPC socket 127.28.149.131:44531 every 8 connection(s)
I20260608 13:02:23.142545  1458 heartbeater.cc:344] Connected to a master server at 127.28.149.190:35355
I20260608 13:02:23.142993  1458 heartbeater.cc:461] Registering TS with master...
I20260608 13:02:23.143874  1458 heartbeater.cc:507] Master 127.28.149.190:35355 requested a full tablet report, sending...
I20260608 13:02:23.146428  1181 ts_manager.cc:194] Registered new tserver with Master: d5e6247aae7248cebd03cc43a84c63ab (127.28.149.131:44531)
I20260608 13:02:23.146719 29270 internal_mini_cluster.cc:371] 3 TS(s) registered with all masters after 0.022765174s
I20260608 13:02:23.148334  1181 master_service.cc:502] Signed X509 certificate for tserver {username='slave'} at 127.0.0.1:60008
I20260608 13:02:23.914875  1308 heartbeater.cc:499] Master 127.28.149.190:35355 was elected leader, sending a full tablet report...
I20260608 13:02:24.008483  1383 heartbeater.cc:499] Master 127.28.149.190:35355 was elected leader, sending a full tablet report...
I20260608 13:02:24.151693  1458 heartbeater.cc:499] Master 127.28.149.190:35355 was elected leader, sending a full tablet report...
I20260608 13:02:24.205739  1181 catalog_manager.cc:2282] Servicing CreateTable request from {username='slave'} at 127.0.0.1:60010:
name: "test-workload"
schema {
  columns {
    name: "key"
    type: INT32
    is_key: true
    is_nullable: false
    encoding: AUTO_ENCODING
    compression: DEFAULT_COMPRESSION
    cfile_block_size: 0
    immutable: false
  }
  columns {
    name: "int_val"
    type: INT32
    is_key: false
    is_nullable: false
    encoding: AUTO_ENCODING
    compression: DEFAULT_COMPRESSION
    cfile_block_size: 0
    immutable: false
  }
  columns {
    name: "string_val"
    type: STRING
    is_key: false
    is_nullable: true
    encoding: AUTO_ENCODING
    compression: DEFAULT_COMPRESSION
    cfile_block_size: 0
    immutable: false
  }
}
num_replicas: 3
split_rows_range_bounds {
  rows: "\004\001\000\252\252\252\n\004\001\000TUU\025\004\001\000\376\377\377\037\004\001\000\250\252\252*\004\001\000RUU5\004\001\000\374\377\377?\004\001\000\246\252\252J\004\001\000PUUU\004\001\000\372\377\377_\004\001\000\244\252\252j\004\001\000NUUu""\004\001\000\252\252\252\n\004\001\000TUU\025\004\001\000\376\377\377\037\004\001\000\250\252\252*\004\001\000RUU5\004\001\000\374\377\377?\004\001\000\246\252\252J\004\001\000PUUU\004\001\000\372\377\377_\004\001\000\244\252\252j\004\001\000NUUu"
  indirect_data: """"
}
partition_schema {
  range_schema {
    columns {
      name: "key"
    }
  }
}
W20260608 13:02:24.209179  1181 catalog_manager.cc:7076] The number of live tablet servers is not enough to re-replicate a tablet replica of the newly created table test-workload in case of a server failure: 4 tablet servers would be needed, 3 are available. Consider bringing up more tablet servers.
I20260608 13:02:24.305008  1273 tablet_service.cc:1511] Processing CreateTablet for tablet 2daa5afdf0e147979536d8bdab0362f2 (DEFAULT_TABLE table=test-workload [id=32f81fd6c17d45f4bcf6ab4b4d2673c4]), partition=RANGE (key) PARTITION VALUES < 178956970
I20260608 13:02:24.306929  1273 data_dirs.cc:400] Could only allocate 1 dirs of requested 3 for tablet 2daa5afdf0e147979536d8bdab0362f2. 1 dirs total, 0 dirs full, 0 dirs failed
I20260608 13:02:24.311815  1346 tablet_service.cc:1511] Processing CreateTablet for tablet 6ea2e51da6dd4f638934e7e78fec35aa (DEFAULT_TABLE table=test-workload [id=32f81fd6c17d45f4bcf6ab4b4d2673c4]), partition=RANGE (key) PARTITION 357913940 <= VALUES < 536870910
I20260608 13:02:24.312479  1345 tablet_service.cc:1511] Processing CreateTablet for tablet ce77931ec990450499849c9287e33b07 (DEFAULT_TABLE table=test-workload [id=32f81fd6c17d45f4bcf6ab4b4d2673c4]), partition=RANGE (key) PARTITION 536870910 <= VALUES < 715827880
I20260608 13:02:24.313560  1346 data_dirs.cc:400] Could only allocate 1 dirs of requested 3 for tablet 6ea2e51da6dd4f638934e7e78fec35aa. 1 dirs total, 0 dirs full, 0 dirs failed
I20260608 13:02:24.313418  1271 tablet_service.cc:1511] Processing CreateTablet for tablet 6ea2e51da6dd4f638934e7e78fec35aa (DEFAULT_TABLE table=test-workload [id=32f81fd6c17d45f4bcf6ab4b4d2673c4]), partition=RANGE (key) PARTITION 357913940 <= VALUES < 536870910
I20260608 13:02:24.313953  1348 tablet_service.cc:1511] Processing CreateTablet for tablet 2daa5afdf0e147979536d8bdab0362f2 (DEFAULT_TABLE table=test-workload [id=32f81fd6c17d45f4bcf6ab4b4d2673c4]), partition=RANGE (key) PARTITION VALUES < 178956970
I20260608 13:02:24.314934  1271 data_dirs.cc:400] Could only allocate 1 dirs of requested 3 for tablet 6ea2e51da6dd4f638934e7e78fec35aa. 1 dirs total, 0 dirs full, 0 dirs failed
I20260608 13:02:24.315431  1348 data_dirs.cc:400] Could only allocate 1 dirs of requested 3 for tablet 2daa5afdf0e147979536d8bdab0362f2. 1 dirs total, 0 dirs full, 0 dirs failed
I20260608 13:02:24.316999  1270 tablet_service.cc:1511] Processing CreateTablet for tablet ce77931ec990450499849c9287e33b07 (DEFAULT_TABLE table=test-workload [id=32f81fd6c17d45f4bcf6ab4b4d2673c4]), partition=RANGE (key) PARTITION 536870910 <= VALUES < 715827880
I20260608 13:02:24.315454  1269 tablet_service.cc:1511] Processing CreateTablet for tablet c99a35fd075549e9999cf790f31e8f97 (DEFAULT_TABLE table=test-workload [id=32f81fd6c17d45f4bcf6ab4b4d2673c4]), partition=RANGE (key) PARTITION 715827880 <= VALUES < 894784850
I20260608 13:02:24.318454  1345 data_dirs.cc:400] Could only allocate 1 dirs of requested 3 for tablet ce77931ec990450499849c9287e33b07. 1 dirs total, 0 dirs full, 0 dirs failed
I20260608 13:02:24.318635  1270 data_dirs.cc:400] Could only allocate 1 dirs of requested 3 for tablet ce77931ec990450499849c9287e33b07. 1 dirs total, 0 dirs full, 0 dirs failed
I20260608 13:02:24.311669  1272 tablet_service.cc:1511] Processing CreateTablet for tablet 22b27a2044a24d0abff50d57e859af19 (DEFAULT_TABLE table=test-workload [id=32f81fd6c17d45f4bcf6ab4b4d2673c4]), partition=RANGE (key) PARTITION 178956970 <= VALUES < 357913940
I20260608 13:02:24.311599  1347 tablet_service.cc:1511] Processing CreateTablet for tablet 22b27a2044a24d0abff50d57e859af19 (DEFAULT_TABLE table=test-workload [id=32f81fd6c17d45f4bcf6ab4b4d2673c4]), partition=RANGE (key) PARTITION 178956970 <= VALUES < 357913940
I20260608 13:02:24.321599  1269 data_dirs.cc:400] Could only allocate 1 dirs of requested 3 for tablet c99a35fd075549e9999cf790f31e8f97. 1 dirs total, 0 dirs full, 0 dirs failed
I20260608 13:02:24.321782  1347 data_dirs.cc:400] Could only allocate 1 dirs of requested 3 for tablet 22b27a2044a24d0abff50d57e859af19. 1 dirs total, 0 dirs full, 0 dirs failed
I20260608 13:02:24.322875  1272 data_dirs.cc:400] Could only allocate 1 dirs of requested 3 for tablet 22b27a2044a24d0abff50d57e859af19. 1 dirs total, 0 dirs full, 0 dirs failed
I20260608 13:02:24.350406  1423 tablet_service.cc:1511] Processing CreateTablet for tablet 2daa5afdf0e147979536d8bdab0362f2 (DEFAULT_TABLE table=test-workload [id=32f81fd6c17d45f4bcf6ab4b4d2673c4]), partition=RANGE (key) PARTITION VALUES < 178956970
I20260608 13:02:24.351974  1423 data_dirs.cc:400] Could only allocate 1 dirs of requested 3 for tablet 2daa5afdf0e147979536d8bdab0362f2. 1 dirs total, 0 dirs full, 0 dirs failed
I20260608 13:02:24.354799  1421 tablet_service.cc:1511] Processing CreateTablet for tablet 6ea2e51da6dd4f638934e7e78fec35aa (DEFAULT_TABLE table=test-workload [id=32f81fd6c17d45f4bcf6ab4b4d2673c4]), partition=RANGE (key) PARTITION 357913940 <= VALUES < 536870910
I20260608 13:02:24.356884  1421 data_dirs.cc:400] Could only allocate 1 dirs of requested 3 for tablet 6ea2e51da6dd4f638934e7e78fec35aa. 1 dirs total, 0 dirs full, 0 dirs failed
I20260608 13:02:24.357455  1344 tablet_service.cc:1511] Processing CreateTablet for tablet c99a35fd075549e9999cf790f31e8f97 (DEFAULT_TABLE table=test-workload [id=32f81fd6c17d45f4bcf6ab4b4d2673c4]), partition=RANGE (key) PARTITION 715827880 <= VALUES < 894784850
I20260608 13:02:24.359560  1344 data_dirs.cc:400] Could only allocate 1 dirs of requested 3 for tablet c99a35fd075549e9999cf790f31e8f97. 1 dirs total, 0 dirs full, 0 dirs failed
I20260608 13:02:24.371934  1422 tablet_service.cc:1511] Processing CreateTablet for tablet 22b27a2044a24d0abff50d57e859af19 (DEFAULT_TABLE table=test-workload [id=32f81fd6c17d45f4bcf6ab4b4d2673c4]), partition=RANGE (key) PARTITION 178956970 <= VALUES < 357913940
I20260608 13:02:24.373603  1422 data_dirs.cc:400] Could only allocate 1 dirs of requested 3 for tablet 22b27a2044a24d0abff50d57e859af19. 1 dirs total, 0 dirs full, 0 dirs failed
I20260608 13:02:24.376488  1268 tablet_service.cc:1511] Processing CreateTablet for tablet 9257256987374444bdf648f7ae4afdc8 (DEFAULT_TABLE table=test-workload [id=32f81fd6c17d45f4bcf6ab4b4d2673c4]), partition=RANGE (key) PARTITION 894784850 <= VALUES < 1073741820
I20260608 13:02:24.379597  1419 tablet_service.cc:1511] Processing CreateTablet for tablet c99a35fd075549e9999cf790f31e8f97 (DEFAULT_TABLE table=test-workload [id=32f81fd6c17d45f4bcf6ab4b4d2673c4]), partition=RANGE (key) PARTITION 715827880 <= VALUES < 894784850
I20260608 13:02:24.381194  1419 data_dirs.cc:400] Could only allocate 1 dirs of requested 3 for tablet c99a35fd075549e9999cf790f31e8f97. 1 dirs total, 0 dirs full, 0 dirs failed
I20260608 13:02:24.382360  1268 data_dirs.cc:400] Could only allocate 1 dirs of requested 3 for tablet 9257256987374444bdf648f7ae4afdc8. 1 dirs total, 0 dirs full, 0 dirs failed
I20260608 13:02:24.376528  1420 tablet_service.cc:1511] Processing CreateTablet for tablet ce77931ec990450499849c9287e33b07 (DEFAULT_TABLE table=test-workload [id=32f81fd6c17d45f4bcf6ab4b4d2673c4]), partition=RANGE (key) PARTITION 536870910 <= VALUES < 715827880
I20260608 13:02:24.387802  1343 tablet_service.cc:1511] Processing CreateTablet for tablet 9257256987374444bdf648f7ae4afdc8 (DEFAULT_TABLE table=test-workload [id=32f81fd6c17d45f4bcf6ab4b4d2673c4]), partition=RANGE (key) PARTITION 894784850 <= VALUES < 1073741820
I20260608 13:02:24.389318  1343 data_dirs.cc:400] Could only allocate 1 dirs of requested 3 for tablet 9257256987374444bdf648f7ae4afdc8. 1 dirs total, 0 dirs full, 0 dirs failed
I20260608 13:02:24.389456  1420 data_dirs.cc:400] Could only allocate 1 dirs of requested 3 for tablet ce77931ec990450499849c9287e33b07. 1 dirs total, 0 dirs full, 0 dirs failed
I20260608 13:02:24.398276  1418 tablet_service.cc:1511] Processing CreateTablet for tablet 9257256987374444bdf648f7ae4afdc8 (DEFAULT_TABLE table=test-workload [id=32f81fd6c17d45f4bcf6ab4b4d2673c4]), partition=RANGE (key) PARTITION 894784850 <= VALUES < 1073741820
I20260608 13:02:24.400081  1418 data_dirs.cc:400] Could only allocate 1 dirs of requested 3 for tablet 9257256987374444bdf648f7ae4afdc8. 1 dirs total, 0 dirs full, 0 dirs failed
I20260608 13:02:24.410696  1346 tablet_service.cc:1511] Processing CreateTablet for tablet 3110a325f63e4768be68e2126737ca8e (DEFAULT_TABLE table=test-workload [id=32f81fd6c17d45f4bcf6ab4b4d2673c4]), partition=RANGE (key) PARTITION 1073741820 <= VALUES < 1252698790
I20260608 13:02:24.412745  1346 data_dirs.cc:400] Could only allocate 1 dirs of requested 3 for tablet 3110a325f63e4768be68e2126737ca8e. 1 dirs total, 0 dirs full, 0 dirs failed
I20260608 13:02:24.413964  1417 tablet_service.cc:1511] Processing CreateTablet for tablet 3110a325f63e4768be68e2126737ca8e (DEFAULT_TABLE table=test-workload [id=32f81fd6c17d45f4bcf6ab4b4d2673c4]), partition=RANGE (key) PARTITION 1073741820 <= VALUES < 1252698790
I20260608 13:02:24.415081  1271 tablet_service.cc:1511] Processing CreateTablet for tablet f981ad1b305e4871a8f1066f54487b5f (DEFAULT_TABLE table=test-workload [id=32f81fd6c17d45f4bcf6ab4b4d2673c4]), partition=RANGE (key) PARTITION 1252698790 <= VALUES < 1431655760
I20260608 13:02:24.415640  1417 data_dirs.cc:400] Could only allocate 1 dirs of requested 3 for tablet 3110a325f63e4768be68e2126737ca8e. 1 dirs total, 0 dirs full, 0 dirs failed
I20260608 13:02:24.387286  1478 tablet_bootstrap.cc:492] T 2daa5afdf0e147979536d8bdab0362f2 P 808c12b7794b4b6f9fd79cdbfce7bbe7: Bootstrap starting.
I20260608 13:02:24.416620  1271 data_dirs.cc:400] Could only allocate 1 dirs of requested 3 for tablet f981ad1b305e4871a8f1066f54487b5f. 1 dirs total, 0 dirs full, 0 dirs failed
I20260608 13:02:24.421679  1269 tablet_service.cc:1511] Processing CreateTablet for tablet 3110a325f63e4768be68e2126737ca8e (DEFAULT_TABLE table=test-workload [id=32f81fd6c17d45f4bcf6ab4b4d2673c4]), partition=RANGE (key) PARTITION 1073741820 <= VALUES < 1252698790
I20260608 13:02:24.423139  1269 data_dirs.cc:400] Could only allocate 1 dirs of requested 3 for tablet 3110a325f63e4768be68e2126737ca8e. 1 dirs total, 0 dirs full, 0 dirs failed
I20260608 13:02:24.428704  1345 tablet_service.cc:1511] Processing CreateTablet for tablet f981ad1b305e4871a8f1066f54487b5f (DEFAULT_TABLE table=test-workload [id=32f81fd6c17d45f4bcf6ab4b4d2673c4]), partition=RANGE (key) PARTITION 1252698790 <= VALUES < 1431655760
I20260608 13:02:24.430279  1345 data_dirs.cc:400] Could only allocate 1 dirs of requested 3 for tablet f981ad1b305e4871a8f1066f54487b5f. 1 dirs total, 0 dirs full, 0 dirs failed
I20260608 13:02:24.437505  1416 tablet_service.cc:1511] Processing CreateTablet for tablet f981ad1b305e4871a8f1066f54487b5f (DEFAULT_TABLE table=test-workload [id=32f81fd6c17d45f4bcf6ab4b4d2673c4]), partition=RANGE (key) PARTITION 1252698790 <= VALUES < 1431655760
I20260608 13:02:24.439184  1416 data_dirs.cc:400] Could only allocate 1 dirs of requested 3 for tablet f981ad1b305e4871a8f1066f54487b5f. 1 dirs total, 0 dirs full, 0 dirs failed
I20260608 13:02:24.431918  1479 tablet_bootstrap.cc:492] T ce77931ec990450499849c9287e33b07 P 6a957f94ffe14cfcb9481102073c10b1: Bootstrap starting.
I20260608 13:02:24.450274  1270 tablet_service.cc:1511] Processing CreateTablet for tablet 0524f65b9bbb49d39e9647182b2f1a05 (DEFAULT_TABLE table=test-workload [id=32f81fd6c17d45f4bcf6ab4b4d2673c4]), partition=RANGE (key) PARTITION 1431655760 <= VALUES < 1610612730
I20260608 13:02:24.451889  1270 data_dirs.cc:400] Could only allocate 1 dirs of requested 3 for tablet 0524f65b9bbb49d39e9647182b2f1a05. 1 dirs total, 0 dirs full, 0 dirs failed
I20260608 13:02:24.454555  1343 tablet_service.cc:1511] Processing CreateTablet for tablet 0524f65b9bbb49d39e9647182b2f1a05 (DEFAULT_TABLE table=test-workload [id=32f81fd6c17d45f4bcf6ab4b4d2673c4]), partition=RANGE (key) PARTITION 1431655760 <= VALUES < 1610612730
I20260608 13:02:24.456120  1343 data_dirs.cc:400] Could only allocate 1 dirs of requested 3 for tablet 0524f65b9bbb49d39e9647182b2f1a05. 1 dirs total, 0 dirs full, 0 dirs failed
I20260608 13:02:24.458173  1415 tablet_service.cc:1511] Processing CreateTablet for tablet 0524f65b9bbb49d39e9647182b2f1a05 (DEFAULT_TABLE table=test-workload [id=32f81fd6c17d45f4bcf6ab4b4d2673c4]), partition=RANGE (key) PARTITION 1431655760 <= VALUES < 1610612730
I20260608 13:02:24.459080  1478 tablet_bootstrap.cc:654] T 2daa5afdf0e147979536d8bdab0362f2 P 808c12b7794b4b6f9fd79cdbfce7bbe7: Neither blocks nor log segments found. Creating new log.
I20260608 13:02:24.459807  1415 data_dirs.cc:400] Could only allocate 1 dirs of requested 3 for tablet 0524f65b9bbb49d39e9647182b2f1a05. 1 dirs total, 0 dirs full, 0 dirs failed
I20260608 13:02:24.460719  1479 tablet_bootstrap.cc:654] T ce77931ec990450499849c9287e33b07 P 6a957f94ffe14cfcb9481102073c10b1: Neither blocks nor log segments found. Creating new log.
I20260608 13:02:24.470584  1272 tablet_service.cc:1511] Processing CreateTablet for tablet 349a3679a9624326b52f8a4065ef427a (DEFAULT_TABLE table=test-workload [id=32f81fd6c17d45f4bcf6ab4b4d2673c4]), partition=RANGE (key) PARTITION 1610612730 <= VALUES < 1789569700
I20260608 13:02:24.472000  1272 data_dirs.cc:400] Could only allocate 1 dirs of requested 3 for tablet 349a3679a9624326b52f8a4065ef427a. 1 dirs total, 0 dirs full, 0 dirs failed
I20260608 13:02:24.507647  1273 tablet_service.cc:1511] Processing CreateTablet for tablet 44354c26b01c4370aa8d8ab13925542b (DEFAULT_TABLE table=test-workload [id=32f81fd6c17d45f4bcf6ab4b4d2673c4]), partition=RANGE (key) PARTITION 1789569700 <= VALUES < 1968526670
I20260608 13:02:24.512710  1344 tablet_service.cc:1511] Processing CreateTablet for tablet 44354c26b01c4370aa8d8ab13925542b (DEFAULT_TABLE table=test-workload [id=32f81fd6c17d45f4bcf6ab4b4d2673c4]), partition=RANGE (key) PARTITION 1789569700 <= VALUES < 1968526670
I20260608 13:02:24.513335  1273 data_dirs.cc:400] Could only allocate 1 dirs of requested 3 for tablet 44354c26b01c4370aa8d8ab13925542b. 1 dirs total, 0 dirs full, 0 dirs failed
I20260608 13:02:24.514076  1344 data_dirs.cc:400] Could only allocate 1 dirs of requested 3 for tablet 44354c26b01c4370aa8d8ab13925542b. 1 dirs total, 0 dirs full, 0 dirs failed
I20260608 13:02:24.519047  1480 tablet_bootstrap.cc:492] T ce77931ec990450499849c9287e33b07 P d5e6247aae7248cebd03cc43a84c63ab: Bootstrap starting.
I20260608 13:02:24.522969  1419 tablet_service.cc:1511] Processing CreateTablet for tablet 44354c26b01c4370aa8d8ab13925542b (DEFAULT_TABLE table=test-workload [id=32f81fd6c17d45f4bcf6ab4b4d2673c4]), partition=RANGE (key) PARTITION 1789569700 <= VALUES < 1968526670
I20260608 13:02:24.524362  1419 data_dirs.cc:400] Could only allocate 1 dirs of requested 3 for tablet 44354c26b01c4370aa8d8ab13925542b. 1 dirs total, 0 dirs full, 0 dirs failed
I20260608 13:02:24.533993  1423 tablet_service.cc:1511] Processing CreateTablet for tablet 349a3679a9624326b52f8a4065ef427a (DEFAULT_TABLE table=test-workload [id=32f81fd6c17d45f4bcf6ab4b4d2673c4]), partition=RANGE (key) PARTITION 1610612730 <= VALUES < 1789569700
I20260608 13:02:24.535442  1423 data_dirs.cc:400] Could only allocate 1 dirs of requested 3 for tablet 349a3679a9624326b52f8a4065ef427a. 1 dirs total, 0 dirs full, 0 dirs failed
I20260608 13:02:24.541383  1267 tablet_service.cc:1511] Processing CreateTablet for tablet 0cdb194355814c55afcac7e6e666fff0 (DEFAULT_TABLE table=test-workload [id=32f81fd6c17d45f4bcf6ab4b4d2673c4]), partition=RANGE (key) PARTITION 1968526670 <= VALUES
I20260608 13:02:24.544063  1267 data_dirs.cc:400] Could only allocate 1 dirs of requested 3 for tablet 0cdb194355814c55afcac7e6e666fff0. 1 dirs total, 0 dirs full, 0 dirs failed
I20260608 13:02:24.548454  1480 tablet_bootstrap.cc:654] T ce77931ec990450499849c9287e33b07 P d5e6247aae7248cebd03cc43a84c63ab: Neither blocks nor log segments found. Creating new log.
I20260608 13:02:24.505475  1347 tablet_service.cc:1511] Processing CreateTablet for tablet 349a3679a9624326b52f8a4065ef427a (DEFAULT_TABLE table=test-workload [id=32f81fd6c17d45f4bcf6ab4b4d2673c4]), partition=RANGE (key) PARTITION 1610612730 <= VALUES < 1789569700
I20260608 13:02:24.560606  1478 tablet_bootstrap.cc:492] T 2daa5afdf0e147979536d8bdab0362f2 P 808c12b7794b4b6f9fd79cdbfce7bbe7: No bootstrap required, opened a new log
I20260608 13:02:24.561154  1478 ts_tablet_manager.cc:1403] T 2daa5afdf0e147979536d8bdab0362f2 P 808c12b7794b4b6f9fd79cdbfce7bbe7: Time spent bootstrapping tablet: real 0.174s	user 0.007s	sys 0.009s
I20260608 13:02:24.561758  1347 data_dirs.cc:400] Could only allocate 1 dirs of requested 3 for tablet 349a3679a9624326b52f8a4065ef427a. 1 dirs total, 0 dirs full, 0 dirs failed
I20260608 13:02:24.566452  1345 tablet_service.cc:1511] Processing CreateTablet for tablet 0cdb194355814c55afcac7e6e666fff0 (DEFAULT_TABLE table=test-workload [id=32f81fd6c17d45f4bcf6ab4b4d2673c4]), partition=RANGE (key) PARTITION 1968526670 <= VALUES
I20260608 13:02:24.568048  1345 data_dirs.cc:400] Could only allocate 1 dirs of requested 3 for tablet 0cdb194355814c55afcac7e6e666fff0. 1 dirs total, 0 dirs full, 0 dirs failed
I20260608 13:02:24.572729  1478 raft_consensus.cc:359] T 2daa5afdf0e147979536d8bdab0362f2 P 808c12b7794b4b6f9fd79cdbfce7bbe7 [term 0 FOLLOWER]: Replica starting. Triggering 0 pending ops. Active config: opid_index: -1 OBSOLETE_local: false peers { permanent_uuid: "808c12b7794b4b6f9fd79cdbfce7bbe7" member_type: VOTER last_known_addr { host: "127.28.149.130" port: 37523 } } peers { permanent_uuid: "6a957f94ffe14cfcb9481102073c10b1" member_type: VOTER last_known_addr { host: "127.28.149.129" port: 45793 } } peers { permanent_uuid: "d5e6247aae7248cebd03cc43a84c63ab" member_type: VOTER last_known_addr { host: "127.28.149.131" port: 44531 } }
I20260608 13:02:24.577984  1478 raft_consensus.cc:385] T 2daa5afdf0e147979536d8bdab0362f2 P 808c12b7794b4b6f9fd79cdbfce7bbe7 [term 0 FOLLOWER]: Consensus starting up: Expiring failure detector timer to make a prompt election more likely
I20260608 13:02:24.578382  1478 raft_consensus.cc:740] T 2daa5afdf0e147979536d8bdab0362f2 P 808c12b7794b4b6f9fd79cdbfce7bbe7 [term 0 FOLLOWER]: Becoming Follower/Learner. State: Replica: 808c12b7794b4b6f9fd79cdbfce7bbe7, State: Initialized, Role: FOLLOWER
I20260608 13:02:24.579389  1478 consensus_queue.cc:260] T 2daa5afdf0e147979536d8bdab0362f2 P 808c12b7794b4b6f9fd79cdbfce7bbe7 [NON_LEADER]: Queue going to NON_LEADER mode. State: All replicated index: 0, Majority replicated index: 0, Committed index: 0, Last appended: 0.0, Last appended by leader: 0, Current term: 0, Majority size: -1, State: 0, Mode: NON_LEADER, active raft config: opid_index: -1 OBSOLETE_local: false peers { permanent_uuid: "808c12b7794b4b6f9fd79cdbfce7bbe7" member_type: VOTER last_known_addr { host: "127.28.149.130" port: 37523 } } peers { permanent_uuid: "6a957f94ffe14cfcb9481102073c10b1" member_type: VOTER last_known_addr { host: "127.28.149.129" port: 45793 } } peers { permanent_uuid: "d5e6247aae7248cebd03cc43a84c63ab" member_type: VOTER last_known_addr { host: "127.28.149.131" port: 44531 } }
I20260608 13:02:24.592674  1423 tablet_service.cc:1511] Processing CreateTablet for tablet 0cdb194355814c55afcac7e6e666fff0 (DEFAULT_TABLE table=test-workload [id=32f81fd6c17d45f4bcf6ab4b4d2673c4]), partition=RANGE (key) PARTITION 1968526670 <= VALUES
I20260608 13:02:24.594724  1423 data_dirs.cc:400] Could only allocate 1 dirs of requested 3 for tablet 0cdb194355814c55afcac7e6e666fff0. 1 dirs total, 0 dirs full, 0 dirs failed
I20260608 13:02:24.593286  1479 tablet_bootstrap.cc:492] T ce77931ec990450499849c9287e33b07 P 6a957f94ffe14cfcb9481102073c10b1: No bootstrap required, opened a new log
I20260608 13:02:24.599870  1479 ts_tablet_manager.cc:1403] T ce77931ec990450499849c9287e33b07 P 6a957f94ffe14cfcb9481102073c10b1: Time spent bootstrapping tablet: real 0.168s	user 0.034s	sys 0.039s
I20260608 13:02:24.602137  1480 tablet_bootstrap.cc:492] T ce77931ec990450499849c9287e33b07 P d5e6247aae7248cebd03cc43a84c63ab: No bootstrap required, opened a new log
I20260608 13:02:24.602681  1480 ts_tablet_manager.cc:1403] T ce77931ec990450499849c9287e33b07 P d5e6247aae7248cebd03cc43a84c63ab: Time spent bootstrapping tablet: real 0.084s	user 0.014s	sys 0.000s
I20260608 13:02:24.604802  1479 raft_consensus.cc:359] T ce77931ec990450499849c9287e33b07 P 6a957f94ffe14cfcb9481102073c10b1 [term 0 FOLLOWER]: Replica starting. Triggering 0 pending ops. Active config: opid_index: -1 OBSOLETE_local: false peers { permanent_uuid: "6a957f94ffe14cfcb9481102073c10b1" member_type: VOTER last_known_addr { host: "127.28.149.129" port: 45793 } } peers { permanent_uuid: "808c12b7794b4b6f9fd79cdbfce7bbe7" member_type: VOTER last_known_addr { host: "127.28.149.130" port: 37523 } } peers { permanent_uuid: "d5e6247aae7248cebd03cc43a84c63ab" member_type: VOTER last_known_addr { host: "127.28.149.131" port: 44531 } }
I20260608 13:02:24.605957  1479 raft_consensus.cc:385] T ce77931ec990450499849c9287e33b07 P 6a957f94ffe14cfcb9481102073c10b1 [term 0 FOLLOWER]: Consensus starting up: Expiring failure detector timer to make a prompt election more likely
I20260608 13:02:24.605775  1480 raft_consensus.cc:359] T ce77931ec990450499849c9287e33b07 P d5e6247aae7248cebd03cc43a84c63ab [term 0 FOLLOWER]: Replica starting. Triggering 0 pending ops. Active config: opid_index: -1 OBSOLETE_local: false peers { permanent_uuid: "6a957f94ffe14cfcb9481102073c10b1" member_type: VOTER last_known_addr { host: "127.28.149.129" port: 45793 } } peers { permanent_uuid: "808c12b7794b4b6f9fd79cdbfce7bbe7" member_type: VOTER last_known_addr { host: "127.28.149.130" port: 37523 } } peers { permanent_uuid: "d5e6247aae7248cebd03cc43a84c63ab" member_type: VOTER last_known_addr { host: "127.28.149.131" port: 44531 } }
I20260608 13:02:24.606645  1480 raft_consensus.cc:385] T ce77931ec990450499849c9287e33b07 P d5e6247aae7248cebd03cc43a84c63ab [term 0 FOLLOWER]: Consensus starting up: Expiring failure detector timer to make a prompt election more likely
I20260608 13:02:24.606513  1479 raft_consensus.cc:740] T ce77931ec990450499849c9287e33b07 P 6a957f94ffe14cfcb9481102073c10b1 [term 0 FOLLOWER]: Becoming Follower/Learner. State: Replica: 6a957f94ffe14cfcb9481102073c10b1, State: Initialized, Role: FOLLOWER
I20260608 13:02:24.607136  1480 raft_consensus.cc:740] T ce77931ec990450499849c9287e33b07 P d5e6247aae7248cebd03cc43a84c63ab [term 0 FOLLOWER]: Becoming Follower/Learner. State: Replica: d5e6247aae7248cebd03cc43a84c63ab, State: Initialized, Role: FOLLOWER
I20260608 13:02:24.608175  1480 consensus_queue.cc:260] T ce77931ec990450499849c9287e33b07 P d5e6247aae7248cebd03cc43a84c63ab [NON_LEADER]: Queue going to NON_LEADER mode. State: All replicated index: 0, Majority replicated index: 0, Committed index: 0, Last appended: 0.0, Last appended by leader: 0, Current term: 0, Majority size: -1, State: 0, Mode: NON_LEADER, active raft config: opid_index: -1 OBSOLETE_local: false peers { permanent_uuid: "6a957f94ffe14cfcb9481102073c10b1" member_type: VOTER last_known_addr { host: "127.28.149.129" port: 45793 } } peers { permanent_uuid: "808c12b7794b4b6f9fd79cdbfce7bbe7" member_type: VOTER last_known_addr { host: "127.28.149.130" port: 37523 } } peers { permanent_uuid: "d5e6247aae7248cebd03cc43a84c63ab" member_type: VOTER last_known_addr { host: "127.28.149.131" port: 44531 } }
I20260608 13:02:24.608132  1479 consensus_queue.cc:260] T ce77931ec990450499849c9287e33b07 P 6a957f94ffe14cfcb9481102073c10b1 [NON_LEADER]: Queue going to NON_LEADER mode. State: All replicated index: 0, Majority replicated index: 0, Committed index: 0, Last appended: 0.0, Last appended by leader: 0, Current term: 0, Majority size: -1, State: 0, Mode: NON_LEADER, active raft config: opid_index: -1 OBSOLETE_local: false peers { permanent_uuid: "6a957f94ffe14cfcb9481102073c10b1" member_type: VOTER last_known_addr { host: "127.28.149.129" port: 45793 } } peers { permanent_uuid: "808c12b7794b4b6f9fd79cdbfce7bbe7" member_type: VOTER last_known_addr { host: "127.28.149.130" port: 37523 } } peers { permanent_uuid: "d5e6247aae7248cebd03cc43a84c63ab" member_type: VOTER last_known_addr { host: "127.28.149.131" port: 44531 } }
I20260608 13:02:24.611896  1478 ts_tablet_manager.cc:1434] T 2daa5afdf0e147979536d8bdab0362f2 P 808c12b7794b4b6f9fd79cdbfce7bbe7: Time spent starting tablet: real 0.050s	user 0.002s	sys 0.019s
I20260608 13:02:24.613018  1480 ts_tablet_manager.cc:1434] T ce77931ec990450499849c9287e33b07 P d5e6247aae7248cebd03cc43a84c63ab: Time spent starting tablet: real 0.010s	user 0.008s	sys 0.000s
I20260608 13:02:24.613914  1478 tablet_bootstrap.cc:492] T 6ea2e51da6dd4f638934e7e78fec35aa P 808c12b7794b4b6f9fd79cdbfce7bbe7: Bootstrap starting.
I20260608 13:02:24.613994  1480 tablet_bootstrap.cc:492] T 22b27a2044a24d0abff50d57e859af19 P d5e6247aae7248cebd03cc43a84c63ab: Bootstrap starting.
I20260608 13:02:24.620951  1478 tablet_bootstrap.cc:654] T 6ea2e51da6dd4f638934e7e78fec35aa P 808c12b7794b4b6f9fd79cdbfce7bbe7: Neither blocks nor log segments found. Creating new log.
I20260608 13:02:24.633229  1478 tablet_bootstrap.cc:492] T 6ea2e51da6dd4f638934e7e78fec35aa P 808c12b7794b4b6f9fd79cdbfce7bbe7: No bootstrap required, opened a new log
I20260608 13:02:24.633750  1478 ts_tablet_manager.cc:1403] T 6ea2e51da6dd4f638934e7e78fec35aa P 808c12b7794b4b6f9fd79cdbfce7bbe7: Time spent bootstrapping tablet: real 0.020s	user 0.007s	sys 0.010s
I20260608 13:02:24.637478  1480 tablet_bootstrap.cc:654] T 22b27a2044a24d0abff50d57e859af19 P d5e6247aae7248cebd03cc43a84c63ab: Neither blocks nor log segments found. Creating new log.
I20260608 13:02:24.637096  1478 raft_consensus.cc:359] T 6ea2e51da6dd4f638934e7e78fec35aa P 808c12b7794b4b6f9fd79cdbfce7bbe7 [term 0 FOLLOWER]: Replica starting. Triggering 0 pending ops. Active config: opid_index: -1 OBSOLETE_local: false peers { permanent_uuid: "6a957f94ffe14cfcb9481102073c10b1" member_type: VOTER last_known_addr { host: "127.28.149.129" port: 45793 } } peers { permanent_uuid: "808c12b7794b4b6f9fd79cdbfce7bbe7" member_type: VOTER last_known_addr { host: "127.28.149.130" port: 37523 } } peers { permanent_uuid: "d5e6247aae7248cebd03cc43a84c63ab" member_type: VOTER last_known_addr { host: "127.28.149.131" port: 44531 } }
I20260608 13:02:24.637863  1478 raft_consensus.cc:385] T 6ea2e51da6dd4f638934e7e78fec35aa P 808c12b7794b4b6f9fd79cdbfce7bbe7 [term 0 FOLLOWER]: Consensus starting up: Expiring failure detector timer to make a prompt election more likely
I20260608 13:02:24.638337  1478 raft_consensus.cc:740] T 6ea2e51da6dd4f638934e7e78fec35aa P 808c12b7794b4b6f9fd79cdbfce7bbe7 [term 0 FOLLOWER]: Becoming Follower/Learner. State: Replica: 808c12b7794b4b6f9fd79cdbfce7bbe7, State: Initialized, Role: FOLLOWER
I20260608 13:02:24.639318  1478 consensus_queue.cc:260] T 6ea2e51da6dd4f638934e7e78fec35aa P 808c12b7794b4b6f9fd79cdbfce7bbe7 [NON_LEADER]: Queue going to NON_LEADER mode. State: All replicated index: 0, Majority replicated index: 0, Committed index: 0, Last appended: 0.0, Last appended by leader: 0, Current term: 0, Majority size: -1, State: 0, Mode: NON_LEADER, active raft config: opid_index: -1 OBSOLETE_local: false peers { permanent_uuid: "6a957f94ffe14cfcb9481102073c10b1" member_type: VOTER last_known_addr { host: "127.28.149.129" port: 45793 } } peers { permanent_uuid: "808c12b7794b4b6f9fd79cdbfce7bbe7" member_type: VOTER last_known_addr { host: "127.28.149.130" port: 37523 } } peers { permanent_uuid: "d5e6247aae7248cebd03cc43a84c63ab" member_type: VOTER last_known_addr { host: "127.28.149.131" port: 44531 } }
I20260608 13:02:24.641697  1478 ts_tablet_manager.cc:1434] T 6ea2e51da6dd4f638934e7e78fec35aa P 808c12b7794b4b6f9fd79cdbfce7bbe7: Time spent starting tablet: real 0.008s	user 0.006s	sys 0.000s
I20260608 13:02:24.642889  1478 tablet_bootstrap.cc:492] T ce77931ec990450499849c9287e33b07 P 808c12b7794b4b6f9fd79cdbfce7bbe7: Bootstrap starting.
I20260608 13:02:24.648025  1480 tablet_bootstrap.cc:492] T 22b27a2044a24d0abff50d57e859af19 P d5e6247aae7248cebd03cc43a84c63ab: No bootstrap required, opened a new log
I20260608 13:02:24.648582  1480 ts_tablet_manager.cc:1403] T 22b27a2044a24d0abff50d57e859af19 P d5e6247aae7248cebd03cc43a84c63ab: Time spent bootstrapping tablet: real 0.035s	user 0.006s	sys 0.006s
I20260608 13:02:24.649891  1478 tablet_bootstrap.cc:654] T ce77931ec990450499849c9287e33b07 P 808c12b7794b4b6f9fd79cdbfce7bbe7: Neither blocks nor log segments found. Creating new log.
I20260608 13:02:24.652014  1480 raft_consensus.cc:359] T 22b27a2044a24d0abff50d57e859af19 P d5e6247aae7248cebd03cc43a84c63ab [term 0 FOLLOWER]: Replica starting. Triggering 0 pending ops. Active config: opid_index: -1 OBSOLETE_local: false peers { permanent_uuid: "6a957f94ffe14cfcb9481102073c10b1" member_type: VOTER last_known_addr { host: "127.28.149.129" port: 45793 } } peers { permanent_uuid: "808c12b7794b4b6f9fd79cdbfce7bbe7" member_type: VOTER last_known_addr { host: "127.28.149.130" port: 37523 } } peers { permanent_uuid: "d5e6247aae7248cebd03cc43a84c63ab" member_type: VOTER last_known_addr { host: "127.28.149.131" port: 44531 } }
I20260608 13:02:24.652850  1480 raft_consensus.cc:385] T 22b27a2044a24d0abff50d57e859af19 P d5e6247aae7248cebd03cc43a84c63ab [term 0 FOLLOWER]: Consensus starting up: Expiring failure detector timer to make a prompt election more likely
I20260608 13:02:24.653519  1480 raft_consensus.cc:740] T 22b27a2044a24d0abff50d57e859af19 P d5e6247aae7248cebd03cc43a84c63ab [term 0 FOLLOWER]: Becoming Follower/Learner. State: Replica: d5e6247aae7248cebd03cc43a84c63ab, State: Initialized, Role: FOLLOWER
I20260608 13:02:24.654826  1480 consensus_queue.cc:260] T 22b27a2044a24d0abff50d57e859af19 P d5e6247aae7248cebd03cc43a84c63ab [NON_LEADER]: Queue going to NON_LEADER mode. State: All replicated index: 0, Majority replicated index: 0, Committed index: 0, Last appended: 0.0, Last appended by leader: 0, Current term: 0, Majority size: -1, State: 0, Mode: NON_LEADER, active raft config: opid_index: -1 OBSOLETE_local: false peers { permanent_uuid: "6a957f94ffe14cfcb9481102073c10b1" member_type: VOTER last_known_addr { host: "127.28.149.129" port: 45793 } } peers { permanent_uuid: "808c12b7794b4b6f9fd79cdbfce7bbe7" member_type: VOTER last_known_addr { host: "127.28.149.130" port: 37523 } } peers { permanent_uuid: "d5e6247aae7248cebd03cc43a84c63ab" member_type: VOTER last_known_addr { host: "127.28.149.131" port: 44531 } }
I20260608 13:02:24.663332  1478 tablet_bootstrap.cc:492] T ce77931ec990450499849c9287e33b07 P 808c12b7794b4b6f9fd79cdbfce7bbe7: No bootstrap required, opened a new log
I20260608 13:02:24.664111  1478 ts_tablet_manager.cc:1403] T ce77931ec990450499849c9287e33b07 P 808c12b7794b4b6f9fd79cdbfce7bbe7: Time spent bootstrapping tablet: real 0.021s	user 0.018s	sys 0.000s
I20260608 13:02:24.668370  1478 raft_consensus.cc:359] T ce77931ec990450499849c9287e33b07 P 808c12b7794b4b6f9fd79cdbfce7bbe7 [term 0 FOLLOWER]: Replica starting. Triggering 0 pending ops. Active config: opid_index: -1 OBSOLETE_local: false peers { permanent_uuid: "6a957f94ffe14cfcb9481102073c10b1" member_type: VOTER last_known_addr { host: "127.28.149.129" port: 45793 } } peers { permanent_uuid: "808c12b7794b4b6f9fd79cdbfce7bbe7" member_type: VOTER last_known_addr { host: "127.28.149.130" port: 37523 } } peers { permanent_uuid: "d5e6247aae7248cebd03cc43a84c63ab" member_type: VOTER last_known_addr { host: "127.28.149.131" port: 44531 } }
I20260608 13:02:24.669441  1478 raft_consensus.cc:385] T ce77931ec990450499849c9287e33b07 P 808c12b7794b4b6f9fd79cdbfce7bbe7 [term 0 FOLLOWER]: Consensus starting up: Expiring failure detector timer to make a prompt election more likely
I20260608 13:02:24.669840  1478 raft_consensus.cc:740] T ce77931ec990450499849c9287e33b07 P 808c12b7794b4b6f9fd79cdbfce7bbe7 [term 0 FOLLOWER]: Becoming Follower/Learner. State: Replica: 808c12b7794b4b6f9fd79cdbfce7bbe7, State: Initialized, Role: FOLLOWER
I20260608 13:02:24.672380  1480 ts_tablet_manager.cc:1434] T 22b27a2044a24d0abff50d57e859af19 P d5e6247aae7248cebd03cc43a84c63ab: Time spent starting tablet: real 0.023s	user 0.011s	sys 0.013s
I20260608 13:02:24.672006  1478 consensus_queue.cc:260] T ce77931ec990450499849c9287e33b07 P 808c12b7794b4b6f9fd79cdbfce7bbe7 [NON_LEADER]: Queue going to NON_LEADER mode. State: All replicated index: 0, Majority replicated index: 0, Committed index: 0, Last appended: 0.0, Last appended by leader: 0, Current term: 0, Majority size: -1, State: 0, Mode: NON_LEADER, active raft config: opid_index: -1 OBSOLETE_local: false peers { permanent_uuid: "6a957f94ffe14cfcb9481102073c10b1" member_type: VOTER last_known_addr { host: "127.28.149.129" port: 45793 } } peers { permanent_uuid: "808c12b7794b4b6f9fd79cdbfce7bbe7" member_type: VOTER last_known_addr { host: "127.28.149.130" port: 37523 } } peers { permanent_uuid: "d5e6247aae7248cebd03cc43a84c63ab" member_type: VOTER last_known_addr { host: "127.28.149.131" port: 44531 } }
I20260608 13:02:24.673493  1480 tablet_bootstrap.cc:492] T 3110a325f63e4768be68e2126737ca8e P d5e6247aae7248cebd03cc43a84c63ab: Bootstrap starting.
I20260608 13:02:24.676565  1478 ts_tablet_manager.cc:1434] T ce77931ec990450499849c9287e33b07 P 808c12b7794b4b6f9fd79cdbfce7bbe7: Time spent starting tablet: real 0.012s	user 0.010s	sys 0.000s
I20260608 13:02:24.677786  1478 tablet_bootstrap.cc:492] T 9257256987374444bdf648f7ae4afdc8 P 808c12b7794b4b6f9fd79cdbfce7bbe7: Bootstrap starting.
I20260608 13:02:24.681486  1480 tablet_bootstrap.cc:654] T 3110a325f63e4768be68e2126737ca8e P d5e6247aae7248cebd03cc43a84c63ab: Neither blocks nor log segments found. Creating new log.
I20260608 13:02:24.685575  1478 tablet_bootstrap.cc:654] T 9257256987374444bdf648f7ae4afdc8 P 808c12b7794b4b6f9fd79cdbfce7bbe7: Neither blocks nor log segments found. Creating new log.
I20260608 13:02:24.695111  1480 tablet_bootstrap.cc:492] T 3110a325f63e4768be68e2126737ca8e P d5e6247aae7248cebd03cc43a84c63ab: No bootstrap required, opened a new log
I20260608 13:02:24.695886  1480 ts_tablet_manager.cc:1403] T 3110a325f63e4768be68e2126737ca8e P d5e6247aae7248cebd03cc43a84c63ab: Time spent bootstrapping tablet: real 0.023s	user 0.012s	sys 0.008s
I20260608 13:02:24.700634  1479 ts_tablet_manager.cc:1434] T ce77931ec990450499849c9287e33b07 P 6a957f94ffe14cfcb9481102073c10b1: Time spent starting tablet: real 0.100s	user 0.036s	sys 0.057s
I20260608 13:02:24.701814  1479 tablet_bootstrap.cc:492] T c99a35fd075549e9999cf790f31e8f97 P 6a957f94ffe14cfcb9481102073c10b1: Bootstrap starting.
I20260608 13:02:24.709730  1479 tablet_bootstrap.cc:654] T c99a35fd075549e9999cf790f31e8f97 P 6a957f94ffe14cfcb9481102073c10b1: Neither blocks nor log segments found. Creating new log.
I20260608 13:02:24.701239  1480 raft_consensus.cc:359] T 3110a325f63e4768be68e2126737ca8e P d5e6247aae7248cebd03cc43a84c63ab [term 0 FOLLOWER]: Replica starting. Triggering 0 pending ops. Active config: opid_index: -1 OBSOLETE_local: false peers { permanent_uuid: "6a957f94ffe14cfcb9481102073c10b1" member_type: VOTER last_known_addr { host: "127.28.149.129" port: 45793 } } peers { permanent_uuid: "808c12b7794b4b6f9fd79cdbfce7bbe7" member_type: VOTER last_known_addr { host: "127.28.149.130" port: 37523 } } peers { permanent_uuid: "d5e6247aae7248cebd03cc43a84c63ab" member_type: VOTER last_known_addr { host: "127.28.149.131" port: 44531 } }
I20260608 13:02:24.710250  1480 raft_consensus.cc:385] T 3110a325f63e4768be68e2126737ca8e P d5e6247aae7248cebd03cc43a84c63ab [term 0 FOLLOWER]: Consensus starting up: Expiring failure detector timer to make a prompt election more likely
I20260608 13:02:24.710608  1480 raft_consensus.cc:740] T 3110a325f63e4768be68e2126737ca8e P d5e6247aae7248cebd03cc43a84c63ab [term 0 FOLLOWER]: Becoming Follower/Learner. State: Replica: d5e6247aae7248cebd03cc43a84c63ab, State: Initialized, Role: FOLLOWER
I20260608 13:02:24.711671  1478 tablet_bootstrap.cc:492] T 9257256987374444bdf648f7ae4afdc8 P 808c12b7794b4b6f9fd79cdbfce7bbe7: No bootstrap required, opened a new log
I20260608 13:02:24.712515  1478 ts_tablet_manager.cc:1403] T 9257256987374444bdf648f7ae4afdc8 P 808c12b7794b4b6f9fd79cdbfce7bbe7: Time spent bootstrapping tablet: real 0.035s	user 0.015s	sys 0.019s
I20260608 13:02:24.711676  1480 consensus_queue.cc:260] T 3110a325f63e4768be68e2126737ca8e P d5e6247aae7248cebd03cc43a84c63ab [NON_LEADER]: Queue going to NON_LEADER mode. State: All replicated index: 0, Majority replicated index: 0, Committed index: 0, Last appended: 0.0, Last appended by leader: 0, Current term: 0, Majority size: -1, State: 0, Mode: NON_LEADER, active raft config: opid_index: -1 OBSOLETE_local: false peers { permanent_uuid: "6a957f94ffe14cfcb9481102073c10b1" member_type: VOTER last_known_addr { host: "127.28.149.129" port: 45793 } } peers { permanent_uuid: "808c12b7794b4b6f9fd79cdbfce7bbe7" member_type: VOTER last_known_addr { host: "127.28.149.130" port: 37523 } } peers { permanent_uuid: "d5e6247aae7248cebd03cc43a84c63ab" member_type: VOTER last_known_addr { host: "127.28.149.131" port: 44531 } }
I20260608 13:02:24.715982  1480 ts_tablet_manager.cc:1434] T 3110a325f63e4768be68e2126737ca8e P d5e6247aae7248cebd03cc43a84c63ab: Time spent starting tablet: real 0.020s	user 0.010s	sys 0.000s
I20260608 13:02:24.717044  1480 tablet_bootstrap.cc:492] T 2daa5afdf0e147979536d8bdab0362f2 P d5e6247aae7248cebd03cc43a84c63ab: Bootstrap starting.
I20260608 13:02:24.716930  1478 raft_consensus.cc:359] T 9257256987374444bdf648f7ae4afdc8 P 808c12b7794b4b6f9fd79cdbfce7bbe7 [term 0 FOLLOWER]: Replica starting. Triggering 0 pending ops. Active config: opid_index: -1 OBSOLETE_local: false peers { permanent_uuid: "6a957f94ffe14cfcb9481102073c10b1" member_type: VOTER last_known_addr { host: "127.28.149.129" port: 45793 } } peers { permanent_uuid: "808c12b7794b4b6f9fd79cdbfce7bbe7" member_type: VOTER last_known_addr { host: "127.28.149.130" port: 37523 } } peers { permanent_uuid: "d5e6247aae7248cebd03cc43a84c63ab" member_type: VOTER last_known_addr { host: "127.28.149.131" port: 44531 } }
I20260608 13:02:24.717778  1478 raft_consensus.cc:385] T 9257256987374444bdf648f7ae4afdc8 P 808c12b7794b4b6f9fd79cdbfce7bbe7 [term 0 FOLLOWER]: Consensus starting up: Expiring failure detector timer to make a prompt election more likely
I20260608 13:02:24.718142  1478 raft_consensus.cc:740] T 9257256987374444bdf648f7ae4afdc8 P 808c12b7794b4b6f9fd79cdbfce7bbe7 [term 0 FOLLOWER]: Becoming Follower/Learner. State: Replica: 808c12b7794b4b6f9fd79cdbfce7bbe7, State: Initialized, Role: FOLLOWER
I20260608 13:02:24.719086  1478 consensus_queue.cc:260] T 9257256987374444bdf648f7ae4afdc8 P 808c12b7794b4b6f9fd79cdbfce7bbe7 [NON_LEADER]: Queue going to NON_LEADER mode. State: All replicated index: 0, Majority replicated index: 0, Committed index: 0, Last appended: 0.0, Last appended by leader: 0, Current term: 0, Majority size: -1, State: 0, Mode: NON_LEADER, active raft config: opid_index: -1 OBSOLETE_local: false peers { permanent_uuid: "6a957f94ffe14cfcb9481102073c10b1" member_type: VOTER last_known_addr { host: "127.28.149.129" port: 45793 } } peers { permanent_uuid: "808c12b7794b4b6f9fd79cdbfce7bbe7" member_type: VOTER last_known_addr { host: "127.28.149.130" port: 37523 } } peers { permanent_uuid: "d5e6247aae7248cebd03cc43a84c63ab" member_type: VOTER last_known_addr { host: "127.28.149.131" port: 44531 } }
I20260608 13:02:24.722213  1478 ts_tablet_manager.cc:1434] T 9257256987374444bdf648f7ae4afdc8 P 808c12b7794b4b6f9fd79cdbfce7bbe7: Time spent starting tablet: real 0.009s	user 0.008s	sys 0.000s
W20260608 13:02:24.722944  1229 auto_rebalancer.cc:259] Could not retrieve cluster info: Service unavailable: Tablet not running
I20260608 13:02:24.723515  1478 tablet_bootstrap.cc:492] T c99a35fd075549e9999cf790f31e8f97 P 808c12b7794b4b6f9fd79cdbfce7bbe7: Bootstrap starting.
I20260608 13:02:24.725250  1480 tablet_bootstrap.cc:654] T 2daa5afdf0e147979536d8bdab0362f2 P d5e6247aae7248cebd03cc43a84c63ab: Neither blocks nor log segments found. Creating new log.
I20260608 13:02:24.732203  1478 tablet_bootstrap.cc:654] T c99a35fd075549e9999cf790f31e8f97 P 808c12b7794b4b6f9fd79cdbfce7bbe7: Neither blocks nor log segments found. Creating new log.
I20260608 13:02:24.743096  1480 tablet_bootstrap.cc:492] T 2daa5afdf0e147979536d8bdab0362f2 P d5e6247aae7248cebd03cc43a84c63ab: No bootstrap required, opened a new log
I20260608 13:02:24.743652  1480 ts_tablet_manager.cc:1403] T 2daa5afdf0e147979536d8bdab0362f2 P d5e6247aae7248cebd03cc43a84c63ab: Time spent bootstrapping tablet: real 0.027s	user 0.009s	sys 0.015s
I20260608 13:02:24.746965  1480 raft_consensus.cc:359] T 2daa5afdf0e147979536d8bdab0362f2 P d5e6247aae7248cebd03cc43a84c63ab [term 0 FOLLOWER]: Replica starting. Triggering 0 pending ops. Active config: opid_index: -1 OBSOLETE_local: false peers { permanent_uuid: "808c12b7794b4b6f9fd79cdbfce7bbe7" member_type: VOTER last_known_addr { host: "127.28.149.130" port: 37523 } } peers { permanent_uuid: "6a957f94ffe14cfcb9481102073c10b1" member_type: VOTER last_known_addr { host: "127.28.149.129" port: 45793 } } peers { permanent_uuid: "d5e6247aae7248cebd03cc43a84c63ab" member_type: VOTER last_known_addr { host: "127.28.149.131" port: 44531 } }
I20260608 13:02:24.747592  1478 tablet_bootstrap.cc:492] T c99a35fd075549e9999cf790f31e8f97 P 808c12b7794b4b6f9fd79cdbfce7bbe7: No bootstrap required, opened a new log
I20260608 13:02:24.747705  1480 raft_consensus.cc:385] T 2daa5afdf0e147979536d8bdab0362f2 P d5e6247aae7248cebd03cc43a84c63ab [term 0 FOLLOWER]: Consensus starting up: Expiring failure detector timer to make a prompt election more likely
