I20260608 13:02:17.361888  1233 leader_election.cc:290] T dba1a56a84504b68bca96a48da14dd92 P f08ca4bd6e994d8383cad91838889d9c [CANDIDATE]: Term 1 pre-election: Requested pre-vote from peers a9d145363e2e4e99b619f81cb5464442 (127.28.87.1:45645), ede1d0156fc84aadb153461e91ca3c2a (127.28.87.2:36997)
I20260608 13:02:17.364251  1107 tablet_service.cc:1917] Received RequestConsensusVote() RPC: tablet_id: "dba1a56a84504b68bca96a48da14dd92" candidate_uuid: "f08ca4bd6e994d8383cad91838889d9c" candidate_term: 1 candidate_status { last_received { term: 0 index: 0 } } ignore_live_leader: false dest_uuid: "ede1d0156fc84aadb153461e91ca3c2a" is_pre_election: true
I20260608 13:02:17.366663  1107 raft_consensus.cc:2468] T dba1a56a84504b68bca96a48da14dd92 P ede1d0156fc84aadb153461e91ca3c2a [term 0 FOLLOWER]: Leader pre-election vote request: Granting yes vote for candidate f08ca4bd6e994d8383cad91838889d9c in term 0.
I20260608 13:02:17.368616  1146 leader_election.cc:304] T dba1a56a84504b68bca96a48da14dd92 P f08ca4bd6e994d8383cad91838889d9c [CANDIDATE]: Term 1 pre-election: Election decided. Result: candidate won. Election summary: received 3 responses out of 3 voters: 2 yes votes; 1 no votes. yes voters: ede1d0156fc84aadb153461e91ca3c2a, f08ca4bd6e994d8383cad91838889d9c; no voters: a9d145363e2e4e99b619f81cb5464442
I20260608 13:02:17.368799  1234 raft_consensus.cc:515] T 8cb9cff062cb4249b25709949741e08c P a9d145363e2e4e99b619f81cb5464442 [term 1 FOLLOWER]: Starting leader election with config: opid_index: -1 OBSOLETE_local: false peers { permanent_uuid: "a9d145363e2e4e99b619f81cb5464442" member_type: VOTER last_known_addr { host: "127.28.87.1" port: 45645 } } peers { permanent_uuid: "ede1d0156fc84aadb153461e91ca3c2a" member_type: VOTER last_known_addr { host: "127.28.87.2" port: 36997 } } peers { permanent_uuid: "f08ca4bd6e994d8383cad91838889d9c" member_type: VOTER last_known_addr { host: "127.28.87.3" port: 44777 } }
I20260608 13:02:17.370321  1238 raft_consensus.cc:493] T 81e4d59f296c42ef93bdb0bd7722aeac P ede1d0156fc84aadb153461e91ca3c2a [term 0 FOLLOWER]: Starting pre-election (no leader contacted us within the election timeout)
I20260608 13:02:17.371794  1226 ts_tablet_manager.cc:1434] T 1ba7f6da95c14ea4ab314c87174a630a P a9d145363e2e4e99b619f81cb5464442: Time spent starting tablet: real 0.047s	user 0.021s	sys 0.023s
I20260608 13:02:17.371311  1238 raft_consensus.cc:515] T 81e4d59f296c42ef93bdb0bd7722aeac P ede1d0156fc84aadb153461e91ca3c2a [term 0 FOLLOWER]: Starting pre-election with config: opid_index: -1 OBSOLETE_local: false peers { permanent_uuid: "a9d145363e2e4e99b619f81cb5464442" member_type: VOTER last_known_addr { host: "127.28.87.1" port: 45645 } } peers { permanent_uuid: "ede1d0156fc84aadb153461e91ca3c2a" member_type: VOTER last_known_addr { host: "127.28.87.2" port: 36997 } } peers { permanent_uuid: "f08ca4bd6e994d8383cad91838889d9c" member_type: VOTER last_known_addr { host: "127.28.87.3" port: 44777 } }
I20260608 13:02:17.372946  1226 tablet_bootstrap.cc:492] T 3b4f92aa70374c0597621c92e26b65f0 P a9d145363e2e4e99b619f81cb5464442: Bootstrap starting.
I20260608 13:02:17.364423  1228 raft_consensus.cc:359] T 8cb9cff062cb4249b25709949741e08c P f08ca4bd6e994d8383cad91838889d9c [term 0 FOLLOWER]: Replica starting. Triggering 0 pending ops. Active config: opid_index: -1 OBSOLETE_local: false peers { permanent_uuid: "a9d145363e2e4e99b619f81cb5464442" member_type: VOTER last_known_addr { host: "127.28.87.1" port: 45645 } } peers { permanent_uuid: "ede1d0156fc84aadb153461e91ca3c2a" member_type: VOTER last_known_addr { host: "127.28.87.2" port: 36997 } } peers { permanent_uuid: "f08ca4bd6e994d8383cad91838889d9c" member_type: VOTER last_known_addr { host: "127.28.87.3" port: 44777 } }
I20260608 13:02:17.373744  1228 raft_consensus.cc:385] T 8cb9cff062cb4249b25709949741e08c P f08ca4bd6e994d8383cad91838889d9c [term 0 FOLLOWER]: Consensus starting up: Expiring failure detector timer to make a prompt election more likely
I20260608 13:02:17.374073  1228 raft_consensus.cc:740] T 8cb9cff062cb4249b25709949741e08c P f08ca4bd6e994d8383cad91838889d9c [term 0 FOLLOWER]: Becoming Follower/Learner. State: Replica: f08ca4bd6e994d8383cad91838889d9c, State: Initialized, Role: FOLLOWER
I20260608 13:02:17.374914  1228 consensus_queue.cc:260] T 8cb9cff062cb4249b25709949741e08c P f08ca4bd6e994d8383cad91838889d9c [NON_LEADER]: Queue going to NON_LEADER mode. State: All replicated index: 0, Majority replicated index: 0, Committed index: 0, Last appended: 0.0, Last appended by leader: 0, Current term: 0, Majority size: -1, State: 0, Mode: NON_LEADER, active raft config: opid_index: -1 OBSOLETE_local: false peers { permanent_uuid: "a9d145363e2e4e99b619f81cb5464442" member_type: VOTER last_known_addr { host: "127.28.87.1" port: 45645 } } peers { permanent_uuid: "ede1d0156fc84aadb153461e91ca3c2a" member_type: VOTER last_known_addr { host: "127.28.87.2" port: 36997 } } peers { permanent_uuid: "f08ca4bd6e994d8383cad91838889d9c" member_type: VOTER last_known_addr { host: "127.28.87.3" port: 44777 } }
I20260608 13:02:17.376044  1232 raft_consensus.cc:2804] T dba1a56a84504b68bca96a48da14dd92 P f08ca4bd6e994d8383cad91838889d9c [term 0 FOLLOWER]: Leader pre-election won for term 1
I20260608 13:02:17.376432  1232 raft_consensus.cc:493] T dba1a56a84504b68bca96a48da14dd92 P f08ca4bd6e994d8383cad91838889d9c [term 0 FOLLOWER]: Starting leader election (no leader contacted us within the election timeout)
I20260608 13:02:17.376797  1232 raft_consensus.cc:3060] T dba1a56a84504b68bca96a48da14dd92 P f08ca4bd6e994d8383cad91838889d9c [term 0 FOLLOWER]: Advancing to term 1
I20260608 13:02:17.377499  1228 ts_tablet_manager.cc:1434] T 8cb9cff062cb4249b25709949741e08c P f08ca4bd6e994d8383cad91838889d9c: Time spent starting tablet: real 0.017s	user 0.006s	sys 0.003s
I20260608 13:02:17.378710  1228 tablet_bootstrap.cc:492] T 2f1abb5bab064df4a4d5e2f4b65eb132 P f08ca4bd6e994d8383cad91838889d9c: Bootstrap starting.
I20260608 13:02:17.393980  1228 tablet_bootstrap.cc:654] T 2f1abb5bab064df4a4d5e2f4b65eb132 P f08ca4bd6e994d8383cad91838889d9c: Neither blocks nor log segments found. Creating new log.
I20260608 13:02:17.396512  1233 raft_consensus.cc:493] T 87cb3370ebb748db817cdffc09ba5fce P f08ca4bd6e994d8383cad91838889d9c [term 0 FOLLOWER]: Starting pre-election (no leader contacted us within the election timeout)
I20260608 13:02:17.397079  1233 raft_consensus.cc:515] T 87cb3370ebb748db817cdffc09ba5fce P f08ca4bd6e994d8383cad91838889d9c [term 0 FOLLOWER]: Starting pre-election with config: opid_index: -1 OBSOLETE_local: false peers { permanent_uuid: "a9d145363e2e4e99b619f81cb5464442" member_type: VOTER last_known_addr { host: "127.28.87.1" port: 45645 } } peers { permanent_uuid: "f08ca4bd6e994d8383cad91838889d9c" member_type: VOTER last_known_addr { host: "127.28.87.3" port: 44777 } } peers { permanent_uuid: "ede1d0156fc84aadb153461e91ca3c2a" member_type: VOTER last_known_addr { host: "127.28.87.2" port: 36997 } }
I20260608 13:02:17.399325  1233 leader_election.cc:290] T 87cb3370ebb748db817cdffc09ba5fce P f08ca4bd6e994d8383cad91838889d9c [CANDIDATE]: Term 1 pre-election: Requested pre-vote from peers a9d145363e2e4e99b619f81cb5464442 (127.28.87.1:45645), ede1d0156fc84aadb153461e91ca3c2a (127.28.87.2:36997)
I20260608 13:02:17.399812  1234 leader_election.cc:290] T 8cb9cff062cb4249b25709949741e08c P a9d145363e2e4e99b619f81cb5464442 [CANDIDATE]: Term 1 election: Requested vote from peers ede1d0156fc84aadb153461e91ca3c2a (127.28.87.2:36997), f08ca4bd6e994d8383cad91838889d9c (127.28.87.3:44777)
I20260608 13:02:17.400738  1238 leader_election.cc:290] T 81e4d59f296c42ef93bdb0bd7722aeac P ede1d0156fc84aadb153461e91ca3c2a [CANDIDATE]: Term 1 pre-election: Requested pre-vote from peers a9d145363e2e4e99b619f81cb5464442 (127.28.87.1:45645), f08ca4bd6e994d8383cad91838889d9c (127.28.87.3:44777)
I20260608 13:02:17.403082  1181 tablet_service.cc:1917] Received RequestConsensusVote() RPC: tablet_id: "8cb9cff062cb4249b25709949741e08c" candidate_uuid: "a9d145363e2e4e99b619f81cb5464442" candidate_term: 1 candidate_status { last_received { term: 0 index: 0 } } ignore_live_leader: false dest_uuid: "f08ca4bd6e994d8383cad91838889d9c"
I20260608 13:02:17.403800  1181 raft_consensus.cc:3060] T 8cb9cff062cb4249b25709949741e08c P f08ca4bd6e994d8383cad91838889d9c [term 0 FOLLOWER]: Advancing to term 1
I20260608 13:02:17.403971  1107 tablet_service.cc:1917] Received RequestConsensusVote() RPC: tablet_id: "87cb3370ebb748db817cdffc09ba5fce" candidate_uuid: "f08ca4bd6e994d8383cad91838889d9c" candidate_term: 1 candidate_status { last_received { term: 0 index: 0 } } ignore_live_leader: false dest_uuid: "ede1d0156fc84aadb153461e91ca3c2a" is_pre_election: true
I20260608 13:02:17.405946  1032 tablet_service.cc:1917] Received RequestConsensusVote() RPC: tablet_id: "87cb3370ebb748db817cdffc09ba5fce" candidate_uuid: "f08ca4bd6e994d8383cad91838889d9c" candidate_term: 1 candidate_status { last_received { term: 0 index: 0 } } ignore_live_leader: false dest_uuid: "a9d145363e2e4e99b619f81cb5464442" is_pre_election: true
I20260608 13:02:17.406678  1032 raft_consensus.cc:2468] T 87cb3370ebb748db817cdffc09ba5fce P a9d145363e2e4e99b619f81cb5464442 [term 0 FOLLOWER]: Leader pre-election vote request: Granting yes vote for candidate f08ca4bd6e994d8383cad91838889d9c in term 0.
I20260608 13:02:17.412915  1146 leader_election.cc:304] T 87cb3370ebb748db817cdffc09ba5fce P f08ca4bd6e994d8383cad91838889d9c [CANDIDATE]: Term 1 pre-election: Election decided. Result: candidate won. Election summary: received 2 responses out of 3 voters: 2 yes votes; 0 no votes. yes voters: a9d145363e2e4e99b619f81cb5464442, f08ca4bd6e994d8383cad91838889d9c; no voters: 
I20260608 13:02:17.413973  1232 raft_consensus.cc:515] T dba1a56a84504b68bca96a48da14dd92 P f08ca4bd6e994d8383cad91838889d9c [term 1 FOLLOWER]: Starting leader election with config: opid_index: -1 OBSOLETE_local: false peers { permanent_uuid: "a9d145363e2e4e99b619f81cb5464442" member_type: VOTER last_known_addr { host: "127.28.87.1" port: 45645 } } peers { permanent_uuid: "ede1d0156fc84aadb153461e91ca3c2a" member_type: VOTER last_known_addr { host: "127.28.87.2" port: 36997 } } peers { permanent_uuid: "f08ca4bd6e994d8383cad91838889d9c" member_type: VOTER last_known_addr { host: "127.28.87.3" port: 44777 } }
I20260608 13:02:17.416451  1232 leader_election.cc:290] T dba1a56a84504b68bca96a48da14dd92 P f08ca4bd6e994d8383cad91838889d9c [CANDIDATE]: Term 1 election: Requested vote from peers a9d145363e2e4e99b619f81cb5464442 (127.28.87.1:45645), ede1d0156fc84aadb153461e91ca3c2a (127.28.87.2:36997)
I20260608 13:02:17.416378  1181 raft_consensus.cc:2468] T 8cb9cff062cb4249b25709949741e08c P f08ca4bd6e994d8383cad91838889d9c [term 1 FOLLOWER]: Leader election vote request: Granting yes vote for candidate a9d145363e2e4e99b619f81cb5464442 in term 1.
I20260608 13:02:17.395157  1252 raft_consensus.cc:493] T 1ba7f6da95c14ea4ab314c87174a630a P a9d145363e2e4e99b619f81cb5464442 [term 0 FOLLOWER]: Starting pre-election (no leader contacted us within the election timeout)
I20260608 13:02:17.422065  1226 tablet_bootstrap.cc:654] T 3b4f92aa70374c0597621c92e26b65f0 P a9d145363e2e4e99b619f81cb5464442: Neither blocks nor log segments found. Creating new log.
I20260608 13:02:17.422639  1227 tablet_bootstrap.cc:492] T 87cb3370ebb748db817cdffc09ba5fce P ede1d0156fc84aadb153461e91ca3c2a: No bootstrap required, opened a new log
W20260608 13:02:17.414026  1146 leader_election.cc:343] T 87cb3370ebb748db817cdffc09ba5fce P f08ca4bd6e994d8383cad91838889d9c [CANDIDATE]: Term 1 pre-election: Tablet error from VoteRequest() call to peer ede1d0156fc84aadb153461e91ca3c2a (127.28.87.2:36997): Illegal state: must be running to vote when last-logged opid is not known
I20260608 13:02:17.425585  1107 tablet_service.cc:1917] Received RequestConsensusVote() RPC: tablet_id: "dba1a56a84504b68bca96a48da14dd92" candidate_uuid: "f08ca4bd6e994d8383cad91838889d9c" candidate_term: 1 candidate_status { last_received { term: 0 index: 0 } } ignore_live_leader: false dest_uuid: "ede1d0156fc84aadb153461e91ca3c2a"
I20260608 13:02:17.426307  1107 raft_consensus.cc:3060] T dba1a56a84504b68bca96a48da14dd92 P ede1d0156fc84aadb153461e91ca3c2a [term 0 FOLLOWER]: Advancing to term 1
I20260608 13:02:17.427021  1032 tablet_service.cc:1917] Received RequestConsensusVote() RPC: tablet_id: "dba1a56a84504b68bca96a48da14dd92" candidate_uuid: "f08ca4bd6e994d8383cad91838889d9c" candidate_term: 1 candidate_status { last_received { term: 0 index: 0 } } ignore_live_leader: false dest_uuid: "a9d145363e2e4e99b619f81cb5464442"
I20260608 13:02:17.418344  1233 raft_consensus.cc:2804] T 87cb3370ebb748db817cdffc09ba5fce P f08ca4bd6e994d8383cad91838889d9c [term 0 FOLLOWER]: Leader pre-election won for term 1
I20260608 13:02:17.429705  1233 raft_consensus.cc:493] T 87cb3370ebb748db817cdffc09ba5fce P f08ca4bd6e994d8383cad91838889d9c [term 0 FOLLOWER]: Starting leader election (no leader contacted us within the election timeout)
I20260608 13:02:17.430173  1233 raft_consensus.cc:3060] T 87cb3370ebb748db817cdffc09ba5fce P f08ca4bd6e994d8383cad91838889d9c [term 0 FOLLOWER]: Advancing to term 1
I20260608 13:02:17.432901  1227 ts_tablet_manager.cc:1403] T 87cb3370ebb748db817cdffc09ba5fce P ede1d0156fc84aadb153461e91ca3c2a: Time spent bootstrapping tablet: real 0.120s	user 0.036s	sys 0.069s
I20260608 13:02:17.435647   998 leader_election.cc:304] T 8cb9cff062cb4249b25709949741e08c P a9d145363e2e4e99b619f81cb5464442 [CANDIDATE]: Term 1 election: Election decided. Result: candidate won. Election summary: received 2 responses out of 3 voters: 2 yes votes; 0 no votes. yes voters: a9d145363e2e4e99b619f81cb5464442, f08ca4bd6e994d8383cad91838889d9c; no voters: 
I20260608 13:02:17.436632  1234 raft_consensus.cc:2804] T 8cb9cff062cb4249b25709949741e08c P a9d145363e2e4e99b619f81cb5464442 [term 1 FOLLOWER]: Leader election won for term 1
W20260608 13:02:17.439417  1146 leader_election.cc:343] T dba1a56a84504b68bca96a48da14dd92 P f08ca4bd6e994d8383cad91838889d9c [CANDIDATE]: Term 1 election: Tablet error from VoteRequest() call to peer a9d145363e2e4e99b619f81cb5464442 (127.28.87.1:45645): Illegal state: must be running to vote when last-logged opid is not known
I20260608 13:02:17.419683  1252 raft_consensus.cc:515] T 1ba7f6da95c14ea4ab314c87174a630a P a9d145363e2e4e99b619f81cb5464442 [term 0 FOLLOWER]: Starting pre-election with config: opid_index: -1 OBSOLETE_local: false peers { permanent_uuid: "a9d145363e2e4e99b619f81cb5464442" member_type: VOTER last_known_addr { host: "127.28.87.1" port: 45645 } } peers { permanent_uuid: "ede1d0156fc84aadb153461e91ca3c2a" member_type: VOTER last_known_addr { host: "127.28.87.2" port: 36997 } } peers { permanent_uuid: "f08ca4bd6e994d8383cad91838889d9c" member_type: VOTER last_known_addr { host: "127.28.87.3" port: 44777 } }
I20260608 13:02:17.445432  1107 raft_consensus.cc:2468] T dba1a56a84504b68bca96a48da14dd92 P ede1d0156fc84aadb153461e91ca3c2a [term 1 FOLLOWER]: Leader election vote request: Granting yes vote for candidate f08ca4bd6e994d8383cad91838889d9c in term 1.
I20260608 13:02:17.446022  1032 tablet_service.cc:1917] Received RequestConsensusVote() RPC: tablet_id: "81e4d59f296c42ef93bdb0bd7722aeac" candidate_uuid: "ede1d0156fc84aadb153461e91ca3c2a" candidate_term: 1 candidate_status { last_received { term: 0 index: 0 } } ignore_live_leader: false dest_uuid: "a9d145363e2e4e99b619f81cb5464442" is_pre_election: true
I20260608 13:02:17.452567  1105 tablet_service.cc:1917] Received RequestConsensusVote() RPC: tablet_id: "1ba7f6da95c14ea4ab314c87174a630a" candidate_uuid: "a9d145363e2e4e99b619f81cb5464442" candidate_term: 1 candidate_status { last_received { term: 0 index: 0 } } ignore_live_leader: false dest_uuid: "ede1d0156fc84aadb153461e91ca3c2a" is_pre_election: true
I20260608 13:02:17.453609  1105 raft_consensus.cc:2468] T 1ba7f6da95c14ea4ab314c87174a630a P ede1d0156fc84aadb153461e91ca3c2a [term 0 FOLLOWER]: Leader pre-election vote request: Granting yes vote for candidate a9d145363e2e4e99b619f81cb5464442 in term 0.
I20260608 13:02:17.447746  1252 leader_election.cc:290] T 1ba7f6da95c14ea4ab314c87174a630a P a9d145363e2e4e99b619f81cb5464442 [CANDIDATE]: Term 1 pre-election: Requested pre-vote from peers ede1d0156fc84aadb153461e91ca3c2a (127.28.87.2:36997), f08ca4bd6e994d8383cad91838889d9c (127.28.87.3:44777)
I20260608 13:02:17.440918  1227 raft_consensus.cc:359] T 87cb3370ebb748db817cdffc09ba5fce P ede1d0156fc84aadb153461e91ca3c2a [term 0 FOLLOWER]: Replica starting. Triggering 0 pending ops. Active config: opid_index: -1 OBSOLETE_local: false peers { permanent_uuid: "a9d145363e2e4e99b619f81cb5464442" member_type: VOTER last_known_addr { host: "127.28.87.1" port: 45645 } } peers { permanent_uuid: "f08ca4bd6e994d8383cad91838889d9c" member_type: VOTER last_known_addr { host: "127.28.87.3" port: 44777 } } peers { permanent_uuid: "ede1d0156fc84aadb153461e91ca3c2a" member_type: VOTER last_known_addr { host: "127.28.87.2" port: 36997 } }
I20260608 13:02:17.450735  1238 raft_consensus.cc:493] T 3b4f92aa70374c0597621c92e26b65f0 P ede1d0156fc84aadb153461e91ca3c2a [term 0 FOLLOWER]: Starting pre-election (no leader contacted us within the election timeout)
I20260608 13:02:17.450894  1106 tablet_service.cc:1917] Received RequestConsensusVote() RPC: tablet_id: "8cb9cff062cb4249b25709949741e08c" candidate_uuid: "a9d145363e2e4e99b619f81cb5464442" candidate_term: 1 candidate_status { last_received { term: 0 index: 0 } } ignore_live_leader: false dest_uuid: "ede1d0156fc84aadb153461e91ca3c2a"
I20260608 13:02:17.451432  1181 tablet_service.cc:1917] Received RequestConsensusVote() RPC: tablet_id: "1ba7f6da95c14ea4ab314c87174a630a" candidate_uuid: "a9d145363e2e4e99b619f81cb5464442" candidate_term: 1 candidate_status { last_received { term: 0 index: 0 } } ignore_live_leader: false dest_uuid: "f08ca4bd6e994d8383cad91838889d9c" is_pre_election: true
W20260608 13:02:17.454051  1072 leader_election.cc:343] T 81e4d59f296c42ef93bdb0bd7722aeac P ede1d0156fc84aadb153461e91ca3c2a [CANDIDATE]: Term 1 pre-election: Tablet error from VoteRequest() call to peer a9d145363e2e4e99b619f81cb5464442 (127.28.87.1:45645): Illegal state: must be running to vote when last-logged opid is not known
I20260608 13:02:17.456946  1106 raft_consensus.cc:3060] T 8cb9cff062cb4249b25709949741e08c P ede1d0156fc84aadb153461e91ca3c2a [term 0 FOLLOWER]: Advancing to term 1
I20260608 13:02:17.456681  1146 leader_election.cc:304] T dba1a56a84504b68bca96a48da14dd92 P f08ca4bd6e994d8383cad91838889d9c [CANDIDATE]: Term 1 election: Election decided. Result: candidate won. Election summary: received 3 responses out of 3 voters: 2 yes votes; 1 no votes. yes voters: ede1d0156fc84aadb153461e91ca3c2a, f08ca4bd6e994d8383cad91838889d9c; no voters: a9d145363e2e4e99b619f81cb5464442
I20260608 13:02:17.461220  1238 raft_consensus.cc:515] T 3b4f92aa70374c0597621c92e26b65f0 P ede1d0156fc84aadb153461e91ca3c2a [term 0 FOLLOWER]: Starting pre-election with config: opid_index: -1 OBSOLETE_local: false peers { permanent_uuid: "a9d145363e2e4e99b619f81cb5464442" member_type: VOTER last_known_addr { host: "127.28.87.1" port: 45645 } } peers { permanent_uuid: "ede1d0156fc84aadb153461e91ca3c2a" member_type: VOTER last_known_addr { host: "127.28.87.2" port: 36997 } } peers { permanent_uuid: "f08ca4bd6e994d8383cad91838889d9c" member_type: VOTER last_known_addr { host: "127.28.87.3" port: 44777 } }
I20260608 13:02:17.462508  1232 raft_consensus.cc:2804] T dba1a56a84504b68bca96a48da14dd92 P f08ca4bd6e994d8383cad91838889d9c [term 1 FOLLOWER]: Leader election won for term 1
I20260608 13:02:17.455430  1227 raft_consensus.cc:385] T 87cb3370ebb748db817cdffc09ba5fce P ede1d0156fc84aadb153461e91ca3c2a [term 0 FOLLOWER]: Consensus starting up: Expiring failure detector timer to make a prompt election more likely
I20260608 13:02:17.472353  1227 raft_consensus.cc:740] T 87cb3370ebb748db817cdffc09ba5fce P ede1d0156fc84aadb153461e91ca3c2a [term 0 FOLLOWER]: Becoming Follower/Learner. State: Replica: ede1d0156fc84aadb153461e91ca3c2a, State: Initialized, Role: FOLLOWER
I20260608 13:02:17.473176   997 leader_election.cc:304] T 1ba7f6da95c14ea4ab314c87174a630a P a9d145363e2e4e99b619f81cb5464442 [CANDIDATE]: Term 1 pre-election: Election decided. Result: candidate won. Election summary: received 2 responses out of 3 voters: 2 yes votes; 0 no votes. yes voters: a9d145363e2e4e99b619f81cb5464442, ede1d0156fc84aadb153461e91ca3c2a; no voters: 
I20260608 13:02:17.474785  1238 leader_election.cc:290] T 3b4f92aa70374c0597621c92e26b65f0 P ede1d0156fc84aadb153461e91ca3c2a [CANDIDATE]: Term 1 pre-election: Requested pre-vote from peers a9d145363e2e4e99b619f81cb5464442 (127.28.87.1:45645), f08ca4bd6e994d8383cad91838889d9c (127.28.87.3:44777)
W20260608 13:02:17.475886   998 leader_election.cc:343] T 1ba7f6da95c14ea4ab314c87174a630a P a9d145363e2e4e99b619f81cb5464442 [CANDIDATE]: Term 1 pre-election: Tablet error from VoteRequest() call to peer f08ca4bd6e994d8383cad91838889d9c (127.28.87.3:44777): Illegal state: must be running to vote when last-logged opid is not known
I20260608 13:02:17.476395  1032 tablet_service.cc:1917] Received RequestConsensusVote() RPC: tablet_id: "3b4f92aa70374c0597621c92e26b65f0" candidate_uuid: "ede1d0156fc84aadb153461e91ca3c2a" candidate_term: 1 candidate_status { last_received { term: 0 index: 0 } } ignore_live_leader: false dest_uuid: "a9d145363e2e4e99b619f81cb5464442" is_pre_election: true
W20260608 13:02:17.477964  1072 leader_election.cc:343] T 3b4f92aa70374c0597621c92e26b65f0 P ede1d0156fc84aadb153461e91ca3c2a [CANDIDATE]: Term 1 pre-election: Tablet error from VoteRequest() call to peer a9d145363e2e4e99b619f81cb5464442 (127.28.87.1:45645): Illegal state: must be running to vote when last-logged opid is not known
I20260608 13:02:17.478451  1233 raft_consensus.cc:515] T 87cb3370ebb748db817cdffc09ba5fce P f08ca4bd6e994d8383cad91838889d9c [term 1 FOLLOWER]: Starting leader election with config: opid_index: -1 OBSOLETE_local: false peers { permanent_uuid: "a9d145363e2e4e99b619f81cb5464442" member_type: VOTER last_known_addr { host: "127.28.87.1" port: 45645 } } peers { permanent_uuid: "f08ca4bd6e994d8383cad91838889d9c" member_type: VOTER last_known_addr { host: "127.28.87.3" port: 44777 } } peers { permanent_uuid: "ede1d0156fc84aadb153461e91ca3c2a" member_type: VOTER last_known_addr { host: "127.28.87.2" port: 36997 } }
I20260608 13:02:17.473554  1227 consensus_queue.cc:260] T 87cb3370ebb748db817cdffc09ba5fce P ede1d0156fc84aadb153461e91ca3c2a [NON_LEADER]: Queue going to NON_LEADER mode. State: All replicated index: 0, Majority replicated index: 0, Committed index: 0, Last appended: 0.0, Last appended by leader: 0, Current term: 0, Majority size: -1, State: 0, Mode: NON_LEADER, active raft config: opid_index: -1 OBSOLETE_local: false peers { permanent_uuid: "a9d145363e2e4e99b619f81cb5464442" member_type: VOTER last_known_addr { host: "127.28.87.1" port: 45645 } } peers { permanent_uuid: "f08ca4bd6e994d8383cad91838889d9c" member_type: VOTER last_known_addr { host: "127.28.87.3" port: 44777 } } peers { permanent_uuid: "ede1d0156fc84aadb153461e91ca3c2a" member_type: VOTER last_known_addr { host: "127.28.87.2" port: 36997 } }
I20260608 13:02:17.481334  1252 raft_consensus.cc:2804] T 1ba7f6da95c14ea4ab314c87174a630a P a9d145363e2e4e99b619f81cb5464442 [term 0 FOLLOWER]: Leader pre-election won for term 1
I20260608 13:02:17.485348  1226 tablet_bootstrap.cc:492] T 3b4f92aa70374c0597621c92e26b65f0 P a9d145363e2e4e99b619f81cb5464442: No bootstrap required, opened a new log
I20260608 13:02:17.485466  1252 raft_consensus.cc:493] T 1ba7f6da95c14ea4ab314c87174a630a P a9d145363e2e4e99b619f81cb5464442 [term 0 FOLLOWER]: Starting leader election (no leader contacted us within the election timeout)
I20260608 13:02:17.481240  1234 raft_consensus.cc:697] T 8cb9cff062cb4249b25709949741e08c P a9d145363e2e4e99b619f81cb5464442 [term 1 LEADER]: Becoming Leader. State: Replica: a9d145363e2e4e99b619f81cb5464442, State: Running, Role: LEADER
I20260608 13:02:17.482951  1233 leader_election.cc:290] T 87cb3370ebb748db817cdffc09ba5fce P f08ca4bd6e994d8383cad91838889d9c [CANDIDATE]: Term 1 election: Requested vote from peers a9d145363e2e4e99b619f81cb5464442 (127.28.87.1:45645), ede1d0156fc84aadb153461e91ca3c2a (127.28.87.2:36997)
I20260608 13:02:17.483560  1032 tablet_service.cc:1917] Received RequestConsensusVote() RPC: tablet_id: "87cb3370ebb748db817cdffc09ba5fce" candidate_uuid: "f08ca4bd6e994d8383cad91838889d9c" candidate_term: 1 candidate_status { last_received { term: 0 index: 0 } } ignore_live_leader: false dest_uuid: "a9d145363e2e4e99b619f81cb5464442"
I20260608 13:02:17.488646  1234 consensus_queue.cc:237] T 8cb9cff062cb4249b25709949741e08c P a9d145363e2e4e99b619f81cb5464442 [LEADER]: Queue going to LEADER mode. State: All replicated index: 0, Majority replicated index: 0, Committed index: 0, Last appended: 0.0, Last appended by leader: 0, Current term: 1, Majority size: 2, State: 0, Mode: LEADER, active raft config: opid_index: -1 OBSOLETE_local: false peers { permanent_uuid: "a9d145363e2e4e99b619f81cb5464442" member_type: VOTER last_known_addr { host: "127.28.87.1" port: 45645 } } peers { permanent_uuid: "ede1d0156fc84aadb153461e91ca3c2a" member_type: VOTER last_known_addr { host: "127.28.87.2" port: 36997 } } peers { permanent_uuid: "f08ca4bd6e994d8383cad91838889d9c" member_type: VOTER last_known_addr { host: "127.28.87.3" port: 44777 } }
I20260608 13:02:17.488615  1032 raft_consensus.cc:3060] T 87cb3370ebb748db817cdffc09ba5fce P a9d145363e2e4e99b619f81cb5464442 [term 0 FOLLOWER]: Advancing to term 1
I20260608 13:02:17.490578  1181 tablet_service.cc:1917] Received RequestConsensusVote() RPC: tablet_id: "81e4d59f296c42ef93bdb0bd7722aeac" candidate_uuid: "ede1d0156fc84aadb153461e91ca3c2a" candidate_term: 1 candidate_status { last_received { term: 0 index: 0 } } ignore_live_leader: false dest_uuid: "f08ca4bd6e994d8383cad91838889d9c" is_pre_election: true
I20260608 13:02:17.485984  1226 ts_tablet_manager.cc:1403] T 3b4f92aa70374c0597621c92e26b65f0 P a9d145363e2e4e99b619f81cb5464442: Time spent bootstrapping tablet: real 0.113s	user 0.018s	sys 0.000s
W20260608 13:02:17.492656  1073 leader_election.cc:343] T 81e4d59f296c42ef93bdb0bd7722aeac P ede1d0156fc84aadb153461e91ca3c2a [CANDIDATE]: Term 1 pre-election: Tablet error from VoteRequest() call to peer f08ca4bd6e994d8383cad91838889d9c (127.28.87.3:44777): Illegal state: must be running to vote when last-logged opid is not known
I20260608 13:02:17.493474  1073 leader_election.cc:304] T 81e4d59f296c42ef93bdb0bd7722aeac P ede1d0156fc84aadb153461e91ca3c2a [CANDIDATE]: Term 1 pre-election: Election decided. Result: candidate lost. Election summary: received 3 responses out of 3 voters: 1 yes votes; 2 no votes. yes voters: ede1d0156fc84aadb153461e91ca3c2a; no voters: a9d145363e2e4e99b619f81cb5464442, f08ca4bd6e994d8383cad91838889d9c
I20260608 13:02:17.494484  1226 raft_consensus.cc:359] T 3b4f92aa70374c0597621c92e26b65f0 P a9d145363e2e4e99b619f81cb5464442 [term 0 FOLLOWER]: Replica starting. Triggering 0 pending ops. Active config: opid_index: -1 OBSOLETE_local: false peers { permanent_uuid: "a9d145363e2e4e99b619f81cb5464442" member_type: VOTER last_known_addr { host: "127.28.87.1" port: 45645 } } peers { permanent_uuid: "ede1d0156fc84aadb153461e91ca3c2a" member_type: VOTER last_known_addr { host: "127.28.87.2" port: 36997 } } peers { permanent_uuid: "f08ca4bd6e994d8383cad91838889d9c" member_type: VOTER last_known_addr { host: "127.28.87.3" port: 44777 } }
I20260608 13:02:17.495245  1226 raft_consensus.cc:385] T 3b4f92aa70374c0597621c92e26b65f0 P a9d145363e2e4e99b619f81cb5464442 [term 0 FOLLOWER]: Consensus starting up: Expiring failure detector timer to make a prompt election more likely
I20260608 13:02:17.495551  1226 raft_consensus.cc:740] T 3b4f92aa70374c0597621c92e26b65f0 P a9d145363e2e4e99b619f81cb5464442 [term 0 FOLLOWER]: Becoming Follower/Learner. State: Replica: a9d145363e2e4e99b619f81cb5464442, State: Initialized, Role: FOLLOWER
I20260608 13:02:17.474810  1232 raft_consensus.cc:697] T dba1a56a84504b68bca96a48da14dd92 P f08ca4bd6e994d8383cad91838889d9c [term 1 LEADER]: Becoming Leader. State: Replica: f08ca4bd6e994d8383cad91838889d9c, State: Running, Role: LEADER
I20260608 13:02:17.498653  1226 consensus_queue.cc:260] T 3b4f92aa70374c0597621c92e26b65f0 P a9d145363e2e4e99b619f81cb5464442 [NON_LEADER]: Queue going to NON_LEADER mode. State: All replicated index: 0, Majority replicated index: 0, Committed index: 0, Last appended: 0.0, Last appended by leader: 0, Current term: 0, Majority size: -1, State: 0, Mode: NON_LEADER, active raft config: opid_index: -1 OBSOLETE_local: false peers { permanent_uuid: "a9d145363e2e4e99b619f81cb5464442" member_type: VOTER last_known_addr { host: "127.28.87.1" port: 45645 } } peers { permanent_uuid: "ede1d0156fc84aadb153461e91ca3c2a" member_type: VOTER last_known_addr { host: "127.28.87.2" port: 36997 } } peers { permanent_uuid: "f08ca4bd6e994d8383cad91838889d9c" member_type: VOTER last_known_addr { host: "127.28.87.3" port: 44777 } }
I20260608 13:02:17.501289  1226 ts_tablet_manager.cc:1434] T 3b4f92aa70374c0597621c92e26b65f0 P a9d145363e2e4e99b619f81cb5464442: Time spent starting tablet: real 0.010s	user 0.004s	sys 0.004s
I20260608 13:02:17.481768  1106 raft_consensus.cc:2468] T 8cb9cff062cb4249b25709949741e08c P ede1d0156fc84aadb153461e91ca3c2a [term 1 FOLLOWER]: Leader election vote request: Granting yes vote for candidate a9d145363e2e4e99b619f81cb5464442 in term 1.
I20260608 13:02:17.486783  1227 ts_tablet_manager.cc:1434] T 87cb3370ebb748db817cdffc09ba5fce P ede1d0156fc84aadb153461e91ca3c2a: Time spent starting tablet: real 0.053s	user 0.009s	sys 0.000s
I20260608 13:02:17.487911  1228 tablet_bootstrap.cc:492] T 2f1abb5bab064df4a4d5e2f4b65eb132 P f08ca4bd6e994d8383cad91838889d9c: No bootstrap required, opened a new log
I20260608 13:02:17.490621  1180 tablet_service.cc:1917] Received RequestConsensusVote() RPC: tablet_id: "3b4f92aa70374c0597621c92e26b65f0" candidate_uuid: "ede1d0156fc84aadb153461e91ca3c2a" candidate_term: 1 candidate_status { last_received { term: 0 index: 0 } } ignore_live_leader: false dest_uuid: "f08ca4bd6e994d8383cad91838889d9c" is_pre_election: true
I20260608 13:02:17.487443  1105 tablet_service.cc:1917] Received RequestConsensusVote() RPC: tablet_id: "87cb3370ebb748db817cdffc09ba5fce" candidate_uuid: "f08ca4bd6e994d8383cad91838889d9c" candidate_term: 1 candidate_status { last_received { term: 0 index: 0 } } ignore_live_leader: false dest_uuid: "ede1d0156fc84aadb153461e91ca3c2a"
I20260608 13:02:17.502758  1228 ts_tablet_manager.cc:1403] T 2f1abb5bab064df4a4d5e2f4b65eb132 P f08ca4bd6e994d8383cad91838889d9c: Time spent bootstrapping tablet: real 0.124s	user 0.014s	sys 0.018s
I20260608 13:02:17.494736  1238 raft_consensus.cc:2749] T 81e4d59f296c42ef93bdb0bd7722aeac P ede1d0156fc84aadb153461e91ca3c2a [term 0 FOLLOWER]: Leader pre-election lost for term 1. Reason: could not achieve majority
I20260608 13:02:17.502868  1105 raft_consensus.cc:3060] T 87cb3370ebb748db817cdffc09ba5fce P ede1d0156fc84aadb153461e91ca3c2a [term 0 FOLLOWER]: Advancing to term 1
I20260608 13:02:17.504016  1226 tablet_bootstrap.cc:492] T dba1a56a84504b68bca96a48da14dd92 P a9d145363e2e4e99b619f81cb5464442: Bootstrap starting.
W20260608 13:02:17.504033  1073 leader_election.cc:343] T 3b4f92aa70374c0597621c92e26b65f0 P ede1d0156fc84aadb153461e91ca3c2a [CANDIDATE]: Term 1 pre-election: Tablet error from VoteRequest() call to peer f08ca4bd6e994d8383cad91838889d9c (127.28.87.3:44777): Illegal state: must be running to vote when last-logged opid is not known
I20260608 13:02:17.504751  1073 leader_election.cc:304] T 3b4f92aa70374c0597621c92e26b65f0 P ede1d0156fc84aadb153461e91ca3c2a [CANDIDATE]: Term 1 pre-election: Election decided. Result: candidate lost. Election summary: received 3 responses out of 3 voters: 1 yes votes; 2 no votes. yes voters: ede1d0156fc84aadb153461e91ca3c2a; no voters: a9d145363e2e4e99b619f81cb5464442, f08ca4bd6e994d8383cad91838889d9c
I20260608 13:02:17.505983  1238 raft_consensus.cc:2749] T 3b4f92aa70374c0597621c92e26b65f0 P ede1d0156fc84aadb153461e91ca3c2a [term 0 FOLLOWER]: Leader pre-election lost for term 1. Reason: could not achieve majority
I20260608 13:02:17.506202  1228 raft_consensus.cc:359] T 2f1abb5bab064df4a4d5e2f4b65eb132 P f08ca4bd6e994d8383cad91838889d9c [term 0 FOLLOWER]: Replica starting. Triggering 0 pending ops. Active config: opid_index: -1 OBSOLETE_local: false peers { permanent_uuid: "a9d145363e2e4e99b619f81cb5464442" member_type: VOTER last_known_addr { host: "127.28.87.1" port: 45645 } } peers { permanent_uuid: "ede1d0156fc84aadb153461e91ca3c2a" member_type: VOTER last_known_addr { host: "127.28.87.2" port: 36997 } } peers { permanent_uuid: "f08ca4bd6e994d8383cad91838889d9c" member_type: VOTER last_known_addr { host: "127.28.87.3" port: 44777 } }
I20260608 13:02:17.506940  1228 raft_consensus.cc:385] T 2f1abb5bab064df4a4d5e2f4b65eb132 P f08ca4bd6e994d8383cad91838889d9c [term 0 FOLLOWER]: Consensus starting up: Expiring failure detector timer to make a prompt election more likely
I20260608 13:02:17.507146  1228 raft_consensus.cc:740] T 2f1abb5bab064df4a4d5e2f4b65eb132 P f08ca4bd6e994d8383cad91838889d9c [term 0 FOLLOWER]: Becoming Follower/Learner. State: Replica: f08ca4bd6e994d8383cad91838889d9c, State: Initialized, Role: FOLLOWER
I20260608 13:02:17.507841  1228 consensus_queue.cc:260] T 2f1abb5bab064df4a4d5e2f4b65eb132 P f08ca4bd6e994d8383cad91838889d9c [NON_LEADER]: Queue going to NON_LEADER mode. State: All replicated index: 0, Majority replicated index: 0, Committed index: 0, Last appended: 0.0, Last appended by leader: 0, Current term: 0, Majority size: -1, State: 0, Mode: NON_LEADER, active raft config: opid_index: -1 OBSOLETE_local: false peers { permanent_uuid: "a9d145363e2e4e99b619f81cb5464442" member_type: VOTER last_known_addr { host: "127.28.87.1" port: 45645 } } peers { permanent_uuid: "ede1d0156fc84aadb153461e91ca3c2a" member_type: VOTER last_known_addr { host: "127.28.87.2" port: 36997 } } peers { permanent_uuid: "f08ca4bd6e994d8383cad91838889d9c" member_type: VOTER last_known_addr { host: "127.28.87.3" port: 44777 } }
I20260608 13:02:17.510077  1228 ts_tablet_manager.cc:1434] T 2f1abb5bab064df4a4d5e2f4b65eb132 P f08ca4bd6e994d8383cad91838889d9c: Time spent starting tablet: real 0.007s	user 0.007s	sys 0.000s
I20260608 13:02:17.510737  1227 tablet_bootstrap.cc:492] T 973a704f626e44af8108c0c7de3f2724 P ede1d0156fc84aadb153461e91ca3c2a: Bootstrap starting.
I20260608 13:02:17.511289  1228 tablet_bootstrap.cc:492] T 81e4d59f296c42ef93bdb0bd7722aeac P f08ca4bd6e994d8383cad91838889d9c: Bootstrap starting.
I20260608 13:02:17.511467  1105 raft_consensus.cc:2468] T 87cb3370ebb748db817cdffc09ba5fce P ede1d0156fc84aadb153461e91ca3c2a [term 1 FOLLOWER]: Leader election vote request: Granting yes vote for candidate f08ca4bd6e994d8383cad91838889d9c in term 1.
I20260608 13:02:17.511996  1226 tablet_bootstrap.cc:654] T dba1a56a84504b68bca96a48da14dd92 P a9d145363e2e4e99b619f81cb5464442: Neither blocks nor log segments found. Creating new log.
I20260608 13:02:17.518544  1228 tablet_bootstrap.cc:654] T 81e4d59f296c42ef93bdb0bd7722aeac P f08ca4bd6e994d8383cad91838889d9c: Neither blocks nor log segments found. Creating new log.
I20260608 13:02:17.518544  1227 tablet_bootstrap.cc:654] T 973a704f626e44af8108c0c7de3f2724 P ede1d0156fc84aadb153461e91ca3c2a: Neither blocks nor log segments found. Creating new log.
I20260608 13:02:17.523933  1032 raft_consensus.cc:2468] T 87cb3370ebb748db817cdffc09ba5fce P a9d145363e2e4e99b619f81cb5464442 [term 1 FOLLOWER]: Leader election vote request: Granting yes vote for candidate f08ca4bd6e994d8383cad91838889d9c in term 1.
I20260608 13:02:17.525473  1146 leader_election.cc:304] T 87cb3370ebb748db817cdffc09ba5fce P f08ca4bd6e994d8383cad91838889d9c [CANDIDATE]: Term 1 election: Election decided. Result: candidate won. Election summary: received 2 responses out of 3 voters: 2 yes votes; 0 no votes. yes voters: a9d145363e2e4e99b619f81cb5464442, f08ca4bd6e994d8383cad91838889d9c; no voters: 
I20260608 13:02:17.524665  1226 tablet_bootstrap.cc:492] T dba1a56a84504b68bca96a48da14dd92 P a9d145363e2e4e99b619f81cb5464442: No bootstrap required, opened a new log
I20260608 13:02:17.526741  1226 ts_tablet_manager.cc:1403] T dba1a56a84504b68bca96a48da14dd92 P a9d145363e2e4e99b619f81cb5464442: Time spent bootstrapping tablet: real 0.025s	user 0.012s	sys 0.008s
I20260608 13:02:17.526562  1259 raft_consensus.cc:2804] T 87cb3370ebb748db817cdffc09ba5fce P f08ca4bd6e994d8383cad91838889d9c [term 1 FOLLOWER]: Leader election won for term 1
I20260608 13:02:17.527354   928 catalog_manager.cc:5696] T 8cb9cff062cb4249b25709949741e08c P a9d145363e2e4e99b619f81cb5464442 reported cstate change: term changed from 0 to 1, leader changed from <none> to a9d145363e2e4e99b619f81cb5464442 (127.28.87.1). New cstate: current_term: 1 leader_uuid: "a9d145363e2e4e99b619f81cb5464442" committed_config { opid_index: -1 OBSOLETE_local: false peers { permanent_uuid: "a9d145363e2e4e99b619f81cb5464442" member_type: VOTER last_known_addr { host: "127.28.87.1" port: 45645 } health_report { overall_health: HEALTHY } } peers { permanent_uuid: "ede1d0156fc84aadb153461e91ca3c2a" member_type: VOTER last_known_addr { host: "127.28.87.2" port: 36997 } health_report { overall_health: UNKNOWN } } peers { permanent_uuid: "f08ca4bd6e994d8383cad91838889d9c" member_type: VOTER last_known_addr { host: "127.28.87.3" port: 44777 } health_report { overall_health: UNKNOWN } } }
I20260608 13:02:17.498561  1232 consensus_queue.cc:237] T dba1a56a84504b68bca96a48da14dd92 P f08ca4bd6e994d8383cad91838889d9c [LEADER]: Queue going to LEADER mode. State: All replicated index: 0, Majority replicated index: 0, Committed index: 0, Last appended: 0.0, Last appended by leader: 0, Current term: 1, Majority size: 2, State: 0, Mode: LEADER, active raft config: opid_index: -1 OBSOLETE_local: false peers { permanent_uuid: "a9d145363e2e4e99b619f81cb5464442" member_type: VOTER last_known_addr { host: "127.28.87.1" port: 45645 } } peers { permanent_uuid: "ede1d0156fc84aadb153461e91ca3c2a" member_type: VOTER last_known_addr { host: "127.28.87.2" port: 36997 } } peers { permanent_uuid: "f08ca4bd6e994d8383cad91838889d9c" member_type: VOTER last_known_addr { host: "127.28.87.3" port: 44777 } }
I20260608 13:02:17.486009  1252 raft_consensus.cc:3060] T 1ba7f6da95c14ea4ab314c87174a630a P a9d145363e2e4e99b619f81cb5464442 [term 0 FOLLOWER]: Advancing to term 1
I20260608 13:02:17.533468  1228 tablet_bootstrap.cc:492] T 81e4d59f296c42ef93bdb0bd7722aeac P f08ca4bd6e994d8383cad91838889d9c: No bootstrap required, opened a new log
I20260608 13:02:17.533949  1227 tablet_bootstrap.cc:492] T 973a704f626e44af8108c0c7de3f2724 P ede1d0156fc84aadb153461e91ca3c2a: No bootstrap required, opened a new log
I20260608 13:02:17.534081  1228 ts_tablet_manager.cc:1403] T 81e4d59f296c42ef93bdb0bd7722aeac P f08ca4bd6e994d8383cad91838889d9c: Time spent bootstrapping tablet: real 0.023s	user 0.016s	sys 0.005s
I20260608 13:02:17.534492  1227 ts_tablet_manager.cc:1403] T 973a704f626e44af8108c0c7de3f2724 P ede1d0156fc84aadb153461e91ca3c2a: Time spent bootstrapping tablet: real 0.024s	user 0.017s	sys 0.002s
I20260608 13:02:17.537482  1228 raft_consensus.cc:359] T 81e4d59f296c42ef93bdb0bd7722aeac P f08ca4bd6e994d8383cad91838889d9c [term 0 FOLLOWER]: Replica starting. Triggering 0 pending ops. Active config: opid_index: -1 OBSOLETE_local: false peers { permanent_uuid: "a9d145363e2e4e99b619f81cb5464442" member_type: VOTER last_known_addr { host: "127.28.87.1" port: 45645 } } peers { permanent_uuid: "ede1d0156fc84aadb153461e91ca3c2a" member_type: VOTER last_known_addr { host: "127.28.87.2" port: 36997 } } peers { permanent_uuid: "f08ca4bd6e994d8383cad91838889d9c" member_type: VOTER last_known_addr { host: "127.28.87.3" port: 44777 } }
I20260608 13:02:17.537721  1227 raft_consensus.cc:359] T 973a704f626e44af8108c0c7de3f2724 P ede1d0156fc84aadb153461e91ca3c2a [term 0 FOLLOWER]: Replica starting. Triggering 0 pending ops. Active config: opid_index: -1 OBSOLETE_local: false peers { permanent_uuid: "a9d145363e2e4e99b619f81cb5464442" member_type: VOTER last_known_addr { host: "127.28.87.1" port: 45645 } } peers { permanent_uuid: "ede1d0156fc84aadb153461e91ca3c2a" member_type: VOTER last_known_addr { host: "127.28.87.2" port: 36997 } } peers { permanent_uuid: "f08ca4bd6e994d8383cad91838889d9c" member_type: VOTER last_known_addr { host: "127.28.87.3" port: 44777 } }
I20260608 13:02:17.538269  1228 raft_consensus.cc:385] T 81e4d59f296c42ef93bdb0bd7722aeac P f08ca4bd6e994d8383cad91838889d9c [term 0 FOLLOWER]: Consensus starting up: Expiring failure detector timer to make a prompt election more likely
I20260608 13:02:17.538424  1227 raft_consensus.cc:385] T 973a704f626e44af8108c0c7de3f2724 P ede1d0156fc84aadb153461e91ca3c2a [term 0 FOLLOWER]: Consensus starting up: Expiring failure detector timer to make a prompt election more likely
I20260608 13:02:17.538909  1228 raft_consensus.cc:740] T 81e4d59f296c42ef93bdb0bd7722aeac P f08ca4bd6e994d8383cad91838889d9c [term 0 FOLLOWER]: Becoming Follower/Learner. State: Replica: f08ca4bd6e994d8383cad91838889d9c, State: Initialized, Role: FOLLOWER
I20260608 13:02:17.536514  1226 raft_consensus.cc:359] T dba1a56a84504b68bca96a48da14dd92 P a9d145363e2e4e99b619f81cb5464442 [term 0 FOLLOWER]: Replica starting. Triggering 0 pending ops. Active config: opid_index: -1 OBSOLETE_local: false peers { permanent_uuid: "a9d145363e2e4e99b619f81cb5464442" member_type: VOTER last_known_addr { host: "127.28.87.1" port: 45645 } } peers { permanent_uuid: "ede1d0156fc84aadb153461e91ca3c2a" member_type: VOTER last_known_addr { host: "127.28.87.2" port: 36997 } } peers { permanent_uuid: "f08ca4bd6e994d8383cad91838889d9c" member_type: VOTER last_known_addr { host: "127.28.87.3" port: 44777 } }
I20260608 13:02:17.539103  1227 raft_consensus.cc:740] T 973a704f626e44af8108c0c7de3f2724 P ede1d0156fc84aadb153461e91ca3c2a [term 0 FOLLOWER]: Becoming Follower/Learner. State: Replica: ede1d0156fc84aadb153461e91ca3c2a, State: Initialized, Role: FOLLOWER
I20260608 13:02:17.540452  1228 consensus_queue.cc:260] T 81e4d59f296c42ef93bdb0bd7722aeac P f08ca4bd6e994d8383cad91838889d9c [NON_LEADER]: Queue going to NON_LEADER mode. State: All replicated index: 0, Majority replicated index: 0, Committed index: 0, Last appended: 0.0, Last appended by leader: 0, Current term: 0, Majority size: -1, State: 0, Mode: NON_LEADER, active raft config: opid_index: -1 OBSOLETE_local: false peers { permanent_uuid: "a9d145363e2e4e99b619f81cb5464442" member_type: VOTER last_known_addr { host: "127.28.87.1" port: 45645 } } peers { permanent_uuid: "ede1d0156fc84aadb153461e91ca3c2a" member_type: VOTER last_known_addr { host: "127.28.87.2" port: 36997 } } peers { permanent_uuid: "f08ca4bd6e994d8383cad91838889d9c" member_type: VOTER last_known_addr { host: "127.28.87.3" port: 44777 } }
I20260608 13:02:17.541167  1227 consensus_queue.cc:260] T 973a704f626e44af8108c0c7de3f2724 P ede1d0156fc84aadb153461e91ca3c2a [NON_LEADER]: Queue going to NON_LEADER mode. State: All replicated index: 0, Majority replicated index: 0, Committed index: 0, Last appended: 0.0, Last appended by leader: 0, Current term: 0, Majority size: -1, State: 0, Mode: NON_LEADER, active raft config: opid_index: -1 OBSOLETE_local: false peers { permanent_uuid: "a9d145363e2e4e99b619f81cb5464442" member_type: VOTER last_known_addr { host: "127.28.87.1" port: 45645 } } peers { permanent_uuid: "ede1d0156fc84aadb153461e91ca3c2a" member_type: VOTER last_known_addr { host: "127.28.87.2" port: 36997 } } peers { permanent_uuid: "f08ca4bd6e994d8383cad91838889d9c" member_type: VOTER last_known_addr { host: "127.28.87.3" port: 44777 } }
I20260608 13:02:17.543776  1228 ts_tablet_manager.cc:1434] T 81e4d59f296c42ef93bdb0bd7722aeac P f08ca4bd6e994d8383cad91838889d9c: Time spent starting tablet: real 0.009s	user 0.006s	sys 0.000s
I20260608 13:02:17.542456  1226 raft_consensus.cc:385] T dba1a56a84504b68bca96a48da14dd92 P a9d145363e2e4e99b619f81cb5464442 [term 0 FOLLOWER]: Consensus starting up: Expiring failure detector timer to make a prompt election more likely
I20260608 13:02:17.545388  1226 raft_consensus.cc:740] T dba1a56a84504b68bca96a48da14dd92 P a9d145363e2e4e99b619f81cb5464442 [term 0 FOLLOWER]: Becoming Follower/Learner. State: Replica: a9d145363e2e4e99b619f81cb5464442, State: Initialized, Role: FOLLOWER
I20260608 13:02:17.546424  1233 raft_consensus.cc:493] T 9839480946094ee2b94afcfd46d90117 P f08ca4bd6e994d8383cad91838889d9c [term 0 FOLLOWER]: Starting pre-election (no leader contacted us within the election timeout)
I20260608 13:02:17.546918  1233 raft_consensus.cc:515] T 9839480946094ee2b94afcfd46d90117 P f08ca4bd6e994d8383cad91838889d9c [term 0 FOLLOWER]: Starting pre-election with config: opid_index: -1 OBSOLETE_local: false peers { permanent_uuid: "a9d145363e2e4e99b619f81cb5464442" member_type: VOTER last_known_addr { host: "127.28.87.1" port: 45645 } } peers { permanent_uuid: "ede1d0156fc84aadb153461e91ca3c2a" member_type: VOTER last_known_addr { host: "127.28.87.2" port: 36997 } } peers { permanent_uuid: "f08ca4bd6e994d8383cad91838889d9c" member_type: VOTER last_known_addr { host: "127.28.87.3" port: 44777 } }
I20260608 13:02:17.548918  1227 ts_tablet_manager.cc:1434] T 973a704f626e44af8108c0c7de3f2724 P ede1d0156fc84aadb153461e91ca3c2a: Time spent starting tablet: real 0.014s	user 0.007s	sys 0.000s
I20260608 13:02:17.550426  1228 tablet_bootstrap.cc:492] T 1ba7f6da95c14ea4ab314c87174a630a P f08ca4bd6e994d8383cad91838889d9c: Bootstrap starting.
I20260608 13:02:17.551029  1227 tablet_bootstrap.cc:492] T 9839480946094ee2b94afcfd46d90117 P ede1d0156fc84aadb153461e91ca3c2a: Bootstrap starting.
I20260608 13:02:17.550833  1032 tablet_service.cc:1917] Received RequestConsensusVote() RPC: tablet_id: "9839480946094ee2b94afcfd46d90117" candidate_uuid: "f08ca4bd6e994d8383cad91838889d9c" candidate_term: 1 candidate_status { last_received { term: 0 index: 0 } } ignore_live_leader: false dest_uuid: "a9d145363e2e4e99b619f81cb5464442" is_pre_election: true
I20260608 13:02:17.552791  1233 leader_election.cc:290] T 9839480946094ee2b94afcfd46d90117 P f08ca4bd6e994d8383cad91838889d9c [CANDIDATE]: Term 1 pre-election: Requested pre-vote from peers a9d145363e2e4e99b619f81cb5464442 (127.28.87.1:45645), ede1d0156fc84aadb153461e91ca3c2a (127.28.87.2:36997)
I20260608 13:02:17.548234   929 catalog_manager.cc:5696] T dba1a56a84504b68bca96a48da14dd92 P f08ca4bd6e994d8383cad91838889d9c reported cstate change: term changed from 0 to 1, leader changed from <none> to f08ca4bd6e994d8383cad91838889d9c (127.28.87.3). New cstate: current_term: 1 leader_uuid: "f08ca4bd6e994d8383cad91838889d9c" committed_config { opid_index: -1 OBSOLETE_local: false peers { permanent_uuid: "a9d145363e2e4e99b619f81cb5464442" member_type: VOTER last_known_addr { host: "127.28.87.1" port: 45645 } health_report { overall_health: UNKNOWN } } peers { permanent_uuid: "ede1d0156fc84aadb153461e91ca3c2a" member_type: VOTER last_known_addr { host: "127.28.87.2" port: 36997 } health_report { overall_health: UNKNOWN } } peers { permanent_uuid: "f08ca4bd6e994d8383cad91838889d9c" member_type: VOTER last_known_addr { host: "127.28.87.3" port: 44777 } health_report { overall_health: HEALTHY } } }
I20260608 13:02:17.546180  1226 consensus_queue.cc:260] T dba1a56a84504b68bca96a48da14dd92 P a9d145363e2e4e99b619f81cb5464442 [NON_LEADER]: Queue going to NON_LEADER mode. State: All replicated index: 0, Majority replicated index: 0, Committed index: 0, Last appended: 0.0, Last appended by leader: 0, Current term: 0, Majority size: -1, State: 0, Mode: NON_LEADER, active raft config: opid_index: -1 OBSOLETE_local: false peers { permanent_uuid: "a9d145363e2e4e99b619f81cb5464442" member_type: VOTER last_known_addr { host: "127.28.87.1" port: 45645 } } peers { permanent_uuid: "ede1d0156fc84aadb153461e91ca3c2a" member_type: VOTER last_known_addr { host: "127.28.87.2" port: 36997 } } peers { permanent_uuid: "f08ca4bd6e994d8383cad91838889d9c" member_type: VOTER last_known_addr { host: "127.28.87.3" port: 44777 } }
W20260608 13:02:17.556875  1146 leader_election.cc:343] T 9839480946094ee2b94afcfd46d90117 P f08ca4bd6e994d8383cad91838889d9c [CANDIDATE]: Term 1 pre-election: Tablet error from VoteRequest() call to peer a9d145363e2e4e99b619f81cb5464442 (127.28.87.1:45645): Illegal state: must be running to vote when last-logged opid is not known
I20260608 13:02:17.557468  1228 tablet_bootstrap.cc:654] T 1ba7f6da95c14ea4ab314c87174a630a P f08ca4bd6e994d8383cad91838889d9c: Neither blocks nor log segments found. Creating new log.
I20260608 13:02:17.558880  1105 tablet_service.cc:1917] Received RequestConsensusVote() RPC: tablet_id: "9839480946094ee2b94afcfd46d90117" candidate_uuid: "f08ca4bd6e994d8383cad91838889d9c" candidate_term: 1 candidate_status { last_received { term: 0 index: 0 } } ignore_live_leader: false dest_uuid: "ede1d0156fc84aadb153461e91ca3c2a" is_pre_election: true
I20260608 13:02:17.560001  1259 raft_consensus.cc:697] T 87cb3370ebb748db817cdffc09ba5fce P f08ca4bd6e994d8383cad91838889d9c [term 1 LEADER]: Becoming Leader. State: Replica: f08ca4bd6e994d8383cad91838889d9c, State: Running, Role: LEADER
I20260608 13:02:17.560866  1227 tablet_bootstrap.cc:654] T 9839480946094ee2b94afcfd46d90117 P ede1d0156fc84aadb153461e91ca3c2a: Neither blocks nor log segments found. Creating new log.
