I20260608 13:01:48.599529 32733 raft_consensus.cc:2955] T 9e2c64d89fd2472191f567954ea390ca P 3c543c678ec2479a9764dcb0f3c706a6 [term 1 FOLLOWER]: Committing config change with OpId 1.4: config changed from index 3 to 4, VOTER 5e384587d3724e488594588e8084c818 (127.28.187.2) evicted. New config: { opid_index: 4 OBSOLETE_local: false peers { permanent_uuid: "ccaabfa96a6248b2b8f215495512406d" member_type: VOTER last_known_addr { host: "127.28.187.3" port: 40431 } } peers { permanent_uuid: "b9bc7bcd926a4c3a8c2b460e0a212ef7" member_type: VOTER last_known_addr { host: "127.28.187.1" port: 42395 } } peers { permanent_uuid: "3c543c678ec2479a9764dcb0f3c706a6" member_type: VOTER last_known_addr { host: "127.28.187.4" port: 42327 } attrs { promote: false } } }
I20260608 13:01:48.600728 32573 raft_consensus.cc:2955] T 9e2c64d89fd2472191f567954ea390ca P ccaabfa96a6248b2b8f215495512406d [term 1 FOLLOWER]: Committing config change with OpId 1.4: config changed from index 3 to 4, VOTER 5e384587d3724e488594588e8084c818 (127.28.187.2) evicted. New config: { opid_index: 4 OBSOLETE_local: false peers { permanent_uuid: "ccaabfa96a6248b2b8f215495512406d" member_type: VOTER last_known_addr { host: "127.28.187.3" port: 40431 } } peers { permanent_uuid: "b9bc7bcd926a4c3a8c2b460e0a212ef7" member_type: VOTER last_known_addr { host: "127.28.187.1" port: 42395 } } peers { permanent_uuid: "3c543c678ec2479a9764dcb0f3c706a6" member_type: VOTER last_known_addr { host: "127.28.187.4" port: 42327 } attrs { promote: false } } }
I20260608 13:01:48.604801 32736 raft_consensus.cc:2955] T 72af20d234474089acf5b3ec4581be31 P 3c543c678ec2479a9764dcb0f3c706a6 [term 1 FOLLOWER]: Committing config change with OpId 1.3: config changed from index 2 to 3, 5e384587d3724e488594588e8084c818 (127.28.187.2) changed from NON_VOTER to VOTER. New config: { opid_index: 3 OBSOLETE_local: false peers { permanent_uuid: "b9bc7bcd926a4c3a8c2b460e0a212ef7" member_type: VOTER last_known_addr { host: "127.28.187.1" port: 42395 } } peers { permanent_uuid: "ccaabfa96a6248b2b8f215495512406d" member_type: VOTER last_known_addr { host: "127.28.187.3" port: 40431 } } peers { permanent_uuid: "3c543c678ec2479a9764dcb0f3c706a6" member_type: VOTER last_known_addr { host: "127.28.187.4" port: 42327 } attrs { replace: true } } peers { permanent_uuid: "5e384587d3724e488594588e8084c818" member_type: VOTER last_known_addr { host: "127.28.187.2" port: 40743 } attrs { promote: false } } }
I20260608 13:01:48.606542 32321 catalog_manager.cc:5696] T 6ef8673664ec4549b3bc31fb5a3bfece P b9bc7bcd926a4c3a8c2b460e0a212ef7 reported cstate change: config changed from index 3 to 4, ccaabfa96a6248b2b8f215495512406d (127.28.187.3) changed from NON_VOTER to VOTER. New cstate: current_term: 2 leader_uuid: "5e384587d3724e488594588e8084c818" committed_config { opid_index: 4 OBSOLETE_local: false peers { permanent_uuid: "3c543c678ec2479a9764dcb0f3c706a6" member_type: VOTER last_known_addr { host: "127.28.187.4" port: 42327 } attrs { replace: true } } peers { permanent_uuid: "5e384587d3724e488594588e8084c818" member_type: VOTER last_known_addr { host: "127.28.187.2" port: 40743 } } peers { permanent_uuid: "b9bc7bcd926a4c3a8c2b460e0a212ef7" member_type: VOTER last_known_addr { host: "127.28.187.1" port: 42395 } } peers { permanent_uuid: "ccaabfa96a6248b2b8f215495512406d" member_type: VOTER last_known_addr { host: "127.28.187.3" port: 40431 } attrs { promote: false } } }
I20260608 13:01:48.618142 32734 raft_consensus.cc:2955] T 6ef8673664ec4549b3bc31fb5a3bfece P 3c543c678ec2479a9764dcb0f3c706a6 [term 2 FOLLOWER]: Committing config change with OpId 2.4: config changed from index 3 to 4, ccaabfa96a6248b2b8f215495512406d (127.28.187.3) changed from NON_VOTER to VOTER. New config: { opid_index: 4 OBSOLETE_local: false peers { permanent_uuid: "3c543c678ec2479a9764dcb0f3c706a6" member_type: VOTER last_known_addr { host: "127.28.187.4" port: 42327 } attrs { replace: true } } peers { permanent_uuid: "5e384587d3724e488594588e8084c818" member_type: VOTER last_known_addr { host: "127.28.187.2" port: 40743 } } peers { permanent_uuid: "b9bc7bcd926a4c3a8c2b460e0a212ef7" member_type: VOTER last_known_addr { host: "127.28.187.1" port: 42395 } } peers { permanent_uuid: "ccaabfa96a6248b2b8f215495512406d" member_type: VOTER last_known_addr { host: "127.28.187.3" port: 40431 } attrs { promote: false } } }
I20260608 13:01:48.590602   523 raft_consensus.cc:2955] T 9e2c64d89fd2472191f567954ea390ca P b9bc7bcd926a4c3a8c2b460e0a212ef7 [term 1 LEADER]: Committing config change with OpId 1.4: config changed from index 3 to 4, VOTER 5e384587d3724e488594588e8084c818 (127.28.187.2) evicted. New config: { opid_index: 4 OBSOLETE_local: false peers { permanent_uuid: "ccaabfa96a6248b2b8f215495512406d" member_type: VOTER last_known_addr { host: "127.28.187.3" port: 40431 } } peers { permanent_uuid: "b9bc7bcd926a4c3a8c2b460e0a212ef7" member_type: VOTER last_known_addr { host: "127.28.187.1" port: 42395 } } peers { permanent_uuid: "3c543c678ec2479a9764dcb0f3c706a6" member_type: VOTER last_known_addr { host: "127.28.187.4" port: 42327 } attrs { promote: false } } }
I20260608 13:01:48.630327 32319 catalog_manager.cc:5696] T 9e2c64d89fd2472191f567954ea390ca P 3c543c678ec2479a9764dcb0f3c706a6 reported cstate change: config changed from index 3 to 4, VOTER 5e384587d3724e488594588e8084c818 (127.28.187.2) evicted. New cstate: current_term: 1 leader_uuid: "b9bc7bcd926a4c3a8c2b460e0a212ef7" committed_config { opid_index: 4 OBSOLETE_local: false peers { permanent_uuid: "ccaabfa96a6248b2b8f215495512406d" member_type: VOTER last_known_addr { host: "127.28.187.3" port: 40431 } } peers { permanent_uuid: "b9bc7bcd926a4c3a8c2b460e0a212ef7" member_type: VOTER last_known_addr { host: "127.28.187.1" port: 42395 } } peers { permanent_uuid: "3c543c678ec2479a9764dcb0f3c706a6" member_type: VOTER last_known_addr { host: "127.28.187.4" port: 42327 } attrs { promote: false } } }
I20260608 13:01:48.637010 32308 catalog_manager.cc:5209] ChangeConfig:REMOVE_PEER RPC for tablet 9e2c64d89fd2472191f567954ea390ca with cas_config_opid_index 3: ChangeConfig:REMOVE_PEER succeeded (attempt 1)
I20260608 13:01:48.649525 32487 tablet_service.cc:1558] Processing DeleteTablet for tablet 9e2c64d89fd2472191f567954ea390ca with delete_type TABLET_DATA_TOMBSTONED (TS 5e384587d3724e488594588e8084c818 not found in new config with opid_index 4) from {username='slave'} at 127.0.0.1:36560
I20260608 13:01:48.648058 32321 catalog_manager.cc:5696] T 72af20d234474089acf5b3ec4581be31 P ccaabfa96a6248b2b8f215495512406d reported cstate change: config changed from index 2 to 3, 5e384587d3724e488594588e8084c818 (127.28.187.2) changed from NON_VOTER to VOTER. New cstate: current_term: 1 leader_uuid: "ccaabfa96a6248b2b8f215495512406d" committed_config { opid_index: 3 OBSOLETE_local: false peers { permanent_uuid: "b9bc7bcd926a4c3a8c2b460e0a212ef7" member_type: VOTER last_known_addr { host: "127.28.187.1" port: 42395 } health_report { overall_health: HEALTHY } } peers { permanent_uuid: "ccaabfa96a6248b2b8f215495512406d" member_type: VOTER last_known_addr { host: "127.28.187.3" port: 40431 } health_report { overall_health: HEALTHY } } peers { permanent_uuid: "3c543c678ec2479a9764dcb0f3c706a6" member_type: VOTER last_known_addr { host: "127.28.187.4" port: 42327 } attrs { replace: true } health_report { overall_health: HEALTHY } } peers { permanent_uuid: "5e384587d3724e488594588e8084c818" member_type: VOTER last_known_addr { host: "127.28.187.2" port: 40743 } attrs { promote: false } health_report { overall_health: HEALTHY } } }
I20260608 13:01:48.660368 32496 consensus_queue.cc:237] T 6ef8673664ec4549b3bc31fb5a3bfece P 5e384587d3724e488594588e8084c818 [LEADER]: Queue going to LEADER mode. State: All replicated index: 0, Majority replicated index: 4, Committed index: 4, Last appended: 2.4, Last appended by leader: 1, Current term: 2, Majority size: 2, State: 0, Mode: LEADER, active raft config: opid_index: 5 OBSOLETE_local: false peers { permanent_uuid: "5e384587d3724e488594588e8084c818" member_type: VOTER last_known_addr { host: "127.28.187.2" port: 40743 } } peers { permanent_uuid: "b9bc7bcd926a4c3a8c2b460e0a212ef7" member_type: VOTER last_known_addr { host: "127.28.187.1" port: 42395 } } peers { permanent_uuid: "ccaabfa96a6248b2b8f215495512406d" member_type: VOTER last_known_addr { host: "127.28.187.3" port: 40431 } attrs { promote: false } }
I20260608 13:01:48.667533 32573 raft_consensus.cc:1275] T 6ef8673664ec4549b3bc31fb5a3bfece P ccaabfa96a6248b2b8f215495512406d [term 2 FOLLOWER]: Refusing update from remote peer 5e384587d3724e488594588e8084c818: Log matching property violated. Preceding OpId in replica: term: 2 index: 4. Preceding OpId from leader: term: 2 index: 5. (index mismatch)
I20260608 13:01:48.669234   540 consensus_queue.cc:1048] T 6ef8673664ec4549b3bc31fb5a3bfece P 5e384587d3724e488594588e8084c818 [LEADER]: Connected to new peer: Peer: permanent_uuid: "ccaabfa96a6248b2b8f215495512406d" member_type: VOTER last_known_addr { host: "127.28.187.3" port: 40431 } attrs { promote: false }, Status: LMP_MISMATCH, Last received: 0.0, Next index: 5, Last known committed idx: 4, Time since last communication: 0.000s
I20260608 13:01:48.671206 32424 raft_consensus.cc:1275] T 6ef8673664ec4549b3bc31fb5a3bfece P b9bc7bcd926a4c3a8c2b460e0a212ef7 [term 2 FOLLOWER]: Refusing update from remote peer 5e384587d3724e488594588e8084c818: Log matching property violated. Preceding OpId in replica: term: 2 index: 4. Preceding OpId from leader: term: 2 index: 5. (index mismatch)
I20260608 13:01:48.673427   525 consensus_queue.cc:1048] T 6ef8673664ec4549b3bc31fb5a3bfece P 5e384587d3724e488594588e8084c818 [LEADER]: Connected to new peer: Peer: permanent_uuid: "b9bc7bcd926a4c3a8c2b460e0a212ef7" member_type: VOTER last_known_addr { host: "127.28.187.1" port: 42395 }, Status: LMP_MISMATCH, Last received: 0.0, Next index: 5, Last known committed idx: 4, Time since last communication: 0.001s
I20260608 13:01:48.678694 32573 consensus_queue.cc:237] T 72af20d234474089acf5b3ec4581be31 P ccaabfa96a6248b2b8f215495512406d [LEADER]: Queue going to LEADER mode. State: All replicated index: 0, Majority replicated index: 3, Committed index: 3, Last appended: 1.3, Last appended by leader: 0, Current term: 1, Majority size: 2, State: 0, Mode: LEADER, active raft config: opid_index: 4 OBSOLETE_local: false peers { permanent_uuid: "b9bc7bcd926a4c3a8c2b460e0a212ef7" member_type: VOTER last_known_addr { host: "127.28.187.1" port: 42395 } } peers { permanent_uuid: "ccaabfa96a6248b2b8f215495512406d" member_type: VOTER last_known_addr { host: "127.28.187.3" port: 40431 } } peers { permanent_uuid: "5e384587d3724e488594588e8084c818" member_type: VOTER last_known_addr { host: "127.28.187.2" port: 40743 } attrs { promote: false } }
I20260608 13:01:48.681913   540 raft_consensus.cc:2955] T 6ef8673664ec4549b3bc31fb5a3bfece P 5e384587d3724e488594588e8084c818 [term 2 LEADER]: Committing config change with OpId 2.5: config changed from index 4 to 5, VOTER 3c543c678ec2479a9764dcb0f3c706a6 (127.28.187.4) evicted. New config: { opid_index: 5 OBSOLETE_local: false peers { permanent_uuid: "5e384587d3724e488594588e8084c818" member_type: VOTER last_known_addr { host: "127.28.187.2" port: 40743 } } peers { permanent_uuid: "b9bc7bcd926a4c3a8c2b460e0a212ef7" member_type: VOTER last_known_addr { host: "127.28.187.1" port: 42395 } } peers { permanent_uuid: "ccaabfa96a6248b2b8f215495512406d" member_type: VOTER last_known_addr { host: "127.28.187.3" port: 40431 } attrs { promote: false } } }
I20260608 13:01:48.689620 32424 raft_consensus.cc:1275] T 72af20d234474089acf5b3ec4581be31 P b9bc7bcd926a4c3a8c2b460e0a212ef7 [term 1 FOLLOWER]: Refusing update from remote peer ccaabfa96a6248b2b8f215495512406d: Log matching property violated. Preceding OpId in replica: term: 1 index: 3. Preceding OpId from leader: term: 1 index: 4. (index mismatch)
I20260608 13:01:48.690085 32495 raft_consensus.cc:1275] T 72af20d234474089acf5b3ec4581be31 P 5e384587d3724e488594588e8084c818 [term 1 FOLLOWER]: Refusing update from remote peer ccaabfa96a6248b2b8f215495512406d: Log matching property violated. Preceding OpId in replica: term: 1 index: 3. Preceding OpId from leader: term: 1 index: 4. (index mismatch)
I20260608 13:01:48.689174 32574 raft_consensus.cc:2955] T 6ef8673664ec4549b3bc31fb5a3bfece P ccaabfa96a6248b2b8f215495512406d [term 2 FOLLOWER]: Committing config change with OpId 2.5: config changed from index 4 to 5, VOTER 3c543c678ec2479a9764dcb0f3c706a6 (127.28.187.4) evicted. New config: { opid_index: 5 OBSOLETE_local: false peers { permanent_uuid: "5e384587d3724e488594588e8084c818" member_type: VOTER last_known_addr { host: "127.28.187.2" port: 40743 } } peers { permanent_uuid: "b9bc7bcd926a4c3a8c2b460e0a212ef7" member_type: VOTER last_known_addr { host: "127.28.187.1" port: 42395 } } peers { permanent_uuid: "ccaabfa96a6248b2b8f215495512406d" member_type: VOTER last_known_addr { host: "127.28.187.3" port: 40431 } attrs { promote: false } } }
I20260608 13:01:48.691864   499 consensus_queue.cc:1048] T 72af20d234474089acf5b3ec4581be31 P ccaabfa96a6248b2b8f215495512406d [LEADER]: Connected to new peer: Peer: permanent_uuid: "b9bc7bcd926a4c3a8c2b460e0a212ef7" member_type: VOTER last_known_addr { host: "127.28.187.1" port: 42395 }, Status: LMP_MISMATCH, Last received: 0.0, Next index: 4, Last known committed idx: 3, Time since last communication: 0.001s
I20260608 13:01:48.693146   423 consensus_queue.cc:1048] T 72af20d234474089acf5b3ec4581be31 P ccaabfa96a6248b2b8f215495512406d [LEADER]: Connected to new peer: Peer: permanent_uuid: "5e384587d3724e488594588e8084c818" member_type: VOTER last_known_addr { host: "127.28.187.2" port: 40743 } attrs { promote: false }, Status: LMP_MISMATCH, Last received: 0.0, Next index: 4, Last known committed idx: 3, Time since last communication: 0.000s
I20260608 13:01:48.692955 32425 raft_consensus.cc:2955] T 6ef8673664ec4549b3bc31fb5a3bfece P b9bc7bcd926a4c3a8c2b460e0a212ef7 [term 2 FOLLOWER]: Committing config change with OpId 2.5: config changed from index 4 to 5, VOTER 3c543c678ec2479a9764dcb0f3c706a6 (127.28.187.4) evicted. New config: { opid_index: 5 OBSOLETE_local: false peers { permanent_uuid: "5e384587d3724e488594588e8084c818" member_type: VOTER last_known_addr { host: "127.28.187.2" port: 40743 } } peers { permanent_uuid: "b9bc7bcd926a4c3a8c2b460e0a212ef7" member_type: VOTER last_known_addr { host: "127.28.187.1" port: 42395 } } peers { permanent_uuid: "ccaabfa96a6248b2b8f215495512406d" member_type: VOTER last_known_addr { host: "127.28.187.3" port: 40431 } attrs { promote: false } } }
I20260608 13:01:48.698071   550 tablet_replica.cc:333] T 9e2c64d89fd2472191f567954ea390ca P 5e384587d3724e488594588e8084c818: stopping tablet replica
I20260608 13:01:48.699333   550 raft_consensus.cc:2243] T 9e2c64d89fd2472191f567954ea390ca P 5e384587d3724e488594588e8084c818 [term 1 FOLLOWER]: Raft consensus shutting down.
I20260608 13:01:48.700362   550 raft_consensus.cc:2272] T 9e2c64d89fd2472191f567954ea390ca P 5e384587d3724e488594588e8084c818 [term 1 FOLLOWER]: Raft consensus is shut down!
I20260608 13:01:48.701961   423 raft_consensus.cc:2955] T 72af20d234474089acf5b3ec4581be31 P ccaabfa96a6248b2b8f215495512406d [term 1 LEADER]: Committing config change with OpId 1.4: config changed from index 3 to 4, VOTER 3c543c678ec2479a9764dcb0f3c706a6 (127.28.187.4) evicted. New config: { opid_index: 4 OBSOLETE_local: false peers { permanent_uuid: "b9bc7bcd926a4c3a8c2b460e0a212ef7" member_type: VOTER last_known_addr { host: "127.28.187.1" port: 42395 } } peers { permanent_uuid: "ccaabfa96a6248b2b8f215495512406d" member_type: VOTER last_known_addr { host: "127.28.187.3" port: 40431 } } peers { permanent_uuid: "5e384587d3724e488594588e8084c818" member_type: VOTER last_known_addr { host: "127.28.187.2" port: 40743 } attrs { promote: false } } }
I20260608 13:01:48.705024 32495 raft_consensus.cc:2955] T 72af20d234474089acf5b3ec4581be31 P 5e384587d3724e488594588e8084c818 [term 1 FOLLOWER]: Committing config change with OpId 1.4: config changed from index 3 to 4, VOTER 3c543c678ec2479a9764dcb0f3c706a6 (127.28.187.4) evicted. New config: { opid_index: 4 OBSOLETE_local: false peers { permanent_uuid: "b9bc7bcd926a4c3a8c2b460e0a212ef7" member_type: VOTER last_known_addr { host: "127.28.187.1" port: 42395 } } peers { permanent_uuid: "ccaabfa96a6248b2b8f215495512406d" member_type: VOTER last_known_addr { host: "127.28.187.3" port: 40431 } } peers { permanent_uuid: "5e384587d3724e488594588e8084c818" member_type: VOTER last_known_addr { host: "127.28.187.2" port: 40743 } attrs { promote: false } } }
I20260608 13:01:48.712656   550 ts_tablet_manager.cc:1916] T 9e2c64d89fd2472191f567954ea390ca P 5e384587d3724e488594588e8084c818: Deleting tablet data with delete state TABLET_DATA_TOMBSTONED
I20260608 13:01:48.716919 32322 catalog_manager.cc:5696] T 6ef8673664ec4549b3bc31fb5a3bfece P ccaabfa96a6248b2b8f215495512406d reported cstate change: config changed from index 4 to 5, VOTER 3c543c678ec2479a9764dcb0f3c706a6 (127.28.187.4) evicted. New cstate: current_term: 2 leader_uuid: "5e384587d3724e488594588e8084c818" committed_config { opid_index: 5 OBSOLETE_local: false peers { permanent_uuid: "5e384587d3724e488594588e8084c818" member_type: VOTER last_known_addr { host: "127.28.187.2" port: 40743 } } peers { permanent_uuid: "b9bc7bcd926a4c3a8c2b460e0a212ef7" member_type: VOTER last_known_addr { host: "127.28.187.1" port: 42395 } } peers { permanent_uuid: "ccaabfa96a6248b2b8f215495512406d" member_type: VOTER last_known_addr { host: "127.28.187.3" port: 40431 } attrs { promote: false } } }
I20260608 13:01:48.717321 32423 raft_consensus.cc:2955] T 72af20d234474089acf5b3ec4581be31 P b9bc7bcd926a4c3a8c2b460e0a212ef7 [term 1 FOLLOWER]: Committing config change with OpId 1.4: config changed from index 3 to 4, VOTER 3c543c678ec2479a9764dcb0f3c706a6 (127.28.187.4) evicted. New config: { opid_index: 4 OBSOLETE_local: false peers { permanent_uuid: "b9bc7bcd926a4c3a8c2b460e0a212ef7" member_type: VOTER last_known_addr { host: "127.28.187.1" port: 42395 } } peers { permanent_uuid: "ccaabfa96a6248b2b8f215495512406d" member_type: VOTER last_known_addr { host: "127.28.187.3" port: 40431 } } peers { permanent_uuid: "5e384587d3724e488594588e8084c818" member_type: VOTER last_known_addr { host: "127.28.187.2" port: 40743 } attrs { promote: false } } }
I20260608 13:01:48.735803 32725 tablet_service.cc:1558] Processing DeleteTablet for tablet 6ef8673664ec4549b3bc31fb5a3bfece with delete_type TABLET_DATA_TOMBSTONED (TS 3c543c678ec2479a9764dcb0f3c706a6 not found in new config with opid_index 5) from {username='slave'} at 127.0.0.1:47526
I20260608 13:01:48.739601 32308 catalog_manager.cc:5209] ChangeConfig:REMOVE_PEER RPC for tablet 6ef8673664ec4549b3bc31fb5a3bfece with cas_config_opid_index 4: ChangeConfig:REMOVE_PEER succeeded (attempt 1)
I20260608 13:01:48.749511   550 ts_tablet_manager.cc:1929] T 9e2c64d89fd2472191f567954ea390ca P 5e384587d3724e488594588e8084c818: tablet deleted with delete type TABLET_DATA_TOMBSTONED: last-logged OpId 1.3
I20260608 13:01:48.750656   550 log.cc:1199] T 9e2c64d89fd2472191f567954ea390ca P 5e384587d3724e488594588e8084c818: Deleting WAL directory at /tmp/dist-test-taskCGUVtZ/test-tmp/auto_rebalancer-test.0.AutoRebalancerTest.RangeAwareRebalancesNewRangeReplicas.1780923618908370-29420-0/minicluster-data/ts-1-root/wals/9e2c64d89fd2472191f567954ea390ca
I20260608 13:01:48.753151 32308 catalog_manager.cc:5027] TS 5e384587d3724e488594588e8084c818 (127.28.187.2:40743): tablet 9e2c64d89fd2472191f567954ea390ca (table range_aware_rebalance_new_range [id=efcbb7c9f5a142bc84968f09de402d2a]) successfully deleted
I20260608 13:01:48.775139 32322 catalog_manager.cc:5696] T 72af20d234474089acf5b3ec4581be31 P 5e384587d3724e488594588e8084c818 reported cstate change: config changed from index 3 to 4, VOTER 3c543c678ec2479a9764dcb0f3c706a6 (127.28.187.4) evicted. New cstate: current_term: 1 leader_uuid: "ccaabfa96a6248b2b8f215495512406d" committed_config { opid_index: 4 OBSOLETE_local: false peers { permanent_uuid: "b9bc7bcd926a4c3a8c2b460e0a212ef7" member_type: VOTER last_known_addr { host: "127.28.187.1" port: 42395 } } peers { permanent_uuid: "ccaabfa96a6248b2b8f215495512406d" member_type: VOTER last_known_addr { host: "127.28.187.3" port: 40431 } } peers { permanent_uuid: "5e384587d3724e488594588e8084c818" member_type: VOTER last_known_addr { host: "127.28.187.2" port: 40743 } attrs { promote: false } } }
I20260608 13:01:48.782226 32310 catalog_manager.cc:5209] ChangeConfig:REMOVE_PEER RPC for tablet 72af20d234474089acf5b3ec4581be31 with cas_config_opid_index 3: ChangeConfig:REMOVE_PEER succeeded (attempt 1)
I20260608 13:01:48.785032   551 tablet_replica.cc:333] T 6ef8673664ec4549b3bc31fb5a3bfece P 3c543c678ec2479a9764dcb0f3c706a6: stopping tablet replica
I20260608 13:01:48.786108   551 raft_consensus.cc:2243] T 6ef8673664ec4549b3bc31fb5a3bfece P 3c543c678ec2479a9764dcb0f3c706a6 [term 2 FOLLOWER]: Raft consensus shutting down.
I20260608 13:01:48.786856   551 raft_consensus.cc:2272] T 6ef8673664ec4549b3bc31fb5a3bfece P 3c543c678ec2479a9764dcb0f3c706a6 [term 2 FOLLOWER]: Raft consensus is shut down!
I20260608 13:01:48.790772   551 ts_tablet_manager.cc:1916] T 6ef8673664ec4549b3bc31fb5a3bfece P 3c543c678ec2479a9764dcb0f3c706a6: Deleting tablet data with delete state TABLET_DATA_TOMBSTONED
I20260608 13:01:48.797629 32725 tablet_service.cc:1558] Processing DeleteTablet for tablet 72af20d234474089acf5b3ec4581be31 with delete_type TABLET_DATA_TOMBSTONED (TS 3c543c678ec2479a9764dcb0f3c706a6 not found in new config with opid_index 4) from {username='slave'} at 127.0.0.1:47526
I20260608 13:01:48.808238   551 ts_tablet_manager.cc:1929] T 6ef8673664ec4549b3bc31fb5a3bfece P 3c543c678ec2479a9764dcb0f3c706a6: tablet deleted with delete type TABLET_DATA_TOMBSTONED: last-logged OpId 2.4
I20260608 13:01:48.808777   551 log.cc:1199] T 6ef8673664ec4549b3bc31fb5a3bfece P 3c543c678ec2479a9764dcb0f3c706a6: Deleting WAL directory at /tmp/dist-test-taskCGUVtZ/test-tmp/auto_rebalancer-test.0.AutoRebalancerTest.RangeAwareRebalancesNewRangeReplicas.1780923618908370-29420-0/minicluster-data/ts-3-root/wals/6ef8673664ec4549b3bc31fb5a3bfece
I20260608 13:01:48.810770 32310 catalog_manager.cc:5027] TS 3c543c678ec2479a9764dcb0f3c706a6 (127.28.187.4:42327): tablet 6ef8673664ec4549b3bc31fb5a3bfece (table range_aware_rebalance_new_range [id=efcbb7c9f5a142bc84968f09de402d2a]) successfully deleted
I20260608 13:01:48.811496   551 tablet_replica.cc:333] T 72af20d234474089acf5b3ec4581be31 P 3c543c678ec2479a9764dcb0f3c706a6: stopping tablet replica
I20260608 13:01:48.811698 29420 tablet_server.cc:179] TabletServer@127.28.187.1:0 shutting down...
I20260608 13:01:48.812733   551 raft_consensus.cc:2243] T 72af20d234474089acf5b3ec4581be31 P 3c543c678ec2479a9764dcb0f3c706a6 [term 1 FOLLOWER]: Raft consensus shutting down.
I20260608 13:01:48.813666   551 raft_consensus.cc:2272] T 72af20d234474089acf5b3ec4581be31 P 3c543c678ec2479a9764dcb0f3c706a6 [term 1 FOLLOWER]: Raft consensus is shut down!
I20260608 13:01:48.818516   551 ts_tablet_manager.cc:1916] T 72af20d234474089acf5b3ec4581be31 P 3c543c678ec2479a9764dcb0f3c706a6: Deleting tablet data with delete state TABLET_DATA_TOMBSTONED
I20260608 13:01:48.840595   551 ts_tablet_manager.cc:1929] T 72af20d234474089acf5b3ec4581be31 P 3c543c678ec2479a9764dcb0f3c706a6: tablet deleted with delete type TABLET_DATA_TOMBSTONED: last-logged OpId 1.3
I20260608 13:01:48.841070   551 log.cc:1199] T 72af20d234474089acf5b3ec4581be31 P 3c543c678ec2479a9764dcb0f3c706a6: Deleting WAL directory at /tmp/dist-test-taskCGUVtZ/test-tmp/auto_rebalancer-test.0.AutoRebalancerTest.RangeAwareRebalancesNewRangeReplicas.1780923618908370-29420-0/minicluster-data/ts-3-root/wals/72af20d234474089acf5b3ec4581be31
I20260608 13:01:48.844648 32310 catalog_manager.cc:5027] TS 3c543c678ec2479a9764dcb0f3c706a6 (127.28.187.4:42327): tablet 72af20d234474089acf5b3ec4581be31 (table range_aware_rebalance_new_range [id=efcbb7c9f5a142bc84968f09de402d2a]) successfully deleted
I20260608 13:01:48.859222 29420 ts_tablet_manager.cc:1507] Shutting down tablet manager...
I20260608 13:01:48.860270 29420 tablet_replica.cc:333] T ee715efe756844d9835ceedb17844544 P b9bc7bcd926a4c3a8c2b460e0a212ef7: stopping tablet replica
I20260608 13:01:48.861187 29420 raft_consensus.cc:2243] T ee715efe756844d9835ceedb17844544 P b9bc7bcd926a4c3a8c2b460e0a212ef7 [term 2 FOLLOWER]: Raft consensus shutting down.
I20260608 13:01:48.861696 29420 raft_consensus.cc:2272] T ee715efe756844d9835ceedb17844544 P b9bc7bcd926a4c3a8c2b460e0a212ef7 [term 2 FOLLOWER]: Raft consensus is shut down!
I20260608 13:01:48.864224 29420 tablet_replica.cc:333] T b582d709dca040d7bce1d0d2c854d75b P b9bc7bcd926a4c3a8c2b460e0a212ef7: stopping tablet replica
I20260608 13:01:48.864856 29420 raft_consensus.cc:2243] T b582d709dca040d7bce1d0d2c854d75b P b9bc7bcd926a4c3a8c2b460e0a212ef7 [term 2 FOLLOWER]: Raft consensus shutting down.
I20260608 13:01:48.865343 29420 raft_consensus.cc:2272] T b582d709dca040d7bce1d0d2c854d75b P b9bc7bcd926a4c3a8c2b460e0a212ef7 [term 2 FOLLOWER]: Raft consensus is shut down!
I20260608 13:01:48.867368 29420 tablet_replica.cc:333] T 183e55e852a5433d92ae3c3fcbd3451e P b9bc7bcd926a4c3a8c2b460e0a212ef7: stopping tablet replica
I20260608 13:01:48.868098 29420 raft_consensus.cc:2243] T 183e55e852a5433d92ae3c3fcbd3451e P b9bc7bcd926a4c3a8c2b460e0a212ef7 [term 1 LEADER]: Raft consensus shutting down.
I20260608 13:01:48.869005 29420 raft_consensus.cc:2272] T 183e55e852a5433d92ae3c3fcbd3451e P b9bc7bcd926a4c3a8c2b460e0a212ef7 [term 1 FOLLOWER]: Raft consensus is shut down!
I20260608 13:01:48.872016 29420 tablet_replica.cc:333] T 72af20d234474089acf5b3ec4581be31 P b9bc7bcd926a4c3a8c2b460e0a212ef7: stopping tablet replica
I20260608 13:01:48.872671 29420 raft_consensus.cc:2243] T 72af20d234474089acf5b3ec4581be31 P b9bc7bcd926a4c3a8c2b460e0a212ef7 [term 1 FOLLOWER]: Raft consensus shutting down.
I20260608 13:01:48.873241 29420 raft_consensus.cc:2272] T 72af20d234474089acf5b3ec4581be31 P b9bc7bcd926a4c3a8c2b460e0a212ef7 [term 1 FOLLOWER]: Raft consensus is shut down!
I20260608 13:01:48.876391 29420 tablet_replica.cc:333] T 67b7060d05274f309250d5be7d8c07ac P b9bc7bcd926a4c3a8c2b460e0a212ef7: stopping tablet replica
I20260608 13:01:48.877075 29420 raft_consensus.cc:2243] T 67b7060d05274f309250d5be7d8c07ac P b9bc7bcd926a4c3a8c2b460e0a212ef7 [term 1 LEADER]: Raft consensus shutting down.
I20260608 13:01:48.878000 29420 raft_consensus.cc:2272] T 67b7060d05274f309250d5be7d8c07ac P b9bc7bcd926a4c3a8c2b460e0a212ef7 [term 1 FOLLOWER]: Raft consensus is shut down!
I20260608 13:01:48.879956 29420 tablet_replica.cc:333] T 16cc094288554da78e8de263654e6d99 P b9bc7bcd926a4c3a8c2b460e0a212ef7: stopping tablet replica
I20260608 13:01:48.880577 29420 raft_consensus.cc:2243] T 16cc094288554da78e8de263654e6d99 P b9bc7bcd926a4c3a8c2b460e0a212ef7 [term 1 FOLLOWER]: Raft consensus shutting down.
I20260608 13:01:48.881031 29420 raft_consensus.cc:2272] T 16cc094288554da78e8de263654e6d99 P b9bc7bcd926a4c3a8c2b460e0a212ef7 [term 1 FOLLOWER]: Raft consensus is shut down!
I20260608 13:01:48.882980 29420 tablet_replica.cc:333] T 9e2c64d89fd2472191f567954ea390ca P b9bc7bcd926a4c3a8c2b460e0a212ef7: stopping tablet replica
I20260608 13:01:48.883625 29420 raft_consensus.cc:2243] T 9e2c64d89fd2472191f567954ea390ca P b9bc7bcd926a4c3a8c2b460e0a212ef7 [term 1 LEADER]: Raft consensus shutting down.
I20260608 13:01:48.884464 29420 raft_consensus.cc:2272] T 9e2c64d89fd2472191f567954ea390ca P b9bc7bcd926a4c3a8c2b460e0a212ef7 [term 1 FOLLOWER]: Raft consensus is shut down!
I20260608 13:01:48.886739 29420 tablet_replica.cc:333] T 6ef8673664ec4549b3bc31fb5a3bfece P b9bc7bcd926a4c3a8c2b460e0a212ef7: stopping tablet replica
I20260608 13:01:48.887367 29420 raft_consensus.cc:2243] T 6ef8673664ec4549b3bc31fb5a3bfece P b9bc7bcd926a4c3a8c2b460e0a212ef7 [term 2 FOLLOWER]: Raft consensus shutting down.
I20260608 13:01:48.888079 29420 raft_consensus.cc:2272] T 6ef8673664ec4549b3bc31fb5a3bfece P b9bc7bcd926a4c3a8c2b460e0a212ef7 [term 2 FOLLOWER]: Raft consensus is shut down!
I20260608 13:01:48.890733 29420 tablet_replica.cc:333] T 2cd5b073ef8c48e992854c1124f41145 P b9bc7bcd926a4c3a8c2b460e0a212ef7: stopping tablet replica
I20260608 13:01:48.891348 29420 raft_consensus.cc:2243] T 2cd5b073ef8c48e992854c1124f41145 P b9bc7bcd926a4c3a8c2b460e0a212ef7 [term 1 LEADER]: Raft consensus shutting down.
I20260608 13:01:48.892282 29420 raft_consensus.cc:2272] T 2cd5b073ef8c48e992854c1124f41145 P b9bc7bcd926a4c3a8c2b460e0a212ef7 [term 1 FOLLOWER]: Raft consensus is shut down!
I20260608 13:01:48.894558 29420 tablet_replica.cc:333] T a59cca400a2d4cf58b58533f3cf48e30 P b9bc7bcd926a4c3a8c2b460e0a212ef7: stopping tablet replica
I20260608 13:01:48.895104 29420 raft_consensus.cc:2243] T a59cca400a2d4cf58b58533f3cf48e30 P b9bc7bcd926a4c3a8c2b460e0a212ef7 [term 1 FOLLOWER]: Raft consensus shutting down.
I20260608 13:01:48.895560 29420 raft_consensus.cc:2272] T a59cca400a2d4cf58b58533f3cf48e30 P b9bc7bcd926a4c3a8c2b460e0a212ef7 [term 1 FOLLOWER]: Raft consensus is shut down!
I20260608 13:01:48.897500 29420 tablet_replica.cc:333] T 3739f7154cf247e2a5bc401451b82639 P b9bc7bcd926a4c3a8c2b460e0a212ef7: stopping tablet replica
I20260608 13:01:48.898056 29420 raft_consensus.cc:2243] T 3739f7154cf247e2a5bc401451b82639 P b9bc7bcd926a4c3a8c2b460e0a212ef7 [term 1 FOLLOWER]: Raft consensus shutting down.
I20260608 13:01:48.898428 29420 raft_consensus.cc:2272] T 3739f7154cf247e2a5bc401451b82639 P b9bc7bcd926a4c3a8c2b460e0a212ef7 [term 1 FOLLOWER]: Raft consensus is shut down!
I20260608 13:01:48.900610 29420 tablet_replica.cc:333] T 451b309844234e17b7d8a7489414fa4c P b9bc7bcd926a4c3a8c2b460e0a212ef7: stopping tablet replica
I20260608 13:01:48.901085 29420 raft_consensus.cc:2243] T 451b309844234e17b7d8a7489414fa4c P b9bc7bcd926a4c3a8c2b460e0a212ef7 [term 2 FOLLOWER]: Raft consensus shutting down.
I20260608 13:01:48.901503 29420 raft_consensus.cc:2272] T 451b309844234e17b7d8a7489414fa4c P b9bc7bcd926a4c3a8c2b460e0a212ef7 [term 2 FOLLOWER]: Raft consensus is shut down!
I20260608 13:01:48.932586 29420 tablet_server.cc:196] TabletServer@127.28.187.1:0 shutdown complete.
I20260608 13:01:48.963282 29420 tablet_server.cc:179] TabletServer@127.28.187.2:0 shutting down...
I20260608 13:01:48.999289 29420 ts_tablet_manager.cc:1507] Shutting down tablet manager...
I20260608 13:01:49.000514 29420 tablet_replica.cc:333] T b582d709dca040d7bce1d0d2c854d75b P 5e384587d3724e488594588e8084c818: stopping tablet replica
I20260608 13:01:49.001230 29420 raft_consensus.cc:2243] T b582d709dca040d7bce1d0d2c854d75b P 5e384587d3724e488594588e8084c818 [term 2 FOLLOWER]: Raft consensus shutting down.
I20260608 13:01:49.001853 29420 raft_consensus.cc:2272] T b582d709dca040d7bce1d0d2c854d75b P 5e384587d3724e488594588e8084c818 [term 2 FOLLOWER]: Raft consensus is shut down!
I20260608 13:01:49.004124 29420 tablet_replica.cc:333] T c77ca29e56ba4c338d6cf49056aa4710 P 5e384587d3724e488594588e8084c818: stopping tablet replica
I20260608 13:01:49.004781 29420 raft_consensus.cc:2243] T c77ca29e56ba4c338d6cf49056aa4710 P 5e384587d3724e488594588e8084c818 [term 1 LEADER]: Raft consensus shutting down.
I20260608 13:01:49.005856 29420 raft_consensus.cc:2272] T c77ca29e56ba4c338d6cf49056aa4710 P 5e384587d3724e488594588e8084c818 [term 1 FOLLOWER]: Raft consensus is shut down!
W20260608 13:01:49.007910 32684 proxy.cc:239] Call had error, refreshing address and retrying: Network error: Client connection negotiation failed: client connection to 127.28.187.1:42395: connect: Connection refused (error 111)
I20260608 13:01:49.008456 29420 tablet_replica.cc:333] T 16cc094288554da78e8de263654e6d99 P 5e384587d3724e488594588e8084c818: stopping tablet replica
I20260608 13:01:49.009490 29420 raft_consensus.cc:2243] T 16cc094288554da78e8de263654e6d99 P 5e384587d3724e488594588e8084c818 [term 1 FOLLOWER]: Raft consensus shutting down.
I20260608 13:01:49.010069 29420 raft_consensus.cc:2272] T 16cc094288554da78e8de263654e6d99 P 5e384587d3724e488594588e8084c818 [term 1 FOLLOWER]: Raft consensus is shut down!
I20260608 13:01:49.013103 29420 tablet_replica.cc:333] T 67b7060d05274f309250d5be7d8c07ac P 5e384587d3724e488594588e8084c818: stopping tablet replica
W20260608 13:01:49.013118 32684 consensus_peers.cc:597] T ee715efe756844d9835ceedb17844544 P 3c543c678ec2479a9764dcb0f3c706a6 -> Peer b9bc7bcd926a4c3a8c2b460e0a212ef7 (127.28.187.1:42395): Couldn't send request to peer b9bc7bcd926a4c3a8c2b460e0a212ef7. Status: Network error: Client connection negotiation failed: client connection to 127.28.187.1:42395: connect: Connection refused (error 111). This is attempt 1: this message will repeat every 5th retry.
I20260608 13:01:49.014050 29420 raft_consensus.cc:2243] T 67b7060d05274f309250d5be7d8c07ac P 5e384587d3724e488594588e8084c818 [term 1 FOLLOWER]: Raft consensus shutting down.
I20260608 13:01:49.014576 29420 raft_consensus.cc:2272] T 67b7060d05274f309250d5be7d8c07ac P 5e384587d3724e488594588e8084c818 [term 1 FOLLOWER]: Raft consensus is shut down!
I20260608 13:01:49.016541 29420 tablet_replica.cc:333] T 0b2e891ef81946f1afab45aef3294121 P 5e384587d3724e488594588e8084c818: stopping tablet replica
W20260608 13:01:49.016633 32464 consensus_peers.cc:597] T 3739f7154cf247e2a5bc401451b82639 P 5e384587d3724e488594588e8084c818 -> Peer b9bc7bcd926a4c3a8c2b460e0a212ef7 (127.28.187.1:42395): Couldn't send request to peer b9bc7bcd926a4c3a8c2b460e0a212ef7. Status: Network error: Client connection negotiation failed: client connection to 127.28.187.1:42395: connect: Connection refused (error 111). This is attempt 1: this message will repeat every 5th retry.
I20260608 13:01:49.017200 29420 raft_consensus.cc:2243] T 0b2e891ef81946f1afab45aef3294121 P 5e384587d3724e488594588e8084c818 [term 3 FOLLOWER]: Raft consensus shutting down.
I20260608 13:01:49.017683 29420 raft_consensus.cc:2272] T 0b2e891ef81946f1afab45aef3294121 P 5e384587d3724e488594588e8084c818 [term 3 FOLLOWER]: Raft consensus is shut down!
I20260608 13:01:49.019620 29420 tablet_replica.cc:333] T 5e13a432d7f142bab51345d423a2a98a P 5e384587d3724e488594588e8084c818: stopping tablet replica
I20260608 13:01:49.020249 29420 raft_consensus.cc:2243] T 5e13a432d7f142bab51345d423a2a98a P 5e384587d3724e488594588e8084c818 [term 1 FOLLOWER]: Raft consensus shutting down.
I20260608 13:01:49.020902 29420 raft_consensus.cc:2272] T 5e13a432d7f142bab51345d423a2a98a P 5e384587d3724e488594588e8084c818 [term 1 FOLLOWER]: Raft consensus is shut down!
I20260608 13:01:49.022775 29420 tablet_replica.cc:333] T 72af20d234474089acf5b3ec4581be31 P 5e384587d3724e488594588e8084c818: stopping tablet replica
I20260608 13:01:49.023339 29420 raft_consensus.cc:2243] T 72af20d234474089acf5b3ec4581be31 P 5e384587d3724e488594588e8084c818 [term 1 FOLLOWER]: Raft consensus shutting down.
I20260608 13:01:49.023883 29420 raft_consensus.cc:2272] T 72af20d234474089acf5b3ec4581be31 P 5e384587d3724e488594588e8084c818 [term 1 FOLLOWER]: Raft consensus is shut down!
I20260608 13:01:49.026445 29420 tablet_replica.cc:333] T 183e55e852a5433d92ae3c3fcbd3451e P 5e384587d3724e488594588e8084c818: stopping tablet replica
I20260608 13:01:49.027046 29420 raft_consensus.cc:2243] T 183e55e852a5433d92ae3c3fcbd3451e P 5e384587d3724e488594588e8084c818 [term 1 FOLLOWER]: Raft consensus shutting down.
I20260608 13:01:49.027738 29420 raft_consensus.cc:2272] T 183e55e852a5433d92ae3c3fcbd3451e P 5e384587d3724e488594588e8084c818 [term 1 FOLLOWER]: Raft consensus is shut down!
I20260608 13:01:49.030054 29420 tablet_replica.cc:333] T 927d3a1407b0420a9021459b88537cd6 P 5e384587d3724e488594588e8084c818: stopping tablet replica
I20260608 13:01:49.030642 29420 raft_consensus.cc:2243] T 927d3a1407b0420a9021459b88537cd6 P 5e384587d3724e488594588e8084c818 [term 1 FOLLOWER]: Raft consensus shutting down.
I20260608 13:01:49.031190 29420 raft_consensus.cc:2272] T 927d3a1407b0420a9021459b88537cd6 P 5e384587d3724e488594588e8084c818 [term 1 FOLLOWER]: Raft consensus is shut down!
I20260608 13:01:49.033325 29420 tablet_replica.cc:333] T 451b309844234e17b7d8a7489414fa4c P 5e384587d3724e488594588e8084c818: stopping tablet replica
I20260608 13:01:49.033879 29420 raft_consensus.cc:2243] T 451b309844234e17b7d8a7489414fa4c P 5e384587d3724e488594588e8084c818 [term 2 LEADER]: Raft consensus shutting down.
I20260608 13:01:49.034734 29420 raft_consensus.cc:2272] T 451b309844234e17b7d8a7489414fa4c P 5e384587d3724e488594588e8084c818 [term 2 FOLLOWER]: Raft consensus is shut down!
I20260608 13:01:49.036810 29420 tablet_replica.cc:333] T 3739f7154cf247e2a5bc401451b82639 P 5e384587d3724e488594588e8084c818: stopping tablet replica
I20260608 13:01:49.037340 29420 raft_consensus.cc:2243] T 3739f7154cf247e2a5bc401451b82639 P 5e384587d3724e488594588e8084c818 [term 1 LEADER]: Raft consensus shutting down.
I20260608 13:01:49.038151 29420 raft_consensus.cc:2272] T 3739f7154cf247e2a5bc401451b82639 P 5e384587d3724e488594588e8084c818 [term 1 FOLLOWER]: Raft consensus is shut down!
I20260608 13:01:49.040316 29420 tablet_replica.cc:333] T 6ef8673664ec4549b3bc31fb5a3bfece P 5e384587d3724e488594588e8084c818: stopping tablet replica
I20260608 13:01:49.040850 29420 raft_consensus.cc:2243] T 6ef8673664ec4549b3bc31fb5a3bfece P 5e384587d3724e488594588e8084c818 [term 2 LEADER]: Raft consensus shutting down.
I20260608 13:01:49.041734 29420 raft_consensus.cc:2272] T 6ef8673664ec4549b3bc31fb5a3bfece P 5e384587d3724e488594588e8084c818 [term 2 FOLLOWER]: Raft consensus is shut down!
W20260608 13:01:49.053989 32538 consensus_peers.cc:597] T 5e13a432d7f142bab51345d423a2a98a P ccaabfa96a6248b2b8f215495512406d -> Peer 5e384587d3724e488594588e8084c818 (127.28.187.2:40743): Couldn't send request to peer 5e384587d3724e488594588e8084c818. Status: Remote error: Service unavailable: service kudu.consensus.ConsensusService not registered on TabletServer. This is attempt 1: this message will repeat every 5th retry.
W20260608 13:01:49.055641 32538 consensus_peers.cc:597] T 16cc094288554da78e8de263654e6d99 P ccaabfa96a6248b2b8f215495512406d -> Peer 5e384587d3724e488594588e8084c818 (127.28.187.2:40743): Couldn't send request to peer 5e384587d3724e488594588e8084c818. Status: Remote error: Service unavailable: service kudu.consensus.ConsensusService not registered on TabletServer. This is attempt 1: this message will repeat every 5th retry.
I20260608 13:01:49.081671 29420 tablet_server.cc:196] TabletServer@127.28.187.2:0 shutdown complete.
I20260608 13:01:49.109216 29420 tablet_server.cc:179] TabletServer@127.28.187.3:0 shutting down...
I20260608 13:01:49.135272 29420 ts_tablet_manager.cc:1507] Shutting down tablet manager...
I20260608 13:01:49.136209 29420 tablet_replica.cc:333] T 6ef8673664ec4549b3bc31fb5a3bfece P ccaabfa96a6248b2b8f215495512406d: stopping tablet replica
I20260608 13:01:49.136881 29420 raft_consensus.cc:2243] T 6ef8673664ec4549b3bc31fb5a3bfece P ccaabfa96a6248b2b8f215495512406d [term 2 FOLLOWER]: Raft consensus shutting down.
I20260608 13:01:49.137579 29420 raft_consensus.cc:2272] T 6ef8673664ec4549b3bc31fb5a3bfece P ccaabfa96a6248b2b8f215495512406d [term 2 FOLLOWER]: Raft consensus is shut down!
I20260608 13:01:49.140684 29420 tablet_replica.cc:333] T a59cca400a2d4cf58b58533f3cf48e30 P ccaabfa96a6248b2b8f215495512406d: stopping tablet replica
I20260608 13:01:49.141379 29420 raft_consensus.cc:2243] T a59cca400a2d4cf58b58533f3cf48e30 P ccaabfa96a6248b2b8f215495512406d [term 1 FOLLOWER]: Raft consensus shutting down.
I20260608 13:01:49.141863 29420 raft_consensus.cc:2272] T a59cca400a2d4cf58b58533f3cf48e30 P ccaabfa96a6248b2b8f215495512406d [term 1 FOLLOWER]: Raft consensus is shut down!
I20260608 13:01:49.143862 29420 tablet_replica.cc:333] T 72af20d234474089acf5b3ec4581be31 P ccaabfa96a6248b2b8f215495512406d: stopping tablet replica
I20260608 13:01:49.144452 29420 raft_consensus.cc:2243] T 72af20d234474089acf5b3ec4581be31 P ccaabfa96a6248b2b8f215495512406d [term 1 LEADER]: Raft consensus shutting down.
W20260608 13:01:49.144919 32538 consensus_peers.cc:597] T 16cc094288554da78e8de263654e6d99 P ccaabfa96a6248b2b8f215495512406d -> Peer b9bc7bcd926a4c3a8c2b460e0a212ef7 (127.28.187.1:42395): Couldn't send request to peer b9bc7bcd926a4c3a8c2b460e0a212ef7. Status: Network error: Client connection negotiation failed: client connection to 127.28.187.1:42395: connect: Connection refused (error 111). This is attempt 1: this message will repeat every 5th retry.
I20260608 13:01:49.145387 29420 raft_consensus.cc:2272] T 72af20d234474089acf5b3ec4581be31 P ccaabfa96a6248b2b8f215495512406d [term 1 FOLLOWER]: Raft consensus is shut down!
I20260608 13:01:49.147640 29420 tablet_replica.cc:333] T 16cc094288554da78e8de263654e6d99 P ccaabfa96a6248b2b8f215495512406d: stopping tablet replica
I20260608 13:01:49.148233 29420 raft_consensus.cc:2243] T 16cc094288554da78e8de263654e6d99 P ccaabfa96a6248b2b8f215495512406d [term 1 LEADER]: Raft consensus shutting down.
I20260608 13:01:49.149057 29420 raft_consensus.cc:2272] T 16cc094288554da78e8de263654e6d99 P ccaabfa96a6248b2b8f215495512406d [term 1 FOLLOWER]: Raft consensus is shut down!
I20260608 13:01:49.151273 29420 tablet_replica.cc:333] T 0b2e891ef81946f1afab45aef3294121 P ccaabfa96a6248b2b8f215495512406d: stopping tablet replica
I20260608 13:01:49.151959 29420 raft_consensus.cc:2243] T 0b2e891ef81946f1afab45aef3294121 P ccaabfa96a6248b2b8f215495512406d [term 3 FOLLOWER]: Raft consensus shutting down.
I20260608 13:01:49.152422 29420 raft_consensus.cc:2272] T 0b2e891ef81946f1afab45aef3294121 P ccaabfa96a6248b2b8f215495512406d [term 3 FOLLOWER]: Raft consensus is shut down!
I20260608 13:01:49.154150 29420 tablet_replica.cc:333] T c77ca29e56ba4c338d6cf49056aa4710 P ccaabfa96a6248b2b8f215495512406d: stopping tablet replica
I20260608 13:01:49.154691 29420 raft_consensus.cc:2243] T c77ca29e56ba4c338d6cf49056aa4710 P ccaabfa96a6248b2b8f215495512406d [term 1 FOLLOWER]: Raft consensus shutting down.
I20260608 13:01:49.155107 29420 raft_consensus.cc:2272] T c77ca29e56ba4c338d6cf49056aa4710 P ccaabfa96a6248b2b8f215495512406d [term 1 FOLLOWER]: Raft consensus is shut down!
I20260608 13:01:49.156852 29420 tablet_replica.cc:333] T ee715efe756844d9835ceedb17844544 P ccaabfa96a6248b2b8f215495512406d: stopping tablet replica
I20260608 13:01:49.157402 29420 raft_consensus.cc:2243] T ee715efe756844d9835ceedb17844544 P ccaabfa96a6248b2b8f215495512406d [term 2 FOLLOWER]: Raft consensus shutting down.
I20260608 13:01:49.157835 29420 raft_consensus.cc:2272] T ee715efe756844d9835ceedb17844544 P ccaabfa96a6248b2b8f215495512406d [term 2 FOLLOWER]: Raft consensus is shut down!
I20260608 13:01:49.159631 29420 tablet_replica.cc:333] T 2cd5b073ef8c48e992854c1124f41145 P ccaabfa96a6248b2b8f215495512406d: stopping tablet replica
I20260608 13:01:49.160200 29420 raft_consensus.cc:2243] T 2cd5b073ef8c48e992854c1124f41145 P ccaabfa96a6248b2b8f215495512406d [term 1 FOLLOWER]: Raft consensus shutting down.
I20260608 13:01:49.160676 29420 raft_consensus.cc:2272] T 2cd5b073ef8c48e992854c1124f41145 P ccaabfa96a6248b2b8f215495512406d [term 1 FOLLOWER]: Raft consensus is shut down!
I20260608 13:01:49.162598 29420 tablet_replica.cc:333] T 5e13a432d7f142bab51345d423a2a98a P ccaabfa96a6248b2b8f215495512406d: stopping tablet replica
I20260608 13:01:49.163159 29420 raft_consensus.cc:2243] T 5e13a432d7f142bab51345d423a2a98a P ccaabfa96a6248b2b8f215495512406d [term 1 LEADER]: Raft consensus shutting down.
I20260608 13:01:49.164042 29420 raft_consensus.cc:2272] T 5e13a432d7f142bab51345d423a2a98a P ccaabfa96a6248b2b8f215495512406d [term 1 FOLLOWER]: Raft consensus is shut down!
I20260608 13:01:49.166042 29420 tablet_replica.cc:333] T 3739f7154cf247e2a5bc401451b82639 P ccaabfa96a6248b2b8f215495512406d: stopping tablet replica
I20260608 13:01:49.166612 29420 raft_consensus.cc:2243] T 3739f7154cf247e2a5bc401451b82639 P ccaabfa96a6248b2b8f215495512406d [term 1 FOLLOWER]: Raft consensus shutting down.
I20260608 13:01:49.167038 29420 raft_consensus.cc:2272] T 3739f7154cf247e2a5bc401451b82639 P ccaabfa96a6248b2b8f215495512406d [term 1 FOLLOWER]: Raft consensus is shut down!
I20260608 13:01:49.169086 29420 tablet_replica.cc:333] T 927d3a1407b0420a9021459b88537cd6 P ccaabfa96a6248b2b8f215495512406d: stopping tablet replica
I20260608 13:01:49.169615 29420 raft_consensus.cc:2243] T 927d3a1407b0420a9021459b88537cd6 P ccaabfa96a6248b2b8f215495512406d [term 1 LEADER]: Raft consensus shutting down.
I20260608 13:01:49.170766 29420 raft_consensus.cc:2272] T 927d3a1407b0420a9021459b88537cd6 P ccaabfa96a6248b2b8f215495512406d [term 1 FOLLOWER]: Raft consensus is shut down!
I20260608 13:01:49.172997 29420 tablet_replica.cc:333] T 9e2c64d89fd2472191f567954ea390ca P ccaabfa96a6248b2b8f215495512406d: stopping tablet replica
I20260608 13:01:49.173511 29420 raft_consensus.cc:2243] T 9e2c64d89fd2472191f567954ea390ca P ccaabfa96a6248b2b8f215495512406d [term 1 FOLLOWER]: Raft consensus shutting down.
I20260608 13:01:49.174117 29420 raft_consensus.cc:2272] T 9e2c64d89fd2472191f567954ea390ca P ccaabfa96a6248b2b8f215495512406d [term 1 FOLLOWER]: Raft consensus is shut down!
I20260608 13:01:49.213150 29420 tablet_server.cc:196] TabletServer@127.28.187.3:0 shutdown complete.
W20260608 13:01:49.219974 32684 consensus_peers.cc:597] T a59cca400a2d4cf58b58533f3cf48e30 P 3c543c678ec2479a9764dcb0f3c706a6 -> Peer b9bc7bcd926a4c3a8c2b460e0a212ef7 (127.28.187.1:42395): Couldn't send request to peer b9bc7bcd926a4c3a8c2b460e0a212ef7. Status: Network error: Client connection negotiation failed: client connection to 127.28.187.1:42395: connect: Connection refused (error 111). This is attempt 1: this message will repeat every 5th retry.
I20260608 13:01:49.244274 29420 tablet_server.cc:179] TabletServer@127.28.187.4:0 shutting down...
W20260608 13:01:49.247646 32684 consensus_peers.cc:597] T b582d709dca040d7bce1d0d2c854d75b P 3c543c678ec2479a9764dcb0f3c706a6 -> Peer b9bc7bcd926a4c3a8c2b460e0a212ef7 (127.28.187.1:42395): Couldn't send request to peer b9bc7bcd926a4c3a8c2b460e0a212ef7. Status: Network error: Client connection negotiation failed: client connection to 127.28.187.1:42395: connect: Connection refused (error 111). This is attempt 1: this message will repeat every 5th retry.
W20260608 13:01:49.254423 32684 consensus_peers.cc:597] T b582d709dca040d7bce1d0d2c854d75b P 3c543c678ec2479a9764dcb0f3c706a6 -> Peer 5e384587d3724e488594588e8084c818 (127.28.187.2:40743): Couldn't send request to peer 5e384587d3724e488594588e8084c818. Status: Network error: Client connection negotiation failed: client connection to 127.28.187.2:40743: connect: Connection refused (error 111). This is attempt 1: this message will repeat every 5th retry.
I20260608 13:01:49.271404 29420 ts_tablet_manager.cc:1507] Shutting down tablet manager...
I20260608 13:01:49.272529 29420 tablet_replica.cc:333] T 9e2c64d89fd2472191f567954ea390ca P 3c543c678ec2479a9764dcb0f3c706a6: stopping tablet replica
I20260608 13:01:49.273520 29420 raft_consensus.cc:2243] T 9e2c64d89fd2472191f567954ea390ca P 3c543c678ec2479a9764dcb0f3c706a6 [term 1 FOLLOWER]: Raft consensus shutting down.
I20260608 13:01:49.274322 29420 raft_consensus.cc:2272] T 9e2c64d89fd2472191f567954ea390ca P 3c543c678ec2479a9764dcb0f3c706a6 [term 1 FOLLOWER]: Raft consensus is shut down!
I20260608 13:01:49.276829 29420 tablet_replica.cc:333] T 5e13a432d7f142bab51345d423a2a98a P 3c543c678ec2479a9764dcb0f3c706a6: stopping tablet replica
I20260608 13:01:49.277458 29420 raft_consensus.cc:2243] T 5e13a432d7f142bab51345d423a2a98a P 3c543c678ec2479a9764dcb0f3c706a6 [term 1 FOLLOWER]: Raft consensus shutting down.
I20260608 13:01:49.278074 29420 raft_consensus.cc:2272] T 5e13a432d7f142bab51345d423a2a98a P 3c543c678ec2479a9764dcb0f3c706a6 [term 1 FOLLOWER]: Raft consensus is shut down!
I20260608 13:01:49.280094 29420 tablet_replica.cc:333] T 2cd5b073ef8c48e992854c1124f41145 P 3c543c678ec2479a9764dcb0f3c706a6: stopping tablet replica
I20260608 13:01:49.280679 29420 raft_consensus.cc:2243] T 2cd5b073ef8c48e992854c1124f41145 P 3c543c678ec2479a9764dcb0f3c706a6 [term 1 FOLLOWER]: Raft consensus shutting down.
I20260608 13:01:49.281211 29420 raft_consensus.cc:2272] T 2cd5b073ef8c48e992854c1124f41145 P 3c543c678ec2479a9764dcb0f3c706a6 [term 1 FOLLOWER]: Raft consensus is shut down!
I20260608 13:01:49.283079 29420 tablet_replica.cc:333] T 0b2e891ef81946f1afab45aef3294121 P 3c543c678ec2479a9764dcb0f3c706a6: stopping tablet replica
I20260608 13:01:49.283730 29420 raft_consensus.cc:2243] T 0b2e891ef81946f1afab45aef3294121 P 3c543c678ec2479a9764dcb0f3c706a6 [term 3 LEADER]: Raft consensus shutting down.
I20260608 13:01:49.284533 29420 raft_consensus.cc:2272] T 0b2e891ef81946f1afab45aef3294121 P 3c543c678ec2479a9764dcb0f3c706a6 [term 3 FOLLOWER]: Raft consensus is shut down!
I20260608 13:01:49.286541 29420 tablet_replica.cc:333] T 67b7060d05274f309250d5be7d8c07ac P 3c543c678ec2479a9764dcb0f3c706a6: stopping tablet replica
I20260608 13:01:49.287112 29420 raft_consensus.cc:2243] T 67b7060d05274f309250d5be7d8c07ac P 3c543c678ec2479a9764dcb0f3c706a6 [term 1 FOLLOWER]: Raft consensus shutting down.
I20260608 13:01:49.287606 29420 raft_consensus.cc:2272] T 67b7060d05274f309250d5be7d8c07ac P 3c543c678ec2479a9764dcb0f3c706a6 [term 1 FOLLOWER]: Raft consensus is shut down!
I20260608 13:01:49.289682 29420 tablet_replica.cc:333] T 451b309844234e17b7d8a7489414fa4c P 3c543c678ec2479a9764dcb0f3c706a6: stopping tablet replica
I20260608 13:01:49.290261 29420 raft_consensus.cc:2243] T 451b309844234e17b7d8a7489414fa4c P 3c543c678ec2479a9764dcb0f3c706a6 [term 2 FOLLOWER]: Raft consensus shutting down.
I20260608 13:01:49.290899 29420 raft_consensus.cc:2272] T 451b309844234e17b7d8a7489414fa4c P 3c543c678ec2479a9764dcb0f3c706a6 [term 2 FOLLOWER]: Raft consensus is shut down!
I20260608 13:01:49.292695 29420 tablet_replica.cc:333] T 927d3a1407b0420a9021459b88537cd6 P 3c543c678ec2479a9764dcb0f3c706a6: stopping tablet replica
