I20260608 13:01:37.290539 32265 ts_tablet_manager.cc:1434] T 045c121d6af4410a97fc0cabc2b5868c P 0878f58ee8ad41f79166f37478ae0c41: Time spent starting tablet: real 0.010s	user 0.002s	sys 0.002s
I20260608 13:01:37.290957 32268 ts_tablet_manager.cc:1434] T 571440bbaf374eb7a9f1d7ee228ffcaf P 0a4606feeca246b9b716e44e87fd7f0d: Time spent starting tablet: real 0.011s	user 0.004s	sys 0.003s
I20260608 13:01:37.291743 32265 tablet_bootstrap.cc:492] T 571440bbaf374eb7a9f1d7ee228ffcaf P 0878f58ee8ad41f79166f37478ae0c41: Bootstrap starting.
I20260608 13:01:37.292678 32268 tablet_bootstrap.cc:492] T 313c931d71164d57857c68001f450330 P 0a4606feeca246b9b716e44e87fd7f0d: Bootstrap starting.
I20260608 13:01:37.294989 32221 raft_consensus.cc:2468] T 26959e25bb654ddaa4cef5c3fa4a2e4b P 0a4606feeca246b9b716e44e87fd7f0d [term 1 FOLLOWER]: Leader election vote request: Granting yes vote for candidate 46d7d731713744c987db83bffa668ba1 in term 1.
I20260608 13:01:37.297853 32111 leader_election.cc:304] T 26959e25bb654ddaa4cef5c3fa4a2e4b P 46d7d731713744c987db83bffa668ba1 [CANDIDATE]: Term 1 election: Election decided. Result: candidate won. Election summary: received 2 responses out of 3 voters: 2 yes votes; 0 no votes. yes voters: 0a4606feeca246b9b716e44e87fd7f0d, 46d7d731713744c987db83bffa668ba1; no voters: 
I20260608 13:01:37.298851 32269 raft_consensus.cc:2804] T 26959e25bb654ddaa4cef5c3fa4a2e4b P 46d7d731713744c987db83bffa668ba1 [term 1 FOLLOWER]: Leader election won for term 1
I20260608 13:01:37.299337 32269 raft_consensus.cc:697] T 26959e25bb654ddaa4cef5c3fa4a2e4b P 46d7d731713744c987db83bffa668ba1 [term 1 LEADER]: Becoming Leader. State: Replica: 46d7d731713744c987db83bffa668ba1, State: Running, Role: LEADER
I20260608 13:01:37.300205 32269 consensus_queue.cc:237] T 26959e25bb654ddaa4cef5c3fa4a2e4b P 46d7d731713744c987db83bffa668ba1 [LEADER]: Queue going to LEADER mode. State: All replicated index: 0, Majority replicated index: 0, Committed index: 0, Last appended: 0.0, Last appended by leader: 0, Current term: 1, Majority size: 2, State: 0, Mode: LEADER, active raft config: opid_index: -1 OBSOLETE_local: false peers { permanent_uuid: "0a4606feeca246b9b716e44e87fd7f0d" member_type: VOTER last_known_addr { host: "127.28.187.3" port: 36043 } } peers { permanent_uuid: "0878f58ee8ad41f79166f37478ae0c41" member_type: VOTER last_known_addr { host: "127.28.187.1" port: 46863 } } peers { permanent_uuid: "46d7d731713744c987db83bffa668ba1" member_type: VOTER last_known_addr { host: "127.28.187.2" port: 39151 } }
I20260608 13:01:37.302054 32265 tablet_bootstrap.cc:654] T 571440bbaf374eb7a9f1d7ee228ffcaf P 0878f58ee8ad41f79166f37478ae0c41: Neither blocks nor log segments found. Creating new log.
I20260608 13:01:37.304327 32268 tablet_bootstrap.cc:654] T 313c931d71164d57857c68001f450330 P 0a4606feeca246b9b716e44e87fd7f0d: Neither blocks nor log segments found. Creating new log.
I20260608 13:01:37.307490 32072 raft_consensus.cc:2468] T 26959e25bb654ddaa4cef5c3fa4a2e4b P 0878f58ee8ad41f79166f37478ae0c41 [term 1 FOLLOWER]: Leader election vote request: Granting yes vote for candidate 46d7d731713744c987db83bffa668ba1 in term 1.
I20260608 13:01:37.324985 32265 tablet_bootstrap.cc:492] T 571440bbaf374eb7a9f1d7ee228ffcaf P 0878f58ee8ad41f79166f37478ae0c41: No bootstrap required, opened a new log
I20260608 13:01:37.325485 32265 ts_tablet_manager.cc:1403] T 571440bbaf374eb7a9f1d7ee228ffcaf P 0878f58ee8ad41f79166f37478ae0c41: Time spent bootstrapping tablet: real 0.034s	user 0.017s	sys 0.014s
I20260608 13:01:37.326572 32268 tablet_bootstrap.cc:492] T 313c931d71164d57857c68001f450330 P 0a4606feeca246b9b716e44e87fd7f0d: No bootstrap required, opened a new log
I20260608 13:01:37.327311 32268 ts_tablet_manager.cc:1403] T 313c931d71164d57857c68001f450330 P 0a4606feeca246b9b716e44e87fd7f0d: Time spent bootstrapping tablet: real 0.035s	user 0.014s	sys 0.019s
I20260608 13:01:37.328390 32265 raft_consensus.cc:359] T 571440bbaf374eb7a9f1d7ee228ffcaf P 0878f58ee8ad41f79166f37478ae0c41 [term 0 FOLLOWER]: Replica starting. Triggering 0 pending ops. Active config: opid_index: -1 OBSOLETE_local: false peers { permanent_uuid: "0878f58ee8ad41f79166f37478ae0c41" member_type: VOTER last_known_addr { host: "127.28.187.1" port: 46863 } } peers { permanent_uuid: "46d7d731713744c987db83bffa668ba1" member_type: VOTER last_known_addr { host: "127.28.187.2" port: 39151 } } peers { permanent_uuid: "0a4606feeca246b9b716e44e87fd7f0d" member_type: VOTER last_known_addr { host: "127.28.187.3" port: 36043 } }
I20260608 13:01:37.327718 31970 catalog_manager.cc:5696] T 26959e25bb654ddaa4cef5c3fa4a2e4b P 46d7d731713744c987db83bffa668ba1 reported cstate change: term changed from 0 to 1, leader changed from <none> to 46d7d731713744c987db83bffa668ba1 (127.28.187.2). New cstate: current_term: 1 leader_uuid: "46d7d731713744c987db83bffa668ba1" committed_config { opid_index: -1 OBSOLETE_local: false peers { permanent_uuid: "0a4606feeca246b9b716e44e87fd7f0d" member_type: VOTER last_known_addr { host: "127.28.187.3" port: 36043 } health_report { overall_health: UNKNOWN } } peers { permanent_uuid: "0878f58ee8ad41f79166f37478ae0c41" member_type: VOTER last_known_addr { host: "127.28.187.1" port: 46863 } health_report { overall_health: UNKNOWN } } peers { permanent_uuid: "46d7d731713744c987db83bffa668ba1" member_type: VOTER last_known_addr { host: "127.28.187.2" port: 39151 } health_report { overall_health: HEALTHY } } }
I20260608 13:01:37.329041 32265 raft_consensus.cc:385] T 571440bbaf374eb7a9f1d7ee228ffcaf P 0878f58ee8ad41f79166f37478ae0c41 [term 0 FOLLOWER]: Consensus starting up: Expiring failure detector timer to make a prompt election more likely
I20260608 13:01:37.329457 32265 raft_consensus.cc:740] T 571440bbaf374eb7a9f1d7ee228ffcaf P 0878f58ee8ad41f79166f37478ae0c41 [term 0 FOLLOWER]: Becoming Follower/Learner. State: Replica: 0878f58ee8ad41f79166f37478ae0c41, State: Initialized, Role: FOLLOWER
I20260608 13:01:37.330291 32265 consensus_queue.cc:260] T 571440bbaf374eb7a9f1d7ee228ffcaf P 0878f58ee8ad41f79166f37478ae0c41 [NON_LEADER]: Queue going to NON_LEADER mode. State: All replicated index: 0, Majority replicated index: 0, Committed index: 0, Last appended: 0.0, Last appended by leader: 0, Current term: 0, Majority size: -1, State: 0, Mode: NON_LEADER, active raft config: opid_index: -1 OBSOLETE_local: false peers { permanent_uuid: "0878f58ee8ad41f79166f37478ae0c41" member_type: VOTER last_known_addr { host: "127.28.187.1" port: 46863 } } peers { permanent_uuid: "46d7d731713744c987db83bffa668ba1" member_type: VOTER last_known_addr { host: "127.28.187.2" port: 39151 } } peers { permanent_uuid: "0a4606feeca246b9b716e44e87fd7f0d" member_type: VOTER last_known_addr { host: "127.28.187.3" port: 36043 } }
I20260608 13:01:37.330958 32268 raft_consensus.cc:359] T 313c931d71164d57857c68001f450330 P 0a4606feeca246b9b716e44e87fd7f0d [term 0 FOLLOWER]: Replica starting. Triggering 0 pending ops. Active config: opid_index: -1 OBSOLETE_local: false peers { permanent_uuid: "0878f58ee8ad41f79166f37478ae0c41" member_type: VOTER last_known_addr { host: "127.28.187.1" port: 46863 } } peers { permanent_uuid: "46d7d731713744c987db83bffa668ba1" member_type: VOTER last_known_addr { host: "127.28.187.2" port: 39151 } } peers { permanent_uuid: "0a4606feeca246b9b716e44e87fd7f0d" member_type: VOTER last_known_addr { host: "127.28.187.3" port: 36043 } }
I20260608 13:01:37.331987 32268 raft_consensus.cc:385] T 313c931d71164d57857c68001f450330 P 0a4606feeca246b9b716e44e87fd7f0d [term 0 FOLLOWER]: Consensus starting up: Expiring failure detector timer to make a prompt election more likely
I20260608 13:01:37.332386 32268 raft_consensus.cc:740] T 313c931d71164d57857c68001f450330 P 0a4606feeca246b9b716e44e87fd7f0d [term 0 FOLLOWER]: Becoming Follower/Learner. State: Replica: 0a4606feeca246b9b716e44e87fd7f0d, State: Initialized, Role: FOLLOWER
I20260608 13:01:37.332540 32265 ts_tablet_manager.cc:1434] T 571440bbaf374eb7a9f1d7ee228ffcaf P 0878f58ee8ad41f79166f37478ae0c41: Time spent starting tablet: real 0.007s	user 0.006s	sys 0.002s
I20260608 13:01:37.334062 32273 raft_consensus.cc:493] T 571440bbaf374eb7a9f1d7ee228ffcaf P 0a4606feeca246b9b716e44e87fd7f0d [term 0 FOLLOWER]: Starting pre-election (no leader contacted us within the election timeout)
I20260608 13:01:37.334803 32273 raft_consensus.cc:515] T 571440bbaf374eb7a9f1d7ee228ffcaf P 0a4606feeca246b9b716e44e87fd7f0d [term 0 FOLLOWER]: Starting pre-election with config: opid_index: -1 OBSOLETE_local: false peers { permanent_uuid: "0878f58ee8ad41f79166f37478ae0c41" member_type: VOTER last_known_addr { host: "127.28.187.1" port: 46863 } } peers { permanent_uuid: "46d7d731713744c987db83bffa668ba1" member_type: VOTER last_known_addr { host: "127.28.187.2" port: 39151 } } peers { permanent_uuid: "0a4606feeca246b9b716e44e87fd7f0d" member_type: VOTER last_known_addr { host: "127.28.187.3" port: 36043 } }
I20260608 13:01:37.333390 32268 consensus_queue.cc:260] T 313c931d71164d57857c68001f450330 P 0a4606feeca246b9b716e44e87fd7f0d [NON_LEADER]: Queue going to NON_LEADER mode. State: All replicated index: 0, Majority replicated index: 0, Committed index: 0, Last appended: 0.0, Last appended by leader: 0, Current term: 0, Majority size: -1, State: 0, Mode: NON_LEADER, active raft config: opid_index: -1 OBSOLETE_local: false peers { permanent_uuid: "0878f58ee8ad41f79166f37478ae0c41" member_type: VOTER last_known_addr { host: "127.28.187.1" port: 46863 } } peers { permanent_uuid: "46d7d731713744c987db83bffa668ba1" member_type: VOTER last_known_addr { host: "127.28.187.2" port: 39151 } } peers { permanent_uuid: "0a4606feeca246b9b716e44e87fd7f0d" member_type: VOTER last_known_addr { host: "127.28.187.3" port: 36043 } }
I20260608 13:01:37.338121 32268 ts_tablet_manager.cc:1434] T 313c931d71164d57857c68001f450330 P 0a4606feeca246b9b716e44e87fd7f0d: Time spent starting tablet: real 0.010s	user 0.006s	sys 0.001s
I20260608 13:01:37.338898 32273 leader_election.cc:290] T 571440bbaf374eb7a9f1d7ee228ffcaf P 0a4606feeca246b9b716e44e87fd7f0d [CANDIDATE]: Term 1 pre-election: Requested pre-vote from peers 0878f58ee8ad41f79166f37478ae0c41 (127.28.187.1:46863), 46d7d731713744c987db83bffa668ba1 (127.28.187.2:39151)
I20260608 13:01:37.339247 32072 tablet_service.cc:1917] Received RequestConsensusVote() RPC: tablet_id: "571440bbaf374eb7a9f1d7ee228ffcaf" candidate_uuid: "0a4606feeca246b9b716e44e87fd7f0d" candidate_term: 1 candidate_status { last_received { term: 0 index: 0 } } ignore_live_leader: false dest_uuid: "0878f58ee8ad41f79166f37478ae0c41" is_pre_election: true
I20260608 13:01:37.339982 32072 raft_consensus.cc:2468] T 571440bbaf374eb7a9f1d7ee228ffcaf P 0878f58ee8ad41f79166f37478ae0c41 [term 0 FOLLOWER]: Leader pre-election vote request: Granting yes vote for candidate 0a4606feeca246b9b716e44e87fd7f0d in term 0.
I20260608 13:01:37.340723 32147 tablet_service.cc:1917] Received RequestConsensusVote() RPC: tablet_id: "571440bbaf374eb7a9f1d7ee228ffcaf" candidate_uuid: "0a4606feeca246b9b716e44e87fd7f0d" candidate_term: 1 candidate_status { last_received { term: 0 index: 0 } } ignore_live_leader: false dest_uuid: "46d7d731713744c987db83bffa668ba1" is_pre_election: true
I20260608 13:01:37.341372 32147 raft_consensus.cc:2468] T 571440bbaf374eb7a9f1d7ee228ffcaf P 46d7d731713744c987db83bffa668ba1 [term 0 FOLLOWER]: Leader pre-election vote request: Granting yes vote for candidate 0a4606feeca246b9b716e44e87fd7f0d in term 0.
I20260608 13:01:37.341567 32187 leader_election.cc:304] T 571440bbaf374eb7a9f1d7ee228ffcaf P 0a4606feeca246b9b716e44e87fd7f0d [CANDIDATE]: Term 1 pre-election: Election decided. Result: candidate won. Election summary: received 2 responses out of 3 voters: 2 yes votes; 0 no votes. yes voters: 0878f58ee8ad41f79166f37478ae0c41, 0a4606feeca246b9b716e44e87fd7f0d; no voters: 
I20260608 13:01:37.342864 32287 raft_consensus.cc:2804] T 571440bbaf374eb7a9f1d7ee228ffcaf P 0a4606feeca246b9b716e44e87fd7f0d [term 0 FOLLOWER]: Leader pre-election won for term 1
I20260608 13:01:37.343407 32287 raft_consensus.cc:493] T 571440bbaf374eb7a9f1d7ee228ffcaf P 0a4606feeca246b9b716e44e87fd7f0d [term 0 FOLLOWER]: Starting leader election (no leader contacted us within the election timeout)
I20260608 13:01:37.343873 32287 raft_consensus.cc:3060] T 571440bbaf374eb7a9f1d7ee228ffcaf P 0a4606feeca246b9b716e44e87fd7f0d [term 0 FOLLOWER]: Advancing to term 1
I20260608 13:01:37.352699 32287 raft_consensus.cc:515] T 571440bbaf374eb7a9f1d7ee228ffcaf P 0a4606feeca246b9b716e44e87fd7f0d [term 1 FOLLOWER]: Starting leader election with config: opid_index: -1 OBSOLETE_local: false peers { permanent_uuid: "0878f58ee8ad41f79166f37478ae0c41" member_type: VOTER last_known_addr { host: "127.28.187.1" port: 46863 } } peers { permanent_uuid: "46d7d731713744c987db83bffa668ba1" member_type: VOTER last_known_addr { host: "127.28.187.2" port: 39151 } } peers { permanent_uuid: "0a4606feeca246b9b716e44e87fd7f0d" member_type: VOTER last_known_addr { host: "127.28.187.3" port: 36043 } }
I20260608 13:01:37.354593 32287 leader_election.cc:290] T 571440bbaf374eb7a9f1d7ee228ffcaf P 0a4606feeca246b9b716e44e87fd7f0d [CANDIDATE]: Term 1 election: Requested vote from peers 0878f58ee8ad41f79166f37478ae0c41 (127.28.187.1:46863), 46d7d731713744c987db83bffa668ba1 (127.28.187.2:39151)
I20260608 13:01:37.355754 32072 tablet_service.cc:1917] Received RequestConsensusVote() RPC: tablet_id: "571440bbaf374eb7a9f1d7ee228ffcaf" candidate_uuid: "0a4606feeca246b9b716e44e87fd7f0d" candidate_term: 1 candidate_status { last_received { term: 0 index: 0 } } ignore_live_leader: false dest_uuid: "0878f58ee8ad41f79166f37478ae0c41"
I20260608 13:01:37.355764 32147 tablet_service.cc:1917] Received RequestConsensusVote() RPC: tablet_id: "571440bbaf374eb7a9f1d7ee228ffcaf" candidate_uuid: "0a4606feeca246b9b716e44e87fd7f0d" candidate_term: 1 candidate_status { last_received { term: 0 index: 0 } } ignore_live_leader: false dest_uuid: "46d7d731713744c987db83bffa668ba1"
I20260608 13:01:37.356812 32072 raft_consensus.cc:3060] T 571440bbaf374eb7a9f1d7ee228ffcaf P 0878f58ee8ad41f79166f37478ae0c41 [term 0 FOLLOWER]: Advancing to term 1
I20260608 13:01:37.356909 32147 raft_consensus.cc:3060] T 571440bbaf374eb7a9f1d7ee228ffcaf P 46d7d731713744c987db83bffa668ba1 [term 0 FOLLOWER]: Advancing to term 1
I20260608 13:01:37.363929 32072 raft_consensus.cc:2468] T 571440bbaf374eb7a9f1d7ee228ffcaf P 0878f58ee8ad41f79166f37478ae0c41 [term 1 FOLLOWER]: Leader election vote request: Granting yes vote for candidate 0a4606feeca246b9b716e44e87fd7f0d in term 1.
I20260608 13:01:37.365170 32187 leader_election.cc:304] T 571440bbaf374eb7a9f1d7ee228ffcaf P 0a4606feeca246b9b716e44e87fd7f0d [CANDIDATE]: Term 1 election: Election decided. Result: candidate won. Election summary: received 2 responses out of 3 voters: 2 yes votes; 0 no votes. yes voters: 0878f58ee8ad41f79166f37478ae0c41, 0a4606feeca246b9b716e44e87fd7f0d; no voters: 
I20260608 13:01:37.366050 32287 raft_consensus.cc:2804] T 571440bbaf374eb7a9f1d7ee228ffcaf P 0a4606feeca246b9b716e44e87fd7f0d [term 1 FOLLOWER]: Leader election won for term 1
I20260608 13:01:37.366067 32147 raft_consensus.cc:2468] T 571440bbaf374eb7a9f1d7ee228ffcaf P 46d7d731713744c987db83bffa668ba1 [term 1 FOLLOWER]: Leader election vote request: Granting yes vote for candidate 0a4606feeca246b9b716e44e87fd7f0d in term 1.
I20260608 13:01:37.366675 32287 raft_consensus.cc:697] T 571440bbaf374eb7a9f1d7ee228ffcaf P 0a4606feeca246b9b716e44e87fd7f0d [term 1 LEADER]: Becoming Leader. State: Replica: 0a4606feeca246b9b716e44e87fd7f0d, State: Running, Role: LEADER
I20260608 13:01:37.367579 32287 consensus_queue.cc:237] T 571440bbaf374eb7a9f1d7ee228ffcaf P 0a4606feeca246b9b716e44e87fd7f0d [LEADER]: Queue going to LEADER mode. State: All replicated index: 0, Majority replicated index: 0, Committed index: 0, Last appended: 0.0, Last appended by leader: 0, Current term: 1, Majority size: 2, State: 0, Mode: LEADER, active raft config: opid_index: -1 OBSOLETE_local: false peers { permanent_uuid: "0878f58ee8ad41f79166f37478ae0c41" member_type: VOTER last_known_addr { host: "127.28.187.1" port: 46863 } } peers { permanent_uuid: "46d7d731713744c987db83bffa668ba1" member_type: VOTER last_known_addr { host: "127.28.187.2" port: 39151 } } peers { permanent_uuid: "0a4606feeca246b9b716e44e87fd7f0d" member_type: VOTER last_known_addr { host: "127.28.187.3" port: 36043 } }
I20260608 13:01:37.373413 32287 raft_consensus.cc:493] T 313c931d71164d57857c68001f450330 P 0a4606feeca246b9b716e44e87fd7f0d [term 0 FOLLOWER]: Starting pre-election (no leader contacted us within the election timeout)
I20260608 13:01:37.373885 32287 raft_consensus.cc:515] T 313c931d71164d57857c68001f450330 P 0a4606feeca246b9b716e44e87fd7f0d [term 0 FOLLOWER]: Starting pre-election with config: opid_index: -1 OBSOLETE_local: false peers { permanent_uuid: "0878f58ee8ad41f79166f37478ae0c41" member_type: VOTER last_known_addr { host: "127.28.187.1" port: 46863 } } peers { permanent_uuid: "46d7d731713744c987db83bffa668ba1" member_type: VOTER last_known_addr { host: "127.28.187.2" port: 39151 } } peers { permanent_uuid: "0a4606feeca246b9b716e44e87fd7f0d" member_type: VOTER last_known_addr { host: "127.28.187.3" port: 36043 } }
I20260608 13:01:37.376303 32287 leader_election.cc:290] T 313c931d71164d57857c68001f450330 P 0a4606feeca246b9b716e44e87fd7f0d [CANDIDATE]: Term 1 pre-election: Requested pre-vote from peers 0878f58ee8ad41f79166f37478ae0c41 (127.28.187.1:46863), 46d7d731713744c987db83bffa668ba1 (127.28.187.2:39151)
I20260608 13:01:37.377144 32072 tablet_service.cc:1917] Received RequestConsensusVote() RPC: tablet_id: "313c931d71164d57857c68001f450330" candidate_uuid: "0a4606feeca246b9b716e44e87fd7f0d" candidate_term: 1 candidate_status { last_received { term: 0 index: 0 } } ignore_live_leader: false dest_uuid: "0878f58ee8ad41f79166f37478ae0c41" is_pre_election: true
I20260608 13:01:37.377851 32072 raft_consensus.cc:2468] T 313c931d71164d57857c68001f450330 P 0878f58ee8ad41f79166f37478ae0c41 [term 0 FOLLOWER]: Leader pre-election vote request: Granting yes vote for candidate 0a4606feeca246b9b716e44e87fd7f0d in term 0.
I20260608 13:01:37.377636 32147 tablet_service.cc:1917] Received RequestConsensusVote() RPC: tablet_id: "313c931d71164d57857c68001f450330" candidate_uuid: "0a4606feeca246b9b716e44e87fd7f0d" candidate_term: 1 candidate_status { last_received { term: 0 index: 0 } } ignore_live_leader: false dest_uuid: "46d7d731713744c987db83bffa668ba1" is_pre_election: true
I20260608 13:01:37.377074 31968 catalog_manager.cc:5696] T 571440bbaf374eb7a9f1d7ee228ffcaf P 0a4606feeca246b9b716e44e87fd7f0d reported cstate change: term changed from 0 to 1, leader changed from <none> to 0a4606feeca246b9b716e44e87fd7f0d (127.28.187.3). New cstate: current_term: 1 leader_uuid: "0a4606feeca246b9b716e44e87fd7f0d" committed_config { opid_index: -1 OBSOLETE_local: false peers { permanent_uuid: "0878f58ee8ad41f79166f37478ae0c41" member_type: VOTER last_known_addr { host: "127.28.187.1" port: 46863 } health_report { overall_health: UNKNOWN } } peers { permanent_uuid: "46d7d731713744c987db83bffa668ba1" member_type: VOTER last_known_addr { host: "127.28.187.2" port: 39151 } health_report { overall_health: UNKNOWN } } peers { permanent_uuid: "0a4606feeca246b9b716e44e87fd7f0d" member_type: VOTER last_known_addr { host: "127.28.187.3" port: 36043 } health_report { overall_health: HEALTHY } } }
I20260608 13:01:37.379063 32187 leader_election.cc:304] T 313c931d71164d57857c68001f450330 P 0a4606feeca246b9b716e44e87fd7f0d [CANDIDATE]: Term 1 pre-election: Election decided. Result: candidate won. Election summary: received 2 responses out of 3 voters: 2 yes votes; 0 no votes. yes voters: 0878f58ee8ad41f79166f37478ae0c41, 0a4606feeca246b9b716e44e87fd7f0d; no voters: 
I20260608 13:01:37.379491 32147 raft_consensus.cc:2468] T 313c931d71164d57857c68001f450330 P 46d7d731713744c987db83bffa668ba1 [term 0 FOLLOWER]: Leader pre-election vote request: Granting yes vote for candidate 0a4606feeca246b9b716e44e87fd7f0d in term 0.
I20260608 13:01:37.380127 32287 raft_consensus.cc:2804] T 313c931d71164d57857c68001f450330 P 0a4606feeca246b9b716e44e87fd7f0d [term 0 FOLLOWER]: Leader pre-election won for term 1
I20260608 13:01:37.380607 32287 raft_consensus.cc:493] T 313c931d71164d57857c68001f450330 P 0a4606feeca246b9b716e44e87fd7f0d [term 0 FOLLOWER]: Starting leader election (no leader contacted us within the election timeout)
I20260608 13:01:37.380973 32287 raft_consensus.cc:3060] T 313c931d71164d57857c68001f450330 P 0a4606feeca246b9b716e44e87fd7f0d [term 0 FOLLOWER]: Advancing to term 1
I20260608 13:01:37.387526 32287 raft_consensus.cc:515] T 313c931d71164d57857c68001f450330 P 0a4606feeca246b9b716e44e87fd7f0d [term 1 FOLLOWER]: Starting leader election with config: opid_index: -1 OBSOLETE_local: false peers { permanent_uuid: "0878f58ee8ad41f79166f37478ae0c41" member_type: VOTER last_known_addr { host: "127.28.187.1" port: 46863 } } peers { permanent_uuid: "46d7d731713744c987db83bffa668ba1" member_type: VOTER last_known_addr { host: "127.28.187.2" port: 39151 } } peers { permanent_uuid: "0a4606feeca246b9b716e44e87fd7f0d" member_type: VOTER last_known_addr { host: "127.28.187.3" port: 36043 } }
I20260608 13:01:37.389871 32287 leader_election.cc:290] T 313c931d71164d57857c68001f450330 P 0a4606feeca246b9b716e44e87fd7f0d [CANDIDATE]: Term 1 election: Requested vote from peers 0878f58ee8ad41f79166f37478ae0c41 (127.28.187.1:46863), 46d7d731713744c987db83bffa668ba1 (127.28.187.2:39151)
I20260608 13:01:37.392495 32072 tablet_service.cc:1917] Received RequestConsensusVote() RPC: tablet_id: "313c931d71164d57857c68001f450330" candidate_uuid: "0a4606feeca246b9b716e44e87fd7f0d" candidate_term: 1 candidate_status { last_received { term: 0 index: 0 } } ignore_live_leader: false dest_uuid: "0878f58ee8ad41f79166f37478ae0c41"
I20260608 13:01:37.392549 32147 tablet_service.cc:1917] Received RequestConsensusVote() RPC: tablet_id: "313c931d71164d57857c68001f450330" candidate_uuid: "0a4606feeca246b9b716e44e87fd7f0d" candidate_term: 1 candidate_status { last_received { term: 0 index: 0 } } ignore_live_leader: false dest_uuid: "46d7d731713744c987db83bffa668ba1"
I20260608 13:01:37.393376 32072 raft_consensus.cc:3060] T 313c931d71164d57857c68001f450330 P 0878f58ee8ad41f79166f37478ae0c41 [term 0 FOLLOWER]: Advancing to term 1
I20260608 13:01:37.393581 32147 raft_consensus.cc:3060] T 313c931d71164d57857c68001f450330 P 46d7d731713744c987db83bffa668ba1 [term 0 FOLLOWER]: Advancing to term 1
I20260608 13:01:37.398542 32072 raft_consensus.cc:2468] T 313c931d71164d57857c68001f450330 P 0878f58ee8ad41f79166f37478ae0c41 [term 1 FOLLOWER]: Leader election vote request: Granting yes vote for candidate 0a4606feeca246b9b716e44e87fd7f0d in term 1.
I20260608 13:01:37.399257 32147 raft_consensus.cc:2468] T 313c931d71164d57857c68001f450330 P 46d7d731713744c987db83bffa668ba1 [term 1 FOLLOWER]: Leader election vote request: Granting yes vote for candidate 0a4606feeca246b9b716e44e87fd7f0d in term 1.
I20260608 13:01:37.399958 32187 leader_election.cc:304] T 313c931d71164d57857c68001f450330 P 0a4606feeca246b9b716e44e87fd7f0d [CANDIDATE]: Term 1 election: Election decided. Result: candidate won. Election summary: received 2 responses out of 3 voters: 2 yes votes; 0 no votes. yes voters: 0878f58ee8ad41f79166f37478ae0c41, 0a4606feeca246b9b716e44e87fd7f0d; no voters: 
I20260608 13:01:37.400965 32287 raft_consensus.cc:2804] T 313c931d71164d57857c68001f450330 P 0a4606feeca246b9b716e44e87fd7f0d [term 1 FOLLOWER]: Leader election won for term 1
I20260608 13:01:37.401482 32287 raft_consensus.cc:697] T 313c931d71164d57857c68001f450330 P 0a4606feeca246b9b716e44e87fd7f0d [term 1 LEADER]: Becoming Leader. State: Replica: 0a4606feeca246b9b716e44e87fd7f0d, State: Running, Role: LEADER
I20260608 13:01:37.402235 32287 consensus_queue.cc:237] T 313c931d71164d57857c68001f450330 P 0a4606feeca246b9b716e44e87fd7f0d [LEADER]: Queue going to LEADER mode. State: All replicated index: 0, Majority replicated index: 0, Committed index: 0, Last appended: 0.0, Last appended by leader: 0, Current term: 1, Majority size: 2, State: 0, Mode: LEADER, active raft config: opid_index: -1 OBSOLETE_local: false peers { permanent_uuid: "0878f58ee8ad41f79166f37478ae0c41" member_type: VOTER last_known_addr { host: "127.28.187.1" port: 46863 } } peers { permanent_uuid: "46d7d731713744c987db83bffa668ba1" member_type: VOTER last_known_addr { host: "127.28.187.2" port: 39151 } } peers { permanent_uuid: "0a4606feeca246b9b716e44e87fd7f0d" member_type: VOTER last_known_addr { host: "127.28.187.3" port: 36043 } }
I20260608 13:01:37.410259 31968 catalog_manager.cc:5696] T 313c931d71164d57857c68001f450330 P 0a4606feeca246b9b716e44e87fd7f0d reported cstate change: term changed from 0 to 1, leader changed from <none> to 0a4606feeca246b9b716e44e87fd7f0d (127.28.187.3). New cstate: current_term: 1 leader_uuid: "0a4606feeca246b9b716e44e87fd7f0d" committed_config { opid_index: -1 OBSOLETE_local: false peers { permanent_uuid: "0878f58ee8ad41f79166f37478ae0c41" member_type: VOTER last_known_addr { host: "127.28.187.1" port: 46863 } health_report { overall_health: UNKNOWN } } peers { permanent_uuid: "46d7d731713744c987db83bffa668ba1" member_type: VOTER last_known_addr { host: "127.28.187.2" port: 39151 } health_report { overall_health: UNKNOWN } } peers { permanent_uuid: "0a4606feeca246b9b716e44e87fd7f0d" member_type: VOTER last_known_addr { host: "127.28.187.3" port: 36043 } health_report { overall_health: HEALTHY } } }
I20260608 13:01:37.495586 29420 tablet_server.cc:179] TabletServer@127.28.187.1:0 shutting down...
I20260608 13:01:37.509632 32274 raft_consensus.cc:493] T 045c121d6af4410a97fc0cabc2b5868c P 0878f58ee8ad41f79166f37478ae0c41 [term 0 FOLLOWER]: Starting pre-election (no leader contacted us within the election timeout)
I20260608 13:01:37.510581 32274 raft_consensus.cc:515] T 045c121d6af4410a97fc0cabc2b5868c P 0878f58ee8ad41f79166f37478ae0c41 [term 0 FOLLOWER]: Starting pre-election with config: opid_index: -1 OBSOLETE_local: false peers { permanent_uuid: "0878f58ee8ad41f79166f37478ae0c41" member_type: VOTER last_known_addr { host: "127.28.187.1" port: 46863 } } peers { permanent_uuid: "46d7d731713744c987db83bffa668ba1" member_type: VOTER last_known_addr { host: "127.28.187.2" port: 39151 } } peers { permanent_uuid: "0a4606feeca246b9b716e44e87fd7f0d" member_type: VOTER last_known_addr { host: "127.28.187.3" port: 36043 } }
I20260608 13:01:37.515841 32274 leader_election.cc:290] T 045c121d6af4410a97fc0cabc2b5868c P 0878f58ee8ad41f79166f37478ae0c41 [CANDIDATE]: Term 1 pre-election: Requested pre-vote from peers 46d7d731713744c987db83bffa668ba1 (127.28.187.2:39151), 0a4606feeca246b9b716e44e87fd7f0d (127.28.187.3:36043)
I20260608 13:01:37.532687 29420 ts_tablet_manager.cc:1507] Shutting down tablet manager...
I20260608 13:01:37.534579 32147 tablet_service.cc:1917] Received RequestConsensusVote() RPC: tablet_id: "045c121d6af4410a97fc0cabc2b5868c" candidate_uuid: "0878f58ee8ad41f79166f37478ae0c41" candidate_term: 1 candidate_status { last_received { term: 0 index: 0 } } ignore_live_leader: false dest_uuid: "46d7d731713744c987db83bffa668ba1" is_pre_election: true
I20260608 13:01:37.535102 29420 tablet_replica.cc:333] T 045c121d6af4410a97fc0cabc2b5868c P 0878f58ee8ad41f79166f37478ae0c41: stopping tablet replica
I20260608 13:01:37.535599 32147 raft_consensus.cc:2393] T 045c121d6af4410a97fc0cabc2b5868c P 46d7d731713744c987db83bffa668ba1 [term 1 FOLLOWER]: Leader pre-election vote request: Denying vote to candidate 0878f58ee8ad41f79166f37478ae0c41 in current term 1: Already voted for candidate 0a4606feeca246b9b716e44e87fd7f0d in this term.
I20260608 13:01:37.536015 29420 raft_consensus.cc:2243] T 045c121d6af4410a97fc0cabc2b5868c P 0878f58ee8ad41f79166f37478ae0c41 [term 0 FOLLOWER]: Raft consensus shutting down.
I20260608 13:01:37.536582 29420 raft_consensus.cc:2272] T 045c121d6af4410a97fc0cabc2b5868c P 0878f58ee8ad41f79166f37478ae0c41 [term 0 FOLLOWER]: Raft consensus is shut down!
I20260608 13:01:37.539611 29420 tablet_replica.cc:333] T 313c931d71164d57857c68001f450330 P 0878f58ee8ad41f79166f37478ae0c41: stopping tablet replica
I20260608 13:01:37.540604 29420 raft_consensus.cc:2243] T 313c931d71164d57857c68001f450330 P 0878f58ee8ad41f79166f37478ae0c41 [term 1 FOLLOWER]: Raft consensus shutting down.
I20260608 13:01:37.541311 29420 raft_consensus.cc:2272] T 313c931d71164d57857c68001f450330 P 0878f58ee8ad41f79166f37478ae0c41 [term 1 FOLLOWER]: Raft consensus is shut down!
I20260608 13:01:37.541311 32221 tablet_service.cc:1917] Received RequestConsensusVote() RPC: tablet_id: "045c121d6af4410a97fc0cabc2b5868c" candidate_uuid: "0878f58ee8ad41f79166f37478ae0c41" candidate_term: 1 candidate_status { last_received { term: 0 index: 0 } } ignore_live_leader: false dest_uuid: "0a4606feeca246b9b716e44e87fd7f0d" is_pre_election: true
I20260608 13:01:37.543176 32036 leader_election.cc:304] T 045c121d6af4410a97fc0cabc2b5868c P 0878f58ee8ad41f79166f37478ae0c41 [CANDIDATE]: Term 1 pre-election: Election decided. Result: candidate lost. Election summary: received 3 responses out of 3 voters: 1 yes votes; 2 no votes. yes voters: 0878f58ee8ad41f79166f37478ae0c41; no voters: 0a4606feeca246b9b716e44e87fd7f0d, 46d7d731713744c987db83bffa668ba1
W20260608 13:01:37.543977 32036 raft_consensus.cc:2686] T 045c121d6af4410a97fc0cabc2b5868c P 0878f58ee8ad41f79166f37478ae0c41: unable to run election callback: Service unavailable: Thread pool token was shut down
I20260608 13:01:37.544580 29420 tablet_replica.cc:333] T 571440bbaf374eb7a9f1d7ee228ffcaf P 0878f58ee8ad41f79166f37478ae0c41: stopping tablet replica
I20260608 13:01:37.545217 29420 raft_consensus.cc:2243] T 571440bbaf374eb7a9f1d7ee228ffcaf P 0878f58ee8ad41f79166f37478ae0c41 [term 1 FOLLOWER]: Raft consensus shutting down.
I20260608 13:01:37.545578 29420 raft_consensus.cc:2272] T 571440bbaf374eb7a9f1d7ee228ffcaf P 0878f58ee8ad41f79166f37478ae0c41 [term 1 FOLLOWER]: Raft consensus is shut down!
I20260608 13:01:37.548210 29420 tablet_replica.cc:333] T 26959e25bb654ddaa4cef5c3fa4a2e4b P 0878f58ee8ad41f79166f37478ae0c41: stopping tablet replica
I20260608 13:01:37.548728 29420 raft_consensus.cc:2243] T 26959e25bb654ddaa4cef5c3fa4a2e4b P 0878f58ee8ad41f79166f37478ae0c41 [term 1 FOLLOWER]: Raft consensus shutting down.
I20260608 13:01:37.549103 29420 raft_consensus.cc:2272] T 26959e25bb654ddaa4cef5c3fa4a2e4b P 0878f58ee8ad41f79166f37478ae0c41 [term 1 FOLLOWER]: Raft consensus is shut down!
I20260608 13:01:37.576378 29420 tablet_server.cc:196] TabletServer@127.28.187.1:0 shutdown complete.
I20260608 13:01:37.592633 29420 tablet_server.cc:179] TabletServer@127.28.187.2:0 shutting down...
I20260608 13:01:37.617072 29420 ts_tablet_manager.cc:1507] Shutting down tablet manager...
I20260608 13:01:37.618109 29420 tablet_replica.cc:333] T 045c121d6af4410a97fc0cabc2b5868c P 46d7d731713744c987db83bffa668ba1: stopping tablet replica
I20260608 13:01:37.618770 29420 raft_consensus.cc:2243] T 045c121d6af4410a97fc0cabc2b5868c P 46d7d731713744c987db83bffa668ba1 [term 1 FOLLOWER]: Raft consensus shutting down.
I20260608 13:01:37.619267 29420 raft_consensus.cc:2272] T 045c121d6af4410a97fc0cabc2b5868c P 46d7d731713744c987db83bffa668ba1 [term 1 FOLLOWER]: Raft consensus is shut down!
I20260608 13:01:37.622092 29420 tablet_replica.cc:333] T 313c931d71164d57857c68001f450330 P 46d7d731713744c987db83bffa668ba1: stopping tablet replica
I20260608 13:01:37.622772 29420 raft_consensus.cc:2243] T 313c931d71164d57857c68001f450330 P 46d7d731713744c987db83bffa668ba1 [term 1 FOLLOWER]: Raft consensus shutting down.
I20260608 13:01:37.623208 29420 raft_consensus.cc:2272] T 313c931d71164d57857c68001f450330 P 46d7d731713744c987db83bffa668ba1 [term 1 FOLLOWER]: Raft consensus is shut down!
I20260608 13:01:37.625311 29420 tablet_replica.cc:333] T 571440bbaf374eb7a9f1d7ee228ffcaf P 46d7d731713744c987db83bffa668ba1: stopping tablet replica
I20260608 13:01:37.625919 29420 raft_consensus.cc:2243] T 571440bbaf374eb7a9f1d7ee228ffcaf P 46d7d731713744c987db83bffa668ba1 [term 1 FOLLOWER]: Raft consensus shutting down.
I20260608 13:01:37.627132 29420 raft_consensus.cc:2272] T 571440bbaf374eb7a9f1d7ee228ffcaf P 46d7d731713744c987db83bffa668ba1 [term 1 FOLLOWER]: Raft consensus is shut down!
I20260608 13:01:37.629544 29420 tablet_replica.cc:333] T 26959e25bb654ddaa4cef5c3fa4a2e4b P 46d7d731713744c987db83bffa668ba1: stopping tablet replica
I20260608 13:01:37.630172 29420 raft_consensus.cc:2243] T 26959e25bb654ddaa4cef5c3fa4a2e4b P 46d7d731713744c987db83bffa668ba1 [term 1 LEADER]: Raft consensus shutting down.
I20260608 13:01:37.630906 29420 pending_rounds.cc:70] T 26959e25bb654ddaa4cef5c3fa4a2e4b P 46d7d731713744c987db83bffa668ba1: Trying to abort 1 pending ops.
I20260608 13:01:37.631098 29420 pending_rounds.cc:77] T 26959e25bb654ddaa4cef5c3fa4a2e4b P 46d7d731713744c987db83bffa668ba1: Aborting op as it isn't in flight: id { term: 1 index: 1 } timestamp: 7294663464151773184 op_type: NO_OP noop_request { }
I20260608 13:01:37.631475 29420 raft_consensus.cc:2889] T 26959e25bb654ddaa4cef5c3fa4a2e4b P 46d7d731713744c987db83bffa668ba1 [term 1 LEADER]: NO_OP replication failed: Aborted: Op aborted
I20260608 13:01:37.631770 29420 raft_consensus.cc:2272] T 26959e25bb654ddaa4cef5c3fa4a2e4b P 46d7d731713744c987db83bffa668ba1 [term 1 FOLLOWER]: Raft consensus is shut down!
I20260608 13:01:37.657518 29420 tablet_server.cc:196] TabletServer@127.28.187.2:0 shutdown complete.
I20260608 13:01:37.671963 29420 tablet_server.cc:179] TabletServer@127.28.187.3:0 shutting down...
I20260608 13:01:37.695089 29420 ts_tablet_manager.cc:1507] Shutting down tablet manager...
I20260608 13:01:37.696343 29420 tablet_replica.cc:333] T 571440bbaf374eb7a9f1d7ee228ffcaf P 0a4606feeca246b9b716e44e87fd7f0d: stopping tablet replica
I20260608 13:01:37.697014 29420 raft_consensus.cc:2243] T 571440bbaf374eb7a9f1d7ee228ffcaf P 0a4606feeca246b9b716e44e87fd7f0d [term 1 LEADER]: Raft consensus shutting down.
I20260608 13:01:37.697708 29420 pending_rounds.cc:70] T 571440bbaf374eb7a9f1d7ee228ffcaf P 0a4606feeca246b9b716e44e87fd7f0d: Trying to abort 1 pending ops.
I20260608 13:01:37.697955 29420 pending_rounds.cc:77] T 571440bbaf374eb7a9f1d7ee228ffcaf P 0a4606feeca246b9b716e44e87fd7f0d: Aborting op as it isn't in flight: id { term: 1 index: 1 } timestamp: 7294663464425152512 op_type: NO_OP noop_request { }
I20260608 13:01:37.698243 29420 raft_consensus.cc:2889] T 571440bbaf374eb7a9f1d7ee228ffcaf P 0a4606feeca246b9b716e44e87fd7f0d [term 1 LEADER]: NO_OP replication failed: Aborted: Op aborted
I20260608 13:01:37.698503 29420 raft_consensus.cc:2272] T 571440bbaf374eb7a9f1d7ee228ffcaf P 0a4606feeca246b9b716e44e87fd7f0d [term 1 FOLLOWER]: Raft consensus is shut down!
W20260608 13:01:37.699388 32187 proxy.cc:239] Call had error, refreshing address and retrying: Network error: Client connection negotiation failed: client connection to 127.28.187.1:46863: connect: Connection refused (error 111) [suppressed 6 similar messages]
I20260608 13:01:37.701262 29420 tablet_replica.cc:333] T 26959e25bb654ddaa4cef5c3fa4a2e4b P 0a4606feeca246b9b716e44e87fd7f0d: stopping tablet replica
I20260608 13:01:37.701926 29420 raft_consensus.cc:2243] T 26959e25bb654ddaa4cef5c3fa4a2e4b P 0a4606feeca246b9b716e44e87fd7f0d [term 1 FOLLOWER]: Raft consensus shutting down.
I20260608 13:01:37.702358 29420 raft_consensus.cc:2272] T 26959e25bb654ddaa4cef5c3fa4a2e4b P 0a4606feeca246b9b716e44e87fd7f0d [term 1 FOLLOWER]: Raft consensus is shut down!
W20260608 13:01:37.703375 32187 consensus_peers.cc:597] T 045c121d6af4410a97fc0cabc2b5868c P 0a4606feeca246b9b716e44e87fd7f0d -> Peer 0878f58ee8ad41f79166f37478ae0c41 (127.28.187.1:46863): Couldn't send request to peer 0878f58ee8ad41f79166f37478ae0c41. Status: Network error: Client connection negotiation failed: client connection to 127.28.187.1:46863: connect: Connection refused (error 111). This is attempt 1: this message will repeat every 5th retry.
I20260608 13:01:37.704411 29420 tablet_replica.cc:333] T 313c931d71164d57857c68001f450330 P 0a4606feeca246b9b716e44e87fd7f0d: stopping tablet replica
I20260608 13:01:37.705251 29420 raft_consensus.cc:2243] T 313c931d71164d57857c68001f450330 P 0a4606feeca246b9b716e44e87fd7f0d [term 1 LEADER]: Raft consensus shutting down.
I20260608 13:01:37.705924 29420 pending_rounds.cc:70] T 313c931d71164d57857c68001f450330 P 0a4606feeca246b9b716e44e87fd7f0d: Trying to abort 1 pending ops.
I20260608 13:01:37.706128 29420 pending_rounds.cc:77] T 313c931d71164d57857c68001f450330 P 0a4606feeca246b9b716e44e87fd7f0d: Aborting op as it isn't in flight: id { term: 1 index: 1 } timestamp: 7294663464568524800 op_type: NO_OP noop_request { }
I20260608 13:01:37.706435 29420 raft_consensus.cc:2889] T 313c931d71164d57857c68001f450330 P 0a4606feeca246b9b716e44e87fd7f0d [term 1 LEADER]: NO_OP replication failed: Aborted: Op aborted
I20260608 13:01:37.706717 29420 raft_consensus.cc:2272] T 313c931d71164d57857c68001f450330 P 0a4606feeca246b9b716e44e87fd7f0d [term 1 FOLLOWER]: Raft consensus is shut down!
I20260608 13:01:37.709517 29420 tablet_replica.cc:333] T 045c121d6af4410a97fc0cabc2b5868c P 0a4606feeca246b9b716e44e87fd7f0d: stopping tablet replica
I20260608 13:01:37.710067 29420 raft_consensus.cc:2243] T 045c121d6af4410a97fc0cabc2b5868c P 0a4606feeca246b9b716e44e87fd7f0d [term 1 LEADER]: Raft consensus shutting down.
I20260608 13:01:37.710777 29420 pending_rounds.cc:70] T 045c121d6af4410a97fc0cabc2b5868c P 0a4606feeca246b9b716e44e87fd7f0d: Trying to abort 1 pending ops.
I20260608 13:01:37.711004 29420 pending_rounds.cc:77] T 045c121d6af4410a97fc0cabc2b5868c P 0a4606feeca246b9b716e44e87fd7f0d: Aborting op as it isn't in flight: id { term: 1 index: 1 } timestamp: 7294663464031645696 op_type: NO_OP noop_request { }
I20260608 13:01:37.711311 29420 raft_consensus.cc:2889] T 045c121d6af4410a97fc0cabc2b5868c P 0a4606feeca246b9b716e44e87fd7f0d [term 1 LEADER]: NO_OP replication failed: Aborted: Op aborted
I20260608 13:01:37.711676 29420 raft_consensus.cc:2272] T 045c121d6af4410a97fc0cabc2b5868c P 0a4606feeca246b9b716e44e87fd7f0d [term 1 FOLLOWER]: Raft consensus is shut down!
I20260608 13:01:37.736251 29420 tablet_server.cc:196] TabletServer@127.28.187.3:0 shutdown complete.
I20260608 13:01:37.749894 32023 auto_leader_rebalancer.cc:140] leader rebalance for table range_aware_auto_rebalancer_test
I20260608 13:01:37.753309 29420 master.cc:562] Master@127.28.187.62:39767 shutting down...
W20260608 13:01:37.762403 32023 auto_leader_rebalancer.cc:460] the master instance isn't leader: Network error: Client connection negotiation failed: client connection to 127.28.187.3:36043: connect: Connection refused (error 111)
I20260608 13:01:37.777489 29420 raft_consensus.cc:2243] T 00000000000000000000000000000000 P a6eb00fc71cc4cc29a45293d1a5d1b36 [term 1 LEADER]: Raft consensus shutting down.
I20260608 13:01:37.778192 29420 raft_consensus.cc:2272] T 00000000000000000000000000000000 P a6eb00fc71cc4cc29a45293d1a5d1b36 [term 1 FOLLOWER]: Raft consensus is shut down!
I20260608 13:01:37.778553 29420 tablet_replica.cc:333] T 00000000000000000000000000000000 P a6eb00fc71cc4cc29a45293d1a5d1b36: stopping tablet replica
I20260608 13:01:37.800773 29420 master.cc:584] Master@127.28.187.62:39767 shutdown complete.
[       OK ] AutoRebalancerTest.RangeAwareBuildClusterInfoGroupsByRange (2283 ms)
[ RUN      ] AutoRebalancerTest.RangeAwareRebalancesNewRangeReplicas
I20260608 13:01:37.843745 29420 internal_mini_cluster.cc:156] Creating distributed mini masters. Addrs: 127.28.187.62:38035
I20260608 13:01:37.845263 29420 file_cache.cc:492] Constructed file cache file cache with capacity 419430
W20260608 13:01:37.852103 32299 instance_detector.cc:116] could not retrieve Azure instance metadata: Network error: curl error: HTTP response code said error: The requested URL returned error: 404
W20260608 13:01:37.851976 32298 instance_detector.cc:116] could not retrieve AWS instance metadata: Network error: curl error: HTTP response code said error: The requested URL returned error: 404
W20260608 13:01:37.853933 32301 instance_detector.cc:116] could not retrieve OpenStack instance metadata: Network error: curl error: HTTP response code said error: The requested URL returned error: 404
I20260608 13:01:37.855135 29420 server_base.cc:1061] running on GCE node
I20260608 13:01:37.856329 29420 hybrid_clock.cc:584] initializing the hybrid clock with 'system_unsync' time source
W20260608 13:01:37.856547 29420 system_unsync_time.cc:38] NTP support is disabled. Clock error bounds will not be accurate. This configuration is not suitable for distributed clusters.
I20260608 13:01:37.856724 29420 hybrid_clock.cc:648] HybridClock initialized: now 1780923697856705 us; error 0 us; skew 500 ppm
I20260608 13:01:37.857384 29420 server_base.cc:861] Flag tcmalloc_max_total_thread_cache_bytes is not working since tcmalloc is not enabled.
I20260608 13:01:37.860647 29420 webserver.cc:533] Webserver started at http://127.28.187.62:45933/ using document root <none> and password file <none>
I20260608 13:01:37.861248 29420 fs_manager.cc:362] Metadata directory not provided
I20260608 13:01:37.861466 29420 fs_manager.cc:368] Using write-ahead log directory (fs_wal_dir) as metadata directory
I20260608 13:01:37.861953 29420 server_base.cc:909] This appears to be a new deployment of Kudu; creating new FS layout
I20260608 13:01:37.863797 29420 fs_manager.cc:1068] Generated new instance metadata in path /tmp/dist-test-taskCGUVtZ/test-tmp/auto_rebalancer-test.0.AutoRebalancerTest.RangeAwareRebalancesNewRangeReplicas.1780923618908370-29420-0/minicluster-data/master-0-root/instance:
uuid: "e61d41c8653e42eb99bcda83092e00fc"
format_stamp: "Formatted at 2026-06-08 13:01:37 on dist-test-slave-hb8t"
I20260608 13:01:37.869761 29420 fs_manager.cc:696] Time spent creating directory manager: real 0.005s	user 0.005s	sys 0.000s
I20260608 13:01:37.874153 32306 log_block_manager.cc:4031] Time spent loading block containers with low live blocks: real 0.000s	user 0.000s	sys 0.000s
I20260608 13:01:37.875167 29420 fs_manager.cc:730] Time spent opening block manager: real 0.003s	user 0.002s	sys 0.000s
I20260608 13:01:37.875505 29420 fs_manager.cc:647] Opened local filesystem: /tmp/dist-test-taskCGUVtZ/test-tmp/auto_rebalancer-test.0.AutoRebalancerTest.RangeAwareRebalancesNewRangeReplicas.1780923618908370-29420-0/minicluster-data/master-0-root
uuid: "e61d41c8653e42eb99bcda83092e00fc"
format_stamp: "Formatted at 2026-06-08 13:01:37 on dist-test-slave-hb8t"
I20260608 13:01:37.875777 29420 fs_report.cc:389] FS layout report
--------------------
wal directory: /tmp/dist-test-taskCGUVtZ/test-tmp/auto_rebalancer-test.0.AutoRebalancerTest.RangeAwareRebalancesNewRangeReplicas.1780923618908370-29420-0/minicluster-data/master-0-root
metadata directory: /tmp/dist-test-taskCGUVtZ/test-tmp/auto_rebalancer-test.0.AutoRebalancerTest.RangeAwareRebalancesNewRangeReplicas.1780923618908370-29420-0/minicluster-data/master-0-root
1 data directories: /tmp/dist-test-taskCGUVtZ/test-tmp/auto_rebalancer-test.0.AutoRebalancerTest.RangeAwareRebalancesNewRangeReplicas.1780923618908370-29420-0/minicluster-data/master-0-root/data
Total live blocks: 0
Total live bytes: 0
Total live bytes (after alignment): 0
Total number of LBM containers: 0 (0 full)
Did not check for missing blocks
Did not check for orphaned blocks
Total full LBM containers with extra space: 0 (0 repaired)
Total full LBM container extra space in bytes: 0 (0 repaired)
Total incomplete LBM containers: 0 (0 repaired)
Total LBM partial records: 0 (0 repaired)
Total corrupted LBM metadata records in RocksDB: 0 (0 repaired)
I20260608 13:01:37.889941 29420 rpc_server.cc:225] running with OpenSSL 1.1.1  11 Sep 2018
I20260608 13:01:37.891151 29420 kserver.cc:163] Server-wide thread pool size limit: 3276
I20260608 13:01:37.940209 29420 rpc_server.cc:307] RPC server started. Bound to: 127.28.187.62:38035
I20260608 13:01:37.940502 32357 acceptor_pool.cc:272] collecting diagnostics on the listening RPC socket 127.28.187.62:38035 every 8 connection(s)
I20260608 13:01:37.945883 32358 data_dirs.cc:400] Could only allocate 1 dirs of requested 3 for tablet 00000000000000000000000000000000. 1 dirs total, 0 dirs full, 0 dirs failed
I20260608 13:01:37.957621 32358 tablet_bootstrap.cc:492] T 00000000000000000000000000000000 P e61d41c8653e42eb99bcda83092e00fc: Bootstrap starting.
I20260608 13:01:37.963773 32358 tablet_bootstrap.cc:654] T 00000000000000000000000000000000 P e61d41c8653e42eb99bcda83092e00fc: Neither blocks nor log segments found. Creating new log.
I20260608 13:01:37.969202 32358 tablet_bootstrap.cc:492] T 00000000000000000000000000000000 P e61d41c8653e42eb99bcda83092e00fc: No bootstrap required, opened a new log
I20260608 13:01:37.971896 32358 raft_consensus.cc:359] T 00000000000000000000000000000000 P e61d41c8653e42eb99bcda83092e00fc [term 0 FOLLOWER]: Replica starting. Triggering 0 pending ops. Active config: opid_index: -1 OBSOLETE_local: true peers { permanent_uuid: "e61d41c8653e42eb99bcda83092e00fc" member_type: VOTER }
I20260608 13:01:37.972366 32358 raft_consensus.cc:385] T 00000000000000000000000000000000 P e61d41c8653e42eb99bcda83092e00fc [term 0 FOLLOWER]: Consensus starting up: Expiring failure detector timer to make a prompt election more likely
I20260608 13:01:37.972563 32358 raft_consensus.cc:740] T 00000000000000000000000000000000 P e61d41c8653e42eb99bcda83092e00fc [term 0 FOLLOWER]: Becoming Follower/Learner. State: Replica: e61d41c8653e42eb99bcda83092e00fc, State: Initialized, Role: FOLLOWER
I20260608 13:01:37.973136 32358 consensus_queue.cc:260] T 00000000000000000000000000000000 P e61d41c8653e42eb99bcda83092e00fc [NON_LEADER]: Queue going to NON_LEADER mode. State: All replicated index: 0, Majority replicated index: 0, Committed index: 0, Last appended: 0.0, Last appended by leader: 0, Current term: 0, Majority size: -1, State: 0, Mode: NON_LEADER, active raft config: opid_index: -1 OBSOLETE_local: true peers { permanent_uuid: "e61d41c8653e42eb99bcda83092e00fc" member_type: VOTER }
I20260608 13:01:37.973588 32358 raft_consensus.cc:399] T 00000000000000000000000000000000 P e61d41c8653e42eb99bcda83092e00fc [term 0 FOLLOWER]: Only one voter in the Raft config. Triggering election immediately
I20260608 13:01:37.973793 32358 raft_consensus.cc:493] T 00000000000000000000000000000000 P e61d41c8653e42eb99bcda83092e00fc [term 0 FOLLOWER]: Starting leader election (initial election of a single-replica configuration)
I20260608 13:01:37.974030 32358 raft_consensus.cc:3060] T 00000000000000000000000000000000 P e61d41c8653e42eb99bcda83092e00fc [term 0 FOLLOWER]: Advancing to term 1
I20260608 13:01:37.980268 32358 raft_consensus.cc:515] T 00000000000000000000000000000000 P e61d41c8653e42eb99bcda83092e00fc [term 1 FOLLOWER]: Starting leader election with config: opid_index: -1 OBSOLETE_local: true peers { permanent_uuid: "e61d41c8653e42eb99bcda83092e00fc" member_type: VOTER }
I20260608 13:01:37.980885 32358 leader_election.cc:304] T 00000000000000000000000000000000 P e61d41c8653e42eb99bcda83092e00fc [CANDIDATE]: Term 1 election: Election decided. Result: candidate won. Election summary: received 1 responses out of 1 voters: 1 yes votes; 0 no votes. yes voters: e61d41c8653e42eb99bcda83092e00fc; no voters: 
I20260608 13:01:37.982667 32358 leader_election.cc:290] T 00000000000000000000000000000000 P e61d41c8653e42eb99bcda83092e00fc [CANDIDATE]: Term 1 election: Requested vote from peers 
I20260608 13:01:37.983131 32361 raft_consensus.cc:2804] T 00000000000000000000000000000000 P e61d41c8653e42eb99bcda83092e00fc [term 1 FOLLOWER]: Leader election won for term 1
I20260608 13:01:37.985404 32361 raft_consensus.cc:697] T 00000000000000000000000000000000 P e61d41c8653e42eb99bcda83092e00fc [term 1 LEADER]: Becoming Leader. State: Replica: e61d41c8653e42eb99bcda83092e00fc, State: Running, Role: LEADER
I20260608 13:01:37.986253 32361 consensus_queue.cc:237] T 00000000000000000000000000000000 P e61d41c8653e42eb99bcda83092e00fc [LEADER]: Queue going to LEADER mode. State: All replicated index: 0, Majority replicated index: 0, Committed index: 0, Last appended: 0.0, Last appended by leader: 0, Current term: 1, Majority size: 1, State: 0, Mode: LEADER, active raft config: opid_index: -1 OBSOLETE_local: true peers { permanent_uuid: "e61d41c8653e42eb99bcda83092e00fc" member_type: VOTER }
I20260608 13:01:37.987159 32358 sys_catalog.cc:565] T 00000000000000000000000000000000 P e61d41c8653e42eb99bcda83092e00fc [sys.catalog]: configured and running, proceeding with master startup.
I20260608 13:01:37.989526 32363 sys_catalog.cc:455] T 00000000000000000000000000000000 P e61d41c8653e42eb99bcda83092e00fc [sys.catalog]: SysCatalogTable state changed. Reason: New leader e61d41c8653e42eb99bcda83092e00fc. Latest consensus state: current_term: 1 leader_uuid: "e61d41c8653e42eb99bcda83092e00fc" committed_config { opid_index: -1 OBSOLETE_local: true peers { permanent_uuid: "e61d41c8653e42eb99bcda83092e00fc" member_type: VOTER } }
I20260608 13:01:37.989526 32362 sys_catalog.cc:455] T 00000000000000000000000000000000 P e61d41c8653e42eb99bcda83092e00fc [sys.catalog]: SysCatalogTable state changed. Reason: RaftConsensus started. Latest consensus state: current_term: 1 leader_uuid: "e61d41c8653e42eb99bcda83092e00fc" committed_config { opid_index: -1 OBSOLETE_local: true peers { permanent_uuid: "e61d41c8653e42eb99bcda83092e00fc" member_type: VOTER } }
I20260608 13:01:37.990324 32363 sys_catalog.cc:458] T 00000000000000000000000000000000 P e61d41c8653e42eb99bcda83092e00fc [sys.catalog]: This master's current role is: LEADER
I20260608 13:01:37.990407 32362 sys_catalog.cc:458] T 00000000000000000000000000000000 P e61d41c8653e42eb99bcda83092e00fc [sys.catalog]: This master's current role is: LEADER
I20260608 13:01:37.996424 32366 catalog_manager.cc:1510] Loading table and tablet metadata into memory...
