I20260608 13:01:48.077102  6856 consensus_queue.cc:1048] T 5862b651c235450fb789243ed8af20c7 P 63a218d81a774e94b7a65f47b66771d0 [LEADER]: Connected to new peer: Peer: permanent_uuid: "28bc26e23ea340ba8d4b3756aea27bc2" member_type: VOTER last_known_addr { host: "127.3.73.194" port: 41997 }, Status: LMP_MISMATCH, Last received: 0.0, Next index: 2, Last known committed idx: 1, Time since last communication: 0.000s
I20260608 13:01:48.078660  6748 consensus_queue.cc:1048] T 5862b651c235450fb789243ed8af20c7 P 63a218d81a774e94b7a65f47b66771d0 [LEADER]: Connected to new peer: Peer: permanent_uuid: "f9991aa207ab4d7fbf33c472fd089a5e" member_type: VOTER last_known_addr { host: "127.3.73.196" port: 46805 } attrs { replace: true }, Status: LMP_MISMATCH, Last received: 0.0, Next index: 2, Last known committed idx: 1, Time since last communication: 0.000s
I20260608 13:01:48.088755  6856 raft_consensus.cc:2955] T 5862b651c235450fb789243ed8af20c7 P 63a218d81a774e94b7a65f47b66771d0 [term 1 LEADER]: Committing config change with OpId 1.2: config changed from index -1 to 2, NON_VOTER 1852b8ab9d384029b00ccccdec9860f4 (127.3.73.195) added. New config: { opid_index: 2 OBSOLETE_local: false peers { permanent_uuid: "63a218d81a774e94b7a65f47b66771d0" member_type: VOTER last_known_addr { host: "127.3.73.193" port: 42129 } } peers { permanent_uuid: "f9991aa207ab4d7fbf33c472fd089a5e" member_type: VOTER last_known_addr { host: "127.3.73.196" port: 46805 } attrs { replace: true } } peers { permanent_uuid: "28bc26e23ea340ba8d4b3756aea27bc2" member_type: VOTER last_known_addr { host: "127.3.73.194" port: 41997 } } peers { permanent_uuid: "1852b8ab9d384029b00ccccdec9860f4" member_type: NON_VOTER last_known_addr { host: "127.3.73.195" port: 38171 } attrs { promote: true } } }
I20260608 13:01:48.091073  6653 raft_consensus.cc:2955] T 5862b651c235450fb789243ed8af20c7 P f9991aa207ab4d7fbf33c472fd089a5e [term 1 FOLLOWER]: Committing config change with OpId 1.2: config changed from index -1 to 2, NON_VOTER 1852b8ab9d384029b00ccccdec9860f4 (127.3.73.195) added. New config: { opid_index: 2 OBSOLETE_local: false peers { permanent_uuid: "63a218d81a774e94b7a65f47b66771d0" member_type: VOTER last_known_addr { host: "127.3.73.193" port: 42129 } } peers { permanent_uuid: "f9991aa207ab4d7fbf33c472fd089a5e" member_type: VOTER last_known_addr { host: "127.3.73.196" port: 46805 } attrs { replace: true } } peers { permanent_uuid: "28bc26e23ea340ba8d4b3756aea27bc2" member_type: VOTER last_known_addr { host: "127.3.73.194" port: 41997 } } peers { permanent_uuid: "1852b8ab9d384029b00ccccdec9860f4" member_type: NON_VOTER last_known_addr { host: "127.3.73.195" port: 38171 } attrs { promote: true } } }
I20260608 13:01:48.093271  6428 raft_consensus.cc:2955] T 5862b651c235450fb789243ed8af20c7 P 28bc26e23ea340ba8d4b3756aea27bc2 [term 1 FOLLOWER]: Committing config change with OpId 1.2: config changed from index -1 to 2, NON_VOTER 1852b8ab9d384029b00ccccdec9860f4 (127.3.73.195) added. New config: { opid_index: 2 OBSOLETE_local: false peers { permanent_uuid: "63a218d81a774e94b7a65f47b66771d0" member_type: VOTER last_known_addr { host: "127.3.73.193" port: 42129 } } peers { permanent_uuid: "f9991aa207ab4d7fbf33c472fd089a5e" member_type: VOTER last_known_addr { host: "127.3.73.196" port: 46805 } attrs { replace: true } } peers { permanent_uuid: "28bc26e23ea340ba8d4b3756aea27bc2" member_type: VOTER last_known_addr { host: "127.3.73.194" port: 41997 } } peers { permanent_uuid: "1852b8ab9d384029b00ccccdec9860f4" member_type: NON_VOTER last_known_addr { host: "127.3.73.195" port: 38171 } attrs { promote: true } } }
I20260608 13:01:48.105242  6251 catalog_manager.cc:5696] T 5862b651c235450fb789243ed8af20c7 P f9991aa207ab4d7fbf33c472fd089a5e reported cstate change: config changed from index -1 to 2, NON_VOTER 1852b8ab9d384029b00ccccdec9860f4 (127.3.73.195) added. New cstate: current_term: 1 leader_uuid: "63a218d81a774e94b7a65f47b66771d0" committed_config { opid_index: 2 OBSOLETE_local: false peers { permanent_uuid: "63a218d81a774e94b7a65f47b66771d0" member_type: VOTER last_known_addr { host: "127.3.73.193" port: 42129 } } peers { permanent_uuid: "f9991aa207ab4d7fbf33c472fd089a5e" member_type: VOTER last_known_addr { host: "127.3.73.196" port: 46805 } attrs { replace: true } } peers { permanent_uuid: "28bc26e23ea340ba8d4b3756aea27bc2" member_type: VOTER last_known_addr { host: "127.3.73.194" port: 41997 } } peers { permanent_uuid: "1852b8ab9d384029b00ccccdec9860f4" member_type: NON_VOTER last_known_addr { host: "127.3.73.195" port: 38171 } attrs { promote: true } } }
I20260608 13:01:48.411164  6869 ts_tablet_manager.cc:933] T 3803fa29f8db438e9cc4d4b59cb070a0 P f9991aa207ab4d7fbf33c472fd089a5e: Initiating tablet copy from peer 28bc26e23ea340ba8d4b3756aea27bc2 (127.3.73.194:41997)
I20260608 13:01:48.412889  6869 tablet_copy_client.cc:323] T 3803fa29f8db438e9cc4d4b59cb070a0 P f9991aa207ab4d7fbf33c472fd089a5e: tablet copy: Beginning tablet copy session from remote peer at address 127.3.73.194:41997
I20260608 13:01:48.414693  6439 tablet_copy_service.cc:140] P 28bc26e23ea340ba8d4b3756aea27bc2: Received BeginTabletCopySession request for tablet 3803fa29f8db438e9cc4d4b59cb070a0 from peer f9991aa207ab4d7fbf33c472fd089a5e ({username='slave'} at 127.0.0.1:38400)
I20260608 13:01:48.415300  6439 tablet_copy_service.cc:161] P 28bc26e23ea340ba8d4b3756aea27bc2: Beginning new tablet copy session on tablet 3803fa29f8db438e9cc4d4b59cb070a0 from peer f9991aa207ab4d7fbf33c472fd089a5e at {username='slave'} at 127.0.0.1:38400: session id = f9991aa207ab4d7fbf33c472fd089a5e-3803fa29f8db438e9cc4d4b59cb070a0
I20260608 13:01:48.423303  6439 tablet_copy_source_session.cc:215] T 3803fa29f8db438e9cc4d4b59cb070a0 P 28bc26e23ea340ba8d4b3756aea27bc2: Tablet Copy: opened 0 blocks and 1 log segments
I20260608 13:01:48.426210  6869 data_dirs.cc:400] Could only allocate 1 dirs of requested 3 for tablet 3803fa29f8db438e9cc4d4b59cb070a0. 1 dirs total, 0 dirs full, 0 dirs failed
I20260608 13:01:48.440116  6869 tablet_copy_client.cc:806] T 3803fa29f8db438e9cc4d4b59cb070a0 P f9991aa207ab4d7fbf33c472fd089a5e: tablet copy: Starting download of 0 data blocks...
I20260608 13:01:48.440650  6869 tablet_copy_client.cc:670] T 3803fa29f8db438e9cc4d4b59cb070a0 P f9991aa207ab4d7fbf33c472fd089a5e: tablet copy: Starting download of 1 WAL segments...
I20260608 13:01:48.444360  6869 tablet_copy_client.cc:538] T 3803fa29f8db438e9cc4d4b59cb070a0 P f9991aa207ab4d7fbf33c472fd089a5e: tablet copy: Tablet Copy complete. Replacing tablet superblock.
I20260608 13:01:48.450217  6869 tablet_bootstrap.cc:492] T 3803fa29f8db438e9cc4d4b59cb070a0 P f9991aa207ab4d7fbf33c472fd089a5e: Bootstrap starting.
I20260608 13:01:48.463708  6872 ts_tablet_manager.cc:933] T 3a5ec714f3134248b01d88bf79ae834f P f9991aa207ab4d7fbf33c472fd089a5e: Initiating tablet copy from peer 1852b8ab9d384029b00ccccdec9860f4 (127.3.73.195:38171)
I20260608 13:01:48.465649  6872 tablet_copy_client.cc:323] T 3a5ec714f3134248b01d88bf79ae834f P f9991aa207ab4d7fbf33c472fd089a5e: tablet copy: Beginning tablet copy session from remote peer at address 127.3.73.195:38171
I20260608 13:01:48.467643  6513 tablet_copy_service.cc:140] P 1852b8ab9d384029b00ccccdec9860f4: Received BeginTabletCopySession request for tablet 3a5ec714f3134248b01d88bf79ae834f from peer f9991aa207ab4d7fbf33c472fd089a5e ({username='slave'} at 127.0.0.1:40496)
I20260608 13:01:48.468217  6513 tablet_copy_service.cc:161] P 1852b8ab9d384029b00ccccdec9860f4: Beginning new tablet copy session on tablet 3a5ec714f3134248b01d88bf79ae834f from peer f9991aa207ab4d7fbf33c472fd089a5e at {username='slave'} at 127.0.0.1:40496: session id = f9991aa207ab4d7fbf33c472fd089a5e-3a5ec714f3134248b01d88bf79ae834f
I20260608 13:01:48.469904  6869 tablet_bootstrap.cc:492] T 3803fa29f8db438e9cc4d4b59cb070a0 P f9991aa207ab4d7fbf33c472fd089a5e: Bootstrap replayed 1/1 log segments. Stats: ops{read=2 overwritten=0 applied=2 ignored=0} inserts{seen=0 ignored=0} mutations{seen=0 ignored=0} orphaned_commits=0. Pending: 0 replicates
I20260608 13:01:48.470854  6869 tablet_bootstrap.cc:492] T 3803fa29f8db438e9cc4d4b59cb070a0 P f9991aa207ab4d7fbf33c472fd089a5e: Bootstrap complete.
I20260608 13:01:48.471544  6869 ts_tablet_manager.cc:1403] T 3803fa29f8db438e9cc4d4b59cb070a0 P f9991aa207ab4d7fbf33c472fd089a5e: Time spent bootstrapping tablet: real 0.021s	user 0.016s	sys 0.008s
I20260608 13:01:48.474690  6869 raft_consensus.cc:359] T 3803fa29f8db438e9cc4d4b59cb070a0 P f9991aa207ab4d7fbf33c472fd089a5e [term 1 LEARNER]: Replica starting. Triggering 0 pending ops. Active config: opid_index: 2 OBSOLETE_local: false peers { permanent_uuid: "63a218d81a774e94b7a65f47b66771d0" member_type: VOTER last_known_addr { host: "127.3.73.193" port: 42129 } attrs { replace: true } } peers { permanent_uuid: "1852b8ab9d384029b00ccccdec9860f4" member_type: VOTER last_known_addr { host: "127.3.73.195" port: 38171 } } peers { permanent_uuid: "28bc26e23ea340ba8d4b3756aea27bc2" member_type: VOTER last_known_addr { host: "127.3.73.194" port: 41997 } } peers { permanent_uuid: "f9991aa207ab4d7fbf33c472fd089a5e" member_type: NON_VOTER last_known_addr { host: "127.3.73.196" port: 46805 } attrs { promote: true } }
I20260608 13:01:48.475487  6513 tablet_copy_source_session.cc:215] T 3a5ec714f3134248b01d88bf79ae834f P 1852b8ab9d384029b00ccccdec9860f4: Tablet Copy: opened 0 blocks and 1 log segments
I20260608 13:01:48.475462  6869 raft_consensus.cc:740] T 3803fa29f8db438e9cc4d4b59cb070a0 P f9991aa207ab4d7fbf33c472fd089a5e [term 1 LEARNER]: Becoming Follower/Learner. State: Replica: f9991aa207ab4d7fbf33c472fd089a5e, State: Initialized, Role: LEARNER
I20260608 13:01:48.476428  6869 consensus_queue.cc:260] T 3803fa29f8db438e9cc4d4b59cb070a0 P f9991aa207ab4d7fbf33c472fd089a5e [NON_LEADER]: Queue going to NON_LEADER mode. State: All replicated index: 0, Majority replicated index: 0, Committed index: 2, Last appended: 1.2, Last appended by leader: 2, Current term: 0, Majority size: -1, State: 0, Mode: NON_LEADER, active raft config: opid_index: 2 OBSOLETE_local: false peers { permanent_uuid: "63a218d81a774e94b7a65f47b66771d0" member_type: VOTER last_known_addr { host: "127.3.73.193" port: 42129 } attrs { replace: true } } peers { permanent_uuid: "1852b8ab9d384029b00ccccdec9860f4" member_type: VOTER last_known_addr { host: "127.3.73.195" port: 38171 } } peers { permanent_uuid: "28bc26e23ea340ba8d4b3756aea27bc2" member_type: VOTER last_known_addr { host: "127.3.73.194" port: 41997 } } peers { permanent_uuid: "f9991aa207ab4d7fbf33c472fd089a5e" member_type: NON_VOTER last_known_addr { host: "127.3.73.196" port: 46805 } attrs { promote: true } }
I20260608 13:01:48.478893  6872 data_dirs.cc:400] Could only allocate 1 dirs of requested 3 for tablet 3a5ec714f3134248b01d88bf79ae834f. 1 dirs total, 0 dirs full, 0 dirs failed
I20260608 13:01:48.479028  6869 ts_tablet_manager.cc:1434] T 3803fa29f8db438e9cc4d4b59cb070a0 P f9991aa207ab4d7fbf33c472fd089a5e: Time spent starting tablet: real 0.007s	user 0.008s	sys 0.000s
I20260608 13:01:48.481020  6439 tablet_copy_service.cc:342] P 28bc26e23ea340ba8d4b3756aea27bc2: Request end of tablet copy session f9991aa207ab4d7fbf33c472fd089a5e-3803fa29f8db438e9cc4d4b59cb070a0 received from {username='slave'} at 127.0.0.1:38400
I20260608 13:01:48.481467  6439 tablet_copy_service.cc:434] P 28bc26e23ea340ba8d4b3756aea27bc2: ending tablet copy session f9991aa207ab4d7fbf33c472fd089a5e-3803fa29f8db438e9cc4d4b59cb070a0 on tablet 3803fa29f8db438e9cc4d4b59cb070a0 with peer f9991aa207ab4d7fbf33c472fd089a5e
I20260608 13:01:48.495525  6872 tablet_copy_client.cc:806] T 3a5ec714f3134248b01d88bf79ae834f P f9991aa207ab4d7fbf33c472fd089a5e: tablet copy: Starting download of 0 data blocks...
I20260608 13:01:48.496214  6872 tablet_copy_client.cc:670] T 3a5ec714f3134248b01d88bf79ae834f P f9991aa207ab4d7fbf33c472fd089a5e: tablet copy: Starting download of 1 WAL segments...
I20260608 13:01:48.501821  6872 tablet_copy_client.cc:538] T 3a5ec714f3134248b01d88bf79ae834f P f9991aa207ab4d7fbf33c472fd089a5e: tablet copy: Tablet Copy complete. Replacing tablet superblock.
I20260608 13:01:48.510481  6872 tablet_bootstrap.cc:492] T 3a5ec714f3134248b01d88bf79ae834f P f9991aa207ab4d7fbf33c472fd089a5e: Bootstrap starting.
I20260608 13:01:48.529937  6872 tablet_bootstrap.cc:492] T 3a5ec714f3134248b01d88bf79ae834f P f9991aa207ab4d7fbf33c472fd089a5e: Bootstrap replayed 1/1 log segments. Stats: ops{read=3 overwritten=0 applied=3 ignored=0} inserts{seen=0 ignored=0} mutations{seen=0 ignored=0} orphaned_commits=0. Pending: 0 replicates
I20260608 13:01:48.530725  6872 tablet_bootstrap.cc:492] T 3a5ec714f3134248b01d88bf79ae834f P f9991aa207ab4d7fbf33c472fd089a5e: Bootstrap complete.
I20260608 13:01:48.531256  6872 ts_tablet_manager.cc:1403] T 3a5ec714f3134248b01d88bf79ae834f P f9991aa207ab4d7fbf33c472fd089a5e: Time spent bootstrapping tablet: real 0.021s	user 0.016s	sys 0.007s
I20260608 13:01:48.533493  6872 raft_consensus.cc:359] T 3a5ec714f3134248b01d88bf79ae834f P f9991aa207ab4d7fbf33c472fd089a5e [term 2 LEARNER]: Replica starting. Triggering 0 pending ops. Active config: opid_index: 3 OBSOLETE_local: false peers { permanent_uuid: "63a218d81a774e94b7a65f47b66771d0" member_type: VOTER last_known_addr { host: "127.3.73.193" port: 42129 } } peers { permanent_uuid: "28bc26e23ea340ba8d4b3756aea27bc2" member_type: VOTER last_known_addr { host: "127.3.73.194" port: 41997 } attrs { replace: true } } peers { permanent_uuid: "1852b8ab9d384029b00ccccdec9860f4" member_type: VOTER last_known_addr { host: "127.3.73.195" port: 38171 } } peers { permanent_uuid: "f9991aa207ab4d7fbf33c472fd089a5e" member_type: NON_VOTER last_known_addr { host: "127.3.73.196" port: 46805 } attrs { promote: true } }
I20260608 13:01:48.534075  6872 raft_consensus.cc:740] T 3a5ec714f3134248b01d88bf79ae834f P f9991aa207ab4d7fbf33c472fd089a5e [term 2 LEARNER]: Becoming Follower/Learner. State: Replica: f9991aa207ab4d7fbf33c472fd089a5e, State: Initialized, Role: LEARNER
I20260608 13:01:48.534619  6872 consensus_queue.cc:260] T 3a5ec714f3134248b01d88bf79ae834f P f9991aa207ab4d7fbf33c472fd089a5e [NON_LEADER]: Queue going to NON_LEADER mode. State: All replicated index: 0, Majority replicated index: 0, Committed index: 3, Last appended: 2.3, Last appended by leader: 3, Current term: 0, Majority size: -1, State: 0, Mode: NON_LEADER, active raft config: opid_index: 3 OBSOLETE_local: false peers { permanent_uuid: "63a218d81a774e94b7a65f47b66771d0" member_type: VOTER last_known_addr { host: "127.3.73.193" port: 42129 } } peers { permanent_uuid: "28bc26e23ea340ba8d4b3756aea27bc2" member_type: VOTER last_known_addr { host: "127.3.73.194" port: 41997 } attrs { replace: true } } peers { permanent_uuid: "1852b8ab9d384029b00ccccdec9860f4" member_type: VOTER last_known_addr { host: "127.3.73.195" port: 38171 } } peers { permanent_uuid: "f9991aa207ab4d7fbf33c472fd089a5e" member_type: NON_VOTER last_known_addr { host: "127.3.73.196" port: 46805 } attrs { promote: true } }
I20260608 13:01:48.536372  6872 ts_tablet_manager.cc:1434] T 3a5ec714f3134248b01d88bf79ae834f P f9991aa207ab4d7fbf33c472fd089a5e: Time spent starting tablet: real 0.005s	user 0.004s	sys 0.000s
I20260608 13:01:48.538148  6513 tablet_copy_service.cc:342] P 1852b8ab9d384029b00ccccdec9860f4: Request end of tablet copy session f9991aa207ab4d7fbf33c472fd089a5e-3a5ec714f3134248b01d88bf79ae834f received from {username='slave'} at 127.0.0.1:40496
I20260608 13:01:48.538542  6513 tablet_copy_service.cc:434] P 1852b8ab9d384029b00ccccdec9860f4: ending tablet copy session f9991aa207ab4d7fbf33c472fd089a5e-3a5ec714f3134248b01d88bf79ae834f on tablet 3a5ec714f3134248b01d88bf79ae834f with peer f9991aa207ab4d7fbf33c472fd089a5e
I20260608 13:01:48.550838  6876 ts_tablet_manager.cc:933] T 770f764c43ce49f2900fb59d3c4c45f6 P 28bc26e23ea340ba8d4b3756aea27bc2: Initiating tablet copy from peer 63a218d81a774e94b7a65f47b66771d0 (127.3.73.193:42129)
I20260608 13:01:48.551610  6875 ts_tablet_manager.cc:933] T 5862b651c235450fb789243ed8af20c7 P 1852b8ab9d384029b00ccccdec9860f4: Initiating tablet copy from peer 63a218d81a774e94b7a65f47b66771d0 (127.3.73.193:42129)
I20260608 13:01:48.552934  6876 tablet_copy_client.cc:323] T 770f764c43ce49f2900fb59d3c4c45f6 P 28bc26e23ea340ba8d4b3756aea27bc2: tablet copy: Beginning tablet copy session from remote peer at address 127.3.73.193:42129
I20260608 13:01:48.553654  6875 tablet_copy_client.cc:323] T 5862b651c235450fb789243ed8af20c7 P 1852b8ab9d384029b00ccccdec9860f4: tablet copy: Beginning tablet copy session from remote peer at address 127.3.73.193:42129
I20260608 13:01:48.554821  6364 tablet_copy_service.cc:140] P 63a218d81a774e94b7a65f47b66771d0: Received BeginTabletCopySession request for tablet 770f764c43ce49f2900fb59d3c4c45f6 from peer 28bc26e23ea340ba8d4b3756aea27bc2 ({username='slave'} at 127.0.0.1:33422)
I20260608 13:01:48.555308  6364 tablet_copy_service.cc:161] P 63a218d81a774e94b7a65f47b66771d0: Beginning new tablet copy session on tablet 770f764c43ce49f2900fb59d3c4c45f6 from peer 28bc26e23ea340ba8d4b3756aea27bc2 at {username='slave'} at 127.0.0.1:33422: session id = 28bc26e23ea340ba8d4b3756aea27bc2-770f764c43ce49f2900fb59d3c4c45f6
I20260608 13:01:48.555398  6363 tablet_copy_service.cc:140] P 63a218d81a774e94b7a65f47b66771d0: Received BeginTabletCopySession request for tablet 5862b651c235450fb789243ed8af20c7 from peer 1852b8ab9d384029b00ccccdec9860f4 ({username='slave'} at 127.0.0.1:33412)
I20260608 13:01:48.555951  6363 tablet_copy_service.cc:161] P 63a218d81a774e94b7a65f47b66771d0: Beginning new tablet copy session on tablet 5862b651c235450fb789243ed8af20c7 from peer 1852b8ab9d384029b00ccccdec9860f4 at {username='slave'} at 127.0.0.1:33412: session id = 1852b8ab9d384029b00ccccdec9860f4-5862b651c235450fb789243ed8af20c7
I20260608 13:01:48.564669  6363 tablet_copy_source_session.cc:215] T 5862b651c235450fb789243ed8af20c7 P 63a218d81a774e94b7a65f47b66771d0: Tablet Copy: opened 0 blocks and 1 log segments
I20260608 13:01:48.564671  6364 tablet_copy_source_session.cc:215] T 770f764c43ce49f2900fb59d3c4c45f6 P 63a218d81a774e94b7a65f47b66771d0: Tablet Copy: opened 0 blocks and 1 log segments
I20260608 13:01:48.568181  6876 data_dirs.cc:400] Could only allocate 1 dirs of requested 3 for tablet 770f764c43ce49f2900fb59d3c4c45f6. 1 dirs total, 0 dirs full, 0 dirs failed
I20260608 13:01:48.569590  6875 data_dirs.cc:400] Could only allocate 1 dirs of requested 3 for tablet 5862b651c235450fb789243ed8af20c7. 1 dirs total, 0 dirs full, 0 dirs failed
I20260608 13:01:48.581511  6875 tablet_copy_client.cc:806] T 5862b651c235450fb789243ed8af20c7 P 1852b8ab9d384029b00ccccdec9860f4: tablet copy: Starting download of 0 data blocks...
I20260608 13:01:48.582140  6875 tablet_copy_client.cc:670] T 5862b651c235450fb789243ed8af20c7 P 1852b8ab9d384029b00ccccdec9860f4: tablet copy: Starting download of 1 WAL segments...
I20260608 13:01:48.583951  6876 tablet_copy_client.cc:806] T 770f764c43ce49f2900fb59d3c4c45f6 P 28bc26e23ea340ba8d4b3756aea27bc2: tablet copy: Starting download of 0 data blocks...
I20260608 13:01:48.584563  6876 tablet_copy_client.cc:670] T 770f764c43ce49f2900fb59d3c4c45f6 P 28bc26e23ea340ba8d4b3756aea27bc2: tablet copy: Starting download of 1 WAL segments...
I20260608 13:01:48.587750  6875 tablet_copy_client.cc:538] T 5862b651c235450fb789243ed8af20c7 P 1852b8ab9d384029b00ccccdec9860f4: tablet copy: Tablet Copy complete. Replacing tablet superblock.
I20260608 13:01:48.588454  6876 tablet_copy_client.cc:538] T 770f764c43ce49f2900fb59d3c4c45f6 P 28bc26e23ea340ba8d4b3756aea27bc2: tablet copy: Tablet Copy complete. Replacing tablet superblock.
I20260608 13:01:48.596537  6876 tablet_bootstrap.cc:492] T 770f764c43ce49f2900fb59d3c4c45f6 P 28bc26e23ea340ba8d4b3756aea27bc2: Bootstrap starting.
I20260608 13:01:48.596537  6875 tablet_bootstrap.cc:492] T 5862b651c235450fb789243ed8af20c7 P 1852b8ab9d384029b00ccccdec9860f4: Bootstrap starting.
I20260608 13:01:48.618305  6875 tablet_bootstrap.cc:492] T 5862b651c235450fb789243ed8af20c7 P 1852b8ab9d384029b00ccccdec9860f4: Bootstrap replayed 1/1 log segments. Stats: ops{read=2 overwritten=0 applied=2 ignored=0} inserts{seen=0 ignored=0} mutations{seen=0 ignored=0} orphaned_commits=0. Pending: 0 replicates
I20260608 13:01:48.619199  6875 tablet_bootstrap.cc:492] T 5862b651c235450fb789243ed8af20c7 P 1852b8ab9d384029b00ccccdec9860f4: Bootstrap complete.
I20260608 13:01:48.619773  6875 ts_tablet_manager.cc:1403] T 5862b651c235450fb789243ed8af20c7 P 1852b8ab9d384029b00ccccdec9860f4: Time spent bootstrapping tablet: real 0.023s	user 0.017s	sys 0.004s
I20260608 13:01:48.619804  6876 tablet_bootstrap.cc:492] T 770f764c43ce49f2900fb59d3c4c45f6 P 28bc26e23ea340ba8d4b3756aea27bc2: Bootstrap replayed 1/1 log segments. Stats: ops{read=2 overwritten=0 applied=2 ignored=0} inserts{seen=0 ignored=0} mutations{seen=0 ignored=0} orphaned_commits=0. Pending: 0 replicates
I20260608 13:01:48.620726  6876 tablet_bootstrap.cc:492] T 770f764c43ce49f2900fb59d3c4c45f6 P 28bc26e23ea340ba8d4b3756aea27bc2: Bootstrap complete.
I20260608 13:01:48.621377  6876 ts_tablet_manager.cc:1403] T 770f764c43ce49f2900fb59d3c4c45f6 P 28bc26e23ea340ba8d4b3756aea27bc2: Time spent bootstrapping tablet: real 0.025s	user 0.020s	sys 0.004s
I20260608 13:01:48.622221  6875 raft_consensus.cc:359] T 5862b651c235450fb789243ed8af20c7 P 1852b8ab9d384029b00ccccdec9860f4 [term 1 LEARNER]: Replica starting. Triggering 0 pending ops. Active config: opid_index: 2 OBSOLETE_local: false peers { permanent_uuid: "63a218d81a774e94b7a65f47b66771d0" member_type: VOTER last_known_addr { host: "127.3.73.193" port: 42129 } } peers { permanent_uuid: "f9991aa207ab4d7fbf33c472fd089a5e" member_type: VOTER last_known_addr { host: "127.3.73.196" port: 46805 } attrs { replace: true } } peers { permanent_uuid: "28bc26e23ea340ba8d4b3756aea27bc2" member_type: VOTER last_known_addr { host: "127.3.73.194" port: 41997 } } peers { permanent_uuid: "1852b8ab9d384029b00ccccdec9860f4" member_type: NON_VOTER last_known_addr { host: "127.3.73.195" port: 38171 } attrs { promote: true } }
I20260608 13:01:48.622936  6875 raft_consensus.cc:740] T 5862b651c235450fb789243ed8af20c7 P 1852b8ab9d384029b00ccccdec9860f4 [term 1 LEARNER]: Becoming Follower/Learner. State: Replica: 1852b8ab9d384029b00ccccdec9860f4, State: Initialized, Role: LEARNER
I20260608 13:01:48.623456  6875 consensus_queue.cc:260] T 5862b651c235450fb789243ed8af20c7 P 1852b8ab9d384029b00ccccdec9860f4 [NON_LEADER]: Queue going to NON_LEADER mode. State: All replicated index: 0, Majority replicated index: 0, Committed index: 2, Last appended: 1.2, Last appended by leader: 2, Current term: 0, Majority size: -1, State: 0, Mode: NON_LEADER, active raft config: opid_index: 2 OBSOLETE_local: false peers { permanent_uuid: "63a218d81a774e94b7a65f47b66771d0" member_type: VOTER last_known_addr { host: "127.3.73.193" port: 42129 } } peers { permanent_uuid: "f9991aa207ab4d7fbf33c472fd089a5e" member_type: VOTER last_known_addr { host: "127.3.73.196" port: 46805 } attrs { replace: true } } peers { permanent_uuid: "28bc26e23ea340ba8d4b3756aea27bc2" member_type: VOTER last_known_addr { host: "127.3.73.194" port: 41997 } } peers { permanent_uuid: "1852b8ab9d384029b00ccccdec9860f4" member_type: NON_VOTER last_known_addr { host: "127.3.73.195" port: 38171 } attrs { promote: true } }
I20260608 13:01:48.624505  6876 raft_consensus.cc:359] T 770f764c43ce49f2900fb59d3c4c45f6 P 28bc26e23ea340ba8d4b3756aea27bc2 [term 1 LEARNER]: Replica starting. Triggering 0 pending ops. Active config: opid_index: 2 OBSOLETE_local: false peers { permanent_uuid: "f9991aa207ab4d7fbf33c472fd089a5e" member_type: VOTER last_known_addr { host: "127.3.73.196" port: 46805 } attrs { replace: true } } peers { permanent_uuid: "1852b8ab9d384029b00ccccdec9860f4" member_type: VOTER last_known_addr { host: "127.3.73.195" port: 38171 } } peers { permanent_uuid: "63a218d81a774e94b7a65f47b66771d0" member_type: VOTER last_known_addr { host: "127.3.73.193" port: 42129 } } peers { permanent_uuid: "28bc26e23ea340ba8d4b3756aea27bc2" member_type: NON_VOTER last_known_addr { host: "127.3.73.194" port: 41997 } attrs { promote: true } }
I20260608 13:01:48.625396  6876 raft_consensus.cc:740] T 770f764c43ce49f2900fb59d3c4c45f6 P 28bc26e23ea340ba8d4b3756aea27bc2 [term 1 LEARNER]: Becoming Follower/Learner. State: Replica: 28bc26e23ea340ba8d4b3756aea27bc2, State: Initialized, Role: LEARNER
I20260608 13:01:48.625592  6875 ts_tablet_manager.cc:1434] T 5862b651c235450fb789243ed8af20c7 P 1852b8ab9d384029b00ccccdec9860f4: Time spent starting tablet: real 0.005s	user 0.002s	sys 0.000s
I20260608 13:01:48.626096  6876 consensus_queue.cc:260] T 770f764c43ce49f2900fb59d3c4c45f6 P 28bc26e23ea340ba8d4b3756aea27bc2 [NON_LEADER]: Queue going to NON_LEADER mode. State: All replicated index: 0, Majority replicated index: 0, Committed index: 2, Last appended: 1.2, Last appended by leader: 2, Current term: 0, Majority size: -1, State: 0, Mode: NON_LEADER, active raft config: opid_index: 2 OBSOLETE_local: false peers { permanent_uuid: "f9991aa207ab4d7fbf33c472fd089a5e" member_type: VOTER last_known_addr { host: "127.3.73.196" port: 46805 } attrs { replace: true } } peers { permanent_uuid: "1852b8ab9d384029b00ccccdec9860f4" member_type: VOTER last_known_addr { host: "127.3.73.195" port: 38171 } } peers { permanent_uuid: "63a218d81a774e94b7a65f47b66771d0" member_type: VOTER last_known_addr { host: "127.3.73.193" port: 42129 } } peers { permanent_uuid: "28bc26e23ea340ba8d4b3756aea27bc2" member_type: NON_VOTER last_known_addr { host: "127.3.73.194" port: 41997 } attrs { promote: true } }
I20260608 13:01:48.627813  6364 tablet_copy_service.cc:342] P 63a218d81a774e94b7a65f47b66771d0: Request end of tablet copy session 1852b8ab9d384029b00ccccdec9860f4-5862b651c235450fb789243ed8af20c7 received from {username='slave'} at 127.0.0.1:33412
I20260608 13:01:48.628235  6364 tablet_copy_service.cc:434] P 63a218d81a774e94b7a65f47b66771d0: ending tablet copy session 1852b8ab9d384029b00ccccdec9860f4-5862b651c235450fb789243ed8af20c7 on tablet 5862b651c235450fb789243ed8af20c7 with peer 1852b8ab9d384029b00ccccdec9860f4
I20260608 13:01:48.628821  6876 ts_tablet_manager.cc:1434] T 770f764c43ce49f2900fb59d3c4c45f6 P 28bc26e23ea340ba8d4b3756aea27bc2: Time spent starting tablet: real 0.007s	user 0.007s	sys 0.000s
I20260608 13:01:48.631064  6364 tablet_copy_service.cc:342] P 63a218d81a774e94b7a65f47b66771d0: Request end of tablet copy session 28bc26e23ea340ba8d4b3756aea27bc2-770f764c43ce49f2900fb59d3c4c45f6 received from {username='slave'} at 127.0.0.1:33422
I20260608 13:01:48.631482  6364 tablet_copy_service.cc:434] P 63a218d81a774e94b7a65f47b66771d0: ending tablet copy session 28bc26e23ea340ba8d4b3756aea27bc2-770f764c43ce49f2900fb59d3c4c45f6 on tablet 770f764c43ce49f2900fb59d3c4c45f6 with peer 28bc26e23ea340ba8d4b3756aea27bc2
I20260608 13:01:48.882983  6653 raft_consensus.cc:1217] T 3a5ec714f3134248b01d88bf79ae834f P f9991aa207ab4d7fbf33c472fd089a5e [term 2 LEARNER]: Deduplicated request from leader. Original: 2.2->[2.3-2.3]   Dedup: 2.3->[]
I20260608 13:01:48.921028  6653 raft_consensus.cc:1217] T 3803fa29f8db438e9cc4d4b59cb070a0 P f9991aa207ab4d7fbf33c472fd089a5e [term 1 LEARNER]: Deduplicated request from leader. Original: 1.1->[1.2-1.2]   Dedup: 1.2->[]
I20260608 13:01:49.035027  6503 raft_consensus.cc:1217] T 5862b651c235450fb789243ed8af20c7 P 1852b8ab9d384029b00ccccdec9860f4 [term 1 LEARNER]: Deduplicated request from leader. Original: 1.1->[1.2-1.2]   Dedup: 1.2->[]
I20260608 13:01:49.076175  6428 raft_consensus.cc:1217] T 770f764c43ce49f2900fb59d3c4c45f6 P 28bc26e23ea340ba8d4b3756aea27bc2 [term 1 LEARNER]: Deduplicated request from leader. Original: 1.1->[1.2-1.2]   Dedup: 1.2->[]
I20260608 13:01:49.205688  6305 auto_leader_rebalancer.cc:140] leader rebalance for table range_aware_rebalance_new_range
I20260608 13:01:49.224313  6305 auto_leader_rebalancer.cc:388] table: range_aware_rebalance_new_range, leader rebalance finish, leader transfer count: 0
I20260608 13:01:49.225499  6305 auto_leader_rebalancer.cc:451] All tables' leader rebalancing finished this round
I20260608 13:01:49.304026  6574 raft_consensus.cc:1064] T 3a5ec714f3134248b01d88bf79ae834f P 1852b8ab9d384029b00ccccdec9860f4: attempting to promote NON_VOTER f9991aa207ab4d7fbf33c472fd089a5e to VOTER
I20260608 13:01:49.305672  6574 consensus_queue.cc:237] T 3a5ec714f3134248b01d88bf79ae834f P 1852b8ab9d384029b00ccccdec9860f4 [LEADER]: Queue going to LEADER mode. State: All replicated index: 0, Majority replicated index: 3, Committed index: 3, Last appended: 2.3, Last appended by leader: 1, Current term: 2, Majority size: 3, State: 0, Mode: LEADER, active raft config: opid_index: 4 OBSOLETE_local: false peers { permanent_uuid: "63a218d81a774e94b7a65f47b66771d0" member_type: VOTER last_known_addr { host: "127.3.73.193" port: 42129 } } peers { permanent_uuid: "28bc26e23ea340ba8d4b3756aea27bc2" member_type: VOTER last_known_addr { host: "127.3.73.194" port: 41997 } attrs { replace: true } } peers { permanent_uuid: "1852b8ab9d384029b00ccccdec9860f4" member_type: VOTER last_known_addr { host: "127.3.73.195" port: 38171 } } peers { permanent_uuid: "f9991aa207ab4d7fbf33c472fd089a5e" member_type: VOTER last_known_addr { host: "127.3.73.196" port: 46805 } attrs { promote: false } }
I20260608 13:01:49.312107  6428 raft_consensus.cc:1275] T 3a5ec714f3134248b01d88bf79ae834f P 28bc26e23ea340ba8d4b3756aea27bc2 [term 2 FOLLOWER]: Refusing update from remote peer 1852b8ab9d384029b00ccccdec9860f4: Log matching property violated. Preceding OpId in replica: term: 2 index: 3. Preceding OpId from leader: term: 2 index: 4. (index mismatch)
I20260608 13:01:49.312342  6653 raft_consensus.cc:1275] T 3a5ec714f3134248b01d88bf79ae834f P f9991aa207ab4d7fbf33c472fd089a5e [term 2 LEARNER]: Refusing update from remote peer 1852b8ab9d384029b00ccccdec9860f4: Log matching property violated. Preceding OpId in replica: term: 2 index: 3. Preceding OpId from leader: term: 2 index: 4. (index mismatch)
I20260608 13:01:49.312604  6352 raft_consensus.cc:1275] T 3a5ec714f3134248b01d88bf79ae834f P 63a218d81a774e94b7a65f47b66771d0 [term 2 FOLLOWER]: Refusing update from remote peer 1852b8ab9d384029b00ccccdec9860f4: Log matching property violated. Preceding OpId in replica: term: 2 index: 3. Preceding OpId from leader: term: 2 index: 4. (index mismatch)
I20260608 13:01:49.313834  6881 consensus_queue.cc:1048] T 3a5ec714f3134248b01d88bf79ae834f P 1852b8ab9d384029b00ccccdec9860f4 [LEADER]: Connected to new peer: Peer: permanent_uuid: "28bc26e23ea340ba8d4b3756aea27bc2" member_type: VOTER last_known_addr { host: "127.3.73.194" port: 41997 } attrs { replace: true }, Status: LMP_MISMATCH, Last received: 0.0, Next index: 4, Last known committed idx: 3, Time since last communication: 0.000s
I20260608 13:01:49.314711  6574 consensus_queue.cc:1048] T 3a5ec714f3134248b01d88bf79ae834f P 1852b8ab9d384029b00ccccdec9860f4 [LEADER]: Connected to new peer: Peer: permanent_uuid: "63a218d81a774e94b7a65f47b66771d0" member_type: VOTER last_known_addr { host: "127.3.73.193" port: 42129 }, Status: LMP_MISMATCH, Last received: 0.0, Next index: 4, Last known committed idx: 3, Time since last communication: 0.000s
I20260608 13:01:49.315523  6882 consensus_queue.cc:1048] T 3a5ec714f3134248b01d88bf79ae834f P 1852b8ab9d384029b00ccccdec9860f4 [LEADER]: Connected to new peer: Peer: permanent_uuid: "f9991aa207ab4d7fbf33c472fd089a5e" member_type: VOTER last_known_addr { host: "127.3.73.196" port: 46805 } attrs { promote: false }, Status: LMP_MISMATCH, Last received: 0.0, Next index: 4, Last known committed idx: 3, Time since last communication: 0.000s
I20260608 13:01:49.330566  6881 raft_consensus.cc:2955] T 3a5ec714f3134248b01d88bf79ae834f P 1852b8ab9d384029b00ccccdec9860f4 [term 2 LEADER]: Committing config change with OpId 2.4: config changed from index 3 to 4, f9991aa207ab4d7fbf33c472fd089a5e (127.3.73.196) changed from NON_VOTER to VOTER. New config: { opid_index: 4 OBSOLETE_local: false peers { permanent_uuid: "63a218d81a774e94b7a65f47b66771d0" member_type: VOTER last_known_addr { host: "127.3.73.193" port: 42129 } } peers { permanent_uuid: "28bc26e23ea340ba8d4b3756aea27bc2" member_type: VOTER last_known_addr { host: "127.3.73.194" port: 41997 } attrs { replace: true } } peers { permanent_uuid: "1852b8ab9d384029b00ccccdec9860f4" member_type: VOTER last_known_addr { host: "127.3.73.195" port: 38171 } } peers { permanent_uuid: "f9991aa207ab4d7fbf33c472fd089a5e" member_type: VOTER last_known_addr { host: "127.3.73.196" port: 46805 } attrs { promote: false } } }
I20260608 13:01:49.333493  6354 raft_consensus.cc:2955] T 3a5ec714f3134248b01d88bf79ae834f P 63a218d81a774e94b7a65f47b66771d0 [term 2 FOLLOWER]: Committing config change with OpId 2.4: config changed from index 3 to 4, f9991aa207ab4d7fbf33c472fd089a5e (127.3.73.196) changed from NON_VOTER to VOTER. New config: { opid_index: 4 OBSOLETE_local: false peers { permanent_uuid: "63a218d81a774e94b7a65f47b66771d0" member_type: VOTER last_known_addr { host: "127.3.73.193" port: 42129 } } peers { permanent_uuid: "28bc26e23ea340ba8d4b3756aea27bc2" member_type: VOTER last_known_addr { host: "127.3.73.194" port: 41997 } attrs { replace: true } } peers { permanent_uuid: "1852b8ab9d384029b00ccccdec9860f4" member_type: VOTER last_known_addr { host: "127.3.73.195" port: 38171 } } peers { permanent_uuid: "f9991aa207ab4d7fbf33c472fd089a5e" member_type: VOTER last_known_addr { host: "127.3.73.196" port: 46805 } attrs { promote: false } } }
I20260608 13:01:49.340004  6653 raft_consensus.cc:2955] T 3a5ec714f3134248b01d88bf79ae834f P f9991aa207ab4d7fbf33c472fd089a5e [term 2 FOLLOWER]: Committing config change with OpId 2.4: config changed from index 3 to 4, f9991aa207ab4d7fbf33c472fd089a5e (127.3.73.196) changed from NON_VOTER to VOTER. New config: { opid_index: 4 OBSOLETE_local: false peers { permanent_uuid: "63a218d81a774e94b7a65f47b66771d0" member_type: VOTER last_known_addr { host: "127.3.73.193" port: 42129 } } peers { permanent_uuid: "28bc26e23ea340ba8d4b3756aea27bc2" member_type: VOTER last_known_addr { host: "127.3.73.194" port: 41997 } attrs { replace: true } } peers { permanent_uuid: "1852b8ab9d384029b00ccccdec9860f4" member_type: VOTER last_known_addr { host: "127.3.73.195" port: 38171 } } peers { permanent_uuid: "f9991aa207ab4d7fbf33c472fd089a5e" member_type: VOTER last_known_addr { host: "127.3.73.196" port: 46805 } attrs { promote: false } } }
I20260608 13:01:49.343386  6429 raft_consensus.cc:2955] T 3a5ec714f3134248b01d88bf79ae834f P 28bc26e23ea340ba8d4b3756aea27bc2 [term 2 FOLLOWER]: Committing config change with OpId 2.4: config changed from index 3 to 4, f9991aa207ab4d7fbf33c472fd089a5e (127.3.73.196) changed from NON_VOTER to VOTER. New config: { opid_index: 4 OBSOLETE_local: false peers { permanent_uuid: "63a218d81a774e94b7a65f47b66771d0" member_type: VOTER last_known_addr { host: "127.3.73.193" port: 42129 } } peers { permanent_uuid: "28bc26e23ea340ba8d4b3756aea27bc2" member_type: VOTER last_known_addr { host: "127.3.73.194" port: 41997 } attrs { replace: true } } peers { permanent_uuid: "1852b8ab9d384029b00ccccdec9860f4" member_type: VOTER last_known_addr { host: "127.3.73.195" port: 38171 } } peers { permanent_uuid: "f9991aa207ab4d7fbf33c472fd089a5e" member_type: VOTER last_known_addr { host: "127.3.73.196" port: 46805 } attrs { promote: false } } }
I20260608 13:01:49.346716  6250 catalog_manager.cc:5696] T 3a5ec714f3134248b01d88bf79ae834f P 63a218d81a774e94b7a65f47b66771d0 reported cstate change: config changed from index 3 to 4, f9991aa207ab4d7fbf33c472fd089a5e (127.3.73.196) changed from NON_VOTER to VOTER. New cstate: current_term: 2 leader_uuid: "1852b8ab9d384029b00ccccdec9860f4" committed_config { opid_index: 4 OBSOLETE_local: false peers { permanent_uuid: "63a218d81a774e94b7a65f47b66771d0" member_type: VOTER last_known_addr { host: "127.3.73.193" port: 42129 } } peers { permanent_uuid: "28bc26e23ea340ba8d4b3756aea27bc2" member_type: VOTER last_known_addr { host: "127.3.73.194" port: 41997 } attrs { replace: true } } peers { permanent_uuid: "1852b8ab9d384029b00ccccdec9860f4" member_type: VOTER last_known_addr { host: "127.3.73.195" port: 38171 } } peers { permanent_uuid: "f9991aa207ab4d7fbf33c472fd089a5e" member_type: VOTER last_known_addr { host: "127.3.73.196" port: 46805 } attrs { promote: false } } }
I20260608 13:01:49.372509  6502 consensus_queue.cc:237] T 3a5ec714f3134248b01d88bf79ae834f P 1852b8ab9d384029b00ccccdec9860f4 [LEADER]: Queue going to LEADER mode. State: All replicated index: 0, Majority replicated index: 4, Committed index: 4, Last appended: 2.4, Last appended by leader: 1, Current term: 2, Majority size: 2, State: 0, Mode: LEADER, active raft config: opid_index: 5 OBSOLETE_local: false peers { permanent_uuid: "63a218d81a774e94b7a65f47b66771d0" member_type: VOTER last_known_addr { host: "127.3.73.193" port: 42129 } } peers { permanent_uuid: "1852b8ab9d384029b00ccccdec9860f4" member_type: VOTER last_known_addr { host: "127.3.73.195" port: 38171 } } peers { permanent_uuid: "f9991aa207ab4d7fbf33c472fd089a5e" member_type: VOTER last_known_addr { host: "127.3.73.196" port: 46805 } attrs { promote: false } }
I20260608 13:01:49.377558  6653 raft_consensus.cc:1275] T 3a5ec714f3134248b01d88bf79ae834f P f9991aa207ab4d7fbf33c472fd089a5e [term 2 FOLLOWER]: Refusing update from remote peer 1852b8ab9d384029b00ccccdec9860f4: Log matching property violated. Preceding OpId in replica: term: 2 index: 4. Preceding OpId from leader: term: 2 index: 5. (index mismatch)
I20260608 13:01:49.378023  6354 raft_consensus.cc:1275] T 3a5ec714f3134248b01d88bf79ae834f P 63a218d81a774e94b7a65f47b66771d0 [term 2 FOLLOWER]: Refusing update from remote peer 1852b8ab9d384029b00ccccdec9860f4: Log matching property violated. Preceding OpId in replica: term: 2 index: 4. Preceding OpId from leader: term: 2 index: 5. (index mismatch)
I20260608 13:01:49.379294  6881 consensus_queue.cc:1048] T 3a5ec714f3134248b01d88bf79ae834f P 1852b8ab9d384029b00ccccdec9860f4 [LEADER]: Connected to new peer: Peer: permanent_uuid: "f9991aa207ab4d7fbf33c472fd089a5e" member_type: VOTER last_known_addr { host: "127.3.73.196" port: 46805 } attrs { promote: false }, Status: LMP_MISMATCH, Last received: 0.0, Next index: 5, Last known committed idx: 4, Time since last communication: 0.000s
I20260608 13:01:49.380195  6574 consensus_queue.cc:1048] T 3a5ec714f3134248b01d88bf79ae834f P 1852b8ab9d384029b00ccccdec9860f4 [LEADER]: Connected to new peer: Peer: permanent_uuid: "63a218d81a774e94b7a65f47b66771d0" member_type: VOTER last_known_addr { host: "127.3.73.193" port: 42129 }, Status: LMP_MISMATCH, Last received: 0.0, Next index: 5, Last known committed idx: 4, Time since last communication: 0.000s
I20260608 13:01:49.389979  6574 raft_consensus.cc:2955] T 3a5ec714f3134248b01d88bf79ae834f P 1852b8ab9d384029b00ccccdec9860f4 [term 2 LEADER]: Committing config change with OpId 2.5: config changed from index 4 to 5, VOTER 28bc26e23ea340ba8d4b3756aea27bc2 (127.3.73.194) evicted. New config: { opid_index: 5 OBSOLETE_local: false peers { permanent_uuid: "63a218d81a774e94b7a65f47b66771d0" member_type: VOTER last_known_addr { host: "127.3.73.193" port: 42129 } } peers { permanent_uuid: "1852b8ab9d384029b00ccccdec9860f4" member_type: VOTER last_known_addr { host: "127.3.73.195" port: 38171 } } peers { permanent_uuid: "f9991aa207ab4d7fbf33c472fd089a5e" member_type: VOTER last_known_addr { host: "127.3.73.196" port: 46805 } attrs { promote: false } } }
I20260608 13:01:49.392211  6653 raft_consensus.cc:2955] T 3a5ec714f3134248b01d88bf79ae834f P f9991aa207ab4d7fbf33c472fd089a5e [term 2 FOLLOWER]: Committing config change with OpId 2.5: config changed from index 4 to 5, VOTER 28bc26e23ea340ba8d4b3756aea27bc2 (127.3.73.194) evicted. New config: { opid_index: 5 OBSOLETE_local: false peers { permanent_uuid: "63a218d81a774e94b7a65f47b66771d0" member_type: VOTER last_known_addr { host: "127.3.73.193" port: 42129 } } peers { permanent_uuid: "1852b8ab9d384029b00ccccdec9860f4" member_type: VOTER last_known_addr { host: "127.3.73.195" port: 38171 } } peers { permanent_uuid: "f9991aa207ab4d7fbf33c472fd089a5e" member_type: VOTER last_known_addr { host: "127.3.73.196" port: 46805 } attrs { promote: false } } }
I20260608 13:01:49.398895  6236 catalog_manager.cc:5209] ChangeConfig:REMOVE_PEER RPC for tablet 3a5ec714f3134248b01d88bf79ae834f with cas_config_opid_index 4: ChangeConfig:REMOVE_PEER succeeded (attempt 1)
I20260608 13:01:49.392306  6353 raft_consensus.cc:2955] T 3a5ec714f3134248b01d88bf79ae834f P 63a218d81a774e94b7a65f47b66771d0 [term 2 FOLLOWER]: Committing config change with OpId 2.5: config changed from index 4 to 5, VOTER 28bc26e23ea340ba8d4b3756aea27bc2 (127.3.73.194) evicted. New config: { opid_index: 5 OBSOLETE_local: false peers { permanent_uuid: "63a218d81a774e94b7a65f47b66771d0" member_type: VOTER last_known_addr { host: "127.3.73.193" port: 42129 } } peers { permanent_uuid: "1852b8ab9d384029b00ccccdec9860f4" member_type: VOTER last_known_addr { host: "127.3.73.195" port: 38171 } } peers { permanent_uuid: "f9991aa207ab4d7fbf33c472fd089a5e" member_type: VOTER last_known_addr { host: "127.3.73.196" port: 46805 } attrs { promote: false } } }
I20260608 13:01:49.411219  6251 catalog_manager.cc:5696] T 3a5ec714f3134248b01d88bf79ae834f P 1852b8ab9d384029b00ccccdec9860f4 reported cstate change: config changed from index 4 to 5, VOTER 28bc26e23ea340ba8d4b3756aea27bc2 (127.3.73.194) evicted. New cstate: current_term: 2 leader_uuid: "1852b8ab9d384029b00ccccdec9860f4" committed_config { opid_index: 5 OBSOLETE_local: false peers { permanent_uuid: "63a218d81a774e94b7a65f47b66771d0" member_type: VOTER last_known_addr { host: "127.3.73.193" port: 42129 } health_report { overall_health: HEALTHY } } peers { permanent_uuid: "1852b8ab9d384029b00ccccdec9860f4" member_type: VOTER last_known_addr { host: "127.3.73.195" port: 38171 } health_report { overall_health: HEALTHY } } peers { permanent_uuid: "f9991aa207ab4d7fbf33c472fd089a5e" member_type: VOTER last_known_addr { host: "127.3.73.196" port: 46805 } attrs { promote: false } health_report { overall_health: HEALTHY } } }
I20260608 13:01:49.428236  6414 tablet_service.cc:1558] Processing DeleteTablet for tablet 3a5ec714f3134248b01d88bf79ae834f with delete_type TABLET_DATA_TOMBSTONED (TS 28bc26e23ea340ba8d4b3756aea27bc2 not found in new config with opid_index 5) from {username='slave'} at 127.0.0.1:38370
I20260608 13:01:49.439478  6898 tablet_replica.cc:333] T 3a5ec714f3134248b01d88bf79ae834f P 28bc26e23ea340ba8d4b3756aea27bc2: stopping tablet replica
I20260608 13:01:49.440419  6898 raft_consensus.cc:2243] T 3a5ec714f3134248b01d88bf79ae834f P 28bc26e23ea340ba8d4b3756aea27bc2 [term 2 FOLLOWER]: Raft consensus shutting down.
I20260608 13:01:49.441000  6898 raft_consensus.cc:2272] T 3a5ec714f3134248b01d88bf79ae834f P 28bc26e23ea340ba8d4b3756aea27bc2 [term 2 FOLLOWER]: Raft consensus is shut down!
I20260608 13:01:49.444125  6898 ts_tablet_manager.cc:1916] T 3a5ec714f3134248b01d88bf79ae834f P 28bc26e23ea340ba8d4b3756aea27bc2: Deleting tablet data with delete state TABLET_DATA_TOMBSTONED
I20260608 13:01:49.456691  6898 ts_tablet_manager.cc:1929] T 3a5ec714f3134248b01d88bf79ae834f P 28bc26e23ea340ba8d4b3756aea27bc2: tablet deleted with delete type TABLET_DATA_TOMBSTONED: last-logged OpId 2.4
I20260608 13:01:49.457015  6898 log.cc:1199] T 3a5ec714f3134248b01d88bf79ae834f P 28bc26e23ea340ba8d4b3756aea27bc2: Deleting WAL directory at /tmp/dist-test-taskO7LEPl/test-tmp/auto_rebalancer-test.0.AutoRebalancerTest.RangeAwareRebalancesNewRangeReplicas.1780923613628642-3367-0/minicluster-data/ts-1-root/wals/3a5ec714f3134248b01d88bf79ae834f
I20260608 13:01:49.458240  6236 catalog_manager.cc:5027] TS 28bc26e23ea340ba8d4b3756aea27bc2 (127.3.73.194:41997): tablet 3a5ec714f3134248b01d88bf79ae834f (table range_aware_rebalance_new_range [id=a3a0cf04ac9a442fbbe2e93f81e32d45]) successfully deleted
I20260608 13:01:49.479796  6899 raft_consensus.cc:1064] T 3803fa29f8db438e9cc4d4b59cb070a0 P 28bc26e23ea340ba8d4b3756aea27bc2: attempting to promote NON_VOTER f9991aa207ab4d7fbf33c472fd089a5e to VOTER
I20260608 13:01:49.482575  6899 consensus_queue.cc:237] T 3803fa29f8db438e9cc4d4b59cb070a0 P 28bc26e23ea340ba8d4b3756aea27bc2 [LEADER]: Queue going to LEADER mode. State: All replicated index: 0, Majority replicated index: 2, Committed index: 2, Last appended: 1.2, Last appended by leader: 0, Current term: 1, Majority size: 3, State: 0, Mode: LEADER, active raft config: opid_index: 3 OBSOLETE_local: false peers { permanent_uuid: "63a218d81a774e94b7a65f47b66771d0" member_type: VOTER last_known_addr { host: "127.3.73.193" port: 42129 } attrs { replace: true } } peers { permanent_uuid: "1852b8ab9d384029b00ccccdec9860f4" member_type: VOTER last_known_addr { host: "127.3.73.195" port: 38171 } } peers { permanent_uuid: "28bc26e23ea340ba8d4b3756aea27bc2" member_type: VOTER last_known_addr { host: "127.3.73.194" port: 41997 } } peers { permanent_uuid: "f9991aa207ab4d7fbf33c472fd089a5e" member_type: VOTER last_known_addr { host: "127.3.73.196" port: 46805 } attrs { promote: false } }
I20260608 13:01:49.490269  6502 raft_consensus.cc:1275] T 3803fa29f8db438e9cc4d4b59cb070a0 P 1852b8ab9d384029b00ccccdec9860f4 [term 1 FOLLOWER]: Refusing update from remote peer 28bc26e23ea340ba8d4b3756aea27bc2: Log matching property violated. Preceding OpId in replica: term: 1 index: 2. Preceding OpId from leader: term: 1 index: 3. (index mismatch)
I20260608 13:01:49.491060  6656 raft_consensus.cc:1275] T 3803fa29f8db438e9cc4d4b59cb070a0 P f9991aa207ab4d7fbf33c472fd089a5e [term 1 LEARNER]: Refusing update from remote peer 28bc26e23ea340ba8d4b3756aea27bc2: Log matching property violated. Preceding OpId in replica: term: 1 index: 2. Preceding OpId from leader: term: 1 index: 3. (index mismatch)
I20260608 13:01:49.491248  6353 raft_consensus.cc:1275] T 3803fa29f8db438e9cc4d4b59cb070a0 P 63a218d81a774e94b7a65f47b66771d0 [term 1 FOLLOWER]: Refusing update from remote peer 28bc26e23ea340ba8d4b3756aea27bc2: Log matching property violated. Preceding OpId in replica: term: 1 index: 2. Preceding OpId from leader: term: 1 index: 3. (index mismatch)
I20260608 13:01:49.492208  6883 consensus_queue.cc:1048] T 3803fa29f8db438e9cc4d4b59cb070a0 P 28bc26e23ea340ba8d4b3756aea27bc2 [LEADER]: Connected to new peer: Peer: permanent_uuid: "1852b8ab9d384029b00ccccdec9860f4" member_type: VOTER last_known_addr { host: "127.3.73.195" port: 38171 }, Status: LMP_MISMATCH, Last received: 0.0, Next index: 3, Last known committed idx: 2, Time since last communication: 0.000s
I20260608 13:01:49.493225  6901 consensus_queue.cc:1048] T 3803fa29f8db438e9cc4d4b59cb070a0 P 28bc26e23ea340ba8d4b3756aea27bc2 [LEADER]: Connected to new peer: Peer: permanent_uuid: "63a218d81a774e94b7a65f47b66771d0" member_type: VOTER last_known_addr { host: "127.3.73.193" port: 42129 } attrs { replace: true }, Status: LMP_MISMATCH, Last received: 0.0, Next index: 3, Last known committed idx: 2, Time since last communication: 0.000s
I20260608 13:01:49.494215  6899 consensus_queue.cc:1048] T 3803fa29f8db438e9cc4d4b59cb070a0 P 28bc26e23ea340ba8d4b3756aea27bc2 [LEADER]: Connected to new peer: Peer: permanent_uuid: "f9991aa207ab4d7fbf33c472fd089a5e" member_type: VOTER last_known_addr { host: "127.3.73.196" port: 46805 } attrs { promote: false }, Status: LMP_MISMATCH, Last received: 0.0, Next index: 3, Last known committed idx: 2, Time since last communication: 0.000s
I20260608 13:01:49.513116  6901 raft_consensus.cc:2955] T 3803fa29f8db438e9cc4d4b59cb070a0 P 28bc26e23ea340ba8d4b3756aea27bc2 [term 1 LEADER]: Committing config change with OpId 1.3: config changed from index 2 to 3, f9991aa207ab4d7fbf33c472fd089a5e (127.3.73.196) changed from NON_VOTER to VOTER. New config: { opid_index: 3 OBSOLETE_local: false peers { permanent_uuid: "63a218d81a774e94b7a65f47b66771d0" member_type: VOTER last_known_addr { host: "127.3.73.193" port: 42129 } attrs { replace: true } } peers { permanent_uuid: "1852b8ab9d384029b00ccccdec9860f4" member_type: VOTER last_known_addr { host: "127.3.73.195" port: 38171 } } peers { permanent_uuid: "28bc26e23ea340ba8d4b3756aea27bc2" member_type: VOTER last_known_addr { host: "127.3.73.194" port: 41997 } } peers { permanent_uuid: "f9991aa207ab4d7fbf33c472fd089a5e" member_type: VOTER last_known_addr { host: "127.3.73.196" port: 46805 } attrs { promote: false } } }
I20260608 13:01:49.517432  6502 raft_consensus.cc:2955] T 3803fa29f8db438e9cc4d4b59cb070a0 P 1852b8ab9d384029b00ccccdec9860f4 [term 1 FOLLOWER]: Committing config change with OpId 1.3: config changed from index 2 to 3, f9991aa207ab4d7fbf33c472fd089a5e (127.3.73.196) changed from NON_VOTER to VOTER. New config: { opid_index: 3 OBSOLETE_local: false peers { permanent_uuid: "63a218d81a774e94b7a65f47b66771d0" member_type: VOTER last_known_addr { host: "127.3.73.193" port: 42129 } attrs { replace: true } } peers { permanent_uuid: "1852b8ab9d384029b00ccccdec9860f4" member_type: VOTER last_known_addr { host: "127.3.73.195" port: 38171 } } peers { permanent_uuid: "28bc26e23ea340ba8d4b3756aea27bc2" member_type: VOTER last_known_addr { host: "127.3.73.194" port: 41997 } } peers { permanent_uuid: "f9991aa207ab4d7fbf33c472fd089a5e" member_type: VOTER last_known_addr { host: "127.3.73.196" port: 46805 } attrs { promote: false } } }
