W20260608 13:00:24.878923  3367 system_unsync_time.cc:38] NTP support is disabled. Clock error bounds will not be accurate. This configuration is not suitable for distributed clusters.
I20260608 13:00:24.879168  3367 hybrid_clock.cc:648] HybridClock initialized: now 1780923624879149 us; error 0 us; skew 500 ppm
I20260608 13:00:24.880071  3367 server_base.cc:861] Flag tcmalloc_max_total_thread_cache_bytes is not working since tcmalloc is not enabled.
I20260608 13:00:24.883033  4254 raft_consensus.cc:2749] T 61b67232df4a417bbe10af017b99276a P f13db58d47244e4590d82185b6c72bbd [term 1 FOLLOWER]: Leader pre-election lost for term 1. Reason: could not achieve majority
I20260608 13:00:24.885895  3367 webserver.cc:533] Webserver started at http://127.3.73.196:39163/ using document root <none> and password file <none>
I20260608 13:00:24.886513  3367 fs_manager.cc:362] Metadata directory not provided
I20260608 13:00:24.886699  3367 fs_manager.cc:368] Using write-ahead log directory (fs_wal_dir) as metadata directory
I20260608 13:00:24.886953  3367 server_base.cc:909] This appears to be a new deployment of Kudu; creating new FS layout
I20260608 13:00:24.888083  3367 fs_manager.cc:1068] Generated new instance metadata in path /tmp/dist-test-taskO7LEPl/test-tmp/auto_rebalancer-test.0.AutoRebalancerTest.AutoRebalancingTurnOffAndOn.1780923613628642-3367-0/minicluster-data/ts-3-root/instance:
uuid: "8429afc92a4043edb0fb32e3074fd774"
format_stamp: "Formatted at 2026-06-08 13:00:24 on dist-test-slave-b5xm"
I20260608 13:00:24.892879  3367 fs_manager.cc:696] Time spent creating directory manager: real 0.004s	user 0.005s	sys 0.000s
I20260608 13:00:24.896452  4297 log_block_manager.cc:4031] Time spent loading block containers with low live blocks: real 0.000s	user 0.000s	sys 0.000s
I20260608 13:00:24.897285  3367 fs_manager.cc:730] Time spent opening block manager: real 0.002s	user 0.002s	sys 0.000s
I20260608 13:00:24.897585  3367 fs_manager.cc:647] Opened local filesystem: /tmp/dist-test-taskO7LEPl/test-tmp/auto_rebalancer-test.0.AutoRebalancerTest.AutoRebalancingTurnOffAndOn.1780923613628642-3367-0/minicluster-data/ts-3-root
uuid: "8429afc92a4043edb0fb32e3074fd774"
format_stamp: "Formatted at 2026-06-08 13:00:24 on dist-test-slave-b5xm"
I20260608 13:00:24.897929  3367 fs_report.cc:389] FS layout report
--------------------
wal directory: /tmp/dist-test-taskO7LEPl/test-tmp/auto_rebalancer-test.0.AutoRebalancerTest.AutoRebalancingTurnOffAndOn.1780923613628642-3367-0/minicluster-data/ts-3-root
metadata directory: /tmp/dist-test-taskO7LEPl/test-tmp/auto_rebalancer-test.0.AutoRebalancerTest.AutoRebalancingTurnOffAndOn.1780923613628642-3367-0/minicluster-data/ts-3-root
1 data directories: /tmp/dist-test-taskO7LEPl/test-tmp/auto_rebalancer-test.0.AutoRebalancerTest.AutoRebalancingTurnOffAndOn.1780923613628642-3367-0/minicluster-data/ts-3-root/data
Total live blocks: 0
Total live bytes: 0
Total live bytes (after alignment): 0
Total number of LBM containers: 0 (0 full)
Did not check for missing blocks
Did not check for orphaned blocks
Total full LBM containers with extra space: 0 (0 repaired)
Total full LBM container extra space in bytes: 0 (0 repaired)
Total incomplete LBM containers: 0 (0 repaired)
Total LBM partial records: 0 (0 repaired)
Total corrupted LBM metadata records in RocksDB: 0 (0 repaired)
I20260608 13:00:24.923545  3367 rpc_server.cc:225] running with OpenSSL 1.1.1  11 Sep 2018
I20260608 13:00:24.924888  3367 kserver.cc:163] Server-wide thread pool size limit: 3276
I20260608 13:00:24.926268  3367 txn_system_client.cc:432] TxnSystemClient initialization is disabled...
I20260608 13:00:24.928553  3367 ts_tablet_manager.cc:585] Loaded tablet metadata (0 total tablets, 0 live tablets)
I20260608 13:00:24.928759  3367 ts_tablet_manager.cc:531] Time spent load tablet metadata: real 0.000s	user 0.000s	sys 0.000s
I20260608 13:00:24.928996  3367 ts_tablet_manager.cc:616] Registered 0 tablets
I20260608 13:00:24.929171  3367 ts_tablet_manager.cc:595] Time spent register tablets: real 0.000s	user 0.000s	sys 0.000s
I20260608 13:00:24.970229  4230 consensus_queue.cc:1048] T 61b67232df4a417bbe10af017b99276a P 7c18c9cc4a054c16852ef9b85dab2073 [LEADER]: Connected to new peer: Peer: permanent_uuid: "f13db58d47244e4590d82185b6c72bbd" member_type: VOTER last_known_addr { host: "127.3.73.195" port: 36761 }, Status: LMP_MISMATCH, Last received: 0.0, Next index: 1, Last known committed idx: 0, Time since last communication: 0.001s
I20260608 13:00:24.975562  3367 rpc_server.cc:307] RPC server started. Bound to: 127.3.73.196:44971
I20260608 13:00:24.975708  4360 acceptor_pool.cc:272] collecting diagnostics on the listening RPC socket 127.3.73.196:44971 every 8 connection(s)
I20260608 13:00:24.984649  4252 consensus_queue.cc:1048] T 61b67232df4a417bbe10af017b99276a P 7c18c9cc4a054c16852ef9b85dab2073 [LEADER]: Connected to new peer: Peer: permanent_uuid: "ca2c34879eb7470493f37cdf17558fb5" member_type: VOTER last_known_addr { host: "127.3.73.193" port: 36985 }, Status: LMP_MISMATCH, Last received: 0.0, Next index: 1, Last known committed idx: 0, Time since last communication: 0.001s
I20260608 13:00:25.014247  4361 heartbeater.cc:344] Connected to a master server at 127.3.73.254:42855
I20260608 13:00:25.014750  4361 heartbeater.cc:461] Registering TS with master...
I20260608 13:00:25.015671  4361 heartbeater.cc:507] Master 127.3.73.254:42855 requested a full tablet report, sending...
I20260608 13:00:25.018025  3929 ts_manager.cc:194] Registered new tserver with Master: 8429afc92a4043edb0fb32e3074fd774 (127.3.73.196:44971)
I20260608 13:00:25.019438  3929 master_service.cc:502] Signed X509 certificate for tserver {username='slave'} at 127.0.0.1:56290
I20260608 13:00:25.032063  4258 consensus_queue.cc:1048] T d65c12c409264383b287129ad5e5d000 P ca2c34879eb7470493f37cdf17558fb5 [LEADER]: Connected to new peer: Peer: permanent_uuid: "f13db58d47244e4590d82185b6c72bbd" member_type: VOTER last_known_addr { host: "127.3.73.195" port: 36761 }, Status: LMP_MISMATCH, Last received: 0.0, Next index: 1, Last known committed idx: 0, Time since last communication: 0.000s
I20260608 13:00:25.042958  4236 consensus_queue.cc:1048] T d65c12c409264383b287129ad5e5d000 P ca2c34879eb7470493f37cdf17558fb5 [LEADER]: Connected to new peer: Peer: permanent_uuid: "7c18c9cc4a054c16852ef9b85dab2073" member_type: VOTER last_known_addr { host: "127.3.73.194" port: 46363 }, Status: LMP_MISMATCH, Last received: 0.0, Next index: 1, Last known committed idx: 0, Time since last communication: 0.000s
I20260608 13:00:25.068408  4254 consensus_queue.cc:1048] T a9afb2b0e6d04c4092b134184ad03961 P f13db58d47244e4590d82185b6c72bbd [LEADER]: Connected to new peer: Peer: permanent_uuid: "ca2c34879eb7470493f37cdf17558fb5" member_type: VOTER last_known_addr { host: "127.3.73.193" port: 36985 }, Status: LMP_MISMATCH, Last received: 0.0, Next index: 1, Last known committed idx: 0, Time since last communication: 0.000s
I20260608 13:00:25.078922  4240 consensus_queue.cc:1048] T a9afb2b0e6d04c4092b134184ad03961 P f13db58d47244e4590d82185b6c72bbd [LEADER]: Connected to new peer: Peer: permanent_uuid: "7c18c9cc4a054c16852ef9b85dab2073" member_type: VOTER last_known_addr { host: "127.3.73.194" port: 46363 }, Status: LMP_MISMATCH, Last received: 0.0, Next index: 1, Last known committed idx: 0, Time since last communication: 0.000s
I20260608 13:00:25.162678  4236 consensus_queue.cc:1048] T 24601b9fcc294220846569da6982dbd1 P ca2c34879eb7470493f37cdf17558fb5 [LEADER]: Connected to new peer: Peer: permanent_uuid: "f13db58d47244e4590d82185b6c72bbd" member_type: VOTER last_known_addr { host: "127.3.73.195" port: 36761 }, Status: LMP_MISMATCH, Last received: 0.0, Next index: 1, Last known committed idx: 0, Time since last communication: 0.000s
I20260608 13:00:25.174288  4236 consensus_queue.cc:1048] T 24601b9fcc294220846569da6982dbd1 P ca2c34879eb7470493f37cdf17558fb5 [LEADER]: Connected to new peer: Peer: permanent_uuid: "7c18c9cc4a054c16852ef9b85dab2073" member_type: VOTER last_known_addr { host: "127.3.73.194" port: 46363 }, Status: LMP_MISMATCH, Last received: 0.0, Next index: 1, Last known committed idx: 0, Time since last communication: 0.000s
I20260608 13:00:25.315963  4230 consensus_queue.cc:1048] T a8f92d76630d4299a648ead2e474eb15 P 7c18c9cc4a054c16852ef9b85dab2073 [LEADER]: Connected to new peer: Peer: permanent_uuid: "f13db58d47244e4590d82185b6c72bbd" member_type: VOTER last_known_addr { host: "127.3.73.195" port: 36761 }, Status: LMP_MISMATCH, Last received: 0.0, Next index: 1, Last known committed idx: 0, Time since last communication: 0.000s
I20260608 13:00:25.327044  4281 consensus_queue.cc:1048] T a8f92d76630d4299a648ead2e474eb15 P 7c18c9cc4a054c16852ef9b85dab2073 [LEADER]: Connected to new peer: Peer: permanent_uuid: "ca2c34879eb7470493f37cdf17558fb5" member_type: VOTER last_known_addr { host: "127.3.73.193" port: 36985 }, Status: LMP_MISMATCH, Last received: 0.0, Next index: 1, Last known committed idx: 0, Time since last communication: 0.000s
I20260608 13:00:26.021633  4361 heartbeater.cc:499] Master 127.3.73.254:42855 was elected leader, sending a full tablet report...
I20260608 13:00:26.454393  3985 auto_leader_rebalancer.cc:140] leader rebalance for table test-workload
I20260608 13:00:26.461274  3985 auto_leader_rebalancer.cc:388] table: test-workload, leader rebalance finish, leader transfer count: 0
I20260608 13:00:26.461695  3985 auto_leader_rebalancer.cc:451] All tables' leader rebalancing finished this round
I20260608 13:00:28.462664  3985 auto_leader_rebalancer.cc:140] leader rebalance for table test-workload
I20260608 13:00:28.468370  3985 auto_leader_rebalancer.cc:388] table: test-workload, leader rebalance finish, leader transfer count: 0
I20260608 13:00:28.468797  3985 auto_leader_rebalancer.cc:451] All tables' leader rebalancing finished this round
I20260608 13:00:30.457453  4181 consensus_queue.cc:237] T a9afb2b0e6d04c4092b134184ad03961 P f13db58d47244e4590d82185b6c72bbd [LEADER]: Queue going to LEADER mode. State: All replicated index: 0, Majority replicated index: 1, Committed index: 1, Last appended: 1.1, Last appended by leader: 0, Current term: 1, Majority size: 2, State: 0, Mode: LEADER, active raft config: opid_index: 2 OBSOLETE_local: false peers { permanent_uuid: "ca2c34879eb7470493f37cdf17558fb5" member_type: VOTER last_known_addr { host: "127.3.73.193" port: 36985 } } peers { permanent_uuid: "7c18c9cc4a054c16852ef9b85dab2073" member_type: VOTER last_known_addr { host: "127.3.73.194" port: 46363 } attrs { replace: true } } peers { permanent_uuid: "f13db58d47244e4590d82185b6c72bbd" member_type: VOTER last_known_addr { host: "127.3.73.195" port: 36761 } } peers { permanent_uuid: "8429afc92a4043edb0fb32e3074fd774" member_type: NON_VOTER last_known_addr { host: "127.3.73.196" port: 44971 } attrs { promote: true } }
I20260608 13:00:30.465744  4033 raft_consensus.cc:1275] T a9afb2b0e6d04c4092b134184ad03961 P ca2c34879eb7470493f37cdf17558fb5 [term 1 FOLLOWER]: Refusing update from remote peer f13db58d47244e4590d82185b6c72bbd: Log matching property violated. Preceding OpId in replica: term: 1 index: 1. Preceding OpId from leader: term: 1 index: 2. (index mismatch)
I20260608 13:00:30.466590  4108 raft_consensus.cc:1275] T a9afb2b0e6d04c4092b134184ad03961 P 7c18c9cc4a054c16852ef9b85dab2073 [term 1 FOLLOWER]: Refusing update from remote peer f13db58d47244e4590d82185b6c72bbd: Log matching property violated. Preceding OpId in replica: term: 1 index: 1. Preceding OpId from leader: term: 1 index: 2. (index mismatch)
I20260608 13:00:30.467476  4379 consensus_queue.cc:1048] T a9afb2b0e6d04c4092b134184ad03961 P f13db58d47244e4590d82185b6c72bbd [LEADER]: Connected to new peer: Peer: permanent_uuid: "ca2c34879eb7470493f37cdf17558fb5" member_type: VOTER last_known_addr { host: "127.3.73.193" port: 36985 }, Status: LMP_MISMATCH, Last received: 0.0, Next index: 2, Last known committed idx: 1, Time since last communication: 0.000s
I20260608 13:00:30.468425  4380 consensus_queue.cc:1048] T a9afb2b0e6d04c4092b134184ad03961 P f13db58d47244e4590d82185b6c72bbd [LEADER]: Connected to new peer: Peer: permanent_uuid: "7c18c9cc4a054c16852ef9b85dab2073" member_type: VOTER last_known_addr { host: "127.3.73.194" port: 46363 } attrs { replace: true }, Status: LMP_MISMATCH, Last received: 0.0, Next index: 2, Last known committed idx: 1, Time since last communication: 0.000s
I20260608 13:00:30.469830  3985 auto_leader_rebalancer.cc:140] leader rebalance for table test-workload
W20260608 13:00:30.479112  4146 consensus_peers.cc:597] T a9afb2b0e6d04c4092b134184ad03961 P f13db58d47244e4590d82185b6c72bbd -> Peer 8429afc92a4043edb0fb32e3074fd774 (127.3.73.196:44971): Couldn't send request to peer 8429afc92a4043edb0fb32e3074fd774. Error code: TABLET_NOT_FOUND (6). Status: Not found: Tablet not found: a9afb2b0e6d04c4092b134184ad03961. This is attempt 1: this message will repeat every 5th retry.
I20260608 13:00:30.481081  3985 auto_leader_rebalancer.cc:388] table: test-workload, leader rebalance finish, leader transfer count: 0
I20260608 13:00:30.481541  3985 auto_leader_rebalancer.cc:451] All tables' leader rebalancing finished this round
I20260608 13:00:30.483110  4380 raft_consensus.cc:2955] T a9afb2b0e6d04c4092b134184ad03961 P f13db58d47244e4590d82185b6c72bbd [term 1 LEADER]: Committing config change with OpId 1.2: config changed from index -1 to 2, NON_VOTER 8429afc92a4043edb0fb32e3074fd774 (127.3.73.196) added. New config: { opid_index: 2 OBSOLETE_local: false peers { permanent_uuid: "ca2c34879eb7470493f37cdf17558fb5" member_type: VOTER last_known_addr { host: "127.3.73.193" port: 36985 } } peers { permanent_uuid: "7c18c9cc4a054c16852ef9b85dab2073" member_type: VOTER last_known_addr { host: "127.3.73.194" port: 46363 } attrs { replace: true } } peers { permanent_uuid: "f13db58d47244e4590d82185b6c72bbd" member_type: VOTER last_known_addr { host: "127.3.73.195" port: 36761 } } peers { permanent_uuid: "8429afc92a4043edb0fb32e3074fd774" member_type: NON_VOTER last_known_addr { host: "127.3.73.196" port: 44971 } attrs { promote: true } } }
I20260608 13:00:30.484905  4108 raft_consensus.cc:2955] T a9afb2b0e6d04c4092b134184ad03961 P 7c18c9cc4a054c16852ef9b85dab2073 [term 1 FOLLOWER]: Committing config change with OpId 1.2: config changed from index -1 to 2, NON_VOTER 8429afc92a4043edb0fb32e3074fd774 (127.3.73.196) added. New config: { opid_index: 2 OBSOLETE_local: false peers { permanent_uuid: "ca2c34879eb7470493f37cdf17558fb5" member_type: VOTER last_known_addr { host: "127.3.73.193" port: 36985 } } peers { permanent_uuid: "7c18c9cc4a054c16852ef9b85dab2073" member_type: VOTER last_known_addr { host: "127.3.73.194" port: 46363 } attrs { replace: true } } peers { permanent_uuid: "f13db58d47244e4590d82185b6c72bbd" member_type: VOTER last_known_addr { host: "127.3.73.195" port: 36761 } } peers { permanent_uuid: "8429afc92a4043edb0fb32e3074fd774" member_type: NON_VOTER last_known_addr { host: "127.3.73.196" port: 44971 } attrs { promote: true } } }
I20260608 13:00:30.486783  4033 raft_consensus.cc:2955] T a9afb2b0e6d04c4092b134184ad03961 P ca2c34879eb7470493f37cdf17558fb5 [term 1 FOLLOWER]: Committing config change with OpId 1.2: config changed from index -1 to 2, NON_VOTER 8429afc92a4043edb0fb32e3074fd774 (127.3.73.196) added. New config: { opid_index: 2 OBSOLETE_local: false peers { permanent_uuid: "ca2c34879eb7470493f37cdf17558fb5" member_type: VOTER last_known_addr { host: "127.3.73.193" port: 36985 } } peers { permanent_uuid: "7c18c9cc4a054c16852ef9b85dab2073" member_type: VOTER last_known_addr { host: "127.3.73.194" port: 46363 } attrs { replace: true } } peers { permanent_uuid: "f13db58d47244e4590d82185b6c72bbd" member_type: VOTER last_known_addr { host: "127.3.73.195" port: 36761 } } peers { permanent_uuid: "8429afc92a4043edb0fb32e3074fd774" member_type: NON_VOTER last_known_addr { host: "127.3.73.196" port: 44971 } attrs { promote: true } } }
I20260608 13:00:30.500090  3929 catalog_manager.cc:5696] T a9afb2b0e6d04c4092b134184ad03961 P 7c18c9cc4a054c16852ef9b85dab2073 reported cstate change: config changed from index -1 to 2, NON_VOTER 8429afc92a4043edb0fb32e3074fd774 (127.3.73.196) added. New cstate: current_term: 1 leader_uuid: "f13db58d47244e4590d82185b6c72bbd" committed_config { opid_index: 2 OBSOLETE_local: false peers { permanent_uuid: "ca2c34879eb7470493f37cdf17558fb5" member_type: VOTER last_known_addr { host: "127.3.73.193" port: 36985 } } peers { permanent_uuid: "7c18c9cc4a054c16852ef9b85dab2073" member_type: VOTER last_known_addr { host: "127.3.73.194" port: 46363 } attrs { replace: true } } peers { permanent_uuid: "f13db58d47244e4590d82185b6c72bbd" member_type: VOTER last_known_addr { host: "127.3.73.195" port: 36761 } } peers { permanent_uuid: "8429afc92a4043edb0fb32e3074fd774" member_type: NON_VOTER last_known_addr { host: "127.3.73.196" port: 44971 } attrs { promote: true } } }
I20260608 13:00:30.510667  4108 consensus_queue.cc:237] T 61b67232df4a417bbe10af017b99276a P 7c18c9cc4a054c16852ef9b85dab2073 [LEADER]: Queue going to LEADER mode. State: All replicated index: 0, Majority replicated index: 1, Committed index: 1, Last appended: 1.1, Last appended by leader: 0, Current term: 1, Majority size: 2, State: 0, Mode: LEADER, active raft config: opid_index: 2 OBSOLETE_local: false peers { permanent_uuid: "ca2c34879eb7470493f37cdf17558fb5" member_type: VOTER last_known_addr { host: "127.3.73.193" port: 36985 } } peers { permanent_uuid: "7c18c9cc4a054c16852ef9b85dab2073" member_type: VOTER last_known_addr { host: "127.3.73.194" port: 46363 } } peers { permanent_uuid: "f13db58d47244e4590d82185b6c72bbd" member_type: VOTER last_known_addr { host: "127.3.73.195" port: 36761 } attrs { replace: true } } peers { permanent_uuid: "8429afc92a4043edb0fb32e3074fd774" member_type: NON_VOTER last_known_addr { host: "127.3.73.196" port: 44971 } attrs { promote: true } }
I20260608 13:00:30.521939  4181 raft_consensus.cc:1275] T 61b67232df4a417bbe10af017b99276a P f13db58d47244e4590d82185b6c72bbd [term 1 FOLLOWER]: Refusing update from remote peer 7c18c9cc4a054c16852ef9b85dab2073: Log matching property violated. Preceding OpId in replica: term: 1 index: 1. Preceding OpId from leader: term: 1 index: 2. (index mismatch)
I20260608 13:00:30.524562  4033 raft_consensus.cc:1275] T 61b67232df4a417bbe10af017b99276a P ca2c34879eb7470493f37cdf17558fb5 [term 1 FOLLOWER]: Refusing update from remote peer 7c18c9cc4a054c16852ef9b85dab2073: Log matching property violated. Preceding OpId in replica: term: 1 index: 1. Preceding OpId from leader: term: 1 index: 2. (index mismatch)
I20260608 13:00:30.525005  4281 consensus_queue.cc:1048] T 61b67232df4a417bbe10af017b99276a P 7c18c9cc4a054c16852ef9b85dab2073 [LEADER]: Connected to new peer: Peer: permanent_uuid: "f13db58d47244e4590d82185b6c72bbd" member_type: VOTER last_known_addr { host: "127.3.73.195" port: 36761 } attrs { replace: true }, Status: LMP_MISMATCH, Last received: 0.0, Next index: 2, Last known committed idx: 1, Time since last communication: 0.000s
I20260608 13:00:30.526119  4391 consensus_queue.cc:1048] T 61b67232df4a417bbe10af017b99276a P 7c18c9cc4a054c16852ef9b85dab2073 [LEADER]: Connected to new peer: Peer: permanent_uuid: "ca2c34879eb7470493f37cdf17558fb5" member_type: VOTER last_known_addr { host: "127.3.73.193" port: 36985 }, Status: LMP_MISMATCH, Last received: 0.0, Next index: 2, Last known committed idx: 1, Time since last communication: 0.000s
W20260608 13:00:30.532681  4072 consensus_peers.cc:597] T 61b67232df4a417bbe10af017b99276a P 7c18c9cc4a054c16852ef9b85dab2073 -> Peer 8429afc92a4043edb0fb32e3074fd774 (127.3.73.196:44971): Couldn't send request to peer 8429afc92a4043edb0fb32e3074fd774. Error code: TABLET_NOT_FOUND (6). Status: Not found: Tablet not found: 61b67232df4a417bbe10af017b99276a. This is attempt 1: this message will repeat every 5th retry.
I20260608 13:00:30.534812  4281 raft_consensus.cc:2955] T 61b67232df4a417bbe10af017b99276a P 7c18c9cc4a054c16852ef9b85dab2073 [term 1 LEADER]: Committing config change with OpId 1.2: config changed from index -1 to 2, NON_VOTER 8429afc92a4043edb0fb32e3074fd774 (127.3.73.196) added. New config: { opid_index: 2 OBSOLETE_local: false peers { permanent_uuid: "ca2c34879eb7470493f37cdf17558fb5" member_type: VOTER last_known_addr { host: "127.3.73.193" port: 36985 } } peers { permanent_uuid: "7c18c9cc4a054c16852ef9b85dab2073" member_type: VOTER last_known_addr { host: "127.3.73.194" port: 46363 } } peers { permanent_uuid: "f13db58d47244e4590d82185b6c72bbd" member_type: VOTER last_known_addr { host: "127.3.73.195" port: 36761 } attrs { replace: true } } peers { permanent_uuid: "8429afc92a4043edb0fb32e3074fd774" member_type: NON_VOTER last_known_addr { host: "127.3.73.196" port: 44971 } attrs { promote: true } } }
I20260608 13:00:30.536713  4033 raft_consensus.cc:2955] T 61b67232df4a417bbe10af017b99276a P ca2c34879eb7470493f37cdf17558fb5 [term 1 FOLLOWER]: Committing config change with OpId 1.2: config changed from index -1 to 2, NON_VOTER 8429afc92a4043edb0fb32e3074fd774 (127.3.73.196) added. New config: { opid_index: 2 OBSOLETE_local: false peers { permanent_uuid: "ca2c34879eb7470493f37cdf17558fb5" member_type: VOTER last_known_addr { host: "127.3.73.193" port: 36985 } } peers { permanent_uuid: "7c18c9cc4a054c16852ef9b85dab2073" member_type: VOTER last_known_addr { host: "127.3.73.194" port: 46363 } } peers { permanent_uuid: "f13db58d47244e4590d82185b6c72bbd" member_type: VOTER last_known_addr { host: "127.3.73.195" port: 36761 } attrs { replace: true } } peers { permanent_uuid: "8429afc92a4043edb0fb32e3074fd774" member_type: NON_VOTER last_known_addr { host: "127.3.73.196" port: 44971 } attrs { promote: true } } }
I20260608 13:00:30.540537  4181 raft_consensus.cc:2955] T 61b67232df4a417bbe10af017b99276a P f13db58d47244e4590d82185b6c72bbd [term 1 FOLLOWER]: Committing config change with OpId 1.2: config changed from index -1 to 2, NON_VOTER 8429afc92a4043edb0fb32e3074fd774 (127.3.73.196) added. New config: { opid_index: 2 OBSOLETE_local: false peers { permanent_uuid: "ca2c34879eb7470493f37cdf17558fb5" member_type: VOTER last_known_addr { host: "127.3.73.193" port: 36985 } } peers { permanent_uuid: "7c18c9cc4a054c16852ef9b85dab2073" member_type: VOTER last_known_addr { host: "127.3.73.194" port: 46363 } } peers { permanent_uuid: "f13db58d47244e4590d82185b6c72bbd" member_type: VOTER last_known_addr { host: "127.3.73.195" port: 36761 } attrs { replace: true } } peers { permanent_uuid: "8429afc92a4043edb0fb32e3074fd774" member_type: NON_VOTER last_known_addr { host: "127.3.73.196" port: 44971 } attrs { promote: true } } }
I20260608 13:00:30.548322  3932 catalog_manager.cc:5696] T 61b67232df4a417bbe10af017b99276a P 7c18c9cc4a054c16852ef9b85dab2073 reported cstate change: config changed from index -1 to 2, NON_VOTER 8429afc92a4043edb0fb32e3074fd774 (127.3.73.196) added. New cstate: current_term: 1 leader_uuid: "7c18c9cc4a054c16852ef9b85dab2073" committed_config { opid_index: 2 OBSOLETE_local: false peers { permanent_uuid: "ca2c34879eb7470493f37cdf17558fb5" member_type: VOTER last_known_addr { host: "127.3.73.193" port: 36985 } health_report { overall_health: HEALTHY } } peers { permanent_uuid: "7c18c9cc4a054c16852ef9b85dab2073" member_type: VOTER last_known_addr { host: "127.3.73.194" port: 46363 } health_report { overall_health: HEALTHY } } peers { permanent_uuid: "f13db58d47244e4590d82185b6c72bbd" member_type: VOTER last_known_addr { host: "127.3.73.195" port: 36761 } attrs { replace: true } health_report { overall_health: HEALTHY } } peers { permanent_uuid: "8429afc92a4043edb0fb32e3074fd774" member_type: NON_VOTER last_known_addr { host: "127.3.73.196" port: 44971 } attrs { promote: true } health_report { overall_health: UNKNOWN } } }
I20260608 13:00:30.555461  4108 consensus_queue.cc:237] T a8f92d76630d4299a648ead2e474eb15 P 7c18c9cc4a054c16852ef9b85dab2073 [LEADER]: Queue going to LEADER mode. State: All replicated index: 0, Majority replicated index: 1, Committed index: 1, Last appended: 1.1, Last appended by leader: 0, Current term: 1, Majority size: 2, State: 0, Mode: LEADER, active raft config: opid_index: 2 OBSOLETE_local: false peers { permanent_uuid: "ca2c34879eb7470493f37cdf17558fb5" member_type: VOTER last_known_addr { host: "127.3.73.193" port: 36985 } attrs { replace: true } } peers { permanent_uuid: "7c18c9cc4a054c16852ef9b85dab2073" member_type: VOTER last_known_addr { host: "127.3.73.194" port: 46363 } } peers { permanent_uuid: "f13db58d47244e4590d82185b6c72bbd" member_type: VOTER last_known_addr { host: "127.3.73.195" port: 36761 } } peers { permanent_uuid: "8429afc92a4043edb0fb32e3074fd774" member_type: NON_VOTER last_known_addr { host: "127.3.73.196" port: 44971 } attrs { promote: true } }
W20260608 13:00:30.565052  4072 consensus_peers.cc:597] T a8f92d76630d4299a648ead2e474eb15 P 7c18c9cc4a054c16852ef9b85dab2073 -> Peer 8429afc92a4043edb0fb32e3074fd774 (127.3.73.196:44971): Couldn't send request to peer 8429afc92a4043edb0fb32e3074fd774. Error code: TABLET_NOT_FOUND (6). Status: Not found: Tablet not found: a8f92d76630d4299a648ead2e474eb15. This is attempt 1: this message will repeat every 5th retry.
I20260608 13:00:30.566269  4181 raft_consensus.cc:1275] T a8f92d76630d4299a648ead2e474eb15 P f13db58d47244e4590d82185b6c72bbd [term 1 FOLLOWER]: Refusing update from remote peer 7c18c9cc4a054c16852ef9b85dab2073: Log matching property violated. Preceding OpId in replica: term: 1 index: 1. Preceding OpId from leader: term: 1 index: 2. (index mismatch)
I20260608 13:00:30.566241  4033 raft_consensus.cc:1275] T a8f92d76630d4299a648ead2e474eb15 P ca2c34879eb7470493f37cdf17558fb5 [term 1 FOLLOWER]: Refusing update from remote peer 7c18c9cc4a054c16852ef9b85dab2073: Log matching property violated. Preceding OpId in replica: term: 1 index: 1. Preceding OpId from leader: term: 1 index: 2. (index mismatch)
I20260608 13:00:30.567714  4391 consensus_queue.cc:1048] T a8f92d76630d4299a648ead2e474eb15 P 7c18c9cc4a054c16852ef9b85dab2073 [LEADER]: Connected to new peer: Peer: permanent_uuid: "f13db58d47244e4590d82185b6c72bbd" member_type: VOTER last_known_addr { host: "127.3.73.195" port: 36761 }, Status: LMP_MISMATCH, Last received: 0.0, Next index: 2, Last known committed idx: 1, Time since last communication: 0.000s
I20260608 13:00:30.568542  4281 consensus_queue.cc:1048] T a8f92d76630d4299a648ead2e474eb15 P 7c18c9cc4a054c16852ef9b85dab2073 [LEADER]: Connected to new peer: Peer: permanent_uuid: "ca2c34879eb7470493f37cdf17558fb5" member_type: VOTER last_known_addr { host: "127.3.73.193" port: 36985 } attrs { replace: true }, Status: LMP_MISMATCH, Last received: 0.0, Next index: 2, Last known committed idx: 1, Time since last communication: 0.000s
I20260608 13:00:30.576284  4391 raft_consensus.cc:2955] T a8f92d76630d4299a648ead2e474eb15 P 7c18c9cc4a054c16852ef9b85dab2073 [term 1 LEADER]: Committing config change with OpId 1.2: config changed from index -1 to 2, NON_VOTER 8429afc92a4043edb0fb32e3074fd774 (127.3.73.196) added. New config: { opid_index: 2 OBSOLETE_local: false peers { permanent_uuid: "ca2c34879eb7470493f37cdf17558fb5" member_type: VOTER last_known_addr { host: "127.3.73.193" port: 36985 } attrs { replace: true } } peers { permanent_uuid: "7c18c9cc4a054c16852ef9b85dab2073" member_type: VOTER last_known_addr { host: "127.3.73.194" port: 46363 } } peers { permanent_uuid: "f13db58d47244e4590d82185b6c72bbd" member_type: VOTER last_known_addr { host: "127.3.73.195" port: 36761 } } peers { permanent_uuid: "8429afc92a4043edb0fb32e3074fd774" member_type: NON_VOTER last_known_addr { host: "127.3.73.196" port: 44971 } attrs { promote: true } } }
I20260608 13:00:30.578233  4033 raft_consensus.cc:2955] T a8f92d76630d4299a648ead2e474eb15 P ca2c34879eb7470493f37cdf17558fb5 [term 1 FOLLOWER]: Committing config change with OpId 1.2: config changed from index -1 to 2, NON_VOTER 8429afc92a4043edb0fb32e3074fd774 (127.3.73.196) added. New config: { opid_index: 2 OBSOLETE_local: false peers { permanent_uuid: "ca2c34879eb7470493f37cdf17558fb5" member_type: VOTER last_known_addr { host: "127.3.73.193" port: 36985 } attrs { replace: true } } peers { permanent_uuid: "7c18c9cc4a054c16852ef9b85dab2073" member_type: VOTER last_known_addr { host: "127.3.73.194" port: 46363 } } peers { permanent_uuid: "f13db58d47244e4590d82185b6c72bbd" member_type: VOTER last_known_addr { host: "127.3.73.195" port: 36761 } } peers { permanent_uuid: "8429afc92a4043edb0fb32e3074fd774" member_type: NON_VOTER last_known_addr { host: "127.3.73.196" port: 44971 } attrs { promote: true } } }
I20260608 13:00:30.579476  4181 raft_consensus.cc:2955] T a8f92d76630d4299a648ead2e474eb15 P f13db58d47244e4590d82185b6c72bbd [term 1 FOLLOWER]: Committing config change with OpId 1.2: config changed from index -1 to 2, NON_VOTER 8429afc92a4043edb0fb32e3074fd774 (127.3.73.196) added. New config: { opid_index: 2 OBSOLETE_local: false peers { permanent_uuid: "ca2c34879eb7470493f37cdf17558fb5" member_type: VOTER last_known_addr { host: "127.3.73.193" port: 36985 } attrs { replace: true } } peers { permanent_uuid: "7c18c9cc4a054c16852ef9b85dab2073" member_type: VOTER last_known_addr { host: "127.3.73.194" port: 46363 } } peers { permanent_uuid: "f13db58d47244e4590d82185b6c72bbd" member_type: VOTER last_known_addr { host: "127.3.73.195" port: 36761 } } peers { permanent_uuid: "8429afc92a4043edb0fb32e3074fd774" member_type: NON_VOTER last_known_addr { host: "127.3.73.196" port: 44971 } attrs { promote: true } } }
I20260608 13:00:30.588598  4183 consensus_queue.cc:237] T 95c74a6fe1b94237a1a7dec92fffd762 P f13db58d47244e4590d82185b6c72bbd [LEADER]: Queue going to LEADER mode. State: All replicated index: 0, Majority replicated index: 1, Committed index: 1, Last appended: 1.1, Last appended by leader: 0, Current term: 1, Majority size: 2, State: 0, Mode: LEADER, active raft config: opid_index: 2 OBSOLETE_local: false peers { permanent_uuid: "ca2c34879eb7470493f37cdf17558fb5" member_type: VOTER last_known_addr { host: "127.3.73.193" port: 36985 } } peers { permanent_uuid: "7c18c9cc4a054c16852ef9b85dab2073" member_type: VOTER last_known_addr { host: "127.3.73.194" port: 46363 } attrs { replace: true } } peers { permanent_uuid: "f13db58d47244e4590d82185b6c72bbd" member_type: VOTER last_known_addr { host: "127.3.73.195" port: 36761 } } peers { permanent_uuid: "8429afc92a4043edb0fb32e3074fd774" member_type: NON_VOTER last_known_addr { host: "127.3.73.196" port: 44971 } attrs { promote: true } }
I20260608 13:00:30.588863  3931 catalog_manager.cc:5696] T a8f92d76630d4299a648ead2e474eb15 P 7c18c9cc4a054c16852ef9b85dab2073 reported cstate change: config changed from index -1 to 2, NON_VOTER 8429afc92a4043edb0fb32e3074fd774 (127.3.73.196) added. New cstate: current_term: 1 leader_uuid: "7c18c9cc4a054c16852ef9b85dab2073" committed_config { opid_index: 2 OBSOLETE_local: false peers { permanent_uuid: "ca2c34879eb7470493f37cdf17558fb5" member_type: VOTER last_known_addr { host: "127.3.73.193" port: 36985 } attrs { replace: true } health_report { overall_health: HEALTHY } } peers { permanent_uuid: "7c18c9cc4a054c16852ef9b85dab2073" member_type: VOTER last_known_addr { host: "127.3.73.194" port: 46363 } health_report { overall_health: HEALTHY } } peers { permanent_uuid: "f13db58d47244e4590d82185b6c72bbd" member_type: VOTER last_known_addr { host: "127.3.73.195" port: 36761 } health_report { overall_health: HEALTHY } } peers { permanent_uuid: "8429afc92a4043edb0fb32e3074fd774" member_type: NON_VOTER last_known_addr { host: "127.3.73.196" port: 44971 } attrs { promote: true } health_report { overall_health: UNKNOWN } } }
W20260608 13:00:30.600531  4146 consensus_peers.cc:597] T 95c74a6fe1b94237a1a7dec92fffd762 P f13db58d47244e4590d82185b6c72bbd -> Peer 8429afc92a4043edb0fb32e3074fd774 (127.3.73.196:44971): Couldn't send request to peer 8429afc92a4043edb0fb32e3074fd774. Error code: TABLET_NOT_FOUND (6). Status: Not found: Tablet not found: 95c74a6fe1b94237a1a7dec92fffd762. This is attempt 1: this message will repeat every 5th retry.
I20260608 13:00:30.601442  4108 raft_consensus.cc:1275] T 95c74a6fe1b94237a1a7dec92fffd762 P 7c18c9cc4a054c16852ef9b85dab2073 [term 1 FOLLOWER]: Refusing update from remote peer f13db58d47244e4590d82185b6c72bbd: Log matching property violated. Preceding OpId in replica: term: 1 index: 1. Preceding OpId from leader: term: 1 index: 2. (index mismatch)
I20260608 13:00:30.602954  4374 consensus_queue.cc:1048] T 95c74a6fe1b94237a1a7dec92fffd762 P f13db58d47244e4590d82185b6c72bbd [LEADER]: Connected to new peer: Peer: permanent_uuid: "7c18c9cc4a054c16852ef9b85dab2073" member_type: VOTER last_known_addr { host: "127.3.73.194" port: 46363 } attrs { replace: true }, Status: LMP_MISMATCH, Last received: 0.0, Next index: 2, Last known committed idx: 1, Time since last communication: 0.000s
I20260608 13:00:30.603663  4033 raft_consensus.cc:1275] T 95c74a6fe1b94237a1a7dec92fffd762 P ca2c34879eb7470493f37cdf17558fb5 [term 1 FOLLOWER]: Refusing update from remote peer f13db58d47244e4590d82185b6c72bbd: Log matching property violated. Preceding OpId in replica: term: 1 index: 1. Preceding OpId from leader: term: 1 index: 2. (index mismatch)
I20260608 13:00:30.605013  4379 consensus_queue.cc:1048] T 95c74a6fe1b94237a1a7dec92fffd762 P f13db58d47244e4590d82185b6c72bbd [LEADER]: Connected to new peer: Peer: permanent_uuid: "ca2c34879eb7470493f37cdf17558fb5" member_type: VOTER last_known_addr { host: "127.3.73.193" port: 36985 }, Status: LMP_MISMATCH, Last received: 0.0, Next index: 2, Last known committed idx: 1, Time since last communication: 0.000s
I20260608 13:00:30.613592  4374 raft_consensus.cc:2955] T 95c74a6fe1b94237a1a7dec92fffd762 P f13db58d47244e4590d82185b6c72bbd [term 1 LEADER]: Committing config change with OpId 1.2: config changed from index -1 to 2, NON_VOTER 8429afc92a4043edb0fb32e3074fd774 (127.3.73.196) added. New config: { opid_index: 2 OBSOLETE_local: false peers { permanent_uuid: "ca2c34879eb7470493f37cdf17558fb5" member_type: VOTER last_known_addr { host: "127.3.73.193" port: 36985 } } peers { permanent_uuid: "7c18c9cc4a054c16852ef9b85dab2073" member_type: VOTER last_known_addr { host: "127.3.73.194" port: 46363 } attrs { replace: true } } peers { permanent_uuid: "f13db58d47244e4590d82185b6c72bbd" member_type: VOTER last_known_addr { host: "127.3.73.195" port: 36761 } } peers { permanent_uuid: "8429afc92a4043edb0fb32e3074fd774" member_type: NON_VOTER last_known_addr { host: "127.3.73.196" port: 44971 } attrs { promote: true } } }
I20260608 13:00:30.615363  4108 raft_consensus.cc:2955] T 95c74a6fe1b94237a1a7dec92fffd762 P 7c18c9cc4a054c16852ef9b85dab2073 [term 1 FOLLOWER]: Committing config change with OpId 1.2: config changed from index -1 to 2, NON_VOTER 8429afc92a4043edb0fb32e3074fd774 (127.3.73.196) added. New config: { opid_index: 2 OBSOLETE_local: false peers { permanent_uuid: "ca2c34879eb7470493f37cdf17558fb5" member_type: VOTER last_known_addr { host: "127.3.73.193" port: 36985 } } peers { permanent_uuid: "7c18c9cc4a054c16852ef9b85dab2073" member_type: VOTER last_known_addr { host: "127.3.73.194" port: 46363 } attrs { replace: true } } peers { permanent_uuid: "f13db58d47244e4590d82185b6c72bbd" member_type: VOTER last_known_addr { host: "127.3.73.195" port: 36761 } } peers { permanent_uuid: "8429afc92a4043edb0fb32e3074fd774" member_type: NON_VOTER last_known_addr { host: "127.3.73.196" port: 44971 } attrs { promote: true } } }
I20260608 13:00:30.616639  4033 raft_consensus.cc:2955] T 95c74a6fe1b94237a1a7dec92fffd762 P ca2c34879eb7470493f37cdf17558fb5 [term 1 FOLLOWER]: Committing config change with OpId 1.2: config changed from index -1 to 2, NON_VOTER 8429afc92a4043edb0fb32e3074fd774 (127.3.73.196) added. New config: { opid_index: 2 OBSOLETE_local: false peers { permanent_uuid: "ca2c34879eb7470493f37cdf17558fb5" member_type: VOTER last_known_addr { host: "127.3.73.193" port: 36985 } } peers { permanent_uuid: "7c18c9cc4a054c16852ef9b85dab2073" member_type: VOTER last_known_addr { host: "127.3.73.194" port: 46363 } attrs { replace: true } } peers { permanent_uuid: "f13db58d47244e4590d82185b6c72bbd" member_type: VOTER last_known_addr { host: "127.3.73.195" port: 36761 } } peers { permanent_uuid: "8429afc92a4043edb0fb32e3074fd774" member_type: NON_VOTER last_known_addr { host: "127.3.73.196" port: 44971 } attrs { promote: true } } }
I20260608 13:00:30.630209  3929 catalog_manager.cc:5696] T 95c74a6fe1b94237a1a7dec92fffd762 P ca2c34879eb7470493f37cdf17558fb5 reported cstate change: config changed from index -1 to 2, NON_VOTER 8429afc92a4043edb0fb32e3074fd774 (127.3.73.196) added. New cstate: current_term: 1 leader_uuid: "f13db58d47244e4590d82185b6c72bbd" committed_config { opid_index: 2 OBSOLETE_local: false peers { permanent_uuid: "ca2c34879eb7470493f37cdf17558fb5" member_type: VOTER last_known_addr { host: "127.3.73.193" port: 36985 } } peers { permanent_uuid: "7c18c9cc4a054c16852ef9b85dab2073" member_type: VOTER last_known_addr { host: "127.3.73.194" port: 46363 } attrs { replace: true } } peers { permanent_uuid: "f13db58d47244e4590d82185b6c72bbd" member_type: VOTER last_known_addr { host: "127.3.73.195" port: 36761 } } peers { permanent_uuid: "8429afc92a4043edb0fb32e3074fd774" member_type: NON_VOTER last_known_addr { host: "127.3.73.196" port: 44971 } attrs { promote: true } } }
I20260608 13:00:30.858247  4401 ts_tablet_manager.cc:933] T a9afb2b0e6d04c4092b134184ad03961 P 8429afc92a4043edb0fb32e3074fd774: Initiating tablet copy from peer f13db58d47244e4590d82185b6c72bbd (127.3.73.195:36761)
I20260608 13:00:30.860401  4401 tablet_copy_client.cc:323] T a9afb2b0e6d04c4092b134184ad03961 P 8429afc92a4043edb0fb32e3074fd774: tablet copy: Beginning tablet copy session from remote peer at address 127.3.73.195:36761
I20260608 13:00:30.872014  4193 tablet_copy_service.cc:140] P f13db58d47244e4590d82185b6c72bbd: Received BeginTabletCopySession request for tablet a9afb2b0e6d04c4092b134184ad03961 from peer 8429afc92a4043edb0fb32e3074fd774 ({username='slave'} at 127.0.0.1:36330)
I20260608 13:00:30.872592  4193 tablet_copy_service.cc:161] P f13db58d47244e4590d82185b6c72bbd: Beginning new tablet copy session on tablet a9afb2b0e6d04c4092b134184ad03961 from peer 8429afc92a4043edb0fb32e3074fd774 at {username='slave'} at 127.0.0.1:36330: session id = 8429afc92a4043edb0fb32e3074fd774-a9afb2b0e6d04c4092b134184ad03961
I20260608 13:00:30.879370  4193 tablet_copy_source_session.cc:215] T a9afb2b0e6d04c4092b134184ad03961 P f13db58d47244e4590d82185b6c72bbd: Tablet Copy: opened 0 blocks and 1 log segments
I20260608 13:00:30.882920  4401 data_dirs.cc:400] Could only allocate 1 dirs of requested 3 for tablet a9afb2b0e6d04c4092b134184ad03961. 1 dirs total, 0 dirs full, 0 dirs failed
I20260608 13:00:30.893960  4401 tablet_copy_client.cc:806] T a9afb2b0e6d04c4092b134184ad03961 P 8429afc92a4043edb0fb32e3074fd774: tablet copy: Starting download of 0 data blocks...
I20260608 13:00:30.894693  4401 tablet_copy_client.cc:670] T a9afb2b0e6d04c4092b134184ad03961 P 8429afc92a4043edb0fb32e3074fd774: tablet copy: Starting download of 1 WAL segments...
I20260608 13:00:30.899096  4401 tablet_copy_client.cc:538] T a9afb2b0e6d04c4092b134184ad03961 P 8429afc92a4043edb0fb32e3074fd774: tablet copy: Tablet Copy complete. Replacing tablet superblock.
I20260608 13:00:30.905403  4401 tablet_bootstrap.cc:492] T a9afb2b0e6d04c4092b134184ad03961 P 8429afc92a4043edb0fb32e3074fd774: Bootstrap starting.
I20260608 13:00:30.922674  4401 tablet_bootstrap.cc:492] T a9afb2b0e6d04c4092b134184ad03961 P 8429afc92a4043edb0fb32e3074fd774: Bootstrap replayed 1/1 log segments. Stats: ops{read=2 overwritten=0 applied=2 ignored=0} inserts{seen=0 ignored=0} mutations{seen=0 ignored=0} orphaned_commits=0. Pending: 0 replicates
I20260608 13:00:30.923448  4401 tablet_bootstrap.cc:492] T a9afb2b0e6d04c4092b134184ad03961 P 8429afc92a4043edb0fb32e3074fd774: Bootstrap complete.
I20260608 13:00:30.923985  4401 ts_tablet_manager.cc:1403] T a9afb2b0e6d04c4092b134184ad03961 P 8429afc92a4043edb0fb32e3074fd774: Time spent bootstrapping tablet: real 0.019s	user 0.019s	sys 0.000s
I20260608 13:00:30.926232  4401 raft_consensus.cc:359] T a9afb2b0e6d04c4092b134184ad03961 P 8429afc92a4043edb0fb32e3074fd774 [term 1 LEARNER]: Replica starting. Triggering 0 pending ops. Active config: opid_index: 2 OBSOLETE_local: false peers { permanent_uuid: "ca2c34879eb7470493f37cdf17558fb5" member_type: VOTER last_known_addr { host: "127.3.73.193" port: 36985 } } peers { permanent_uuid: "7c18c9cc4a054c16852ef9b85dab2073" member_type: VOTER last_known_addr { host: "127.3.73.194" port: 46363 } attrs { replace: true } } peers { permanent_uuid: "f13db58d47244e4590d82185b6c72bbd" member_type: VOTER last_known_addr { host: "127.3.73.195" port: 36761 } } peers { permanent_uuid: "8429afc92a4043edb0fb32e3074fd774" member_type: NON_VOTER last_known_addr { host: "127.3.73.196" port: 44971 } attrs { promote: true } }
I20260608 13:00:30.926867  4401 raft_consensus.cc:740] T a9afb2b0e6d04c4092b134184ad03961 P 8429afc92a4043edb0fb32e3074fd774 [term 1 LEARNER]: Becoming Follower/Learner. State: Replica: 8429afc92a4043edb0fb32e3074fd774, State: Initialized, Role: LEARNER
I20260608 13:00:30.927366  4401 consensus_queue.cc:260] T a9afb2b0e6d04c4092b134184ad03961 P 8429afc92a4043edb0fb32e3074fd774 [NON_LEADER]: Queue going to NON_LEADER mode. State: All replicated index: 0, Majority replicated index: 0, Committed index: 2, Last appended: 1.2, Last appended by leader: 2, Current term: 0, Majority size: -1, State: 0, Mode: NON_LEADER, active raft config: opid_index: 2 OBSOLETE_local: false peers { permanent_uuid: "ca2c34879eb7470493f37cdf17558fb5" member_type: VOTER last_known_addr { host: "127.3.73.193" port: 36985 } } peers { permanent_uuid: "7c18c9cc4a054c16852ef9b85dab2073" member_type: VOTER last_known_addr { host: "127.3.73.194" port: 46363 } attrs { replace: true } } peers { permanent_uuid: "f13db58d47244e4590d82185b6c72bbd" member_type: VOTER last_known_addr { host: "127.3.73.195" port: 36761 } } peers { permanent_uuid: "8429afc92a4043edb0fb32e3074fd774" member_type: NON_VOTER last_known_addr { host: "127.3.73.196" port: 44971 } attrs { promote: true } }
I20260608 13:00:30.930024  4401 ts_tablet_manager.cc:1434] T a9afb2b0e6d04c4092b134184ad03961 P 8429afc92a4043edb0fb32e3074fd774: Time spent starting tablet: real 0.006s	user 0.007s	sys 0.000s
I20260608 13:00:30.931881  4193 tablet_copy_service.cc:342] P f13db58d47244e4590d82185b6c72bbd: Request end of tablet copy session 8429afc92a4043edb0fb32e3074fd774-a9afb2b0e6d04c4092b134184ad03961 received from {username='slave'} at 127.0.0.1:36330
I20260608 13:00:30.932368  4193 tablet_copy_service.cc:434] P f13db58d47244e4590d82185b6c72bbd: ending tablet copy session 8429afc92a4043edb0fb32e3074fd774-a9afb2b0e6d04c4092b134184ad03961 on tablet a9afb2b0e6d04c4092b134184ad03961 with peer 8429afc92a4043edb0fb32e3074fd774
I20260608 13:00:31.027012  3367 tablet_server.cc:179] TabletServer@127.3.73.193:0 shutting down...
I20260608 13:00:31.057273  3367 ts_tablet_manager.cc:1507] Shutting down tablet manager...
I20260608 13:00:31.058193  3367 tablet_replica.cc:333] T 95c74a6fe1b94237a1a7dec92fffd762 P ca2c34879eb7470493f37cdf17558fb5: stopping tablet replica
I20260608 13:00:31.059047  3367 raft_consensus.cc:2243] T 95c74a6fe1b94237a1a7dec92fffd762 P ca2c34879eb7470493f37cdf17558fb5 [term 1 FOLLOWER]: Raft consensus shutting down.
I20260608 13:00:31.059670  3367 raft_consensus.cc:2272] T 95c74a6fe1b94237a1a7dec92fffd762 P ca2c34879eb7470493f37cdf17558fb5 [term 1 FOLLOWER]: Raft consensus is shut down!
I20260608 13:00:31.062464  3367 tablet_replica.cc:333] T a8f92d76630d4299a648ead2e474eb15 P ca2c34879eb7470493f37cdf17558fb5: stopping tablet replica
I20260608 13:00:31.063189  3367 raft_consensus.cc:2243] T a8f92d76630d4299a648ead2e474eb15 P ca2c34879eb7470493f37cdf17558fb5 [term 1 FOLLOWER]: Raft consensus shutting down.
I20260608 13:00:31.063755  3367 raft_consensus.cc:2272] T a8f92d76630d4299a648ead2e474eb15 P ca2c34879eb7470493f37cdf17558fb5 [term 1 FOLLOWER]: Raft consensus is shut down!
I20260608 13:00:31.066537  3367 tablet_replica.cc:333] T a9afb2b0e6d04c4092b134184ad03961 P ca2c34879eb7470493f37cdf17558fb5: stopping tablet replica
I20260608 13:00:31.067399  4401 ts_tablet_manager.cc:933] T a8f92d76630d4299a648ead2e474eb15 P 8429afc92a4043edb0fb32e3074fd774: Initiating tablet copy from peer 7c18c9cc4a054c16852ef9b85dab2073 (127.3.73.194:46363)
I20260608 13:00:31.067282  3367 raft_consensus.cc:2243] T a9afb2b0e6d04c4092b134184ad03961 P ca2c34879eb7470493f37cdf17558fb5 [term 1 FOLLOWER]: Raft consensus shutting down.
I20260608 13:00:31.068289  3367 raft_consensus.cc:2272] T a9afb2b0e6d04c4092b134184ad03961 P ca2c34879eb7470493f37cdf17558fb5 [term 1 FOLLOWER]: Raft consensus is shut down!
I20260608 13:00:31.071213  3367 tablet_replica.cc:333] T 61b67232df4a417bbe10af017b99276a P ca2c34879eb7470493f37cdf17558fb5: stopping tablet replica
I20260608 13:00:31.072011  3367 raft_consensus.cc:2243] T 61b67232df4a417bbe10af017b99276a P ca2c34879eb7470493f37cdf17558fb5 [term 1 FOLLOWER]: Raft consensus shutting down.
I20260608 13:00:31.072626  3367 raft_consensus.cc:2272] T 61b67232df4a417bbe10af017b99276a P ca2c34879eb7470493f37cdf17558fb5 [term 1 FOLLOWER]: Raft consensus is shut down!
I20260608 13:00:31.075342  3367 tablet_replica.cc:333] T 4aef7519dcbd47b7b5942481829490cf P ca2c34879eb7470493f37cdf17558fb5: stopping tablet replica
I20260608 13:00:31.076118  3367 raft_consensus.cc:2243] T 4aef7519dcbd47b7b5942481829490cf P ca2c34879eb7470493f37cdf17558fb5 [term 1 FOLLOWER]: Raft consensus shutting down.
I20260608 13:00:31.076664  3367 raft_consensus.cc:2272] T 4aef7519dcbd47b7b5942481829490cf P ca2c34879eb7470493f37cdf17558fb5 [term 1 FOLLOWER]: Raft consensus is shut down!
I20260608 13:00:31.079046  3367 tablet_replica.cc:333] T 24601b9fcc294220846569da6982dbd1 P ca2c34879eb7470493f37cdf17558fb5: stopping tablet replica
I20260608 13:00:31.079825  3367 raft_consensus.cc:2243] T 24601b9fcc294220846569da6982dbd1 P ca2c34879eb7470493f37cdf17558fb5 [term 1 LEADER]: Raft consensus shutting down.
I20260608 13:00:31.080265  4407 ts_tablet_manager.cc:933] T 61b67232df4a417bbe10af017b99276a P 8429afc92a4043edb0fb32e3074fd774: Initiating tablet copy from peer 7c18c9cc4a054c16852ef9b85dab2073 (127.3.73.194:46363)
I20260608 13:00:31.080695  4401 tablet_copy_client.cc:323] T a8f92d76630d4299a648ead2e474eb15 P 8429afc92a4043edb0fb32e3074fd774: tablet copy: Beginning tablet copy session from remote peer at address 127.3.73.194:46363
I20260608 13:00:31.080924  3367 raft_consensus.cc:2272] T 24601b9fcc294220846569da6982dbd1 P ca2c34879eb7470493f37cdf17558fb5 [term 1 FOLLOWER]: Raft consensus is shut down!
I20260608 13:00:31.083927  3367 tablet_replica.cc:333] T d65c12c409264383b287129ad5e5d000 P ca2c34879eb7470493f37cdf17558fb5: stopping tablet replica
I20260608 13:00:31.084690  3367 raft_consensus.cc:2243] T d65c12c409264383b287129ad5e5d000 P ca2c34879eb7470493f37cdf17558fb5 [term 1 LEADER]: Raft consensus shutting down.
I20260608 13:00:31.085695  3367 raft_consensus.cc:2272] T d65c12c409264383b287129ad5e5d000 P ca2c34879eb7470493f37cdf17558fb5 [term 1 FOLLOWER]: Raft consensus is shut down!
W20260608 13:00:31.091128  4073 proxy.cc:239] Call had error, refreshing address and retrying: Remote error: Service unavailable: service kudu.consensus.ConsensusService not registered on TabletServer [suppressed 5 similar messages]
I20260608 13:00:31.096489  3367 tablet_replica.cc:333] T 8cccba4c91444c149c08d201c47b85b3 P ca2c34879eb7470493f37cdf17558fb5: stopping tablet replica
I20260608 13:00:31.097635  3367 raft_consensus.cc:2243] T 8cccba4c91444c149c08d201c47b85b3 P ca2c34879eb7470493f37cdf17558fb5 [term 1 LEADER]: Raft consensus shutting down.
I20260608 13:00:31.099501  3367 raft_consensus.cc:2272] T 8cccba4c91444c149c08d201c47b85b3 P ca2c34879eb7470493f37cdf17558fb5 [term 1 FOLLOWER]: Raft consensus is shut down!
I20260608 13:00:31.107999  4119 tablet_copy_service.cc:140] P 7c18c9cc4a054c16852ef9b85dab2073: Received BeginTabletCopySession request for tablet a8f92d76630d4299a648ead2e474eb15 from peer 8429afc92a4043edb0fb32e3074fd774 ({username='slave'} at 127.0.0.1:34062)
I20260608 13:00:31.108708  4119 tablet_copy_service.cc:161] P 7c18c9cc4a054c16852ef9b85dab2073: Beginning new tablet copy session on tablet a8f92d76630d4299a648ead2e474eb15 from peer 8429afc92a4043edb0fb32e3074fd774 at {username='slave'} at 127.0.0.1:34062: session id = 8429afc92a4043edb0fb32e3074fd774-a8f92d76630d4299a648ead2e474eb15
I20260608 13:00:31.108911  4407 tablet_copy_client.cc:323] T 61b67232df4a417bbe10af017b99276a P 8429afc92a4043edb0fb32e3074fd774: tablet copy: Beginning tablet copy session from remote peer at address 127.3.73.194:46363
I20260608 13:00:31.110986  4118 tablet_copy_service.cc:140] P 7c18c9cc4a054c16852ef9b85dab2073: Received BeginTabletCopySession request for tablet 61b67232df4a417bbe10af017b99276a from peer 8429afc92a4043edb0fb32e3074fd774 ({username='slave'} at 127.0.0.1:34062)
I20260608 13:00:31.111575  4118 tablet_copy_service.cc:161] P 7c18c9cc4a054c16852ef9b85dab2073: Beginning new tablet copy session on tablet 61b67232df4a417bbe10af017b99276a from peer 8429afc92a4043edb0fb32e3074fd774 at {username='slave'} at 127.0.0.1:34062: session id = 8429afc92a4043edb0fb32e3074fd774-61b67232df4a417bbe10af017b99276a
W20260608 13:00:31.112666  4073 consensus_peers.cc:597] T 61b67232df4a417bbe10af017b99276a P 7c18c9cc4a054c16852ef9b85dab2073 -> Peer ca2c34879eb7470493f37cdf17558fb5 (127.3.73.193:36985): Couldn't send request to peer ca2c34879eb7470493f37cdf17558fb5. Status: Remote error: Service unavailable: service kudu.consensus.ConsensusService not registered on TabletServer. This is attempt 1: this message will repeat every 5th retry.
I20260608 13:00:31.120939  4118 tablet_copy_source_session.cc:215] T 61b67232df4a417bbe10af017b99276a P 7c18c9cc4a054c16852ef9b85dab2073: Tablet Copy: opened 0 blocks and 1 log segments
