I20260608 13:00:22.295909  3367 internal_mini_cluster.cc:156] Creating distributed mini masters. Addrs: 127.3.73.254:42855
I20260608 13:00:22.297022  3367 file_cache.cc:492] Constructed file cache file cache with capacity 419430
W20260608 13:00:22.301956  3907 instance_detector.cc:116] could not retrieve AWS instance metadata: Network error: curl error: HTTP response code said error: The requested URL returned error: 404
W20260608 13:00:22.302409  3908 instance_detector.cc:116] could not retrieve Azure instance metadata: Network error: curl error: HTTP response code said error: The requested URL returned error: 404
W20260608 13:00:22.304688  3910 instance_detector.cc:116] could not retrieve OpenStack instance metadata: Network error: curl error: HTTP response code said error: The requested URL returned error: 404
I20260608 13:00:22.305469  3367 server_base.cc:1061] running on GCE node
I20260608 13:00:22.306231  3367 hybrid_clock.cc:584] initializing the hybrid clock with 'system_unsync' time source
W20260608 13:00:22.306465  3367 system_unsync_time.cc:38] NTP support is disabled. Clock error bounds will not be accurate. This configuration is not suitable for distributed clusters.
I20260608 13:00:22.306612  3367 hybrid_clock.cc:648] HybridClock initialized: now 1780923622306593 us; error 0 us; skew 500 ppm
I20260608 13:00:22.307189  3367 server_base.cc:861] Flag tcmalloc_max_total_thread_cache_bytes is not working since tcmalloc is not enabled.
I20260608 13:00:22.309420  3367 webserver.cc:533] Webserver started at http://127.3.73.254:39395/ using document root <none> and password file <none>
I20260608 13:00:22.309930  3367 fs_manager.cc:362] Metadata directory not provided
I20260608 13:00:22.310112  3367 fs_manager.cc:368] Using write-ahead log directory (fs_wal_dir) as metadata directory
I20260608 13:00:22.310396  3367 server_base.cc:909] This appears to be a new deployment of Kudu; creating new FS layout
I20260608 13:00:22.311491  3367 fs_manager.cc:1068] Generated new instance metadata in path /tmp/dist-test-taskO7LEPl/test-tmp/auto_rebalancer-test.0.AutoRebalancerTest.AutoRebalancingTurnOffAndOn.1780923613628642-3367-0/minicluster-data/master-0-root/instance:
uuid: "0b39d6743c6c435187494ce3c2a56753"
format_stamp: "Formatted at 2026-06-08 13:00:22 on dist-test-slave-b5xm"
I20260608 13:00:22.316111  3367 fs_manager.cc:696] Time spent creating directory manager: real 0.004s	user 0.005s	sys 0.000s
I20260608 13:00:22.319694  3915 log_block_manager.cc:4031] Time spent loading block containers with low live blocks: real 0.000s	user 0.000s	sys 0.000s
I20260608 13:00:22.320535  3367 fs_manager.cc:730] Time spent opening block manager: real 0.002s	user 0.002s	sys 0.001s
I20260608 13:00:22.320834  3367 fs_manager.cc:647] Opened local filesystem: /tmp/dist-test-taskO7LEPl/test-tmp/auto_rebalancer-test.0.AutoRebalancerTest.AutoRebalancingTurnOffAndOn.1780923613628642-3367-0/minicluster-data/master-0-root
uuid: "0b39d6743c6c435187494ce3c2a56753"
format_stamp: "Formatted at 2026-06-08 13:00:22 on dist-test-slave-b5xm"
I20260608 13:00:22.321105  3367 fs_report.cc:389] FS layout report
--------------------
wal directory: /tmp/dist-test-taskO7LEPl/test-tmp/auto_rebalancer-test.0.AutoRebalancerTest.AutoRebalancingTurnOffAndOn.1780923613628642-3367-0/minicluster-data/master-0-root
metadata directory: /tmp/dist-test-taskO7LEPl/test-tmp/auto_rebalancer-test.0.AutoRebalancerTest.AutoRebalancingTurnOffAndOn.1780923613628642-3367-0/minicluster-data/master-0-root
1 data directories: /tmp/dist-test-taskO7LEPl/test-tmp/auto_rebalancer-test.0.AutoRebalancerTest.AutoRebalancingTurnOffAndOn.1780923613628642-3367-0/minicluster-data/master-0-root/data
Total live blocks: 0
Total live bytes: 0
Total live bytes (after alignment): 0
Total number of LBM containers: 0 (0 full)
Did not check for missing blocks
Did not check for orphaned blocks
Total full LBM containers with extra space: 0 (0 repaired)
Total full LBM container extra space in bytes: 0 (0 repaired)
Total incomplete LBM containers: 0 (0 repaired)
Total LBM partial records: 0 (0 repaired)
Total corrupted LBM metadata records in RocksDB: 0 (0 repaired)
I20260608 13:00:22.333848  3367 rpc_server.cc:225] running with OpenSSL 1.1.1  11 Sep 2018
I20260608 13:00:22.334924  3367 kserver.cc:163] Server-wide thread pool size limit: 3276
I20260608 13:00:22.369381  3367 rpc_server.cc:307] RPC server started. Bound to: 127.3.73.254:42855
I20260608 13:00:22.369499  3966 acceptor_pool.cc:272] collecting diagnostics on the listening RPC socket 127.3.73.254:42855 every 8 connection(s)
I20260608 13:00:22.373399  3967 data_dirs.cc:400] Could only allocate 1 dirs of requested 3 for tablet 00000000000000000000000000000000. 1 dirs total, 0 dirs full, 0 dirs failed
I20260608 13:00:22.382637  3967 tablet_bootstrap.cc:492] T 00000000000000000000000000000000 P 0b39d6743c6c435187494ce3c2a56753: Bootstrap starting.
I20260608 13:00:22.386976  3967 tablet_bootstrap.cc:654] T 00000000000000000000000000000000 P 0b39d6743c6c435187494ce3c2a56753: Neither blocks nor log segments found. Creating new log.
I20260608 13:00:22.391067  3967 tablet_bootstrap.cc:492] T 00000000000000000000000000000000 P 0b39d6743c6c435187494ce3c2a56753: No bootstrap required, opened a new log
I20260608 13:00:22.393054  3967 raft_consensus.cc:359] T 00000000000000000000000000000000 P 0b39d6743c6c435187494ce3c2a56753 [term 0 FOLLOWER]: Replica starting. Triggering 0 pending ops. Active config: opid_index: -1 OBSOLETE_local: true peers { permanent_uuid: "0b39d6743c6c435187494ce3c2a56753" member_type: VOTER }
I20260608 13:00:22.393429  3967 raft_consensus.cc:385] T 00000000000000000000000000000000 P 0b39d6743c6c435187494ce3c2a56753 [term 0 FOLLOWER]: Consensus starting up: Expiring failure detector timer to make a prompt election more likely
I20260608 13:00:22.393616  3967 raft_consensus.cc:740] T 00000000000000000000000000000000 P 0b39d6743c6c435187494ce3c2a56753 [term 0 FOLLOWER]: Becoming Follower/Learner. State: Replica: 0b39d6743c6c435187494ce3c2a56753, State: Initialized, Role: FOLLOWER
I20260608 13:00:22.394120  3967 consensus_queue.cc:260] T 00000000000000000000000000000000 P 0b39d6743c6c435187494ce3c2a56753 [NON_LEADER]: Queue going to NON_LEADER mode. State: All replicated index: 0, Majority replicated index: 0, Committed index: 0, Last appended: 0.0, Last appended by leader: 0, Current term: 0, Majority size: -1, State: 0, Mode: NON_LEADER, active raft config: opid_index: -1 OBSOLETE_local: true peers { permanent_uuid: "0b39d6743c6c435187494ce3c2a56753" member_type: VOTER }
I20260608 13:00:22.394542  3967 raft_consensus.cc:399] T 00000000000000000000000000000000 P 0b39d6743c6c435187494ce3c2a56753 [term 0 FOLLOWER]: Only one voter in the Raft config. Triggering election immediately
I20260608 13:00:22.394743  3967 raft_consensus.cc:493] T 00000000000000000000000000000000 P 0b39d6743c6c435187494ce3c2a56753 [term 0 FOLLOWER]: Starting leader election (initial election of a single-replica configuration)
I20260608 13:00:22.394968  3967 raft_consensus.cc:3060] T 00000000000000000000000000000000 P 0b39d6743c6c435187494ce3c2a56753 [term 0 FOLLOWER]: Advancing to term 1
I20260608 13:00:22.398888  3967 raft_consensus.cc:515] T 00000000000000000000000000000000 P 0b39d6743c6c435187494ce3c2a56753 [term 1 FOLLOWER]: Starting leader election with config: opid_index: -1 OBSOLETE_local: true peers { permanent_uuid: "0b39d6743c6c435187494ce3c2a56753" member_type: VOTER }
I20260608 13:00:22.399395  3967 leader_election.cc:304] T 00000000000000000000000000000000 P 0b39d6743c6c435187494ce3c2a56753 [CANDIDATE]: Term 1 election: Election decided. Result: candidate won. Election summary: received 1 responses out of 1 voters: 1 yes votes; 0 no votes. yes voters: 0b39d6743c6c435187494ce3c2a56753; no voters: 
I20260608 13:00:22.400557  3967 leader_election.cc:290] T 00000000000000000000000000000000 P 0b39d6743c6c435187494ce3c2a56753 [CANDIDATE]: Term 1 election: Requested vote from peers 
I20260608 13:00:22.400918  3970 raft_consensus.cc:2804] T 00000000000000000000000000000000 P 0b39d6743c6c435187494ce3c2a56753 [term 1 FOLLOWER]: Leader election won for term 1
I20260608 13:00:22.402201  3970 raft_consensus.cc:697] T 00000000000000000000000000000000 P 0b39d6743c6c435187494ce3c2a56753 [term 1 LEADER]: Becoming Leader. State: Replica: 0b39d6743c6c435187494ce3c2a56753, State: Running, Role: LEADER
I20260608 13:00:22.402932  3970 consensus_queue.cc:237] T 00000000000000000000000000000000 P 0b39d6743c6c435187494ce3c2a56753 [LEADER]: Queue going to LEADER mode. State: All replicated index: 0, Majority replicated index: 0, Committed index: 0, Last appended: 0.0, Last appended by leader: 0, Current term: 1, Majority size: 1, State: 0, Mode: LEADER, active raft config: opid_index: -1 OBSOLETE_local: true peers { permanent_uuid: "0b39d6743c6c435187494ce3c2a56753" member_type: VOTER }
I20260608 13:00:22.403625  3967 sys_catalog.cc:565] T 00000000000000000000000000000000 P 0b39d6743c6c435187494ce3c2a56753 [sys.catalog]: configured and running, proceeding with master startup.
I20260608 13:00:22.407399  3972 sys_catalog.cc:455] T 00000000000000000000000000000000 P 0b39d6743c6c435187494ce3c2a56753 [sys.catalog]: SysCatalogTable state changed. Reason: New leader 0b39d6743c6c435187494ce3c2a56753. Latest consensus state: current_term: 1 leader_uuid: "0b39d6743c6c435187494ce3c2a56753" committed_config { opid_index: -1 OBSOLETE_local: true peers { permanent_uuid: "0b39d6743c6c435187494ce3c2a56753" member_type: VOTER } }
I20260608 13:00:22.407640  3971 sys_catalog.cc:455] T 00000000000000000000000000000000 P 0b39d6743c6c435187494ce3c2a56753 [sys.catalog]: SysCatalogTable state changed. Reason: RaftConsensus started. Latest consensus state: current_term: 1 leader_uuid: "0b39d6743c6c435187494ce3c2a56753" committed_config { opid_index: -1 OBSOLETE_local: true peers { permanent_uuid: "0b39d6743c6c435187494ce3c2a56753" member_type: VOTER } }
I20260608 13:00:22.407960  3972 sys_catalog.cc:458] T 00000000000000000000000000000000 P 0b39d6743c6c435187494ce3c2a56753 [sys.catalog]: This master's current role is: LEADER
I20260608 13:00:22.408221  3971 sys_catalog.cc:458] T 00000000000000000000000000000000 P 0b39d6743c6c435187494ce3c2a56753 [sys.catalog]: This master's current role is: LEADER
I20260608 13:00:22.410995  3977 catalog_manager.cc:1510] Loading table and tablet metadata into memory...
I20260608 13:00:22.417196  3977 catalog_manager.cc:1519] Initializing Kudu cluster ID...
I20260608 13:00:22.418161  3367 internal_mini_cluster.cc:184] Waiting to initialize catalog manager on master 0
I20260608 13:00:22.426282  3977 catalog_manager.cc:1382] Generated new cluster ID: 6b2e971aa62c41d98485c2e33d0d34db
I20260608 13:00:22.426580  3977 catalog_manager.cc:1530] Initializing Kudu internal certificate authority...
I20260608 13:00:22.444535  3977 catalog_manager.cc:1405] Generated new certificate authority record
I20260608 13:00:22.445753  3977 catalog_manager.cc:1539] Loading token signing keys...
I20260608 13:00:22.457839  3977 catalog_manager.cc:6069] T 00000000000000000000000000000000 P 0b39d6743c6c435187494ce3c2a56753: Generated new TSK 0
I20260608 13:00:22.458459  3977 catalog_manager.cc:1549] Initializing in-progress tserver states...
I20260608 13:00:22.484616  3367 file_cache.cc:492] Constructed file cache file cache with capacity 419430
W20260608 13:00:22.490571  3988 instance_detector.cc:116] could not retrieve AWS instance metadata: Network error: curl error: HTTP response code said error: The requested URL returned error: 404
W20260608 13:00:22.491499  3989 instance_detector.cc:116] could not retrieve Azure instance metadata: Network error: curl error: HTTP response code said error: The requested URL returned error: 404
I20260608 13:00:22.493307  3367 server_base.cc:1061] running on GCE node
W20260608 13:00:22.493494  3991 instance_detector.cc:116] could not retrieve OpenStack instance metadata: Network error: curl error: HTTP response code said error: The requested URL returned error: 404
I20260608 13:00:22.494318  3367 hybrid_clock.cc:584] initializing the hybrid clock with 'system_unsync' time source
W20260608 13:00:22.494550  3367 system_unsync_time.cc:38] NTP support is disabled. Clock error bounds will not be accurate. This configuration is not suitable for distributed clusters.
I20260608 13:00:22.494735  3367 hybrid_clock.cc:648] HybridClock initialized: now 1780923622494717 us; error 0 us; skew 500 ppm
I20260608 13:00:22.495316  3367 server_base.cc:861] Flag tcmalloc_max_total_thread_cache_bytes is not working since tcmalloc is not enabled.
I20260608 13:00:22.497488  3367 webserver.cc:533] Webserver started at http://127.3.73.193:36643/ using document root <none> and password file <none>
I20260608 13:00:22.497987  3367 fs_manager.cc:362] Metadata directory not provided
I20260608 13:00:22.498162  3367 fs_manager.cc:368] Using write-ahead log directory (fs_wal_dir) as metadata directory
I20260608 13:00:22.498454  3367 server_base.cc:909] This appears to be a new deployment of Kudu; creating new FS layout
I20260608 13:00:22.499485  3367 fs_manager.cc:1068] Generated new instance metadata in path /tmp/dist-test-taskO7LEPl/test-tmp/auto_rebalancer-test.0.AutoRebalancerTest.AutoRebalancingTurnOffAndOn.1780923613628642-3367-0/minicluster-data/ts-0-root/instance:
uuid: "ca2c34879eb7470493f37cdf17558fb5"
format_stamp: "Formatted at 2026-06-08 13:00:22 on dist-test-slave-b5xm"
I20260608 13:00:22.503906  3367 fs_manager.cc:696] Time spent creating directory manager: real 0.004s	user 0.005s	sys 0.000s
I20260608 13:00:22.507248  3996 log_block_manager.cc:4031] Time spent loading block containers with low live blocks: real 0.000s	user 0.000s	sys 0.000s
I20260608 13:00:22.507965  3367 fs_manager.cc:730] Time spent opening block manager: real 0.002s	user 0.003s	sys 0.000s
I20260608 13:00:22.508235  3367 fs_manager.cc:647] Opened local filesystem: /tmp/dist-test-taskO7LEPl/test-tmp/auto_rebalancer-test.0.AutoRebalancerTest.AutoRebalancingTurnOffAndOn.1780923613628642-3367-0/minicluster-data/ts-0-root
uuid: "ca2c34879eb7470493f37cdf17558fb5"
format_stamp: "Formatted at 2026-06-08 13:00:22 on dist-test-slave-b5xm"
I20260608 13:00:22.508487  3367 fs_report.cc:389] FS layout report
--------------------
wal directory: /tmp/dist-test-taskO7LEPl/test-tmp/auto_rebalancer-test.0.AutoRebalancerTest.AutoRebalancingTurnOffAndOn.1780923613628642-3367-0/minicluster-data/ts-0-root
metadata directory: /tmp/dist-test-taskO7LEPl/test-tmp/auto_rebalancer-test.0.AutoRebalancerTest.AutoRebalancingTurnOffAndOn.1780923613628642-3367-0/minicluster-data/ts-0-root
1 data directories: /tmp/dist-test-taskO7LEPl/test-tmp/auto_rebalancer-test.0.AutoRebalancerTest.AutoRebalancingTurnOffAndOn.1780923613628642-3367-0/minicluster-data/ts-0-root/data
Total live blocks: 0
Total live bytes: 0
Total live bytes (after alignment): 0
Total number of LBM containers: 0 (0 full)
Did not check for missing blocks
Did not check for orphaned blocks
Total full LBM containers with extra space: 0 (0 repaired)
Total full LBM container extra space in bytes: 0 (0 repaired)
Total incomplete LBM containers: 0 (0 repaired)
Total LBM partial records: 0 (0 repaired)
Total corrupted LBM metadata records in RocksDB: 0 (0 repaired)
I20260608 13:00:22.532559  3367 rpc_server.cc:225] running with OpenSSL 1.1.1  11 Sep 2018
I20260608 13:00:22.533576  3367 kserver.cc:163] Server-wide thread pool size limit: 3276
I20260608 13:00:22.535015  3367 txn_system_client.cc:432] TxnSystemClient initialization is disabled...
I20260608 13:00:22.537289  3367 ts_tablet_manager.cc:585] Loaded tablet metadata (0 total tablets, 0 live tablets)
I20260608 13:00:22.537482  3367 ts_tablet_manager.cc:531] Time spent load tablet metadata: real 0.000s	user 0.000s	sys 0.000s
I20260608 13:00:22.537715  3367 ts_tablet_manager.cc:616] Registered 0 tablets
I20260608 13:00:22.537868  3367 ts_tablet_manager.cc:595] Time spent register tablets: real 0.000s	user 0.000s	sys 0.000s
I20260608 13:00:22.575100  3367 rpc_server.cc:307] RPC server started. Bound to: 127.3.73.193:36985
I20260608 13:00:22.575202  4058 acceptor_pool.cc:272] collecting diagnostics on the listening RPC socket 127.3.73.193:36985 every 8 connection(s)
I20260608 13:00:22.580052  3367 file_cache.cc:492] Constructed file cache file cache with capacity 419430
W20260608 13:00:22.586728  4063 instance_detector.cc:116] could not retrieve AWS instance metadata: Network error: curl error: HTTP response code said error: The requested URL returned error: 404
W20260608 13:00:22.587589  4064 instance_detector.cc:116] could not retrieve Azure instance metadata: Network error: curl error: HTTP response code said error: The requested URL returned error: 404
W20260608 13:00:22.593103  4066 instance_detector.cc:116] could not retrieve OpenStack instance metadata: Network error: curl error: HTTP response code said error: The requested URL returned error: 404
I20260608 13:00:22.593343  3367 server_base.cc:1061] running on GCE node
I20260608 13:00:22.593415  4059 heartbeater.cc:344] Connected to a master server at 127.3.73.254:42855
I20260608 13:00:22.594008  4059 heartbeater.cc:461] Registering TS with master...
I20260608 13:00:22.594493  3367 hybrid_clock.cc:584] initializing the hybrid clock with 'system_unsync' time source
W20260608 13:00:22.594718  3367 system_unsync_time.cc:38] NTP support is disabled. Clock error bounds will not be accurate. This configuration is not suitable for distributed clusters.
I20260608 13:00:22.594879  3367 hybrid_clock.cc:648] HybridClock initialized: now 1780923622594863 us; error 0 us; skew 500 ppm
I20260608 13:00:22.594926  4059 heartbeater.cc:507] Master 127.3.73.254:42855 requested a full tablet report, sending...
I20260608 13:00:22.595571  3367 server_base.cc:861] Flag tcmalloc_max_total_thread_cache_bytes is not working since tcmalloc is not enabled.
I20260608 13:00:22.597443  3932 ts_manager.cc:194] Registered new tserver with Master: ca2c34879eb7470493f37cdf17558fb5 (127.3.73.193:36985)
I20260608 13:00:22.598203  3367 webserver.cc:533] Webserver started at http://127.3.73.194:35193/ using document root <none> and password file <none>
I20260608 13:00:22.598750  3367 fs_manager.cc:362] Metadata directory not provided
I20260608 13:00:22.598941  3367 fs_manager.cc:368] Using write-ahead log directory (fs_wal_dir) as metadata directory
I20260608 13:00:22.599206  3367 server_base.cc:909] This appears to be a new deployment of Kudu; creating new FS layout
I20260608 13:00:22.599437  3932 master_service.cc:502] Signed X509 certificate for tserver {username='slave'} at 127.0.0.1:56246
I20260608 13:00:22.600291  3367 fs_manager.cc:1068] Generated new instance metadata in path /tmp/dist-test-taskO7LEPl/test-tmp/auto_rebalancer-test.0.AutoRebalancerTest.AutoRebalancingTurnOffAndOn.1780923613628642-3367-0/minicluster-data/ts-1-root/instance:
uuid: "7c18c9cc4a054c16852ef9b85dab2073"
format_stamp: "Formatted at 2026-06-08 13:00:22 on dist-test-slave-b5xm"
I20260608 13:00:22.604934  3367 fs_manager.cc:696] Time spent creating directory manager: real 0.004s	user 0.006s	sys 0.000s
I20260608 13:00:22.608170  4071 log_block_manager.cc:4031] Time spent loading block containers with low live blocks: real 0.000s	user 0.000s	sys 0.000s
I20260608 13:00:22.608884  3367 fs_manager.cc:730] Time spent opening block manager: real 0.002s	user 0.001s	sys 0.000s
I20260608 13:00:22.609154  3367 fs_manager.cc:647] Opened local filesystem: /tmp/dist-test-taskO7LEPl/test-tmp/auto_rebalancer-test.0.AutoRebalancerTest.AutoRebalancingTurnOffAndOn.1780923613628642-3367-0/minicluster-data/ts-1-root
uuid: "7c18c9cc4a054c16852ef9b85dab2073"
format_stamp: "Formatted at 2026-06-08 13:00:22 on dist-test-slave-b5xm"
I20260608 13:00:22.609432  3367 fs_report.cc:389] FS layout report
--------------------
wal directory: /tmp/dist-test-taskO7LEPl/test-tmp/auto_rebalancer-test.0.AutoRebalancerTest.AutoRebalancingTurnOffAndOn.1780923613628642-3367-0/minicluster-data/ts-1-root
metadata directory: /tmp/dist-test-taskO7LEPl/test-tmp/auto_rebalancer-test.0.AutoRebalancerTest.AutoRebalancingTurnOffAndOn.1780923613628642-3367-0/minicluster-data/ts-1-root
1 data directories: /tmp/dist-test-taskO7LEPl/test-tmp/auto_rebalancer-test.0.AutoRebalancerTest.AutoRebalancingTurnOffAndOn.1780923613628642-3367-0/minicluster-data/ts-1-root/data
Total live blocks: 0
Total live bytes: 0
Total live bytes (after alignment): 0
Total number of LBM containers: 0 (0 full)
Did not check for missing blocks
Did not check for orphaned blocks
Total full LBM containers with extra space: 0 (0 repaired)
Total full LBM container extra space in bytes: 0 (0 repaired)
Total incomplete LBM containers: 0 (0 repaired)
Total LBM partial records: 0 (0 repaired)
Total corrupted LBM metadata records in RocksDB: 0 (0 repaired)
I20260608 13:00:22.639233  3367 rpc_server.cc:225] running with OpenSSL 1.1.1  11 Sep 2018
I20260608 13:00:22.640318  3367 kserver.cc:163] Server-wide thread pool size limit: 3276
I20260608 13:00:22.641649  3367 txn_system_client.cc:432] TxnSystemClient initialization is disabled...
I20260608 13:00:22.643955  3367 ts_tablet_manager.cc:585] Loaded tablet metadata (0 total tablets, 0 live tablets)
I20260608 13:00:22.644138  3367 ts_tablet_manager.cc:531] Time spent load tablet metadata: real 0.000s	user 0.000s	sys 0.000s
I20260608 13:00:22.644376  3367 ts_tablet_manager.cc:616] Registered 0 tablets
I20260608 13:00:22.644522  3367 ts_tablet_manager.cc:595] Time spent register tablets: real 0.000s	user 0.000s	sys 0.000s
I20260608 13:00:22.681165  3367 rpc_server.cc:307] RPC server started. Bound to: 127.3.73.194:46363
I20260608 13:00:22.681279  4133 acceptor_pool.cc:272] collecting diagnostics on the listening RPC socket 127.3.73.194:46363 every 8 connection(s)
I20260608 13:00:22.686033  3367 file_cache.cc:492] Constructed file cache file cache with capacity 419430
W20260608 13:00:22.692902  4137 instance_detector.cc:116] could not retrieve AWS instance metadata: Network error: curl error: HTTP response code said error: The requested URL returned error: 404
W20260608 13:00:22.693981  4138 instance_detector.cc:116] could not retrieve Azure instance metadata: Network error: curl error: HTTP response code said error: The requested URL returned error: 404
I20260608 13:00:22.697578  3367 server_base.cc:1061] running on GCE node
W20260608 13:00:22.697606  4140 instance_detector.cc:116] could not retrieve OpenStack instance metadata: Network error: curl error: HTTP response code said error: The requested URL returned error: 404
I20260608 13:00:22.698076  4134 heartbeater.cc:344] Connected to a master server at 127.3.73.254:42855
I20260608 13:00:22.698640  4134 heartbeater.cc:461] Registering TS with master...
I20260608 13:00:22.699002  3367 hybrid_clock.cc:584] initializing the hybrid clock with 'system_unsync' time source
W20260608 13:00:22.699280  3367 system_unsync_time.cc:38] NTP support is disabled. Clock error bounds will not be accurate. This configuration is not suitable for distributed clusters.
I20260608 13:00:22.699510  3367 hybrid_clock.cc:648] HybridClock initialized: now 1780923622699488 us; error 0 us; skew 500 ppm
I20260608 13:00:22.699687  4134 heartbeater.cc:507] Master 127.3.73.254:42855 requested a full tablet report, sending...
I20260608 13:00:22.700387  3367 server_base.cc:861] Flag tcmalloc_max_total_thread_cache_bytes is not working since tcmalloc is not enabled.
I20260608 13:00:22.702256  3932 ts_manager.cc:194] Registered new tserver with Master: 7c18c9cc4a054c16852ef9b85dab2073 (127.3.73.194:46363)
I20260608 13:00:22.703192  3367 webserver.cc:533] Webserver started at http://127.3.73.195:46625/ using document root <none> and password file <none>
I20260608 13:00:22.703744  3367 fs_manager.cc:362] Metadata directory not provided
I20260608 13:00:22.703915  3367 fs_manager.cc:368] Using write-ahead log directory (fs_wal_dir) as metadata directory
I20260608 13:00:22.703835  3932 master_service.cc:502] Signed X509 certificate for tserver {username='slave'} at 127.0.0.1:56262
I20260608 13:00:22.704304  3367 server_base.cc:909] This appears to be a new deployment of Kudu; creating new FS layout
I20260608 13:00:22.705538  3367 fs_manager.cc:1068] Generated new instance metadata in path /tmp/dist-test-taskO7LEPl/test-tmp/auto_rebalancer-test.0.AutoRebalancerTest.AutoRebalancingTurnOffAndOn.1780923613628642-3367-0/minicluster-data/ts-2-root/instance:
uuid: "f13db58d47244e4590d82185b6c72bbd"
format_stamp: "Formatted at 2026-06-08 13:00:22 on dist-test-slave-b5xm"
I20260608 13:00:22.710038  3367 fs_manager.cc:696] Time spent creating directory manager: real 0.004s	user 0.006s	sys 0.000s
I20260608 13:00:22.713413  4145 log_block_manager.cc:4031] Time spent loading block containers with low live blocks: real 0.000s	user 0.000s	sys 0.000s
I20260608 13:00:22.714145  3367 fs_manager.cc:730] Time spent opening block manager: real 0.002s	user 0.003s	sys 0.000s
I20260608 13:00:22.714452  3367 fs_manager.cc:647] Opened local filesystem: /tmp/dist-test-taskO7LEPl/test-tmp/auto_rebalancer-test.0.AutoRebalancerTest.AutoRebalancingTurnOffAndOn.1780923613628642-3367-0/minicluster-data/ts-2-root
uuid: "f13db58d47244e4590d82185b6c72bbd"
format_stamp: "Formatted at 2026-06-08 13:00:22 on dist-test-slave-b5xm"
I20260608 13:00:22.714713  3367 fs_report.cc:389] FS layout report
--------------------
wal directory: /tmp/dist-test-taskO7LEPl/test-tmp/auto_rebalancer-test.0.AutoRebalancerTest.AutoRebalancingTurnOffAndOn.1780923613628642-3367-0/minicluster-data/ts-2-root
metadata directory: /tmp/dist-test-taskO7LEPl/test-tmp/auto_rebalancer-test.0.AutoRebalancerTest.AutoRebalancingTurnOffAndOn.1780923613628642-3367-0/minicluster-data/ts-2-root
1 data directories: /tmp/dist-test-taskO7LEPl/test-tmp/auto_rebalancer-test.0.AutoRebalancerTest.AutoRebalancingTurnOffAndOn.1780923613628642-3367-0/minicluster-data/ts-2-root/data
Total live blocks: 0
Total live bytes: 0
Total live bytes (after alignment): 0
Total number of LBM containers: 0 (0 full)
Did not check for missing blocks
Did not check for orphaned blocks
Total full LBM containers with extra space: 0 (0 repaired)
Total full LBM container extra space in bytes: 0 (0 repaired)
Total incomplete LBM containers: 0 (0 repaired)
Total LBM partial records: 0 (0 repaired)
Total corrupted LBM metadata records in RocksDB: 0 (0 repaired)
I20260608 13:00:22.728200  3367 rpc_server.cc:225] running with OpenSSL 1.1.1  11 Sep 2018
I20260608 13:00:22.729264  3367 kserver.cc:163] Server-wide thread pool size limit: 3276
I20260608 13:00:22.730703  3367 txn_system_client.cc:432] TxnSystemClient initialization is disabled...
I20260608 13:00:22.732973  3367 ts_tablet_manager.cc:585] Loaded tablet metadata (0 total tablets, 0 live tablets)
I20260608 13:00:22.733175  3367 ts_tablet_manager.cc:531] Time spent load tablet metadata: real 0.000s	user 0.000s	sys 0.000s
I20260608 13:00:22.733397  3367 ts_tablet_manager.cc:616] Registered 0 tablets
I20260608 13:00:22.733553  3367 ts_tablet_manager.cc:595] Time spent register tablets: real 0.000s	user 0.000s	sys 0.000s
I20260608 13:00:22.769898  3367 rpc_server.cc:307] RPC server started. Bound to: 127.3.73.195:36761
I20260608 13:00:22.770042  4207 acceptor_pool.cc:272] collecting diagnostics on the listening RPC socket 127.3.73.195:36761 every 8 connection(s)
I20260608 13:00:22.783615  4208 heartbeater.cc:344] Connected to a master server at 127.3.73.254:42855
I20260608 13:00:22.784027  4208 heartbeater.cc:461] Registering TS with master...
I20260608 13:00:22.784718  4208 heartbeater.cc:507] Master 127.3.73.254:42855 requested a full tablet report, sending...
I20260608 13:00:22.786686  3932 ts_manager.cc:194] Registered new tserver with Master: f13db58d47244e4590d82185b6c72bbd (127.3.73.195:36761)
I20260608 13:00:22.786872  3367 internal_mini_cluster.cc:371] 3 TS(s) registered with all masters after 0.013617905s
I20260608 13:00:22.788031  3932 master_service.cc:502] Signed X509 certificate for tserver {username='slave'} at 127.0.0.1:56274
I20260608 13:00:23.601953  4059 heartbeater.cc:499] Master 127.3.73.254:42855 was elected leader, sending a full tablet report...
I20260608 13:00:23.706624  4134 heartbeater.cc:499] Master 127.3.73.254:42855 was elected leader, sending a full tablet report...
I20260608 13:00:23.790678  4208 heartbeater.cc:499] Master 127.3.73.254:42855 was elected leader, sending a full tablet report...
I20260608 13:00:23.859392  3932 catalog_manager.cc:2282] Servicing CreateTable request from {username='slave'} at 127.0.0.1:56278:
name: "test-workload"
schema {
  columns {
    name: "key"
    type: INT32
    is_key: true
    is_nullable: false
    encoding: AUTO_ENCODING
    compression: DEFAULT_COMPRESSION
    cfile_block_size: 0
    immutable: false
  }
  columns {
    name: "int_val"
    type: INT32
    is_key: false
    is_nullable: false
    encoding: AUTO_ENCODING
    compression: DEFAULT_COMPRESSION
    cfile_block_size: 0
    immutable: false
  }
  columns {
    name: "string_val"
    type: STRING
    is_key: false
    is_nullable: true
    encoding: AUTO_ENCODING
    compression: DEFAULT_COMPRESSION
    cfile_block_size: 0
    immutable: false
  }
}
num_replicas: 3
split_rows_range_bounds {
  rows: "\004\001\000\377\377\377\017\004\001\000\376\377\377\037\004\001\000\375\377\377/\004\001\000\374\377\377?\004\001\000\373\377\377O\004\001\000\372\377\377_\004\001\000\371\377\377o""\004\001\000\377\377\377\017\004\001\000\376\377\377\037\004\001\000\375\377\377/\004\001\000\374\377\377?\004\001\000\373\377\377O\004\001\000\372\377\377_\004\001\000\371\377\377o"
  indirect_data: """"
}
partition_schema {
  range_schema {
    columns {
      name: "key"
    }
  }
}
W20260608 13:00:23.862610  3932 catalog_manager.cc:7076] The number of live tablet servers is not enough to re-replicate a tablet replica of the newly created table test-workload in case of a server failure: 4 tablet servers would be needed, 3 are available. Consider bringing up more tablet servers.
I20260608 13:00:23.936517  4099 tablet_service.cc:1511] Processing CreateTablet for tablet 4aef7519dcbd47b7b5942481829490cf (DEFAULT_TABLE table=test-workload [id=13a84f2e59284c04998a8f62ae16a1f9]), partition=RANGE (key) PARTITION VALUES < 268435455
I20260608 13:00:23.938700  4099 data_dirs.cc:400] Could only allocate 1 dirs of requested 3 for tablet 4aef7519dcbd47b7b5942481829490cf. 1 dirs total, 0 dirs full, 0 dirs failed
I20260608 13:00:23.939000  4097 tablet_service.cc:1511] Processing CreateTablet for tablet 61b67232df4a417bbe10af017b99276a (DEFAULT_TABLE table=test-workload [id=13a84f2e59284c04998a8f62ae16a1f9]), partition=RANGE (key) PARTITION 536870910 <= VALUES < 805306365
I20260608 13:00:23.940920  4097 data_dirs.cc:400] Could only allocate 1 dirs of requested 3 for tablet 61b67232df4a417bbe10af017b99276a. 1 dirs total, 0 dirs full, 0 dirs failed
I20260608 13:00:23.943833  4095 tablet_service.cc:1511] Processing CreateTablet for tablet 24601b9fcc294220846569da6982dbd1 (DEFAULT_TABLE table=test-workload [id=13a84f2e59284c04998a8f62ae16a1f9]), partition=RANGE (key) PARTITION 1073741820 <= VALUES < 1342177275
I20260608 13:00:23.945420  4095 data_dirs.cc:400] Could only allocate 1 dirs of requested 3 for tablet 24601b9fcc294220846569da6982dbd1. 1 dirs total, 0 dirs full, 0 dirs failed
I20260608 13:00:23.948050  4096 tablet_service.cc:1511] Processing CreateTablet for tablet a8f92d76630d4299a648ead2e474eb15 (DEFAULT_TABLE table=test-workload [id=13a84f2e59284c04998a8f62ae16a1f9]), partition=RANGE (key) PARTITION 805306365 <= VALUES < 1073741820
I20260608 13:00:23.948444  4094 tablet_service.cc:1511] Processing CreateTablet for tablet d65c12c409264383b287129ad5e5d000 (DEFAULT_TABLE table=test-workload [id=13a84f2e59284c04998a8f62ae16a1f9]), partition=RANGE (key) PARTITION 1342177275 <= VALUES < 1610612730
I20260608 13:00:23.949625  4096 data_dirs.cc:400] Could only allocate 1 dirs of requested 3 for tablet a8f92d76630d4299a648ead2e474eb15. 1 dirs total, 0 dirs full, 0 dirs failed
I20260608 13:00:23.950263  4094 data_dirs.cc:400] Could only allocate 1 dirs of requested 3 for tablet d65c12c409264383b287129ad5e5d000. 1 dirs total, 0 dirs full, 0 dirs failed
I20260608 13:00:23.936295  4098 tablet_service.cc:1511] Processing CreateTablet for tablet 8cccba4c91444c149c08d201c47b85b3 (DEFAULT_TABLE table=test-workload [id=13a84f2e59284c04998a8f62ae16a1f9]), partition=RANGE (key) PARTITION 268435455 <= VALUES < 536870910
I20260608 13:00:23.951327  4098 data_dirs.cc:400] Could only allocate 1 dirs of requested 3 for tablet 8cccba4c91444c149c08d201c47b85b3. 1 dirs total, 0 dirs full, 0 dirs failed
I20260608 13:00:23.952275  4093 tablet_service.cc:1511] Processing CreateTablet for tablet 95c74a6fe1b94237a1a7dec92fffd762 (DEFAULT_TABLE table=test-workload [id=13a84f2e59284c04998a8f62ae16a1f9]), partition=RANGE (key) PARTITION 1610612730 <= VALUES < 1879048185
I20260608 13:00:23.953603  4093 data_dirs.cc:400] Could only allocate 1 dirs of requested 3 for tablet 95c74a6fe1b94237a1a7dec92fffd762. 1 dirs total, 0 dirs full, 0 dirs failed
I20260608 13:00:23.961113  4092 tablet_service.cc:1511] Processing CreateTablet for tablet a9afb2b0e6d04c4092b134184ad03961 (DEFAULT_TABLE table=test-workload [id=13a84f2e59284c04998a8f62ae16a1f9]), partition=RANGE (key) PARTITION 1879048185 <= VALUES
I20260608 13:00:23.962814  4092 data_dirs.cc:400] Could only allocate 1 dirs of requested 3 for tablet a9afb2b0e6d04c4092b134184ad03961. 1 dirs total, 0 dirs full, 0 dirs failed
I20260608 13:00:24.001988  4227 tablet_bootstrap.cc:492] T 4aef7519dcbd47b7b5942481829490cf P 7c18c9cc4a054c16852ef9b85dab2073: Bootstrap starting.
I20260608 13:00:24.009799  4227 tablet_bootstrap.cc:654] T 4aef7519dcbd47b7b5942481829490cf P 7c18c9cc4a054c16852ef9b85dab2073: Neither blocks nor log segments found. Creating new log.
I20260608 13:00:24.015069  4024 tablet_service.cc:1511] Processing CreateTablet for tablet 4aef7519dcbd47b7b5942481829490cf (DEFAULT_TABLE table=test-workload [id=13a84f2e59284c04998a8f62ae16a1f9]), partition=RANGE (key) PARTITION VALUES < 268435455
I20260608 13:00:24.016966  4023 tablet_service.cc:1511] Processing CreateTablet for tablet 8cccba4c91444c149c08d201c47b85b3 (DEFAULT_TABLE table=test-workload [id=13a84f2e59284c04998a8f62ae16a1f9]), partition=RANGE (key) PARTITION 268435455 <= VALUES < 536870910
I20260608 13:00:24.017750  4024 data_dirs.cc:400] Could only allocate 1 dirs of requested 3 for tablet 4aef7519dcbd47b7b5942481829490cf. 1 dirs total, 0 dirs full, 0 dirs failed
I20260608 13:00:24.018497  4023 data_dirs.cc:400] Could only allocate 1 dirs of requested 3 for tablet 8cccba4c91444c149c08d201c47b85b3. 1 dirs total, 0 dirs full, 0 dirs failed
I20260608 13:00:24.020244  4022 tablet_service.cc:1511] Processing CreateTablet for tablet 61b67232df4a417bbe10af017b99276a (DEFAULT_TABLE table=test-workload [id=13a84f2e59284c04998a8f62ae16a1f9]), partition=RANGE (key) PARTITION 536870910 <= VALUES < 805306365
I20260608 13:00:24.021768  4022 data_dirs.cc:400] Could only allocate 1 dirs of requested 3 for tablet 61b67232df4a417bbe10af017b99276a. 1 dirs total, 0 dirs full, 0 dirs failed
I20260608 13:00:24.023177  4227 tablet_bootstrap.cc:492] T 4aef7519dcbd47b7b5942481829490cf P 7c18c9cc4a054c16852ef9b85dab2073: No bootstrap required, opened a new log
I20260608 13:00:24.023711  4227 ts_tablet_manager.cc:1403] T 4aef7519dcbd47b7b5942481829490cf P 7c18c9cc4a054c16852ef9b85dab2073: Time spent bootstrapping tablet: real 0.022s	user 0.012s	sys 0.008s
I20260608 13:00:24.027211  4227 raft_consensus.cc:359] T 4aef7519dcbd47b7b5942481829490cf P 7c18c9cc4a054c16852ef9b85dab2073 [term 0 FOLLOWER]: Replica starting. Triggering 0 pending ops. Active config: opid_index: -1 OBSOLETE_local: false peers { permanent_uuid: "7c18c9cc4a054c16852ef9b85dab2073" member_type: VOTER last_known_addr { host: "127.3.73.194" port: 46363 } } peers { permanent_uuid: "ca2c34879eb7470493f37cdf17558fb5" member_type: VOTER last_known_addr { host: "127.3.73.193" port: 36985 } } peers { permanent_uuid: "f13db58d47244e4590d82185b6c72bbd" member_type: VOTER last_known_addr { host: "127.3.73.195" port: 36761 } }
I20260608 13:00:24.028399  4227 raft_consensus.cc:385] T 4aef7519dcbd47b7b5942481829490cf P 7c18c9cc4a054c16852ef9b85dab2073 [term 0 FOLLOWER]: Consensus starting up: Expiring failure detector timer to make a prompt election more likely
I20260608 13:00:24.028787  4227 raft_consensus.cc:740] T 4aef7519dcbd47b7b5942481829490cf P 7c18c9cc4a054c16852ef9b85dab2073 [term 0 FOLLOWER]: Becoming Follower/Learner. State: Replica: 7c18c9cc4a054c16852ef9b85dab2073, State: Initialized, Role: FOLLOWER
I20260608 13:00:24.029915  4227 consensus_queue.cc:260] T 4aef7519dcbd47b7b5942481829490cf P 7c18c9cc4a054c16852ef9b85dab2073 [NON_LEADER]: Queue going to NON_LEADER mode. State: All replicated index: 0, Majority replicated index: 0, Committed index: 0, Last appended: 0.0, Last appended by leader: 0, Current term: 0, Majority size: -1, State: 0, Mode: NON_LEADER, active raft config: opid_index: -1 OBSOLETE_local: false peers { permanent_uuid: "7c18c9cc4a054c16852ef9b85dab2073" member_type: VOTER last_known_addr { host: "127.3.73.194" port: 46363 } } peers { permanent_uuid: "ca2c34879eb7470493f37cdf17558fb5" member_type: VOTER last_known_addr { host: "127.3.73.193" port: 36985 } } peers { permanent_uuid: "f13db58d47244e4590d82185b6c72bbd" member_type: VOTER last_known_addr { host: "127.3.73.195" port: 36761 } }
I20260608 13:00:24.036768  4024 tablet_service.cc:1511] Processing CreateTablet for tablet a8f92d76630d4299a648ead2e474eb15 (DEFAULT_TABLE table=test-workload [id=13a84f2e59284c04998a8f62ae16a1f9]), partition=RANGE (key) PARTITION 805306365 <= VALUES < 1073741820
I20260608 13:00:24.040637  4021 tablet_service.cc:1511] Processing CreateTablet for tablet 24601b9fcc294220846569da6982dbd1 (DEFAULT_TABLE table=test-workload [id=13a84f2e59284c04998a8f62ae16a1f9]), partition=RANGE (key) PARTITION 1073741820 <= VALUES < 1342177275
I20260608 13:00:24.047264  4024 data_dirs.cc:400] Could only allocate 1 dirs of requested 3 for tablet a8f92d76630d4299a648ead2e474eb15. 1 dirs total, 0 dirs full, 0 dirs failed
I20260608 13:00:24.047431  4019 tablet_service.cc:1511] Processing CreateTablet for tablet a9afb2b0e6d04c4092b134184ad03961 (DEFAULT_TABLE table=test-workload [id=13a84f2e59284c04998a8f62ae16a1f9]), partition=RANGE (key) PARTITION 1879048185 <= VALUES
I20260608 13:00:24.040896  4173 tablet_service.cc:1511] Processing CreateTablet for tablet 4aef7519dcbd47b7b5942481829490cf (DEFAULT_TABLE table=test-workload [id=13a84f2e59284c04998a8f62ae16a1f9]), partition=RANGE (key) PARTITION VALUES < 268435455
I20260608 13:00:24.041936  4168 tablet_service.cc:1511] Processing CreateTablet for tablet d65c12c409264383b287129ad5e5d000 (DEFAULT_TABLE table=test-workload [id=13a84f2e59284c04998a8f62ae16a1f9]), partition=RANGE (key) PARTITION 1342177275 <= VALUES < 1610612730
I20260608 13:00:24.048146  4171 tablet_service.cc:1511] Processing CreateTablet for tablet 61b67232df4a417bbe10af017b99276a (DEFAULT_TABLE table=test-workload [id=13a84f2e59284c04998a8f62ae16a1f9]), partition=RANGE (key) PARTITION 536870910 <= VALUES < 805306365
I20260608 13:00:24.043959  4169 tablet_service.cc:1511] Processing CreateTablet for tablet 24601b9fcc294220846569da6982dbd1 (DEFAULT_TABLE table=test-workload [id=13a84f2e59284c04998a8f62ae16a1f9]), partition=RANGE (key) PARTITION 1073741820 <= VALUES < 1342177275
I20260608 13:00:24.044482  4020 tablet_service.cc:1511] Processing CreateTablet for tablet 95c74a6fe1b94237a1a7dec92fffd762 (DEFAULT_TABLE table=test-workload [id=13a84f2e59284c04998a8f62ae16a1f9]), partition=RANGE (key) PARTITION 1610612730 <= VALUES < 1879048185
I20260608 13:00:24.050226  4227 ts_tablet_manager.cc:1434] T 4aef7519dcbd47b7b5942481829490cf P 7c18c9cc4a054c16852ef9b85dab2073: Time spent starting tablet: real 0.026s	user 0.013s	sys 0.011s
I20260608 13:00:24.050804  4172 tablet_service.cc:1511] Processing CreateTablet for tablet 8cccba4c91444c149c08d201c47b85b3 (DEFAULT_TABLE table=test-workload [id=13a84f2e59284c04998a8f62ae16a1f9]), partition=RANGE (key) PARTITION 268435455 <= VALUES < 536870910
I20260608 13:00:24.046017  4170 tablet_service.cc:1511] Processing CreateTablet for tablet a8f92d76630d4299a648ead2e474eb15 (DEFAULT_TABLE table=test-workload [id=13a84f2e59284c04998a8f62ae16a1f9]), partition=RANGE (key) PARTITION 805306365 <= VALUES < 1073741820
I20260608 13:00:24.051337  4227 tablet_bootstrap.cc:492] T d65c12c409264383b287129ad5e5d000 P 7c18c9cc4a054c16852ef9b85dab2073: Bootstrap starting.
I20260608 13:00:24.054471  4166 tablet_service.cc:1511] Processing CreateTablet for tablet a9afb2b0e6d04c4092b134184ad03961 (DEFAULT_TABLE table=test-workload [id=13a84f2e59284c04998a8f62ae16a1f9]), partition=RANGE (key) PARTITION 1879048185 <= VALUES
I20260608 13:00:24.054898  4167 tablet_service.cc:1511] Processing CreateTablet for tablet 95c74a6fe1b94237a1a7dec92fffd762 (DEFAULT_TABLE table=test-workload [id=13a84f2e59284c04998a8f62ae16a1f9]), partition=RANGE (key) PARTITION 1610612730 <= VALUES < 1879048185
I20260608 13:00:24.057938  4168 data_dirs.cc:400] Could only allocate 1 dirs of requested 3 for tablet d65c12c409264383b287129ad5e5d000. 1 dirs total, 0 dirs full, 0 dirs failed
I20260608 13:00:24.058688  4166 data_dirs.cc:400] Could only allocate 1 dirs of requested 3 for tablet a9afb2b0e6d04c4092b134184ad03961. 1 dirs total, 0 dirs full, 0 dirs failed
I20260608 13:00:24.059782  4231 tablet_bootstrap.cc:492] T 8cccba4c91444c149c08d201c47b85b3 P ca2c34879eb7470493f37cdf17558fb5: Bootstrap starting.
I20260608 13:00:24.060626  4227 tablet_bootstrap.cc:654] T d65c12c409264383b287129ad5e5d000 P 7c18c9cc4a054c16852ef9b85dab2073: Neither blocks nor log segments found. Creating new log.
I20260608 13:00:24.062767  4167 data_dirs.cc:400] Could only allocate 1 dirs of requested 3 for tablet 95c74a6fe1b94237a1a7dec92fffd762. 1 dirs total, 0 dirs full, 0 dirs failed
I20260608 13:00:24.045094  4022 tablet_service.cc:1511] Processing CreateTablet for tablet d65c12c409264383b287129ad5e5d000 (DEFAULT_TABLE table=test-workload [id=13a84f2e59284c04998a8f62ae16a1f9]), partition=RANGE (key) PARTITION 1342177275 <= VALUES < 1610612730
I20260608 13:00:24.048017  4021 data_dirs.cc:400] Could only allocate 1 dirs of requested 3 for tablet 24601b9fcc294220846569da6982dbd1. 1 dirs total, 0 dirs full, 0 dirs failed
I20260608 13:00:24.066941  4019 data_dirs.cc:400] Could only allocate 1 dirs of requested 3 for tablet a9afb2b0e6d04c4092b134184ad03961. 1 dirs total, 0 dirs full, 0 dirs failed
I20260608 13:00:24.063943  4173 data_dirs.cc:400] Could only allocate 1 dirs of requested 3 for tablet 4aef7519dcbd47b7b5942481829490cf. 1 dirs total, 0 dirs full, 0 dirs failed
I20260608 13:00:24.067564  4020 data_dirs.cc:400] Could only allocate 1 dirs of requested 3 for tablet 95c74a6fe1b94237a1a7dec92fffd762. 1 dirs total, 0 dirs full, 0 dirs failed
I20260608 13:00:24.068231  4170 data_dirs.cc:400] Could only allocate 1 dirs of requested 3 for tablet a8f92d76630d4299a648ead2e474eb15. 1 dirs total, 0 dirs full, 0 dirs failed
I20260608 13:00:24.069043  4171 data_dirs.cc:400] Could only allocate 1 dirs of requested 3 for tablet 61b67232df4a417bbe10af017b99276a. 1 dirs total, 0 dirs full, 0 dirs failed
I20260608 13:00:24.082445  4172 data_dirs.cc:400] Could only allocate 1 dirs of requested 3 for tablet 8cccba4c91444c149c08d201c47b85b3. 1 dirs total, 0 dirs full, 0 dirs failed
I20260608 13:00:24.083307  4022 data_dirs.cc:400] Could only allocate 1 dirs of requested 3 for tablet d65c12c409264383b287129ad5e5d000. 1 dirs total, 0 dirs full, 0 dirs failed
I20260608 13:00:24.085867  4169 data_dirs.cc:400] Could only allocate 1 dirs of requested 3 for tablet 24601b9fcc294220846569da6982dbd1. 1 dirs total, 0 dirs full, 0 dirs failed
I20260608 13:00:24.096493  4227 tablet_bootstrap.cc:492] T d65c12c409264383b287129ad5e5d000 P 7c18c9cc4a054c16852ef9b85dab2073: No bootstrap required, opened a new log
I20260608 13:00:24.097106  4227 ts_tablet_manager.cc:1403] T d65c12c409264383b287129ad5e5d000 P 7c18c9cc4a054c16852ef9b85dab2073: Time spent bootstrapping tablet: real 0.046s	user 0.015s	sys 0.007s
I20260608 13:00:24.100740  4227 raft_consensus.cc:359] T d65c12c409264383b287129ad5e5d000 P 7c18c9cc4a054c16852ef9b85dab2073 [term 0 FOLLOWER]: Replica starting. Triggering 0 pending ops. Active config: opid_index: -1 OBSOLETE_local: false peers { permanent_uuid: "ca2c34879eb7470493f37cdf17558fb5" member_type: VOTER last_known_addr { host: "127.3.73.193" port: 36985 } } peers { permanent_uuid: "7c18c9cc4a054c16852ef9b85dab2073" member_type: VOTER last_known_addr { host: "127.3.73.194" port: 46363 } } peers { permanent_uuid: "f13db58d47244e4590d82185b6c72bbd" member_type: VOTER last_known_addr { host: "127.3.73.195" port: 36761 } }
I20260608 13:00:24.101534  4227 raft_consensus.cc:385] T d65c12c409264383b287129ad5e5d000 P 7c18c9cc4a054c16852ef9b85dab2073 [term 0 FOLLOWER]: Consensus starting up: Expiring failure detector timer to make a prompt election more likely
I20260608 13:00:24.101910  4227 raft_consensus.cc:740] T d65c12c409264383b287129ad5e5d000 P 7c18c9cc4a054c16852ef9b85dab2073 [term 0 FOLLOWER]: Becoming Follower/Learner. State: Replica: 7c18c9cc4a054c16852ef9b85dab2073, State: Initialized, Role: FOLLOWER
I20260608 13:00:24.102881  4227 consensus_queue.cc:260] T d65c12c409264383b287129ad5e5d000 P 7c18c9cc4a054c16852ef9b85dab2073 [NON_LEADER]: Queue going to NON_LEADER mode. State: All replicated index: 0, Majority replicated index: 0, Committed index: 0, Last appended: 0.0, Last appended by leader: 0, Current term: 0, Majority size: -1, State: 0, Mode: NON_LEADER, active raft config: opid_index: -1 OBSOLETE_local: false peers { permanent_uuid: "ca2c34879eb7470493f37cdf17558fb5" member_type: VOTER last_known_addr { host: "127.3.73.193" port: 36985 } } peers { permanent_uuid: "7c18c9cc4a054c16852ef9b85dab2073" member_type: VOTER last_known_addr { host: "127.3.73.194" port: 46363 } } peers { permanent_uuid: "f13db58d47244e4590d82185b6c72bbd" member_type: VOTER last_known_addr { host: "127.3.73.195" port: 36761 } }
I20260608 13:00:24.107858  4227 ts_tablet_manager.cc:1434] T d65c12c409264383b287129ad5e5d000 P 7c18c9cc4a054c16852ef9b85dab2073: Time spent starting tablet: real 0.010s	user 0.006s	sys 0.000s
I20260608 13:00:24.108933  4227 tablet_bootstrap.cc:492] T 8cccba4c91444c149c08d201c47b85b3 P 7c18c9cc4a054c16852ef9b85dab2073: Bootstrap starting.
I20260608 13:00:24.115465  4231 tablet_bootstrap.cc:654] T 8cccba4c91444c149c08d201c47b85b3 P ca2c34879eb7470493f37cdf17558fb5: Neither blocks nor log segments found. Creating new log.
I20260608 13:00:24.132367  4227 tablet_bootstrap.cc:654] T 8cccba4c91444c149c08d201c47b85b3 P 7c18c9cc4a054c16852ef9b85dab2073: Neither blocks nor log segments found. Creating new log.
I20260608 13:00:24.147426  4233 tablet_bootstrap.cc:492] T a9afb2b0e6d04c4092b134184ad03961 P f13db58d47244e4590d82185b6c72bbd: Bootstrap starting.
I20260608 13:00:24.148419  4231 tablet_bootstrap.cc:492] T 8cccba4c91444c149c08d201c47b85b3 P ca2c34879eb7470493f37cdf17558fb5: No bootstrap required, opened a new log
I20260608 13:00:24.148938  4231 ts_tablet_manager.cc:1403] T 8cccba4c91444c149c08d201c47b85b3 P ca2c34879eb7470493f37cdf17558fb5: Time spent bootstrapping tablet: real 0.090s	user 0.007s	sys 0.013s
I20260608 13:00:24.153779  4231 raft_consensus.cc:359] T 8cccba4c91444c149c08d201c47b85b3 P ca2c34879eb7470493f37cdf17558fb5 [term 0 FOLLOWER]: Replica starting. Triggering 0 pending ops. Active config: opid_index: -1 OBSOLETE_local: false peers { permanent_uuid: "ca2c34879eb7470493f37cdf17558fb5" member_type: VOTER last_known_addr { host: "127.3.73.193" port: 36985 } } peers { permanent_uuid: "7c18c9cc4a054c16852ef9b85dab2073" member_type: VOTER last_known_addr { host: "127.3.73.194" port: 46363 } } peers { permanent_uuid: "f13db58d47244e4590d82185b6c72bbd" member_type: VOTER last_known_addr { host: "127.3.73.195" port: 36761 } }
I20260608 13:00:24.154371  4231 raft_consensus.cc:385] T 8cccba4c91444c149c08d201c47b85b3 P ca2c34879eb7470493f37cdf17558fb5 [term 0 FOLLOWER]: Consensus starting up: Expiring failure detector timer to make a prompt election more likely
I20260608 13:00:24.154633  4231 raft_consensus.cc:740] T 8cccba4c91444c149c08d201c47b85b3 P ca2c34879eb7470493f37cdf17558fb5 [term 0 FOLLOWER]: Becoming Follower/Learner. State: Replica: ca2c34879eb7470493f37cdf17558fb5, State: Initialized, Role: FOLLOWER
I20260608 13:00:24.155226  4233 tablet_bootstrap.cc:654] T a9afb2b0e6d04c4092b134184ad03961 P f13db58d47244e4590d82185b6c72bbd: Neither blocks nor log segments found. Creating new log.
I20260608 13:00:24.155323  4231 consensus_queue.cc:260] T 8cccba4c91444c149c08d201c47b85b3 P ca2c34879eb7470493f37cdf17558fb5 [NON_LEADER]: Queue going to NON_LEADER mode. State: All replicated index: 0, Majority replicated index: 0, Committed index: 0, Last appended: 0.0, Last appended by leader: 0, Current term: 0, Majority size: -1, State: 0, Mode: NON_LEADER, active raft config: opid_index: -1 OBSOLETE_local: false peers { permanent_uuid: "ca2c34879eb7470493f37cdf17558fb5" member_type: VOTER last_known_addr { host: "127.3.73.193" port: 36985 } } peers { permanent_uuid: "7c18c9cc4a054c16852ef9b85dab2073" member_type: VOTER last_known_addr { host: "127.3.73.194" port: 46363 } } peers { permanent_uuid: "f13db58d47244e4590d82185b6c72bbd" member_type: VOTER last_known_addr { host: "127.3.73.195" port: 36761 } }
I20260608 13:00:24.158303  4231 ts_tablet_manager.cc:1434] T 8cccba4c91444c149c08d201c47b85b3 P ca2c34879eb7470493f37cdf17558fb5: Time spent starting tablet: real 0.009s	user 0.004s	sys 0.001s
