I20260608 13:01:41.222486 32314 catalog_manager.cc:5696] T fd81c4c624fb45e6aa389367649a48de P f895e97531e94fcc8c6f522b48ae67d0 reported cstate change: config changed from index 2 to 3, 3de52c743215430ebb71a47e88204bb7 (127.28.190.130) changed from NON_VOTER to VOTER. New cstate: current_term: 1 leader_uuid: "f895e97531e94fcc8c6f522b48ae67d0" committed_config { opid_index: 3 OBSOLETE_local: false peers { permanent_uuid: "ecbea01b63ee400da9c114ddb7a9f9d7" member_type: VOTER last_known_addr { host: "127.28.190.132" port: 45979 } attrs { replace: true } health_report { overall_health: HEALTHY } } peers { permanent_uuid: "f895e97531e94fcc8c6f522b48ae67d0" member_type: VOTER last_known_addr { host: "127.28.190.131" port: 36321 } health_report { overall_health: HEALTHY } } peers { permanent_uuid: "b5301836402b467ea94bc7d63fd1bdea" member_type: VOTER last_known_addr { host: "127.28.190.129" port: 41577 } health_report { overall_health: HEALTHY } } peers { permanent_uuid: "3de52c743215430ebb71a47e88204bb7" member_type: VOTER last_known_addr { host: "127.28.190.130" port: 36135 } attrs { promote: false } health_report { overall_health: HEALTHY } } }
I20260608 13:01:41.228612 32415 raft_consensus.cc:1275] T bd7410b389ff45d6bde9f4ab6e365fc8 P b5301836402b467ea94bc7d63fd1bdea [term 1 FOLLOWER]: Refusing update from remote peer f895e97531e94fcc8c6f522b48ae67d0: Log matching property violated. Preceding OpId in replica: term: 1 index: 2. Preceding OpId from leader: term: 1 index: 3. (index mismatch)
I20260608 13:01:41.228827 32490 raft_consensus.cc:2955] T fd81c4c624fb45e6aa389367649a48de P 3de52c743215430ebb71a47e88204bb7 [term 1 FOLLOWER]: Committing config change with OpId 1.3: config changed from index 2 to 3, 3de52c743215430ebb71a47e88204bb7 (127.28.190.130) changed from NON_VOTER to VOTER. New config: { opid_index: 3 OBSOLETE_local: false peers { permanent_uuid: "ecbea01b63ee400da9c114ddb7a9f9d7" member_type: VOTER last_known_addr { host: "127.28.190.132" port: 45979 } attrs { replace: true } } peers { permanent_uuid: "f895e97531e94fcc8c6f522b48ae67d0" member_type: VOTER last_known_addr { host: "127.28.190.131" port: 36321 } } peers { permanent_uuid: "b5301836402b467ea94bc7d63fd1bdea" member_type: VOTER last_known_addr { host: "127.28.190.129" port: 41577 } } peers { permanent_uuid: "3de52c743215430ebb71a47e88204bb7" member_type: VOTER last_known_addr { host: "127.28.190.130" port: 36135 } attrs { promote: false } } }
I20260608 13:01:41.232662 32736 raft_consensus.cc:1275] T bd7410b389ff45d6bde9f4ab6e365fc8 P ecbea01b63ee400da9c114ddb7a9f9d7 [term 1 LEARNER]: Refusing update from remote peer f895e97531e94fcc8c6f522b48ae67d0: Log matching property violated. Preceding OpId in replica: term: 1 index: 2. Preceding OpId from leader: term: 1 index: 3. (index mismatch)
I20260608 13:01:41.232709   523 consensus_queue.cc:1048] T bd7410b389ff45d6bde9f4ab6e365fc8 P f895e97531e94fcc8c6f522b48ae67d0 [LEADER]: Connected to new peer: Peer: permanent_uuid: "b5301836402b467ea94bc7d63fd1bdea" member_type: VOTER last_known_addr { host: "127.28.190.129" port: 41577 }, Status: LMP_MISMATCH, Last received: 0.0, Next index: 3, Last known committed idx: 2, Time since last communication: 0.001s
I20260608 13:01:41.235395 32491 raft_consensus.cc:1275] T bd7410b389ff45d6bde9f4ab6e365fc8 P 3de52c743215430ebb71a47e88204bb7 [term 1 FOLLOWER]: Refusing update from remote peer f895e97531e94fcc8c6f522b48ae67d0: Log matching property violated. Preceding OpId in replica: term: 1 index: 2. Preceding OpId from leader: term: 1 index: 3. (index mismatch)
I20260608 13:01:41.244707   523 consensus_queue.cc:1048] T bd7410b389ff45d6bde9f4ab6e365fc8 P f895e97531e94fcc8c6f522b48ae67d0 [LEADER]: Connected to new peer: Peer: permanent_uuid: "ecbea01b63ee400da9c114ddb7a9f9d7" member_type: VOTER last_known_addr { host: "127.28.190.132" port: 45979 } attrs { promote: false }, Status: LMP_MISMATCH, Last received: 0.0, Next index: 3, Last known committed idx: 2, Time since last communication: 0.001s
I20260608 13:01:41.248247 32565 consensus_queue.cc:237] T fd81c4c624fb45e6aa389367649a48de P f895e97531e94fcc8c6f522b48ae67d0 [LEADER]: Queue going to LEADER mode. State: All replicated index: 0, Majority replicated index: 3, Committed index: 3, Last appended: 1.3, Last appended by leader: 0, Current term: 1, Majority size: 2, State: 0, Mode: LEADER, active raft config: opid_index: 4 OBSOLETE_local: false peers { permanent_uuid: "f895e97531e94fcc8c6f522b48ae67d0" member_type: VOTER last_known_addr { host: "127.28.190.131" port: 36321 } } peers { permanent_uuid: "b5301836402b467ea94bc7d63fd1bdea" member_type: VOTER last_known_addr { host: "127.28.190.129" port: 41577 } } peers { permanent_uuid: "3de52c743215430ebb71a47e88204bb7" member_type: VOTER last_known_addr { host: "127.28.190.130" port: 36135 } attrs { promote: false } }
I20260608 13:01:41.249385   523 consensus_queue.cc:1048] T bd7410b389ff45d6bde9f4ab6e365fc8 P f895e97531e94fcc8c6f522b48ae67d0 [LEADER]: Connected to new peer: Peer: permanent_uuid: "3de52c743215430ebb71a47e88204bb7" member_type: VOTER last_known_addr { host: "127.28.190.130" port: 36135 } attrs { replace: true }, Status: LMP_MISMATCH, Last received: 0.0, Next index: 3, Last known committed idx: 2, Time since last communication: 0.000s
I20260608 13:01:41.256798 32415 raft_consensus.cc:1275] T fd81c4c624fb45e6aa389367649a48de P b5301836402b467ea94bc7d63fd1bdea [term 1 FOLLOWER]: Refusing update from remote peer f895e97531e94fcc8c6f522b48ae67d0: Log matching property violated. Preceding OpId in replica: term: 1 index: 3. Preceding OpId from leader: term: 1 index: 4. (index mismatch)
I20260608 13:01:41.258589   523 consensus_queue.cc:1048] T fd81c4c624fb45e6aa389367649a48de P f895e97531e94fcc8c6f522b48ae67d0 [LEADER]: Connected to new peer: Peer: permanent_uuid: "b5301836402b467ea94bc7d63fd1bdea" member_type: VOTER last_known_addr { host: "127.28.190.129" port: 41577 }, Status: LMP_MISMATCH, Last received: 0.0, Next index: 4, Last known committed idx: 3, Time since last communication: 0.000s
I20260608 13:01:41.262861 32491 raft_consensus.cc:1275] T fd81c4c624fb45e6aa389367649a48de P 3de52c743215430ebb71a47e88204bb7 [term 1 FOLLOWER]: Refusing update from remote peer f895e97531e94fcc8c6f522b48ae67d0: Log matching property violated. Preceding OpId in replica: term: 1 index: 3. Preceding OpId from leader: term: 1 index: 4. (index mismatch)
I20260608 13:01:41.264679   523 consensus_queue.cc:1048] T fd81c4c624fb45e6aa389367649a48de P f895e97531e94fcc8c6f522b48ae67d0 [LEADER]: Connected to new peer: Peer: permanent_uuid: "3de52c743215430ebb71a47e88204bb7" member_type: VOTER last_known_addr { host: "127.28.190.130" port: 36135 } attrs { promote: false }, Status: LMP_MISMATCH, Last received: 0.0, Next index: 4, Last known committed idx: 3, Time since last communication: 0.000s
I20260608 13:01:41.269001   547 raft_consensus.cc:2955] T fd81c4c624fb45e6aa389367649a48de P f895e97531e94fcc8c6f522b48ae67d0 [term 1 LEADER]: Committing config change with OpId 1.4: config changed from index 3 to 4, VOTER ecbea01b63ee400da9c114ddb7a9f9d7 (127.28.190.132) evicted. New config: { opid_index: 4 OBSOLETE_local: false peers { permanent_uuid: "f895e97531e94fcc8c6f522b48ae67d0" member_type: VOTER last_known_addr { host: "127.28.190.131" port: 36321 } } peers { permanent_uuid: "b5301836402b467ea94bc7d63fd1bdea" member_type: VOTER last_known_addr { host: "127.28.190.129" port: 41577 } } peers { permanent_uuid: "3de52c743215430ebb71a47e88204bb7" member_type: VOTER last_known_addr { host: "127.28.190.130" port: 36135 } attrs { promote: false } } }
I20260608 13:01:41.274461 32415 raft_consensus.cc:2955] T fd81c4c624fb45e6aa389367649a48de P b5301836402b467ea94bc7d63fd1bdea [term 1 FOLLOWER]: Committing config change with OpId 1.4: config changed from index 3 to 4, VOTER ecbea01b63ee400da9c114ddb7a9f9d7 (127.28.190.132) evicted. New config: { opid_index: 4 OBSOLETE_local: false peers { permanent_uuid: "f895e97531e94fcc8c6f522b48ae67d0" member_type: VOTER last_known_addr { host: "127.28.190.131" port: 36321 } } peers { permanent_uuid: "b5301836402b467ea94bc7d63fd1bdea" member_type: VOTER last_known_addr { host: "127.28.190.129" port: 41577 } } peers { permanent_uuid: "3de52c743215430ebb71a47e88204bb7" member_type: VOTER last_known_addr { host: "127.28.190.130" port: 36135 } attrs { promote: false } } }
I20260608 13:01:41.275517   524 raft_consensus.cc:2955] T bd7410b389ff45d6bde9f4ab6e365fc8 P f895e97531e94fcc8c6f522b48ae67d0 [term 1 LEADER]: Committing config change with OpId 1.3: config changed from index 2 to 3, ecbea01b63ee400da9c114ddb7a9f9d7 (127.28.190.132) changed from NON_VOTER to VOTER. New config: { opid_index: 3 OBSOLETE_local: false peers { permanent_uuid: "b5301836402b467ea94bc7d63fd1bdea" member_type: VOTER last_known_addr { host: "127.28.190.129" port: 41577 } } peers { permanent_uuid: "3de52c743215430ebb71a47e88204bb7" member_type: VOTER last_known_addr { host: "127.28.190.130" port: 36135 } attrs { replace: true } } peers { permanent_uuid: "f895e97531e94fcc8c6f522b48ae67d0" member_type: VOTER last_known_addr { host: "127.28.190.131" port: 36321 } } peers { permanent_uuid: "ecbea01b63ee400da9c114ddb7a9f9d7" member_type: VOTER last_known_addr { host: "127.28.190.132" port: 45979 } attrs { promote: false } } }
I20260608 13:01:41.281654 32300 catalog_manager.cc:5209] ChangeConfig:REMOVE_PEER RPC for tablet fd81c4c624fb45e6aa389367649a48de with cas_config_opid_index 3: ChangeConfig:REMOVE_PEER succeeded (attempt 1)
I20260608 13:01:41.287346 32309 catalog_manager.cc:5696] T fd81c4c624fb45e6aa389367649a48de P f895e97531e94fcc8c6f522b48ae67d0 reported cstate change: config changed from index 3 to 4, VOTER ecbea01b63ee400da9c114ddb7a9f9d7 (127.28.190.132) evicted. New cstate: current_term: 1 leader_uuid: "f895e97531e94fcc8c6f522b48ae67d0" committed_config { opid_index: 4 OBSOLETE_local: false peers { permanent_uuid: "f895e97531e94fcc8c6f522b48ae67d0" member_type: VOTER last_known_addr { host: "127.28.190.131" port: 36321 } health_report { overall_health: HEALTHY } } peers { permanent_uuid: "b5301836402b467ea94bc7d63fd1bdea" member_type: VOTER last_known_addr { host: "127.28.190.129" port: 41577 } health_report { overall_health: HEALTHY } } peers { permanent_uuid: "3de52c743215430ebb71a47e88204bb7" member_type: VOTER last_known_addr { host: "127.28.190.130" port: 36135 } attrs { promote: false } health_report { overall_health: HEALTHY } } }
I20260608 13:01:41.287472 32416 raft_consensus.cc:2955] T bd7410b389ff45d6bde9f4ab6e365fc8 P b5301836402b467ea94bc7d63fd1bdea [term 1 FOLLOWER]: Committing config change with OpId 1.3: config changed from index 2 to 3, ecbea01b63ee400da9c114ddb7a9f9d7 (127.28.190.132) changed from NON_VOTER to VOTER. New config: { opid_index: 3 OBSOLETE_local: false peers { permanent_uuid: "b5301836402b467ea94bc7d63fd1bdea" member_type: VOTER last_known_addr { host: "127.28.190.129" port: 41577 } } peers { permanent_uuid: "3de52c743215430ebb71a47e88204bb7" member_type: VOTER last_known_addr { host: "127.28.190.130" port: 36135 } attrs { replace: true } } peers { permanent_uuid: "f895e97531e94fcc8c6f522b48ae67d0" member_type: VOTER last_known_addr { host: "127.28.190.131" port: 36321 } } peers { permanent_uuid: "ecbea01b63ee400da9c114ddb7a9f9d7" member_type: VOTER last_known_addr { host: "127.28.190.132" port: 45979 } attrs { promote: false } } }
I20260608 13:01:41.288779 32490 raft_consensus.cc:2955] T fd81c4c624fb45e6aa389367649a48de P 3de52c743215430ebb71a47e88204bb7 [term 1 FOLLOWER]: Committing config change with OpId 1.4: config changed from index 3 to 4, VOTER ecbea01b63ee400da9c114ddb7a9f9d7 (127.28.190.132) evicted. New config: { opid_index: 4 OBSOLETE_local: false peers { permanent_uuid: "f895e97531e94fcc8c6f522b48ae67d0" member_type: VOTER last_known_addr { host: "127.28.190.131" port: 36321 } } peers { permanent_uuid: "b5301836402b467ea94bc7d63fd1bdea" member_type: VOTER last_known_addr { host: "127.28.190.129" port: 41577 } } peers { permanent_uuid: "3de52c743215430ebb71a47e88204bb7" member_type: VOTER last_known_addr { host: "127.28.190.130" port: 36135 } attrs { promote: false } } }
I20260608 13:01:41.290947 32734 raft_consensus.cc:2955] T bd7410b389ff45d6bde9f4ab6e365fc8 P ecbea01b63ee400da9c114ddb7a9f9d7 [term 1 FOLLOWER]: Committing config change with OpId 1.3: config changed from index 2 to 3, ecbea01b63ee400da9c114ddb7a9f9d7 (127.28.190.132) changed from NON_VOTER to VOTER. New config: { opid_index: 3 OBSOLETE_local: false peers { permanent_uuid: "b5301836402b467ea94bc7d63fd1bdea" member_type: VOTER last_known_addr { host: "127.28.190.129" port: 41577 } } peers { permanent_uuid: "3de52c743215430ebb71a47e88204bb7" member_type: VOTER last_known_addr { host: "127.28.190.130" port: 36135 } attrs { replace: true } } peers { permanent_uuid: "f895e97531e94fcc8c6f522b48ae67d0" member_type: VOTER last_known_addr { host: "127.28.190.131" port: 36321 } } peers { permanent_uuid: "ecbea01b63ee400da9c114ddb7a9f9d7" member_type: VOTER last_known_addr { host: "127.28.190.132" port: 45979 } attrs { promote: false } } }
I20260608 13:01:41.292169 32491 raft_consensus.cc:2955] T bd7410b389ff45d6bde9f4ab6e365fc8 P 3de52c743215430ebb71a47e88204bb7 [term 1 FOLLOWER]: Committing config change with OpId 1.3: config changed from index 2 to 3, ecbea01b63ee400da9c114ddb7a9f9d7 (127.28.190.132) changed from NON_VOTER to VOTER. New config: { opid_index: 3 OBSOLETE_local: false peers { permanent_uuid: "b5301836402b467ea94bc7d63fd1bdea" member_type: VOTER last_known_addr { host: "127.28.190.129" port: 41577 } } peers { permanent_uuid: "3de52c743215430ebb71a47e88204bb7" member_type: VOTER last_known_addr { host: "127.28.190.130" port: 36135 } attrs { replace: true } } peers { permanent_uuid: "f895e97531e94fcc8c6f522b48ae67d0" member_type: VOTER last_known_addr { host: "127.28.190.131" port: 36321 } } peers { permanent_uuid: "ecbea01b63ee400da9c114ddb7a9f9d7" member_type: VOTER last_known_addr { host: "127.28.190.132" port: 45979 } attrs { promote: false } } }
I20260608 13:01:41.300846 32722 tablet_service.cc:1558] Processing DeleteTablet for tablet fd81c4c624fb45e6aa389367649a48de with delete_type TABLET_DATA_TOMBSTONED (TS ecbea01b63ee400da9c114ddb7a9f9d7 not found in new config with opid_index 4) from {username='slave'} at 127.0.0.1:52988
I20260608 13:01:41.301887   535 tablet_replica.cc:333] T fd81c4c624fb45e6aa389367649a48de P ecbea01b63ee400da9c114ddb7a9f9d7: stopping tablet replica
I20260608 13:01:41.307145 32313 catalog_manager.cc:5696] T bd7410b389ff45d6bde9f4ab6e365fc8 P 3de52c743215430ebb71a47e88204bb7 reported cstate change: config changed from index 2 to 3, ecbea01b63ee400da9c114ddb7a9f9d7 (127.28.190.132) changed from NON_VOTER to VOTER. New cstate: current_term: 1 leader_uuid: "f895e97531e94fcc8c6f522b48ae67d0" committed_config { opid_index: 3 OBSOLETE_local: false peers { permanent_uuid: "b5301836402b467ea94bc7d63fd1bdea" member_type: VOTER last_known_addr { host: "127.28.190.129" port: 41577 } } peers { permanent_uuid: "3de52c743215430ebb71a47e88204bb7" member_type: VOTER last_known_addr { host: "127.28.190.130" port: 36135 } attrs { replace: true } } peers { permanent_uuid: "f895e97531e94fcc8c6f522b48ae67d0" member_type: VOTER last_known_addr { host: "127.28.190.131" port: 36321 } } peers { permanent_uuid: "ecbea01b63ee400da9c114ddb7a9f9d7" member_type: VOTER last_known_addr { host: "127.28.190.132" port: 45979 } attrs { promote: false } } }
I20260608 13:01:41.310937   535 raft_consensus.cc:2243] T fd81c4c624fb45e6aa389367649a48de P ecbea01b63ee400da9c114ddb7a9f9d7 [term 1 FOLLOWER]: Raft consensus shutting down.
I20260608 13:01:41.311682   535 raft_consensus.cc:2272] T fd81c4c624fb45e6aa389367649a48de P ecbea01b63ee400da9c114ddb7a9f9d7 [term 1 FOLLOWER]: Raft consensus is shut down!
I20260608 13:01:41.318994   535 ts_tablet_manager.cc:1916] T fd81c4c624fb45e6aa389367649a48de P ecbea01b63ee400da9c114ddb7a9f9d7: Deleting tablet data with delete state TABLET_DATA_TOMBSTONED
I20260608 13:01:41.332276 32565 consensus_queue.cc:237] T bd7410b389ff45d6bde9f4ab6e365fc8 P f895e97531e94fcc8c6f522b48ae67d0 [LEADER]: Queue going to LEADER mode. State: All replicated index: 0, Majority replicated index: 3, Committed index: 3, Last appended: 1.3, Last appended by leader: 0, Current term: 1, Majority size: 2, State: 0, Mode: LEADER, active raft config: opid_index: 4 OBSOLETE_local: false peers { permanent_uuid: "b5301836402b467ea94bc7d63fd1bdea" member_type: VOTER last_known_addr { host: "127.28.190.129" port: 41577 } } peers { permanent_uuid: "f895e97531e94fcc8c6f522b48ae67d0" member_type: VOTER last_known_addr { host: "127.28.190.131" port: 36321 } } peers { permanent_uuid: "ecbea01b63ee400da9c114ddb7a9f9d7" member_type: VOTER last_known_addr { host: "127.28.190.132" port: 45979 } attrs { promote: false } }
I20260608 13:01:41.337766 32416 raft_consensus.cc:1275] T bd7410b389ff45d6bde9f4ab6e365fc8 P b5301836402b467ea94bc7d63fd1bdea [term 1 FOLLOWER]: Refusing update from remote peer f895e97531e94fcc8c6f522b48ae67d0: Log matching property violated. Preceding OpId in replica: term: 1 index: 3. Preceding OpId from leader: term: 1 index: 4. (index mismatch)
I20260608 13:01:41.339699 32734 raft_consensus.cc:1275] T bd7410b389ff45d6bde9f4ab6e365fc8 P ecbea01b63ee400da9c114ddb7a9f9d7 [term 1 FOLLOWER]: Refusing update from remote peer f895e97531e94fcc8c6f522b48ae67d0: Log matching property violated. Preceding OpId in replica: term: 1 index: 3. Preceding OpId from leader: term: 1 index: 4. (index mismatch)
I20260608 13:01:41.339495   524 consensus_queue.cc:1048] T bd7410b389ff45d6bde9f4ab6e365fc8 P f895e97531e94fcc8c6f522b48ae67d0 [LEADER]: Connected to new peer: Peer: permanent_uuid: "b5301836402b467ea94bc7d63fd1bdea" member_type: VOTER last_known_addr { host: "127.28.190.129" port: 41577 }, Status: LMP_MISMATCH, Last received: 0.0, Next index: 4, Last known committed idx: 3, Time since last communication: 0.000s
I20260608 13:01:41.340265   535 ts_tablet_manager.cc:1929] T fd81c4c624fb45e6aa389367649a48de P ecbea01b63ee400da9c114ddb7a9f9d7: tablet deleted with delete type TABLET_DATA_TOMBSTONED: last-logged OpId 1.3
I20260608 13:01:41.341269   535 log.cc:1199] T fd81c4c624fb45e6aa389367649a48de P ecbea01b63ee400da9c114ddb7a9f9d7: Deleting WAL directory at /tmp/dist-test-taskUTZcoV/test-tmp/auto_rebalancer-test.0.AutoRebalancerTest.RangeAwareRebalancesNewRangeReplicas.1780923608482600-29434-0/minicluster-data/ts-3-root/wals/fd81c4c624fb45e6aa389367649a48de
I20260608 13:01:41.341152   547 consensus_queue.cc:1048] T bd7410b389ff45d6bde9f4ab6e365fc8 P f895e97531e94fcc8c6f522b48ae67d0 [LEADER]: Connected to new peer: Peer: permanent_uuid: "ecbea01b63ee400da9c114ddb7a9f9d7" member_type: VOTER last_known_addr { host: "127.28.190.132" port: 45979 } attrs { promote: false }, Status: LMP_MISMATCH, Last received: 0.0, Next index: 4, Last known committed idx: 3, Time since last communication: 0.000s
I20260608 13:01:41.343139 32301 catalog_manager.cc:5027] TS ecbea01b63ee400da9c114ddb7a9f9d7 (127.28.190.132:45979): tablet fd81c4c624fb45e6aa389367649a48de (table range_aware_rebalance_new_range [id=c82e4043ceea4aebb35239ff41c84c69]) successfully deleted
I20260608 13:01:41.349485   545 raft_consensus.cc:2955] T bd7410b389ff45d6bde9f4ab6e365fc8 P f895e97531e94fcc8c6f522b48ae67d0 [term 1 LEADER]: Committing config change with OpId 1.4: config changed from index 3 to 4, VOTER 3de52c743215430ebb71a47e88204bb7 (127.28.190.130) evicted. New config: { opid_index: 4 OBSOLETE_local: false peers { permanent_uuid: "b5301836402b467ea94bc7d63fd1bdea" member_type: VOTER last_known_addr { host: "127.28.190.129" port: 41577 } } peers { permanent_uuid: "f895e97531e94fcc8c6f522b48ae67d0" member_type: VOTER last_known_addr { host: "127.28.190.131" port: 36321 } } peers { permanent_uuid: "ecbea01b63ee400da9c114ddb7a9f9d7" member_type: VOTER last_known_addr { host: "127.28.190.132" port: 45979 } attrs { promote: false } } }
I20260608 13:01:41.351143 32734 raft_consensus.cc:2955] T bd7410b389ff45d6bde9f4ab6e365fc8 P ecbea01b63ee400da9c114ddb7a9f9d7 [term 1 FOLLOWER]: Committing config change with OpId 1.4: config changed from index 3 to 4, VOTER 3de52c743215430ebb71a47e88204bb7 (127.28.190.130) evicted. New config: { opid_index: 4 OBSOLETE_local: false peers { permanent_uuid: "b5301836402b467ea94bc7d63fd1bdea" member_type: VOTER last_known_addr { host: "127.28.190.129" port: 41577 } } peers { permanent_uuid: "f895e97531e94fcc8c6f522b48ae67d0" member_type: VOTER last_known_addr { host: "127.28.190.131" port: 36321 } } peers { permanent_uuid: "ecbea01b63ee400da9c114ddb7a9f9d7" member_type: VOTER last_known_addr { host: "127.28.190.132" port: 45979 } attrs { promote: false } } }
I20260608 13:01:41.351208 32416 raft_consensus.cc:2955] T bd7410b389ff45d6bde9f4ab6e365fc8 P b5301836402b467ea94bc7d63fd1bdea [term 1 FOLLOWER]: Committing config change with OpId 1.4: config changed from index 3 to 4, VOTER 3de52c743215430ebb71a47e88204bb7 (127.28.190.130) evicted. New config: { opid_index: 4 OBSOLETE_local: false peers { permanent_uuid: "b5301836402b467ea94bc7d63fd1bdea" member_type: VOTER last_known_addr { host: "127.28.190.129" port: 41577 } } peers { permanent_uuid: "f895e97531e94fcc8c6f522b48ae67d0" member_type: VOTER last_known_addr { host: "127.28.190.131" port: 36321 } } peers { permanent_uuid: "ecbea01b63ee400da9c114ddb7a9f9d7" member_type: VOTER last_known_addr { host: "127.28.190.132" port: 45979 } attrs { promote: false } } }
I20260608 13:01:41.366544 32300 catalog_manager.cc:5209] ChangeConfig:REMOVE_PEER RPC for tablet bd7410b389ff45d6bde9f4ab6e365fc8 with cas_config_opid_index 3: ChangeConfig:REMOVE_PEER succeeded (attempt 1)
I20260608 13:01:41.366451 32313 catalog_manager.cc:5696] T bd7410b389ff45d6bde9f4ab6e365fc8 P b5301836402b467ea94bc7d63fd1bdea reported cstate change: config changed from index 3 to 4, VOTER 3de52c743215430ebb71a47e88204bb7 (127.28.190.130) evicted. New cstate: current_term: 1 leader_uuid: "f895e97531e94fcc8c6f522b48ae67d0" committed_config { opid_index: 4 OBSOLETE_local: false peers { permanent_uuid: "b5301836402b467ea94bc7d63fd1bdea" member_type: VOTER last_known_addr { host: "127.28.190.129" port: 41577 } } peers { permanent_uuid: "f895e97531e94fcc8c6f522b48ae67d0" member_type: VOTER last_known_addr { host: "127.28.190.131" port: 36321 } } peers { permanent_uuid: "ecbea01b63ee400da9c114ddb7a9f9d7" member_type: VOTER last_known_addr { host: "127.28.190.132" port: 45979 } attrs { promote: false } } }
I20260608 13:01:41.377496 32480 tablet_service.cc:1558] Processing DeleteTablet for tablet bd7410b389ff45d6bde9f4ab6e365fc8 with delete_type TABLET_DATA_TOMBSTONED (TS 3de52c743215430ebb71a47e88204bb7 not found in new config with opid_index 4) from {username='slave'} at 127.0.0.1:58926
I20260608 13:01:41.379572   554 tablet_replica.cc:333] T bd7410b389ff45d6bde9f4ab6e365fc8 P 3de52c743215430ebb71a47e88204bb7: stopping tablet replica
I20260608 13:01:41.380419   554 raft_consensus.cc:2243] T bd7410b389ff45d6bde9f4ab6e365fc8 P 3de52c743215430ebb71a47e88204bb7 [term 1 FOLLOWER]: Raft consensus shutting down.
I20260608 13:01:41.381073   554 raft_consensus.cc:2272] T bd7410b389ff45d6bde9f4ab6e365fc8 P 3de52c743215430ebb71a47e88204bb7 [term 1 FOLLOWER]: Raft consensus is shut down!
I20260608 13:01:41.384232   554 ts_tablet_manager.cc:1916] T bd7410b389ff45d6bde9f4ab6e365fc8 P 3de52c743215430ebb71a47e88204bb7: Deleting tablet data with delete state TABLET_DATA_TOMBSTONED
I20260608 13:01:41.398483   554 ts_tablet_manager.cc:1929] T bd7410b389ff45d6bde9f4ab6e365fc8 P 3de52c743215430ebb71a47e88204bb7: tablet deleted with delete type TABLET_DATA_TOMBSTONED: last-logged OpId 1.3
I20260608 13:01:41.398835   554 log.cc:1199] T bd7410b389ff45d6bde9f4ab6e365fc8 P 3de52c743215430ebb71a47e88204bb7: Deleting WAL directory at /tmp/dist-test-taskUTZcoV/test-tmp/auto_rebalancer-test.0.AutoRebalancerTest.RangeAwareRebalancesNewRangeReplicas.1780923608482600-29434-0/minicluster-data/ts-1-root/wals/bd7410b389ff45d6bde9f4ab6e365fc8
I20260608 13:01:41.400666 32301 catalog_manager.cc:5027] TS 3de52c743215430ebb71a47e88204bb7 (127.28.190.130:36135): tablet bd7410b389ff45d6bde9f4ab6e365fc8 (table range_aware_rebalance_new_range [id=c82e4043ceea4aebb35239ff41c84c69]) successfully deleted
I20260608 13:01:41.711869 29434 tablet_server.cc:179] TabletServer@127.28.190.129:0 shutting down...
I20260608 13:01:41.738722 29434 ts_tablet_manager.cc:1507] Shutting down tablet manager...
I20260608 13:01:41.739622 29434 tablet_replica.cc:333] T 84d03d89de714a0cb74b33f5eee0b02a P b5301836402b467ea94bc7d63fd1bdea: stopping tablet replica
I20260608 13:01:41.740473 29434 raft_consensus.cc:2243] T 84d03d89de714a0cb74b33f5eee0b02a P b5301836402b467ea94bc7d63fd1bdea [term 1 LEADER]: Raft consensus shutting down.
I20260608 13:01:41.741495 29434 raft_consensus.cc:2272] T 84d03d89de714a0cb74b33f5eee0b02a P b5301836402b467ea94bc7d63fd1bdea [term 1 FOLLOWER]: Raft consensus is shut down!
I20260608 13:01:41.744151 29434 tablet_replica.cc:333] T c796f7fc3ad04baf844a09ec0c57f80b P b5301836402b467ea94bc7d63fd1bdea: stopping tablet replica
I20260608 13:01:41.744930 29434 raft_consensus.cc:2243] T c796f7fc3ad04baf844a09ec0c57f80b P b5301836402b467ea94bc7d63fd1bdea [term 1 FOLLOWER]: Raft consensus shutting down.
I20260608 13:01:41.745416 29434 raft_consensus.cc:2272] T c796f7fc3ad04baf844a09ec0c57f80b P b5301836402b467ea94bc7d63fd1bdea [term 1 FOLLOWER]: Raft consensus is shut down!
I20260608 13:01:41.747318 29434 tablet_replica.cc:333] T 12d90819cb064439b12207f274c50590 P b5301836402b467ea94bc7d63fd1bdea: stopping tablet replica
I20260608 13:01:41.747948 29434 raft_consensus.cc:2243] T 12d90819cb064439b12207f274c50590 P b5301836402b467ea94bc7d63fd1bdea [term 2 FOLLOWER]: Raft consensus shutting down.
I20260608 13:01:41.748374 29434 raft_consensus.cc:2272] T 12d90819cb064439b12207f274c50590 P b5301836402b467ea94bc7d63fd1bdea [term 2 FOLLOWER]: Raft consensus is shut down!
I20260608 13:01:41.750154 29434 tablet_replica.cc:333] T e38ceecf65df42bbadc8e9a426c9cc23 P b5301836402b467ea94bc7d63fd1bdea: stopping tablet replica
I20260608 13:01:41.750766 29434 raft_consensus.cc:2243] T e38ceecf65df42bbadc8e9a426c9cc23 P b5301836402b467ea94bc7d63fd1bdea [term 1 LEADER]: Raft consensus shutting down.
I20260608 13:01:41.751472 29434 raft_consensus.cc:2272] T e38ceecf65df42bbadc8e9a426c9cc23 P b5301836402b467ea94bc7d63fd1bdea [term 1 FOLLOWER]: Raft consensus is shut down!
I20260608 13:01:41.753463 29434 tablet_replica.cc:333] T fd81c4c624fb45e6aa389367649a48de P b5301836402b467ea94bc7d63fd1bdea: stopping tablet replica
I20260608 13:01:41.754004 29434 raft_consensus.cc:2243] T fd81c4c624fb45e6aa389367649a48de P b5301836402b467ea94bc7d63fd1bdea [term 1 FOLLOWER]: Raft consensus shutting down.
I20260608 13:01:41.754633 29434 raft_consensus.cc:2272] T fd81c4c624fb45e6aa389367649a48de P b5301836402b467ea94bc7d63fd1bdea [term 1 FOLLOWER]: Raft consensus is shut down!
I20260608 13:01:41.756758 29434 tablet_replica.cc:333] T bd7410b389ff45d6bde9f4ab6e365fc8 P b5301836402b467ea94bc7d63fd1bdea: stopping tablet replica
I20260608 13:01:41.757330 29434 raft_consensus.cc:2243] T bd7410b389ff45d6bde9f4ab6e365fc8 P b5301836402b467ea94bc7d63fd1bdea [term 1 FOLLOWER]: Raft consensus shutting down.
I20260608 13:01:41.757903 29434 raft_consensus.cc:2272] T bd7410b389ff45d6bde9f4ab6e365fc8 P b5301836402b467ea94bc7d63fd1bdea [term 1 FOLLOWER]: Raft consensus is shut down!
I20260608 13:01:41.760103 29434 tablet_replica.cc:333] T 597992c286504d7eaecb832ab392f509 P b5301836402b467ea94bc7d63fd1bdea: stopping tablet replica
I20260608 13:01:41.760671 29434 raft_consensus.cc:2243] T 597992c286504d7eaecb832ab392f509 P b5301836402b467ea94bc7d63fd1bdea [term 1 LEADER]: Raft consensus shutting down.
I20260608 13:01:41.761588 29434 raft_consensus.cc:2272] T 597992c286504d7eaecb832ab392f509 P b5301836402b467ea94bc7d63fd1bdea [term 1 FOLLOWER]: Raft consensus is shut down!
I20260608 13:01:41.764072 29434 tablet_replica.cc:333] T 7f12a27a4be14a1193a20b418d8d593e P b5301836402b467ea94bc7d63fd1bdea: stopping tablet replica
I20260608 13:01:41.764601 29434 raft_consensus.cc:2243] T 7f12a27a4be14a1193a20b418d8d593e P b5301836402b467ea94bc7d63fd1bdea [term 1 FOLLOWER]: Raft consensus shutting down.
I20260608 13:01:41.764997 29434 raft_consensus.cc:2272] T 7f12a27a4be14a1193a20b418d8d593e P b5301836402b467ea94bc7d63fd1bdea [term 1 FOLLOWER]: Raft consensus is shut down!
I20260608 13:01:41.766923 29434 tablet_replica.cc:333] T 79c000de99a040a9800bd3b01aae7df6 P b5301836402b467ea94bc7d63fd1bdea: stopping tablet replica
I20260608 13:01:41.767418 29434 raft_consensus.cc:2243] T 79c000de99a040a9800bd3b01aae7df6 P b5301836402b467ea94bc7d63fd1bdea [term 1 FOLLOWER]: Raft consensus shutting down.
I20260608 13:01:41.767879 29434 raft_consensus.cc:2272] T 79c000de99a040a9800bd3b01aae7df6 P b5301836402b467ea94bc7d63fd1bdea [term 1 FOLLOWER]: Raft consensus is shut down!
I20260608 13:01:41.769760 29434 tablet_replica.cc:333] T 2925cceacab04942b88dda2988aecf21 P b5301836402b467ea94bc7d63fd1bdea: stopping tablet replica
I20260608 13:01:41.770349 29434 raft_consensus.cc:2243] T 2925cceacab04942b88dda2988aecf21 P b5301836402b467ea94bc7d63fd1bdea [term 2 FOLLOWER]: Raft consensus shutting down.
I20260608 13:01:41.770793 29434 raft_consensus.cc:2272] T 2925cceacab04942b88dda2988aecf21 P b5301836402b467ea94bc7d63fd1bdea [term 2 FOLLOWER]: Raft consensus is shut down!
I20260608 13:01:41.772544 29434 tablet_replica.cc:333] T 7c919a3dd219445fbf02f00b6064f637 P b5301836402b467ea94bc7d63fd1bdea: stopping tablet replica
I20260608 13:01:41.773121 29434 raft_consensus.cc:2243] T 7c919a3dd219445fbf02f00b6064f637 P b5301836402b467ea94bc7d63fd1bdea [term 2 LEADER]: Raft consensus shutting down.
I20260608 13:01:41.773896 29434 raft_consensus.cc:2272] T 7c919a3dd219445fbf02f00b6064f637 P b5301836402b467ea94bc7d63fd1bdea [term 2 FOLLOWER]: Raft consensus is shut down!
I20260608 13:01:41.775915 29434 tablet_replica.cc:333] T 97ecdc2eaef54401b6d9e59450a3dbd6 P b5301836402b467ea94bc7d63fd1bdea: stopping tablet replica
I20260608 13:01:41.776419 29434 raft_consensus.cc:2243] T 97ecdc2eaef54401b6d9e59450a3dbd6 P b5301836402b467ea94bc7d63fd1bdea [term 2 FOLLOWER]: Raft consensus shutting down.
I20260608 13:01:41.776860 29434 raft_consensus.cc:2272] T 97ecdc2eaef54401b6d9e59450a3dbd6 P b5301836402b467ea94bc7d63fd1bdea [term 2 FOLLOWER]: Raft consensus is shut down!
W20260608 13:01:41.796991 32529 proxy.cc:239] Call had error, refreshing address and retrying: Remote error: Service unavailable: service kudu.consensus.ConsensusService not registered on TabletServer
W20260608 13:01:41.804152 32529 consensus_peers.cc:597] T fd81c4c624fb45e6aa389367649a48de P f895e97531e94fcc8c6f522b48ae67d0 -> Peer b5301836402b467ea94bc7d63fd1bdea (127.28.190.129:41577): Couldn't send request to peer b5301836402b467ea94bc7d63fd1bdea. Status: Network error: Client connection negotiation failed: client connection to 127.28.190.129:41577: connect: Connection refused (error 111). This is attempt 1: this message will repeat every 5th retry.
I20260608 13:01:41.805195 29434 tablet_server.cc:196] TabletServer@127.28.190.129:0 shutdown complete.
W20260608 13:01:41.835073 32529 consensus_peers.cc:597] T 79c000de99a040a9800bd3b01aae7df6 P f895e97531e94fcc8c6f522b48ae67d0 -> Peer b5301836402b467ea94bc7d63fd1bdea (127.28.190.129:41577): Couldn't send request to peer b5301836402b467ea94bc7d63fd1bdea. Status: Network error: Client connection negotiation failed: client connection to 127.28.190.129:41577: connect: Connection refused (error 111). This is attempt 1: this message will repeat every 5th retry.
I20260608 13:01:41.836536 29434 tablet_server.cc:179] TabletServer@127.28.190.130:0 shutting down...
W20260608 13:01:41.844749 32688 consensus_peers.cc:597] T 97ecdc2eaef54401b6d9e59450a3dbd6 P ecbea01b63ee400da9c114ddb7a9f9d7 -> Peer 3de52c743215430ebb71a47e88204bb7 (127.28.190.130:36135): Couldn't send request to peer 3de52c743215430ebb71a47e88204bb7. Status: Remote error: Service unavailable: service kudu.consensus.ConsensusService not registered on TabletServer. This is attempt 1: this message will repeat every 5th retry.
W20260608 13:01:41.856856 32686 consensus_peers.cc:597] T 2925cceacab04942b88dda2988aecf21 P ecbea01b63ee400da9c114ddb7a9f9d7 -> Peer b5301836402b467ea94bc7d63fd1bdea (127.28.190.129:41577): Couldn't send request to peer b5301836402b467ea94bc7d63fd1bdea. Status: Network error: Client connection negotiation failed: client connection to 127.28.190.129:41577: connect: Connection refused (error 111). This is attempt 1: this message will repeat every 5th retry.
W20260608 13:01:41.863926 32529 consensus_peers.cc:597] T bd7410b389ff45d6bde9f4ab6e365fc8 P f895e97531e94fcc8c6f522b48ae67d0 -> Peer b5301836402b467ea94bc7d63fd1bdea (127.28.190.129:41577): Couldn't send request to peer b5301836402b467ea94bc7d63fd1bdea. Status: Network error: Client connection negotiation failed: client connection to 127.28.190.129:41577: connect: Connection refused (error 111). This is attempt 1: this message will repeat every 5th retry.
W20260608 13:01:41.871364 32686 consensus_peers.cc:597] T 97ecdc2eaef54401b6d9e59450a3dbd6 P ecbea01b63ee400da9c114ddb7a9f9d7 -> Peer b5301836402b467ea94bc7d63fd1bdea (127.28.190.129:41577): Couldn't send request to peer b5301836402b467ea94bc7d63fd1bdea. Status: Network error: Client connection negotiation failed: client connection to 127.28.190.129:41577: connect: Connection refused (error 111). This is attempt 1: this message will repeat every 5th retry.
W20260608 13:01:41.873714 32455 consensus_peers.cc:597] T c796f7fc3ad04baf844a09ec0c57f80b P 3de52c743215430ebb71a47e88204bb7 -> Peer b5301836402b467ea94bc7d63fd1bdea (127.28.190.129:41577): Couldn't send request to peer b5301836402b467ea94bc7d63fd1bdea. Status: Network error: Client connection negotiation failed: client connection to 127.28.190.129:41577: connect: Connection refused (error 111). This is attempt 1: this message will repeat every 5th retry.
W20260608 13:01:41.885995 32688 consensus_peers.cc:597] T 98ab7e54dae9453b85dfd6677259630d P ecbea01b63ee400da9c114ddb7a9f9d7 -> Peer 3de52c743215430ebb71a47e88204bb7 (127.28.190.130:36135): Couldn't send request to peer 3de52c743215430ebb71a47e88204bb7. Status: Remote error: Service unavailable: service kudu.consensus.ConsensusService not registered on TabletServer. This is attempt 1: this message will repeat every 5th retry.
I20260608 13:01:41.886372 29434 ts_tablet_manager.cc:1507] Shutting down tablet manager...
I20260608 13:01:41.888089 29434 tablet_replica.cc:333] T 17083c13d6ef4944b009234d2d076d6e P 3de52c743215430ebb71a47e88204bb7: stopping tablet replica
I20260608 13:01:41.889117 29434 raft_consensus.cc:2243] T 17083c13d6ef4944b009234d2d076d6e P 3de52c743215430ebb71a47e88204bb7 [term 1 LEADER]: Raft consensus shutting down.
I20260608 13:01:41.889997 29434 raft_consensus.cc:2272] T 17083c13d6ef4944b009234d2d076d6e P 3de52c743215430ebb71a47e88204bb7 [term 1 FOLLOWER]: Raft consensus is shut down!
I20260608 13:01:41.892765 29434 tablet_replica.cc:333] T fd81c4c624fb45e6aa389367649a48de P 3de52c743215430ebb71a47e88204bb7: stopping tablet replica
I20260608 13:01:41.893601 29434 raft_consensus.cc:2243] T fd81c4c624fb45e6aa389367649a48de P 3de52c743215430ebb71a47e88204bb7 [term 1 FOLLOWER]: Raft consensus shutting down.
I20260608 13:01:41.894115 29434 raft_consensus.cc:2272] T fd81c4c624fb45e6aa389367649a48de P 3de52c743215430ebb71a47e88204bb7 [term 1 FOLLOWER]: Raft consensus is shut down!
I20260608 13:01:41.897027 29434 tablet_replica.cc:333] T 98ab7e54dae9453b85dfd6677259630d P 3de52c743215430ebb71a47e88204bb7: stopping tablet replica
I20260608 13:01:41.897683 29434 raft_consensus.cc:2243] T 98ab7e54dae9453b85dfd6677259630d P 3de52c743215430ebb71a47e88204bb7 [term 2 FOLLOWER]: Raft consensus shutting down.
I20260608 13:01:41.898326 29434 raft_consensus.cc:2272] T 98ab7e54dae9453b85dfd6677259630d P 3de52c743215430ebb71a47e88204bb7 [term 2 FOLLOWER]: Raft consensus is shut down!
I20260608 13:01:41.900576 29434 tablet_replica.cc:333] T e38ceecf65df42bbadc8e9a426c9cc23 P 3de52c743215430ebb71a47e88204bb7: stopping tablet replica
I20260608 13:01:41.901105 29434 raft_consensus.cc:2243] T e38ceecf65df42bbadc8e9a426c9cc23 P 3de52c743215430ebb71a47e88204bb7 [term 1 FOLLOWER]: Raft consensus shutting down.
I20260608 13:01:41.901654 29434 raft_consensus.cc:2272] T e38ceecf65df42bbadc8e9a426c9cc23 P 3de52c743215430ebb71a47e88204bb7 [term 1 FOLLOWER]: Raft consensus is shut down!
I20260608 13:01:41.903502 29434 tablet_replica.cc:333] T 597992c286504d7eaecb832ab392f509 P 3de52c743215430ebb71a47e88204bb7: stopping tablet replica
I20260608 13:01:41.904048 29434 raft_consensus.cc:2243] T 597992c286504d7eaecb832ab392f509 P 3de52c743215430ebb71a47e88204bb7 [term 1 FOLLOWER]: Raft consensus shutting down.
I20260608 13:01:41.904439 29434 raft_consensus.cc:2272] T 597992c286504d7eaecb832ab392f509 P 3de52c743215430ebb71a47e88204bb7 [term 1 FOLLOWER]: Raft consensus is shut down!
I20260608 13:01:41.906338 29434 tablet_replica.cc:333] T 79c000de99a040a9800bd3b01aae7df6 P 3de52c743215430ebb71a47e88204bb7: stopping tablet replica
I20260608 13:01:41.907014 29434 raft_consensus.cc:2243] T 79c000de99a040a9800bd3b01aae7df6 P 3de52c743215430ebb71a47e88204bb7 [term 1 FOLLOWER]: Raft consensus shutting down.
I20260608 13:01:41.907503 29434 raft_consensus.cc:2272] T 79c000de99a040a9800bd3b01aae7df6 P 3de52c743215430ebb71a47e88204bb7 [term 1 FOLLOWER]: Raft consensus is shut down!
I20260608 13:01:41.909318 29434 tablet_replica.cc:333] T 63970b1bcd5842899e5455c9fb1a948a P 3de52c743215430ebb71a47e88204bb7: stopping tablet replica
I20260608 13:01:41.909824 29434 raft_consensus.cc:2243] T 63970b1bcd5842899e5455c9fb1a948a P 3de52c743215430ebb71a47e88204bb7 [term 2 FOLLOWER]: Raft consensus shutting down.
I20260608 13:01:41.910413 29434 raft_consensus.cc:2272] T 63970b1bcd5842899e5455c9fb1a948a P 3de52c743215430ebb71a47e88204bb7 [term 2 FOLLOWER]: Raft consensus is shut down!
I20260608 13:01:41.912181 29434 tablet_replica.cc:333] T c8420571f64e417ebdb9bd46adb0d9d4 P 3de52c743215430ebb71a47e88204bb7: stopping tablet replica
I20260608 13:01:41.912685 29434 raft_consensus.cc:2243] T c8420571f64e417ebdb9bd46adb0d9d4 P 3de52c743215430ebb71a47e88204bb7 [term 1 LEADER]: Raft consensus shutting down.
I20260608 13:01:41.913453 29434 raft_consensus.cc:2272] T c8420571f64e417ebdb9bd46adb0d9d4 P 3de52c743215430ebb71a47e88204bb7 [term 1 FOLLOWER]: Raft consensus is shut down!
I20260608 13:01:41.915437 29434 tablet_replica.cc:333] T 7f12a27a4be14a1193a20b418d8d593e P 3de52c743215430ebb71a47e88204bb7: stopping tablet replica
I20260608 13:01:41.915940 29434 raft_consensus.cc:2243] T 7f12a27a4be14a1193a20b418d8d593e P 3de52c743215430ebb71a47e88204bb7 [term 1 LEADER]: Raft consensus shutting down.
I20260608 13:01:41.916652 29434 raft_consensus.cc:2272] T 7f12a27a4be14a1193a20b418d8d593e P 3de52c743215430ebb71a47e88204bb7 [term 1 FOLLOWER]: Raft consensus is shut down!
I20260608 13:01:41.918506 29434 tablet_replica.cc:333] T 97ecdc2eaef54401b6d9e59450a3dbd6 P 3de52c743215430ebb71a47e88204bb7: stopping tablet replica
I20260608 13:01:41.919045 29434 raft_consensus.cc:2243] T 97ecdc2eaef54401b6d9e59450a3dbd6 P 3de52c743215430ebb71a47e88204bb7 [term 2 FOLLOWER]: Raft consensus shutting down.
I20260608 13:01:41.919468 29434 raft_consensus.cc:2272] T 97ecdc2eaef54401b6d9e59450a3dbd6 P 3de52c743215430ebb71a47e88204bb7 [term 2 FOLLOWER]: Raft consensus is shut down!
I20260608 13:01:41.921221 29434 tablet_replica.cc:333] T 7c919a3dd219445fbf02f00b6064f637 P 3de52c743215430ebb71a47e88204bb7: stopping tablet replica
I20260608 13:01:41.921722 29434 raft_consensus.cc:2243] T 7c919a3dd219445fbf02f00b6064f637 P 3de52c743215430ebb71a47e88204bb7 [term 2 FOLLOWER]: Raft consensus shutting down.
I20260608 13:01:41.922185 29434 raft_consensus.cc:2272] T 7c919a3dd219445fbf02f00b6064f637 P 3de52c743215430ebb71a47e88204bb7 [term 2 FOLLOWER]: Raft consensus is shut down!
I20260608 13:01:41.924455 29434 tablet_replica.cc:333] T c796f7fc3ad04baf844a09ec0c57f80b P 3de52c743215430ebb71a47e88204bb7: stopping tablet replica
I20260608 13:01:41.924980 29434 raft_consensus.cc:2243] T c796f7fc3ad04baf844a09ec0c57f80b P 3de52c743215430ebb71a47e88204bb7 [term 1 LEADER]: Raft consensus shutting down.
I20260608 13:01:41.925752 29434 raft_consensus.cc:2272] T c796f7fc3ad04baf844a09ec0c57f80b P 3de52c743215430ebb71a47e88204bb7 [term 1 FOLLOWER]: Raft consensus is shut down!
I20260608 13:01:41.986907 29434 tablet_server.cc:196] TabletServer@127.28.190.130:0 shutdown complete.
I20260608 13:01:42.013796 29434 tablet_server.cc:179] TabletServer@127.28.190.131:0 shutting down...
W20260608 13:01:42.029760 32687 consensus_peers.cc:597] T 12d90819cb064439b12207f274c50590 P ecbea01b63ee400da9c114ddb7a9f9d7 -> Peer f895e97531e94fcc8c6f522b48ae67d0 (127.28.190.131:36321): Couldn't send request to peer f895e97531e94fcc8c6f522b48ae67d0. Status: Remote error: Service unavailable: service kudu.consensus.ConsensusService not registered on TabletServer. This is attempt 1: this message will repeat every 5th retry.
I20260608 13:01:42.041119 29434 ts_tablet_manager.cc:1507] Shutting down tablet manager...
I20260608 13:01:42.041841 29434 tablet_replica.cc:333] T 84d03d89de714a0cb74b33f5eee0b02a P f895e97531e94fcc8c6f522b48ae67d0: stopping tablet replica
I20260608 13:01:42.042541 29434 raft_consensus.cc:2243] T 84d03d89de714a0cb74b33f5eee0b02a P f895e97531e94fcc8c6f522b48ae67d0 [term 1 FOLLOWER]: Raft consensus shutting down.
I20260608 13:01:42.043051 29434 raft_consensus.cc:2272] T 84d03d89de714a0cb74b33f5eee0b02a P f895e97531e94fcc8c6f522b48ae67d0 [term 1 FOLLOWER]: Raft consensus is shut down!
I20260608 13:01:42.045420 29434 tablet_replica.cc:333] T e38ceecf65df42bbadc8e9a426c9cc23 P f895e97531e94fcc8c6f522b48ae67d0: stopping tablet replica
I20260608 13:01:42.045989 29434 raft_consensus.cc:2243] T e38ceecf65df42bbadc8e9a426c9cc23 P f895e97531e94fcc8c6f522b48ae67d0 [term 1 FOLLOWER]: Raft consensus shutting down.
I20260608 13:01:42.046540 29434 raft_consensus.cc:2272] T e38ceecf65df42bbadc8e9a426c9cc23 P f895e97531e94fcc8c6f522b48ae67d0 [term 1 FOLLOWER]: Raft consensus is shut down!
I20260608 13:01:42.048406 29434 tablet_replica.cc:333] T 98ab7e54dae9453b85dfd6677259630d P f895e97531e94fcc8c6f522b48ae67d0: stopping tablet replica
I20260608 13:01:42.048935 29434 raft_consensus.cc:2243] T 98ab7e54dae9453b85dfd6677259630d P f895e97531e94fcc8c6f522b48ae67d0 [term 2 FOLLOWER]: Raft consensus shutting down.
I20260608 13:01:42.049324 29434 raft_consensus.cc:2272] T 98ab7e54dae9453b85dfd6677259630d P f895e97531e94fcc8c6f522b48ae67d0 [term 2 FOLLOWER]: Raft consensus is shut down!
I20260608 13:01:42.051002 29434 tablet_replica.cc:333] T bd7410b389ff45d6bde9f4ab6e365fc8 P f895e97531e94fcc8c6f522b48ae67d0: stopping tablet replica
I20260608 13:01:42.051493 29434 raft_consensus.cc:2243] T bd7410b389ff45d6bde9f4ab6e365fc8 P f895e97531e94fcc8c6f522b48ae67d0 [term 1 LEADER]: Raft consensus shutting down.
I20260608 13:01:42.052181 29434 raft_consensus.cc:2272] T bd7410b389ff45d6bde9f4ab6e365fc8 P f895e97531e94fcc8c6f522b48ae67d0 [term 1 FOLLOWER]: Raft consensus is shut down!
I20260608 13:01:42.054881 29434 tablet_replica.cc:333] T 597992c286504d7eaecb832ab392f509 P f895e97531e94fcc8c6f522b48ae67d0: stopping tablet replica
I20260608 13:01:42.055359 29434 raft_consensus.cc:2243] T 597992c286504d7eaecb832ab392f509 P f895e97531e94fcc8c6f522b48ae67d0 [term 1 FOLLOWER]: Raft consensus shutting down.
I20260608 13:01:42.055734 29434 raft_consensus.cc:2272] T 597992c286504d7eaecb832ab392f509 P f895e97531e94fcc8c6f522b48ae67d0 [term 1 FOLLOWER]: Raft consensus is shut down!
I20260608 13:01:42.057436 29434 tablet_replica.cc:333] T fd81c4c624fb45e6aa389367649a48de P f895e97531e94fcc8c6f522b48ae67d0: stopping tablet replica
I20260608 13:01:42.058068 29434 raft_consensus.cc:2243] T fd81c4c624fb45e6aa389367649a48de P f895e97531e94fcc8c6f522b48ae67d0 [term 1 LEADER]: Raft consensus shutting down.
I20260608 13:01:42.058866 29434 raft_consensus.cc:2272] T fd81c4c624fb45e6aa389367649a48de P f895e97531e94fcc8c6f522b48ae67d0 [term 1 FOLLOWER]: Raft consensus is shut down!
I20260608 13:01:42.061602 29434 tablet_replica.cc:333] T 79c000de99a040a9800bd3b01aae7df6 P f895e97531e94fcc8c6f522b48ae67d0: stopping tablet replica
I20260608 13:01:42.062309 29434 raft_consensus.cc:2243] T 79c000de99a040a9800bd3b01aae7df6 P f895e97531e94fcc8c6f522b48ae67d0 [term 1 LEADER]: Raft consensus shutting down.
I20260608 13:01:42.063099 29434 raft_consensus.cc:2272] T 79c000de99a040a9800bd3b01aae7df6 P f895e97531e94fcc8c6f522b48ae67d0 [term 1 FOLLOWER]: Raft consensus is shut down!
I20260608 13:01:42.065281 29434 tablet_replica.cc:333] T 63970b1bcd5842899e5455c9fb1a948a P f895e97531e94fcc8c6f522b48ae67d0: stopping tablet replica
I20260608 13:01:42.065830 29434 raft_consensus.cc:2243] T 63970b1bcd5842899e5455c9fb1a948a P f895e97531e94fcc8c6f522b48ae67d0 [term 2 LEADER]: Raft consensus shutting down.
I20260608 13:01:42.066685 29434 raft_consensus.cc:2272] T 63970b1bcd5842899e5455c9fb1a948a P f895e97531e94fcc8c6f522b48ae67d0 [term 2 FOLLOWER]: Raft consensus is shut down!
I20260608 13:01:42.068567 29434 tablet_replica.cc:333] T 12d90819cb064439b12207f274c50590 P f895e97531e94fcc8c6f522b48ae67d0: stopping tablet replica
I20260608 13:01:42.069070 29434 raft_consensus.cc:2243] T 12d90819cb064439b12207f274c50590 P f895e97531e94fcc8c6f522b48ae67d0 [term 2 FOLLOWER]: Raft consensus shutting down.
I20260608 13:01:42.069517 29434 raft_consensus.cc:2272] T 12d90819cb064439b12207f274c50590 P f895e97531e94fcc8c6f522b48ae67d0 [term 2 FOLLOWER]: Raft consensus is shut down!
I20260608 13:01:42.071259 29434 tablet_replica.cc:333] T c8420571f64e417ebdb9bd46adb0d9d4 P f895e97531e94fcc8c6f522b48ae67d0: stopping tablet replica
I20260608 13:01:42.071743 29434 raft_consensus.cc:2243] T c8420571f64e417ebdb9bd46adb0d9d4 P f895e97531e94fcc8c6f522b48ae67d0 [term 1 FOLLOWER]: Raft consensus shutting down.
I20260608 13:01:42.072326 29434 raft_consensus.cc:2272] T c8420571f64e417ebdb9bd46adb0d9d4 P f895e97531e94fcc8c6f522b48ae67d0 [term 1 FOLLOWER]: Raft consensus is shut down!
I20260608 13:01:42.074308 29434 tablet_replica.cc:333] T 2925cceacab04942b88dda2988aecf21 P f895e97531e94fcc8c6f522b48ae67d0: stopping tablet replica
I20260608 13:01:42.074959 29434 raft_consensus.cc:2243] T 2925cceacab04942b88dda2988aecf21 P f895e97531e94fcc8c6f522b48ae67d0 [term 2 FOLLOWER]: Raft consensus shutting down.
I20260608 13:01:42.075417 29434 raft_consensus.cc:2272] T 2925cceacab04942b88dda2988aecf21 P f895e97531e94fcc8c6f522b48ae67d0 [term 2 FOLLOWER]: Raft consensus is shut down!
I20260608 13:01:42.077230 29434 tablet_replica.cc:333] T 17083c13d6ef4944b009234d2d076d6e P f895e97531e94fcc8c6f522b48ae67d0: stopping tablet replica
I20260608 13:01:42.077701 29434 raft_consensus.cc:2243] T 17083c13d6ef4944b009234d2d076d6e P f895e97531e94fcc8c6f522b48ae67d0 [term 1 FOLLOWER]: Raft consensus shutting down.
I20260608 13:01:42.078089 29434 raft_consensus.cc:2272] T 17083c13d6ef4944b009234d2d076d6e P f895e97531e94fcc8c6f522b48ae67d0 [term 1 FOLLOWER]: Raft consensus is shut down!
I20260608 13:01:42.112633 29434 tablet_server.cc:196] TabletServer@127.28.190.131:0 shutdown complete.
I20260608 13:01:42.138017 29434 tablet_server.cc:179] TabletServer@127.28.190.132:0 shutting down...
I20260608 13:01:42.161801 29434 ts_tablet_manager.cc:1507] Shutting down tablet manager...
I20260608 13:01:42.162761 29434 tablet_replica.cc:333] T 2925cceacab04942b88dda2988aecf21 P ecbea01b63ee400da9c114ddb7a9f9d7: stopping tablet replica
I20260608 13:01:42.163470 29434 raft_consensus.cc:2243] T 2925cceacab04942b88dda2988aecf21 P ecbea01b63ee400da9c114ddb7a9f9d7 [term 2 LEADER]: Raft consensus shutting down.
I20260608 13:01:42.164350 29434 raft_consensus.cc:2272] T 2925cceacab04942b88dda2988aecf21 P ecbea01b63ee400da9c114ddb7a9f9d7 [term 2 FOLLOWER]: Raft consensus is shut down!
I20260608 13:01:42.166882 29434 tablet_replica.cc:333] T 17083c13d6ef4944b009234d2d076d6e P ecbea01b63ee400da9c114ddb7a9f9d7: stopping tablet replica
I20260608 13:01:42.167790 29434 raft_consensus.cc:2243] T 17083c13d6ef4944b009234d2d076d6e P ecbea01b63ee400da9c114ddb7a9f9d7 [term 1 FOLLOWER]: Raft consensus shutting down.
I20260608 13:01:42.168351 29434 raft_consensus.cc:2272] T 17083c13d6ef4944b009234d2d076d6e P ecbea01b63ee400da9c114ddb7a9f9d7 [term 1 FOLLOWER]: Raft consensus is shut down!
I20260608 13:01:42.170929 29434 tablet_replica.cc:333] T bd7410b389ff45d6bde9f4ab6e365fc8 P ecbea01b63ee400da9c114ddb7a9f9d7: stopping tablet replica
I20260608 13:01:42.171466 29434 raft_consensus.cc:2243] T bd7410b389ff45d6bde9f4ab6e365fc8 P ecbea01b63ee400da9c114ddb7a9f9d7 [term 1 FOLLOWER]: Raft consensus shutting down.
I20260608 13:01:42.171950 29434 raft_consensus.cc:2272] T bd7410b389ff45d6bde9f4ab6e365fc8 P ecbea01b63ee400da9c114ddb7a9f9d7 [term 1 FOLLOWER]: Raft consensus is shut down!
I20260608 13:01:42.174110 29434 tablet_replica.cc:333] T 98ab7e54dae9453b85dfd6677259630d P ecbea01b63ee400da9c114ddb7a9f9d7: stopping tablet replica
I20260608 13:01:42.174732 29434 raft_consensus.cc:2243] T 98ab7e54dae9453b85dfd6677259630d P ecbea01b63ee400da9c114ddb7a9f9d7 [term 2 LEADER]: Raft consensus shutting down.
I20260608 13:01:42.175470 29434 raft_consensus.cc:2272] T 98ab7e54dae9453b85dfd6677259630d P ecbea01b63ee400da9c114ddb7a9f9d7 [term 2 FOLLOWER]: Raft consensus is shut down!
I20260608 13:01:42.177181 29434 tablet_replica.cc:333] T 63970b1bcd5842899e5455c9fb1a948a P ecbea01b63ee400da9c114ddb7a9f9d7: stopping tablet replica
I20260608 13:01:42.177691 29434 raft_consensus.cc:2243] T 63970b1bcd5842899e5455c9fb1a948a P ecbea01b63ee400da9c114ddb7a9f9d7 [term 2 FOLLOWER]: Raft consensus shutting down.
