I20260608 13:01:19.621618 29447 ts_tablet_manager.cc:616] Registered 0 tablets
I20260608 13:01:19.621770 29447 ts_tablet_manager.cc:595] Time spent register tablets: real 0.000s	user 0.000s	sys 0.000s
I20260608 13:01:19.662549 32658 consensus_queue.cc:1048] T 14a13dd0c22a4edaaa8a3d146910de63 P 909480cf774443108056a0d90e980d36 [LEADER]: Connected to new peer: Peer: permanent_uuid: "f595b19cc5134fa2bd4515d7f58fa287" member_type: VOTER last_known_addr { host: "127.28.193.195" port: 44921 }, Status: LMP_MISMATCH, Last received: 0.0, Next index: 1, Last known committed idx: 0, Time since last communication: 0.000s
I20260608 13:01:19.663825 29447 rpc_server.cc:307] RPC server started. Bound to: 127.28.193.196:46635
I20260608 13:01:19.663964   320 acceptor_pool.cc:272] collecting diagnostics on the listening RPC socket 127.28.193.196:46635 every 8 connection(s)
I20260608 13:01:19.665226 32658 consensus_queue.cc:1048] T 14a13dd0c22a4edaaa8a3d146910de63 P 909480cf774443108056a0d90e980d36 [LEADER]: Connected to new peer: Peer: permanent_uuid: "f7bb839510e04060ac7e92effae594fe" member_type: VOTER last_known_addr { host: "127.28.193.194" port: 39633 }, Status: LMP_MISMATCH, Last received: 0.0, Next index: 1, Last known committed idx: 0, Time since last communication: 0.000s
I20260608 13:01:19.685282 32353 catalog_manager.cc:3569] Servicing AlterTable request from {username='slave'} at 127.0.0.1:38970:
table { table_name: "range_aware_rebalance_new_range" } alter_schema_steps { type: ADD_RANGE_PARTITION add_range_partition { range_bounds { rows: "\006\001\n\000\000\000\007\001\024\000\000\000""\006\001\n\000\000\000\007\001\024\000\000\000" indirect_data: """" } } } schema { columns { name: "key" type: INT32 is_key: true is_nullable: false encoding: AUTO_ENCODING compression: DEFAULT_COMPRESSION cfile_block_size: 0 immutable: false } } modify_external_catalogs: true
I20260608 13:01:19.715282   322 heartbeater.cc:344] Connected to a master server at 127.28.193.254:35369
I20260608 13:01:19.715780   322 heartbeater.cc:461] Registering TS with master...
I20260608 13:01:19.716846   322 heartbeater.cc:507] Master 127.28.193.254:35369 requested a full tablet report, sending...
I20260608 13:01:19.719076 32351 ts_manager.cc:194] Registered new tserver with Master: 453371d5e6bd49c5818d0286b54b6f1a (127.28.193.196:46635)
W20260608 13:01:19.719779 32353 catalog_manager.cc:5956] Failed to send alter table request: Not found: failed to reset TS proxy: No leader found: Tablet e13ae8f15caa4d208f0fc31da07e00e2 has no consensus state
I20260608 13:01:19.721192 32351 master_service.cc:502] Signed X509 certificate for tserver {username='slave'} at 127.0.0.1:38974
W20260608 13:01:19.721352 32353 catalog_manager.cc:5956] Failed to send alter table request: Not found: failed to reset TS proxy: No leader found: Tablet 46c926d037d64cc1b64b5516f4d110f3 has no consensus state
W20260608 13:01:19.722623 32353 catalog_manager.cc:5956] Failed to send alter table request: Not found: failed to reset TS proxy: No leader found: Tablet f21fc9487c0246f7acf9c080a90c1d3c has no consensus state
W20260608 13:01:19.726230 32353 catalog_manager.cc:5956] Failed to send alter table request: Not found: failed to reset TS proxy: No leader found: Tablet 5dd4d1008107496bb311e1129da8f298 has no consensus state
W20260608 13:01:19.727679 32353 catalog_manager.cc:5956] Failed to send alter table request: Not found: failed to reset TS proxy: No leader found: Tablet 2b27c10d97c548429cea9357ce4cd5ca has no consensus state
W20260608 13:01:19.728962 32353 catalog_manager.cc:5956] Failed to send alter table request: Not found: failed to reset TS proxy: No leader found: Tablet 3f91475b25cc42a9833882f1a67fe463 has no consensus state
W20260608 13:01:19.730577 32353 catalog_manager.cc:5956] Failed to send alter table request: Not found: failed to reset TS proxy: No leader found: Tablet 124518a26d1a4492aa2330ef0fc65c47 has no consensus state
W20260608 13:01:19.731954 32353 catalog_manager.cc:5956] Failed to send alter table request: Not found: failed to reset TS proxy: No leader found: Tablet e1c1d447b9234efdb0ee4badccac1163 has no consensus state
W20260608 13:01:19.745378 32340 catalog_manager.cc:4809] Async tablet task AlterTable RPC for tablet 46c926d037d64cc1b64b5516f4d110f3 (table range_aware_rebalance_new_range [id=72c5f1b6872546188a1933b20395d3aa], current schema version=0) failed: Not found: failed to reset TS proxy: No leader found: Tablet 46c926d037d64cc1b64b5516f4d110f3 has no consensus state
I20260608 13:01:19.746361 32683 consensus_queue.cc:1048] T b2808ceeb03448bf9d6d5e8af7fb99c8 P f7bb839510e04060ac7e92effae594fe [LEADER]: Connected to new peer: Peer: permanent_uuid: "f595b19cc5134fa2bd4515d7f58fa287" member_type: VOTER last_known_addr { host: "127.28.193.195" port: 44921 }, Status: LMP_MISMATCH, Last received: 0.0, Next index: 1, Last known committed idx: 0, Time since last communication: 0.000s
I20260608 13:01:19.756667 32517 tablet_service.cc:1511] Processing CreateTablet for tablet e13ae8f15caa4d208f0fc31da07e00e2 (DEFAULT_TABLE table=range_aware_rebalance_new_range [id=72c5f1b6872546188a1933b20395d3aa]), partition=HASH (key) PARTITION 0, RANGE (key) PARTITION 10 <= VALUES < 20
I20260608 13:01:19.758927 32517 data_dirs.cc:400] Could only allocate 1 dirs of requested 3 for tablet e13ae8f15caa4d208f0fc31da07e00e2. 1 dirs total, 0 dirs full, 0 dirs failed
I20260608 13:01:19.764341 32678 consensus_queue.cc:1048] T b2808ceeb03448bf9d6d5e8af7fb99c8 P f7bb839510e04060ac7e92effae594fe [LEADER]: Connected to new peer: Peer: permanent_uuid: "909480cf774443108056a0d90e980d36" member_type: VOTER last_known_addr { host: "127.28.193.193" port: 34847 }, Status: LMP_MISMATCH, Last received: 0.0, Next index: 1, Last known committed idx: 0, Time since last communication: 0.001s
I20260608 13:01:19.765306 32589 tablet_service.cc:1511] Processing CreateTablet for tablet 46c926d037d64cc1b64b5516f4d110f3 (DEFAULT_TABLE table=range_aware_rebalance_new_range [id=72c5f1b6872546188a1933b20395d3aa]), partition=HASH (key) PARTITION 1, RANGE (key) PARTITION 10 <= VALUES < 20
I20260608 13:01:19.766906 32589 data_dirs.cc:400] Could only allocate 1 dirs of requested 3 for tablet 46c926d037d64cc1b64b5516f4d110f3. 1 dirs total, 0 dirs full, 0 dirs failed
I20260608 13:01:19.772269 32591 tablet_service.cc:1511] Processing CreateTablet for tablet f21fc9487c0246f7acf9c080a90c1d3c (DEFAULT_TABLE table=range_aware_rebalance_new_range [id=72c5f1b6872546188a1933b20395d3aa]), partition=HASH (key) PARTITION 2, RANGE (key) PARTITION 10 <= VALUES < 20
I20260608 13:01:19.773821 32591 data_dirs.cc:400] Could only allocate 1 dirs of requested 3 for tablet f21fc9487c0246f7acf9c080a90c1d3c. 1 dirs total, 0 dirs full, 0 dirs failed
I20260608 13:01:19.779511 32679 consensus_queue.cc:1048] T 104c75a14e7e4be99da39c8d88c5399f P f595b19cc5134fa2bd4515d7f58fa287 [LEADER]: Connected to new peer: Peer: permanent_uuid: "909480cf774443108056a0d90e980d36" member_type: VOTER last_known_addr { host: "127.28.193.193" port: 34847 }, Status: LMP_MISMATCH, Last received: 0.0, Next index: 1, Last known committed idx: 0, Time since last communication: 0.001s
I20260608 13:01:19.786338 32587 tablet_service.cc:1511] Processing CreateTablet for tablet 2b27c10d97c548429cea9357ce4cd5ca (DEFAULT_TABLE table=range_aware_rebalance_new_range [id=72c5f1b6872546188a1933b20395d3aa]), partition=HASH (key) PARTITION 4, RANGE (key) PARTITION 10 <= VALUES < 20
I20260608 13:01:19.787966 32587 data_dirs.cc:400] Could only allocate 1 dirs of requested 3 for tablet 2b27c10d97c548429cea9357ce4cd5ca. 1 dirs total, 0 dirs full, 0 dirs failed
I20260608 13:01:19.792394 32588 tablet_service.cc:1511] Processing CreateTablet for tablet 3f91475b25cc42a9833882f1a67fe463 (DEFAULT_TABLE table=range_aware_rebalance_new_range [id=72c5f1b6872546188a1933b20395d3aa]), partition=HASH (key) PARTITION 5, RANGE (key) PARTITION 10 <= VALUES < 20
I20260608 13:01:19.793937 32588 data_dirs.cc:400] Could only allocate 1 dirs of requested 3 for tablet 3f91475b25cc42a9833882f1a67fe463. 1 dirs total, 0 dirs full, 0 dirs failed
I20260608 13:01:19.803767 32592 tablet_service.cc:1511] Processing CreateTablet for tablet e1c1d447b9234efdb0ee4badccac1163 (DEFAULT_TABLE table=range_aware_rebalance_new_range [id=72c5f1b6872546188a1933b20395d3aa]), partition=HASH (key) PARTITION 7, RANGE (key) PARTITION 10 <= VALUES < 20
I20260608 13:01:19.805557 32592 data_dirs.cc:400] Could only allocate 1 dirs of requested 3 for tablet e1c1d447b9234efdb0ee4badccac1163. 1 dirs total, 0 dirs full, 0 dirs failed
I20260608 13:01:19.853220 32438 tablet_service.cc:1511] Processing CreateTablet for tablet 46c926d037d64cc1b64b5516f4d110f3 (DEFAULT_TABLE table=range_aware_rebalance_new_range [id=72c5f1b6872546188a1933b20395d3aa]), partition=HASH (key) PARTITION 1, RANGE (key) PARTITION 10 <= VALUES < 20
I20260608 13:01:19.854346 32519 tablet_service.cc:1511] Processing CreateTablet for tablet f21fc9487c0246f7acf9c080a90c1d3c (DEFAULT_TABLE table=range_aware_rebalance_new_range [id=72c5f1b6872546188a1933b20395d3aa]), partition=HASH (key) PARTITION 2, RANGE (key) PARTITION 10 <= VALUES < 20
I20260608 13:01:19.855036 32438 data_dirs.cc:400] Could only allocate 1 dirs of requested 3 for tablet 46c926d037d64cc1b64b5516f4d110f3. 1 dirs total, 0 dirs full, 0 dirs failed
I20260608 13:01:19.855756 32519 data_dirs.cc:400] Could only allocate 1 dirs of requested 3 for tablet f21fc9487c0246f7acf9c080a90c1d3c. 1 dirs total, 0 dirs full, 0 dirs failed
I20260608 13:01:19.842907 32440 tablet_service.cc:1511] Processing CreateTablet for tablet e13ae8f15caa4d208f0fc31da07e00e2 (DEFAULT_TABLE table=range_aware_rebalance_new_range [id=72c5f1b6872546188a1933b20395d3aa]), partition=HASH (key) PARTITION 0, RANGE (key) PARTITION 10 <= VALUES < 20
I20260608 13:01:19.857749 32679 consensus_queue.cc:1048] T 104c75a14e7e4be99da39c8d88c5399f P f595b19cc5134fa2bd4515d7f58fa287 [LEADER]: Connected to new peer: Peer: permanent_uuid: "f7bb839510e04060ac7e92effae594fe" member_type: VOTER last_known_addr { host: "127.28.193.194" port: 39633 }, Status: LMP_MISMATCH, Last received: 0.0, Next index: 1, Last known committed idx: 0, Time since last communication: 0.000s
I20260608 13:01:19.867192 32440 data_dirs.cc:400] Could only allocate 1 dirs of requested 3 for tablet e13ae8f15caa4d208f0fc31da07e00e2. 1 dirs total, 0 dirs full, 0 dirs failed
I20260608 13:01:19.892400 32516 tablet_service.cc:1511] Processing CreateTablet for tablet 5dd4d1008107496bb311e1129da8f298 (DEFAULT_TABLE table=range_aware_rebalance_new_range [id=72c5f1b6872546188a1933b20395d3aa]), partition=HASH (key) PARTITION 3, RANGE (key) PARTITION 10 <= VALUES < 20
I20260608 13:01:19.893926 32516 data_dirs.cc:400] Could only allocate 1 dirs of requested 3 for tablet 5dd4d1008107496bb311e1129da8f298. 1 dirs total, 0 dirs full, 0 dirs failed
I20260608 13:01:19.897089 32679 consensus_queue.cc:1048] T c3c41b12e39a4b8db65a519150f495b0 P f595b19cc5134fa2bd4515d7f58fa287 [LEADER]: Connected to new peer: Peer: permanent_uuid: "909480cf774443108056a0d90e980d36" member_type: VOTER last_known_addr { host: "127.28.193.193" port: 34847 }, Status: LMP_MISMATCH, Last received: 0.0, Next index: 1, Last known committed idx: 0, Time since last communication: 0.000s
I20260608 13:01:19.915189 32443 tablet_service.cc:1511] Processing CreateTablet for tablet 5dd4d1008107496bb311e1129da8f298 (DEFAULT_TABLE table=range_aware_rebalance_new_range [id=72c5f1b6872546188a1933b20395d3aa]), partition=HASH (key) PARTITION 3, RANGE (key) PARTITION 10 <= VALUES < 20
I20260608 13:01:19.918769 32443 data_dirs.cc:400] Could only allocate 1 dirs of requested 3 for tablet 5dd4d1008107496bb311e1129da8f298. 1 dirs total, 0 dirs full, 0 dirs failed
W20260608 13:01:19.918879 32401 auto_rebalancer.cc:259] Could not retrieve cluster info: Service unavailable: Tablet not running
I20260608 13:01:19.928915   333 consensus_queue.cc:1048] T c3c41b12e39a4b8db65a519150f495b0 P f595b19cc5134fa2bd4515d7f58fa287 [LEADER]: Connected to new peer: Peer: permanent_uuid: "f7bb839510e04060ac7e92effae594fe" member_type: VOTER last_known_addr { host: "127.28.193.194" port: 39633 }, Status: LMP_MISMATCH, Last received: 0.0, Next index: 1, Last known committed idx: 0, Time since last communication: 0.001s
I20260608 13:01:19.938591 32441 tablet_service.cc:1511] Processing CreateTablet for tablet 2b27c10d97c548429cea9357ce4cd5ca (DEFAULT_TABLE table=range_aware_rebalance_new_range [id=72c5f1b6872546188a1933b20395d3aa]), partition=HASH (key) PARTITION 4, RANGE (key) PARTITION 10 <= VALUES < 20
I20260608 13:01:19.942061 32441 data_dirs.cc:400] Could only allocate 1 dirs of requested 3 for tablet 2b27c10d97c548429cea9357ce4cd5ca. 1 dirs total, 0 dirs full, 0 dirs failed
I20260608 13:01:19.959069 32442 tablet_service.cc:1511] Processing CreateTablet for tablet 124518a26d1a4492aa2330ef0fc65c47 (DEFAULT_TABLE table=range_aware_rebalance_new_range [id=72c5f1b6872546188a1933b20395d3aa]), partition=HASH (key) PARTITION 6, RANGE (key) PARTITION 10 <= VALUES < 20
I20260608 13:01:19.962132 32445 tablet_service.cc:1511] Processing CreateTablet for tablet e1c1d447b9234efdb0ee4badccac1163 (DEFAULT_TABLE table=range_aware_rebalance_new_range [id=72c5f1b6872546188a1933b20395d3aa]), partition=HASH (key) PARTITION 7, RANGE (key) PARTITION 10 <= VALUES < 20
I20260608 13:01:19.964004 32442 data_dirs.cc:400] Could only allocate 1 dirs of requested 3 for tablet 124518a26d1a4492aa2330ef0fc65c47. 1 dirs total, 0 dirs full, 0 dirs failed
I20260608 13:01:19.967128 32445 data_dirs.cc:400] Could only allocate 1 dirs of requested 3 for tablet e1c1d447b9234efdb0ee4badccac1163. 1 dirs total, 0 dirs full, 0 dirs failed
I20260608 13:01:19.970854   332 tablet_bootstrap.cc:492] T f21fc9487c0246f7acf9c080a90c1d3c P f595b19cc5134fa2bd4515d7f58fa287: Bootstrap starting.
I20260608 13:01:19.971239 32519 tablet_service.cc:1511] Processing CreateTablet for tablet 124518a26d1a4492aa2330ef0fc65c47 (DEFAULT_TABLE table=range_aware_rebalance_new_range [id=72c5f1b6872546188a1933b20395d3aa]), partition=HASH (key) PARTITION 6, RANGE (key) PARTITION 10 <= VALUES < 20
I20260608 13:01:19.972704 32519 data_dirs.cc:400] Could only allocate 1 dirs of requested 3 for tablet 124518a26d1a4492aa2330ef0fc65c47. 1 dirs total, 0 dirs full, 0 dirs failed
I20260608 13:01:19.981812 32754 tablet_service.cc:1511] Processing CreateTablet for tablet e13ae8f15caa4d208f0fc31da07e00e2 (DEFAULT_TABLE table=range_aware_rebalance_new_range [id=72c5f1b6872546188a1933b20395d3aa]), partition=HASH (key) PARTITION 0, RANGE (key) PARTITION 10 <= VALUES < 20
I20260608 13:01:19.985461 32751 tablet_service.cc:1511] Processing CreateTablet for tablet 5dd4d1008107496bb311e1129da8f298 (DEFAULT_TABLE table=range_aware_rebalance_new_range [id=72c5f1b6872546188a1933b20395d3aa]), partition=HASH (key) PARTITION 3, RANGE (key) PARTITION 10 <= VALUES < 20
I20260608 13:01:19.989362 32752 tablet_service.cc:1511] Processing CreateTablet for tablet f21fc9487c0246f7acf9c080a90c1d3c (DEFAULT_TABLE table=range_aware_rebalance_new_range [id=72c5f1b6872546188a1933b20395d3aa]), partition=HASH (key) PARTITION 2, RANGE (key) PARTITION 10 <= VALUES < 20
I20260608 13:01:19.991768 32753 tablet_service.cc:1511] Processing CreateTablet for tablet 46c926d037d64cc1b64b5516f4d110f3 (DEFAULT_TABLE table=range_aware_rebalance_new_range [id=72c5f1b6872546188a1933b20395d3aa]), partition=HASH (key) PARTITION 1, RANGE (key) PARTITION 10 <= VALUES < 20
I20260608 13:01:19.992978 32751 data_dirs.cc:400] Could only allocate 1 dirs of requested 3 for tablet 5dd4d1008107496bb311e1129da8f298. 1 dirs total, 0 dirs full, 0 dirs failed
I20260608 13:01:20.005515   338 tablet_bootstrap.cc:492] T e13ae8f15caa4d208f0fc31da07e00e2 P 909480cf774443108056a0d90e980d36: Bootstrap starting.
I20260608 13:01:20.005074 32517 tablet_service.cc:1511] Processing CreateTablet for tablet 3f91475b25cc42a9833882f1a67fe463 (DEFAULT_TABLE table=range_aware_rebalance_new_range [id=72c5f1b6872546188a1933b20395d3aa]), partition=HASH (key) PARTITION 5, RANGE (key) PARTITION 10 <= VALUES < 20
I20260608 13:01:20.019119   332 tablet_bootstrap.cc:654] T f21fc9487c0246f7acf9c080a90c1d3c P f595b19cc5134fa2bd4515d7f58fa287: Neither blocks nor log segments found. Creating new log.
I20260608 13:01:20.005633 32750 tablet_service.cc:1511] Processing CreateTablet for tablet 2b27c10d97c548429cea9357ce4cd5ca (DEFAULT_TABLE table=range_aware_rebalance_new_range [id=72c5f1b6872546188a1933b20395d3aa]), partition=HASH (key) PARTITION 4, RANGE (key) PARTITION 10 <= VALUES < 20
I20260608 13:01:20.004388 32748 tablet_service.cc:1511] Processing CreateTablet for tablet 124518a26d1a4492aa2330ef0fc65c47 (DEFAULT_TABLE table=range_aware_rebalance_new_range [id=72c5f1b6872546188a1933b20395d3aa]), partition=HASH (key) PARTITION 6, RANGE (key) PARTITION 10 <= VALUES < 20
I20260608 13:01:20.022370 32754 data_dirs.cc:400] Could only allocate 1 dirs of requested 3 for tablet e13ae8f15caa4d208f0fc31da07e00e2. 1 dirs total, 0 dirs full, 0 dirs failed
I20260608 13:01:20.040591 32747 tablet_service.cc:1511] Processing CreateTablet for tablet e1c1d447b9234efdb0ee4badccac1163 (DEFAULT_TABLE table=range_aware_rebalance_new_range [id=72c5f1b6872546188a1933b20395d3aa]), partition=HASH (key) PARTITION 7, RANGE (key) PARTITION 10 <= VALUES < 20
I20260608 13:01:20.044701 32750 data_dirs.cc:400] Could only allocate 1 dirs of requested 3 for tablet 2b27c10d97c548429cea9357ce4cd5ca. 1 dirs total, 0 dirs full, 0 dirs failed
I20260608 13:01:20.016366 32749 tablet_service.cc:1511] Processing CreateTablet for tablet 3f91475b25cc42a9833882f1a67fe463 (DEFAULT_TABLE table=range_aware_rebalance_new_range [id=72c5f1b6872546188a1933b20395d3aa]), partition=HASH (key) PARTITION 5, RANGE (key) PARTITION 10 <= VALUES < 20
I20260608 13:01:20.043175 32517 data_dirs.cc:400] Could only allocate 1 dirs of requested 3 for tablet 3f91475b25cc42a9833882f1a67fe463. 1 dirs total, 0 dirs full, 0 dirs failed
I20260608 13:01:20.048880 32748 data_dirs.cc:400] Could only allocate 1 dirs of requested 3 for tablet 124518a26d1a4492aa2330ef0fc65c47. 1 dirs total, 0 dirs full, 0 dirs failed
I20260608 13:01:20.063419 32752 data_dirs.cc:400] Could only allocate 1 dirs of requested 3 for tablet f21fc9487c0246f7acf9c080a90c1d3c. 1 dirs total, 0 dirs full, 0 dirs failed
I20260608 13:01:20.065652 32753 data_dirs.cc:400] Could only allocate 1 dirs of requested 3 for tablet 46c926d037d64cc1b64b5516f4d110f3. 1 dirs total, 0 dirs full, 0 dirs failed
I20260608 13:01:20.067087 32747 data_dirs.cc:400] Could only allocate 1 dirs of requested 3 for tablet e1c1d447b9234efdb0ee4badccac1163. 1 dirs total, 0 dirs full, 0 dirs failed
I20260608 13:01:20.075745 32749 data_dirs.cc:400] Could only allocate 1 dirs of requested 3 for tablet 3f91475b25cc42a9833882f1a67fe463. 1 dirs total, 0 dirs full, 0 dirs failed
I20260608 13:01:20.075752   339 tablet_bootstrap.cc:492] T 5dd4d1008107496bb311e1129da8f298 P f7bb839510e04060ac7e92effae594fe: Bootstrap starting.
I20260608 13:01:20.097929   332 tablet_bootstrap.cc:492] T f21fc9487c0246f7acf9c080a90c1d3c P f595b19cc5134fa2bd4515d7f58fa287: No bootstrap required, opened a new log
I20260608 13:01:20.098570   332 ts_tablet_manager.cc:1403] T f21fc9487c0246f7acf9c080a90c1d3c P f595b19cc5134fa2bd4515d7f58fa287: Time spent bootstrapping tablet: real 0.128s	user 0.015s	sys 0.012s
I20260608 13:01:20.101696   332 raft_consensus.cc:359] T f21fc9487c0246f7acf9c080a90c1d3c P f595b19cc5134fa2bd4515d7f58fa287 [term 0 FOLLOWER]: Replica starting. Triggering 0 pending ops. Active config: opid_index: -1 OBSOLETE_local: false peers { permanent_uuid: "f7bb839510e04060ac7e92effae594fe" member_type: VOTER last_known_addr { host: "127.28.193.194" port: 39633 } } peers { permanent_uuid: "453371d5e6bd49c5818d0286b54b6f1a" member_type: VOTER last_known_addr { host: "127.28.193.196" port: 46635 } } peers { permanent_uuid: "f595b19cc5134fa2bd4515d7f58fa287" member_type: VOTER last_known_addr { host: "127.28.193.195" port: 44921 } }
I20260608 13:01:20.103286   332 raft_consensus.cc:385] T f21fc9487c0246f7acf9c080a90c1d3c P f595b19cc5134fa2bd4515d7f58fa287 [term 0 FOLLOWER]: Consensus starting up: Expiring failure detector timer to make a prompt election more likely
I20260608 13:01:20.105368   332 raft_consensus.cc:740] T f21fc9487c0246f7acf9c080a90c1d3c P f595b19cc5134fa2bd4515d7f58fa287 [term 0 FOLLOWER]: Becoming Follower/Learner. State: Replica: f595b19cc5134fa2bd4515d7f58fa287, State: Initialized, Role: FOLLOWER
I20260608 13:01:20.106333   332 consensus_queue.cc:260] T f21fc9487c0246f7acf9c080a90c1d3c P f595b19cc5134fa2bd4515d7f58fa287 [NON_LEADER]: Queue going to NON_LEADER mode. State: All replicated index: 0, Majority replicated index: 0, Committed index: 0, Last appended: 0.0, Last appended by leader: 0, Current term: 0, Majority size: -1, State: 0, Mode: NON_LEADER, active raft config: opid_index: -1 OBSOLETE_local: false peers { permanent_uuid: "f7bb839510e04060ac7e92effae594fe" member_type: VOTER last_known_addr { host: "127.28.193.194" port: 39633 } } peers { permanent_uuid: "453371d5e6bd49c5818d0286b54b6f1a" member_type: VOTER last_known_addr { host: "127.28.193.196" port: 46635 } } peers { permanent_uuid: "f595b19cc5134fa2bd4515d7f58fa287" member_type: VOTER last_known_addr { host: "127.28.193.195" port: 44921 } }
I20260608 13:01:20.110913   332 ts_tablet_manager.cc:1434] T f21fc9487c0246f7acf9c080a90c1d3c P f595b19cc5134fa2bd4515d7f58fa287: Time spent starting tablet: real 0.012s	user 0.005s	sys 0.001s
I20260608 13:01:20.112092   332 tablet_bootstrap.cc:492] T e1c1d447b9234efdb0ee4badccac1163 P f595b19cc5134fa2bd4515d7f58fa287: Bootstrap starting.
I20260608 13:01:20.116958   338 tablet_bootstrap.cc:654] T e13ae8f15caa4d208f0fc31da07e00e2 P 909480cf774443108056a0d90e980d36: Neither blocks nor log segments found. Creating new log.
I20260608 13:01:20.130002   339 tablet_bootstrap.cc:654] T 5dd4d1008107496bb311e1129da8f298 P f7bb839510e04060ac7e92effae594fe: Neither blocks nor log segments found. Creating new log.
I20260608 13:01:20.138433   332 tablet_bootstrap.cc:654] T e1c1d447b9234efdb0ee4badccac1163 P f595b19cc5134fa2bd4515d7f58fa287: Neither blocks nor log segments found. Creating new log.
I20260608 13:01:20.147966   341 tablet_bootstrap.cc:492] T 5dd4d1008107496bb311e1129da8f298 P 453371d5e6bd49c5818d0286b54b6f1a: Bootstrap starting.
I20260608 13:01:20.151988   338 tablet_bootstrap.cc:492] T e13ae8f15caa4d208f0fc31da07e00e2 P 909480cf774443108056a0d90e980d36: No bootstrap required, opened a new log
I20260608 13:01:20.152783   338 ts_tablet_manager.cc:1403] T e13ae8f15caa4d208f0fc31da07e00e2 P 909480cf774443108056a0d90e980d36: Time spent bootstrapping tablet: real 0.167s	user 0.011s	sys 0.012s
I20260608 13:01:20.156706   338 raft_consensus.cc:359] T e13ae8f15caa4d208f0fc31da07e00e2 P 909480cf774443108056a0d90e980d36 [term 0 FOLLOWER]: Replica starting. Triggering 0 pending ops. Active config: opid_index: -1 OBSOLETE_local: false peers { permanent_uuid: "f7bb839510e04060ac7e92effae594fe" member_type: VOTER last_known_addr { host: "127.28.193.194" port: 39633 } } peers { permanent_uuid: "453371d5e6bd49c5818d0286b54b6f1a" member_type: VOTER last_known_addr { host: "127.28.193.196" port: 46635 } } peers { permanent_uuid: "909480cf774443108056a0d90e980d36" member_type: VOTER last_known_addr { host: "127.28.193.193" port: 34847 } }
I20260608 13:01:20.157546   338 raft_consensus.cc:385] T e13ae8f15caa4d208f0fc31da07e00e2 P 909480cf774443108056a0d90e980d36 [term 0 FOLLOWER]: Consensus starting up: Expiring failure detector timer to make a prompt election more likely
I20260608 13:01:20.157859   338 raft_consensus.cc:740] T e13ae8f15caa4d208f0fc31da07e00e2 P 909480cf774443108056a0d90e980d36 [term 0 FOLLOWER]: Becoming Follower/Learner. State: Replica: 909480cf774443108056a0d90e980d36, State: Initialized, Role: FOLLOWER
I20260608 13:01:20.160363   338 consensus_queue.cc:260] T e13ae8f15caa4d208f0fc31da07e00e2 P 909480cf774443108056a0d90e980d36 [NON_LEADER]: Queue going to NON_LEADER mode. State: All replicated index: 0, Majority replicated index: 0, Committed index: 0, Last appended: 0.0, Last appended by leader: 0, Current term: 0, Majority size: -1, State: 0, Mode: NON_LEADER, active raft config: opid_index: -1 OBSOLETE_local: false peers { permanent_uuid: "f7bb839510e04060ac7e92effae594fe" member_type: VOTER last_known_addr { host: "127.28.193.194" port: 39633 } } peers { permanent_uuid: "453371d5e6bd49c5818d0286b54b6f1a" member_type: VOTER last_known_addr { host: "127.28.193.196" port: 46635 } } peers { permanent_uuid: "909480cf774443108056a0d90e980d36" member_type: VOTER last_known_addr { host: "127.28.193.193" port: 34847 } }
I20260608 13:01:20.161655   332 tablet_bootstrap.cc:492] T e1c1d447b9234efdb0ee4badccac1163 P f595b19cc5134fa2bd4515d7f58fa287: No bootstrap required, opened a new log
I20260608 13:01:20.161902   341 tablet_bootstrap.cc:654] T 5dd4d1008107496bb311e1129da8f298 P 453371d5e6bd49c5818d0286b54b6f1a: Neither blocks nor log segments found. Creating new log.
I20260608 13:01:20.162190   332 ts_tablet_manager.cc:1403] T e1c1d447b9234efdb0ee4badccac1163 P f595b19cc5134fa2bd4515d7f58fa287: Time spent bootstrapping tablet: real 0.050s	user 0.015s	sys 0.003s
I20260608 13:01:20.163223   339 tablet_bootstrap.cc:492] T 5dd4d1008107496bb311e1129da8f298 P f7bb839510e04060ac7e92effae594fe: No bootstrap required, opened a new log
I20260608 13:01:20.163751   339 ts_tablet_manager.cc:1403] T 5dd4d1008107496bb311e1129da8f298 P f7bb839510e04060ac7e92effae594fe: Time spent bootstrapping tablet: real 0.122s	user 0.013s	sys 0.010s
I20260608 13:01:20.165042   338 ts_tablet_manager.cc:1434] T e13ae8f15caa4d208f0fc31da07e00e2 P 909480cf774443108056a0d90e980d36: Time spent starting tablet: real 0.012s	user 0.008s	sys 0.000s
I20260608 13:01:20.166015   338 tablet_bootstrap.cc:492] T 46c926d037d64cc1b64b5516f4d110f3 P 909480cf774443108056a0d90e980d36: Bootstrap starting.
I20260608 13:01:20.168970   332 raft_consensus.cc:359] T e1c1d447b9234efdb0ee4badccac1163 P f595b19cc5134fa2bd4515d7f58fa287 [term 0 FOLLOWER]: Replica starting. Triggering 0 pending ops. Active config: opid_index: -1 OBSOLETE_local: false peers { permanent_uuid: "453371d5e6bd49c5818d0286b54b6f1a" member_type: VOTER last_known_addr { host: "127.28.193.196" port: 46635 } } peers { permanent_uuid: "f595b19cc5134fa2bd4515d7f58fa287" member_type: VOTER last_known_addr { host: "127.28.193.195" port: 44921 } } peers { permanent_uuid: "909480cf774443108056a0d90e980d36" member_type: VOTER last_known_addr { host: "127.28.193.193" port: 34847 } }
I20260608 13:01:20.169152   339 raft_consensus.cc:359] T 5dd4d1008107496bb311e1129da8f298 P f7bb839510e04060ac7e92effae594fe [term 0 FOLLOWER]: Replica starting. Triggering 0 pending ops. Active config: opid_index: -1 OBSOLETE_local: false peers { permanent_uuid: "f7bb839510e04060ac7e92effae594fe" member_type: VOTER last_known_addr { host: "127.28.193.194" port: 39633 } } peers { permanent_uuid: "453371d5e6bd49c5818d0286b54b6f1a" member_type: VOTER last_known_addr { host: "127.28.193.196" port: 46635 } } peers { permanent_uuid: "909480cf774443108056a0d90e980d36" member_type: VOTER last_known_addr { host: "127.28.193.193" port: 34847 } }
I20260608 13:01:20.169803   332 raft_consensus.cc:385] T e1c1d447b9234efdb0ee4badccac1163 P f595b19cc5134fa2bd4515d7f58fa287 [term 0 FOLLOWER]: Consensus starting up: Expiring failure detector timer to make a prompt election more likely
I20260608 13:01:20.169860   339 raft_consensus.cc:385] T 5dd4d1008107496bb311e1129da8f298 P f7bb839510e04060ac7e92effae594fe [term 0 FOLLOWER]: Consensus starting up: Expiring failure detector timer to make a prompt election more likely
I20260608 13:01:20.170372   339 raft_consensus.cc:740] T 5dd4d1008107496bb311e1129da8f298 P f7bb839510e04060ac7e92effae594fe [term 0 FOLLOWER]: Becoming Follower/Learner. State: Replica: f7bb839510e04060ac7e92effae594fe, State: Initialized, Role: FOLLOWER
I20260608 13:01:20.172726   338 tablet_bootstrap.cc:654] T 46c926d037d64cc1b64b5516f4d110f3 P 909480cf774443108056a0d90e980d36: Neither blocks nor log segments found. Creating new log.
I20260608 13:01:20.175716   332 raft_consensus.cc:740] T e1c1d447b9234efdb0ee4badccac1163 P f595b19cc5134fa2bd4515d7f58fa287 [term 0 FOLLOWER]: Becoming Follower/Learner. State: Replica: f595b19cc5134fa2bd4515d7f58fa287, State: Initialized, Role: FOLLOWER
I20260608 13:01:20.177850   332 consensus_queue.cc:260] T e1c1d447b9234efdb0ee4badccac1163 P f595b19cc5134fa2bd4515d7f58fa287 [NON_LEADER]: Queue going to NON_LEADER mode. State: All replicated index: 0, Majority replicated index: 0, Committed index: 0, Last appended: 0.0, Last appended by leader: 0, Current term: 0, Majority size: -1, State: 0, Mode: NON_LEADER, active raft config: opid_index: -1 OBSOLETE_local: false peers { permanent_uuid: "453371d5e6bd49c5818d0286b54b6f1a" member_type: VOTER last_known_addr { host: "127.28.193.196" port: 46635 } } peers { permanent_uuid: "f595b19cc5134fa2bd4515d7f58fa287" member_type: VOTER last_known_addr { host: "127.28.193.195" port: 44921 } } peers { permanent_uuid: "909480cf774443108056a0d90e980d36" member_type: VOTER last_known_addr { host: "127.28.193.193" port: 34847 } }
I20260608 13:01:20.181645   338 tablet_bootstrap.cc:492] T 46c926d037d64cc1b64b5516f4d110f3 P 909480cf774443108056a0d90e980d36: No bootstrap required, opened a new log
I20260608 13:01:20.182489   338 ts_tablet_manager.cc:1403] T 46c926d037d64cc1b64b5516f4d110f3 P 909480cf774443108056a0d90e980d36: Time spent bootstrapping tablet: real 0.017s	user 0.012s	sys 0.004s
I20260608 13:01:20.184556 32658 raft_consensus.cc:493] T e13ae8f15caa4d208f0fc31da07e00e2 P 909480cf774443108056a0d90e980d36 [term 0 FOLLOWER]: Starting pre-election (no leader contacted us within the election timeout)
I20260608 13:01:20.185076 32658 raft_consensus.cc:515] T e13ae8f15caa4d208f0fc31da07e00e2 P 909480cf774443108056a0d90e980d36 [term 0 FOLLOWER]: Starting pre-election with config: opid_index: -1 OBSOLETE_local: false peers { permanent_uuid: "f7bb839510e04060ac7e92effae594fe" member_type: VOTER last_known_addr { host: "127.28.193.194" port: 39633 } } peers { permanent_uuid: "453371d5e6bd49c5818d0286b54b6f1a" member_type: VOTER last_known_addr { host: "127.28.193.196" port: 46635 } } peers { permanent_uuid: "909480cf774443108056a0d90e980d36" member_type: VOTER last_known_addr { host: "127.28.193.193" port: 34847 } }
I20260608 13:01:20.186729   332 ts_tablet_manager.cc:1434] T e1c1d447b9234efdb0ee4badccac1163 P f595b19cc5134fa2bd4515d7f58fa287: Time spent starting tablet: real 0.024s	user 0.008s	sys 0.000s
I20260608 13:01:20.171258   339 consensus_queue.cc:260] T 5dd4d1008107496bb311e1129da8f298 P f7bb839510e04060ac7e92effae594fe [NON_LEADER]: Queue going to NON_LEADER mode. State: All replicated index: 0, Majority replicated index: 0, Committed index: 0, Last appended: 0.0, Last appended by leader: 0, Current term: 0, Majority size: -1, State: 0, Mode: NON_LEADER, active raft config: opid_index: -1 OBSOLETE_local: false peers { permanent_uuid: "f7bb839510e04060ac7e92effae594fe" member_type: VOTER last_known_addr { host: "127.28.193.194" port: 39633 } } peers { permanent_uuid: "453371d5e6bd49c5818d0286b54b6f1a" member_type: VOTER last_known_addr { host: "127.28.193.196" port: 46635 } } peers { permanent_uuid: "909480cf774443108056a0d90e980d36" member_type: VOTER last_known_addr { host: "127.28.193.193" port: 34847 } }
I20260608 13:01:20.188647   338 raft_consensus.cc:359] T 46c926d037d64cc1b64b5516f4d110f3 P 909480cf774443108056a0d90e980d36 [term 0 FOLLOWER]: Replica starting. Triggering 0 pending ops. Active config: opid_index: -1 OBSOLETE_local: false peers { permanent_uuid: "f595b19cc5134fa2bd4515d7f58fa287" member_type: VOTER last_known_addr { host: "127.28.193.195" port: 44921 } } peers { permanent_uuid: "909480cf774443108056a0d90e980d36" member_type: VOTER last_known_addr { host: "127.28.193.193" port: 34847 } } peers { permanent_uuid: "453371d5e6bd49c5818d0286b54b6f1a" member_type: VOTER last_known_addr { host: "127.28.193.196" port: 46635 } }
I20260608 13:01:20.189401   338 raft_consensus.cc:385] T 46c926d037d64cc1b64b5516f4d110f3 P 909480cf774443108056a0d90e980d36 [term 0 FOLLOWER]: Consensus starting up: Expiring failure detector timer to make a prompt election more likely
I20260608 13:01:20.189581 32530 tablet_service.cc:1917] Received RequestConsensusVote() RPC: tablet_id: "e13ae8f15caa4d208f0fc31da07e00e2" candidate_uuid: "909480cf774443108056a0d90e980d36" candidate_term: 1 candidate_status { last_received { term: 0 index: 0 } } ignore_live_leader: false dest_uuid: "f7bb839510e04060ac7e92effae594fe" is_pre_election: true
I20260608 13:01:20.189774   338 raft_consensus.cc:740] T 46c926d037d64cc1b64b5516f4d110f3 P 909480cf774443108056a0d90e980d36 [term 0 FOLLOWER]: Becoming Follower/Learner. State: Replica: 909480cf774443108056a0d90e980d36, State: Initialized, Role: FOLLOWER
I20260608 13:01:20.190825   339 ts_tablet_manager.cc:1434] T 5dd4d1008107496bb311e1129da8f298 P f7bb839510e04060ac7e92effae594fe: Time spent starting tablet: real 0.027s	user 0.003s	sys 0.005s
I20260608 13:01:20.190654   338 consensus_queue.cc:260] T 46c926d037d64cc1b64b5516f4d110f3 P 909480cf774443108056a0d90e980d36 [NON_LEADER]: Queue going to NON_LEADER mode. State: All replicated index: 0, Majority replicated index: 0, Committed index: 0, Last appended: 0.0, Last appended by leader: 0, Current term: 0, Majority size: -1, State: 0, Mode: NON_LEADER, active raft config: opid_index: -1 OBSOLETE_local: false peers { permanent_uuid: "f595b19cc5134fa2bd4515d7f58fa287" member_type: VOTER last_known_addr { host: "127.28.193.195" port: 44921 } } peers { permanent_uuid: "909480cf774443108056a0d90e980d36" member_type: VOTER last_known_addr { host: "127.28.193.193" port: 34847 } } peers { permanent_uuid: "453371d5e6bd49c5818d0286b54b6f1a" member_type: VOTER last_known_addr { host: "127.28.193.196" port: 46635 } }
I20260608 13:01:20.193107   338 ts_tablet_manager.cc:1434] T 46c926d037d64cc1b64b5516f4d110f3 P 909480cf774443108056a0d90e980d36: Time spent starting tablet: real 0.010s	user 0.007s	sys 0.000s
I20260608 13:01:20.193586   339 tablet_bootstrap.cc:492] T e13ae8f15caa4d208f0fc31da07e00e2 P f7bb839510e04060ac7e92effae594fe: Bootstrap starting.
I20260608 13:01:20.194049   338 tablet_bootstrap.cc:492] T 5dd4d1008107496bb311e1129da8f298 P 909480cf774443108056a0d90e980d36: Bootstrap starting.
I20260608 13:01:20.187793 32658 leader_election.cc:290] T e13ae8f15caa4d208f0fc31da07e00e2 P 909480cf774443108056a0d90e980d36 [CANDIDATE]: Term 1 pre-election: Requested pre-vote from peers f7bb839510e04060ac7e92effae594fe (127.28.193.194:39633), 453371d5e6bd49c5818d0286b54b6f1a (127.28.193.196:46635)
I20260608 13:01:20.204057   338 tablet_bootstrap.cc:654] T 5dd4d1008107496bb311e1129da8f298 P 909480cf774443108056a0d90e980d36: Neither blocks nor log segments found. Creating new log.
I20260608 13:01:20.206192   341 tablet_bootstrap.cc:492] T 5dd4d1008107496bb311e1129da8f298 P 453371d5e6bd49c5818d0286b54b6f1a: No bootstrap required, opened a new log
I20260608 13:01:20.207258   341 ts_tablet_manager.cc:1403] T 5dd4d1008107496bb311e1129da8f298 P 453371d5e6bd49c5818d0286b54b6f1a: Time spent bootstrapping tablet: real 0.067s	user 0.009s	sys 0.010s
I20260608 13:01:20.210826   341 raft_consensus.cc:359] T 5dd4d1008107496bb311e1129da8f298 P 453371d5e6bd49c5818d0286b54b6f1a [term 0 FOLLOWER]: Replica starting. Triggering 0 pending ops. Active config: opid_index: -1 OBSOLETE_local: false peers { permanent_uuid: "f7bb839510e04060ac7e92effae594fe" member_type: VOTER last_known_addr { host: "127.28.193.194" port: 39633 } } peers { permanent_uuid: "453371d5e6bd49c5818d0286b54b6f1a" member_type: VOTER last_known_addr { host: "127.28.193.196" port: 46635 } } peers { permanent_uuid: "909480cf774443108056a0d90e980d36" member_type: VOTER last_known_addr { host: "127.28.193.193" port: 34847 } }
I20260608 13:01:20.211671   341 raft_consensus.cc:385] T 5dd4d1008107496bb311e1129da8f298 P 453371d5e6bd49c5818d0286b54b6f1a [term 0 FOLLOWER]: Consensus starting up: Expiring failure detector timer to make a prompt election more likely
I20260608 13:01:20.212008   341 raft_consensus.cc:740] T 5dd4d1008107496bb311e1129da8f298 P 453371d5e6bd49c5818d0286b54b6f1a [term 0 FOLLOWER]: Becoming Follower/Learner. State: Replica: 453371d5e6bd49c5818d0286b54b6f1a, State: Initialized, Role: FOLLOWER
I20260608 13:01:20.211392   332 tablet_bootstrap.cc:492] T 2b27c10d97c548429cea9357ce4cd5ca P f595b19cc5134fa2bd4515d7f58fa287: Bootstrap starting.
I20260608 13:01:20.213289   339 tablet_bootstrap.cc:654] T e13ae8f15caa4d208f0fc31da07e00e2 P f7bb839510e04060ac7e92effae594fe: Neither blocks nor log segments found. Creating new log.
I20260608 13:01:20.214434   341 consensus_queue.cc:260] T 5dd4d1008107496bb311e1129da8f298 P 453371d5e6bd49c5818d0286b54b6f1a [NON_LEADER]: Queue going to NON_LEADER mode. State: All replicated index: 0, Majority replicated index: 0, Committed index: 0, Last appended: 0.0, Last appended by leader: 0, Current term: 0, Majority size: -1, State: 0, Mode: NON_LEADER, active raft config: opid_index: -1 OBSOLETE_local: false peers { permanent_uuid: "f7bb839510e04060ac7e92effae594fe" member_type: VOTER last_known_addr { host: "127.28.193.194" port: 39633 } } peers { permanent_uuid: "453371d5e6bd49c5818d0286b54b6f1a" member_type: VOTER last_known_addr { host: "127.28.193.196" port: 46635 } } peers { permanent_uuid: "909480cf774443108056a0d90e980d36" member_type: VOTER last_known_addr { host: "127.28.193.193" port: 34847 } }
I20260608 13:01:20.226958   332 tablet_bootstrap.cc:654] T 2b27c10d97c548429cea9357ce4cd5ca P f595b19cc5134fa2bd4515d7f58fa287: Neither blocks nor log segments found. Creating new log.
W20260608 13:01:20.229009 32419 leader_election.cc:343] T e13ae8f15caa4d208f0fc31da07e00e2 P 909480cf774443108056a0d90e980d36 [CANDIDATE]: Term 1 pre-election: Tablet error from VoteRequest() call to peer f7bb839510e04060ac7e92effae594fe (127.28.193.194:39633): Illegal state: must be running to vote when last-logged opid is not known
I20260608 13:01:20.235394   338 tablet_bootstrap.cc:492] T 5dd4d1008107496bb311e1129da8f298 P 909480cf774443108056a0d90e980d36: No bootstrap required, opened a new log
I20260608 13:01:20.235986   338 ts_tablet_manager.cc:1403] T 5dd4d1008107496bb311e1129da8f298 P 909480cf774443108056a0d90e980d36: Time spent bootstrapping tablet: real 0.042s	user 0.012s	sys 0.014s
I20260608 13:01:20.236536   322 heartbeater.cc:499] Master 127.28.193.254:35369 was elected leader, sending a full tablet report...
I20260608 13:01:20.236995   341 ts_tablet_manager.cc:1434] T 5dd4d1008107496bb311e1129da8f298 P 453371d5e6bd49c5818d0286b54b6f1a: Time spent starting tablet: real 0.029s	user 0.016s	sys 0.012s
I20260608 13:01:20.238030   341 tablet_bootstrap.cc:492] T 46c926d037d64cc1b64b5516f4d110f3 P 453371d5e6bd49c5818d0286b54b6f1a: Bootstrap starting.
I20260608 13:01:20.239737   338 raft_consensus.cc:359] T 5dd4d1008107496bb311e1129da8f298 P 909480cf774443108056a0d90e980d36 [term 0 FOLLOWER]: Replica starting. Triggering 0 pending ops. Active config: opid_index: -1 OBSOLETE_local: false peers { permanent_uuid: "f7bb839510e04060ac7e92effae594fe" member_type: VOTER last_known_addr { host: "127.28.193.194" port: 39633 } } peers { permanent_uuid: "453371d5e6bd49c5818d0286b54b6f1a" member_type: VOTER last_known_addr { host: "127.28.193.196" port: 46635 } } peers { permanent_uuid: "909480cf774443108056a0d90e980d36" member_type: VOTER last_known_addr { host: "127.28.193.193" port: 34847 } }
I20260608 13:01:20.240540   338 raft_consensus.cc:385] T 5dd4d1008107496bb311e1129da8f298 P 909480cf774443108056a0d90e980d36 [term 0 FOLLOWER]: Consensus starting up: Expiring failure detector timer to make a prompt election more likely
I20260608 13:01:20.240861   338 raft_consensus.cc:740] T 5dd4d1008107496bb311e1129da8f298 P 909480cf774443108056a0d90e980d36 [term 0 FOLLOWER]: Becoming Follower/Learner. State: Replica: 909480cf774443108056a0d90e980d36, State: Initialized, Role: FOLLOWER
I20260608 13:01:20.241720   338 consensus_queue.cc:260] T 5dd4d1008107496bb311e1129da8f298 P 909480cf774443108056a0d90e980d36 [NON_LEADER]: Queue going to NON_LEADER mode. State: All replicated index: 0, Majority replicated index: 0, Committed index: 0, Last appended: 0.0, Last appended by leader: 0, Current term: 0, Majority size: -1, State: 0, Mode: NON_LEADER, active raft config: opid_index: -1 OBSOLETE_local: false peers { permanent_uuid: "f7bb839510e04060ac7e92effae594fe" member_type: VOTER last_known_addr { host: "127.28.193.194" port: 39633 } } peers { permanent_uuid: "453371d5e6bd49c5818d0286b54b6f1a" member_type: VOTER last_known_addr { host: "127.28.193.196" port: 46635 } } peers { permanent_uuid: "909480cf774443108056a0d90e980d36" member_type: VOTER last_known_addr { host: "127.28.193.193" port: 34847 } }
I20260608 13:01:20.244195   338 ts_tablet_manager.cc:1434] T 5dd4d1008107496bb311e1129da8f298 P 909480cf774443108056a0d90e980d36: Time spent starting tablet: real 0.008s	user 0.003s	sys 0.001s
I20260608 13:01:20.244709   341 tablet_bootstrap.cc:654] T 46c926d037d64cc1b64b5516f4d110f3 P 453371d5e6bd49c5818d0286b54b6f1a: Neither blocks nor log segments found. Creating new log.
I20260608 13:01:20.245186   338 tablet_bootstrap.cc:492] T 2b27c10d97c548429cea9357ce4cd5ca P 909480cf774443108056a0d90e980d36: Bootstrap starting.
I20260608 13:01:20.242086 32764 tablet_service.cc:1917] Received RequestConsensusVote() RPC: tablet_id: "e13ae8f15caa4d208f0fc31da07e00e2" candidate_uuid: "909480cf774443108056a0d90e980d36" candidate_term: 1 candidate_status { last_received { term: 0 index: 0 } } ignore_live_leader: false dest_uuid: "453371d5e6bd49c5818d0286b54b6f1a" is_pre_election: true
W20260608 13:01:20.246771 32419 leader_election.cc:343] T e13ae8f15caa4d208f0fc31da07e00e2 P 909480cf774443108056a0d90e980d36 [CANDIDATE]: Term 1 pre-election: Tablet error from VoteRequest() call to peer 453371d5e6bd49c5818d0286b54b6f1a (127.28.193.196:46635): Illegal state: must be running to vote when last-logged opid is not known
I20260608 13:01:20.247221 32419 leader_election.cc:304] T e13ae8f15caa4d208f0fc31da07e00e2 P 909480cf774443108056a0d90e980d36 [CANDIDATE]: Term 1 pre-election: Election decided. Result: candidate lost. Election summary: received 3 responses out of 3 voters: 1 yes votes; 2 no votes. yes voters: 909480cf774443108056a0d90e980d36; no voters: 453371d5e6bd49c5818d0286b54b6f1a, f7bb839510e04060ac7e92effae594fe
I20260608 13:01:20.248395 32658 raft_consensus.cc:2749] T e13ae8f15caa4d208f0fc31da07e00e2 P 909480cf774443108056a0d90e980d36 [term 0 FOLLOWER]: Leader pre-election lost for term 1. Reason: could not achieve majority
I20260608 13:01:20.251348   339 tablet_bootstrap.cc:492] T e13ae8f15caa4d208f0fc31da07e00e2 P f7bb839510e04060ac7e92effae594fe: No bootstrap required, opened a new log
I20260608 13:01:20.251959   339 ts_tablet_manager.cc:1403] T e13ae8f15caa4d208f0fc31da07e00e2 P f7bb839510e04060ac7e92effae594fe: Time spent bootstrapping tablet: real 0.059s	user 0.015s	sys 0.004s
I20260608 13:01:20.257310   332 tablet_bootstrap.cc:492] T 2b27c10d97c548429cea9357ce4cd5ca P f595b19cc5134fa2bd4515d7f58fa287: No bootstrap required, opened a new log
I20260608 13:01:20.257906   332 ts_tablet_manager.cc:1403] T 2b27c10d97c548429cea9357ce4cd5ca P f595b19cc5134fa2bd4515d7f58fa287: Time spent bootstrapping tablet: real 0.047s	user 0.005s	sys 0.007s
I20260608 13:01:20.258379   339 raft_consensus.cc:359] T e13ae8f15caa4d208f0fc31da07e00e2 P f7bb839510e04060ac7e92effae594fe [term 0 FOLLOWER]: Replica starting. Triggering 0 pending ops. Active config: opid_index: -1 OBSOLETE_local: false peers { permanent_uuid: "f7bb839510e04060ac7e92effae594fe" member_type: VOTER last_known_addr { host: "127.28.193.194" port: 39633 } } peers { permanent_uuid: "453371d5e6bd49c5818d0286b54b6f1a" member_type: VOTER last_known_addr { host: "127.28.193.196" port: 46635 } } peers { permanent_uuid: "909480cf774443108056a0d90e980d36" member_type: VOTER last_known_addr { host: "127.28.193.193" port: 34847 } }
I20260608 13:01:20.259202   339 raft_consensus.cc:385] T e13ae8f15caa4d208f0fc31da07e00e2 P f7bb839510e04060ac7e92effae594fe [term 0 FOLLOWER]: Consensus starting up: Expiring failure detector timer to make a prompt election more likely
I20260608 13:01:20.259497   339 raft_consensus.cc:740] T e13ae8f15caa4d208f0fc31da07e00e2 P f7bb839510e04060ac7e92effae594fe [term 0 FOLLOWER]: Becoming Follower/Learner. State: Replica: f7bb839510e04060ac7e92effae594fe, State: Initialized, Role: FOLLOWER
I20260608 13:01:20.260368   339 consensus_queue.cc:260] T e13ae8f15caa4d208f0fc31da07e00e2 P f7bb839510e04060ac7e92effae594fe [NON_LEADER]: Queue going to NON_LEADER mode. State: All replicated index: 0, Majority replicated index: 0, Committed index: 0, Last appended: 0.0, Last appended by leader: 0, Current term: 0, Majority size: -1, State: 0, Mode: NON_LEADER, active raft config: opid_index: -1 OBSOLETE_local: false peers { permanent_uuid: "f7bb839510e04060ac7e92effae594fe" member_type: VOTER last_known_addr { host: "127.28.193.194" port: 39633 } } peers { permanent_uuid: "453371d5e6bd49c5818d0286b54b6f1a" member_type: VOTER last_known_addr { host: "127.28.193.196" port: 46635 } } peers { permanent_uuid: "909480cf774443108056a0d90e980d36" member_type: VOTER last_known_addr { host: "127.28.193.193" port: 34847 } }
I20260608 13:01:20.261235   332 raft_consensus.cc:359] T 2b27c10d97c548429cea9357ce4cd5ca P f595b19cc5134fa2bd4515d7f58fa287 [term 0 FOLLOWER]: Replica starting. Triggering 0 pending ops. Active config: opid_index: -1 OBSOLETE_local: false peers { permanent_uuid: "909480cf774443108056a0d90e980d36" member_type: VOTER last_known_addr { host: "127.28.193.193" port: 34847 } } peers { permanent_uuid: "453371d5e6bd49c5818d0286b54b6f1a" member_type: VOTER last_known_addr { host: "127.28.193.196" port: 46635 } } peers { permanent_uuid: "f595b19cc5134fa2bd4515d7f58fa287" member_type: VOTER last_known_addr { host: "127.28.193.195" port: 44921 } }
I20260608 13:01:20.261962   332 raft_consensus.cc:385] T 2b27c10d97c548429cea9357ce4cd5ca P f595b19cc5134fa2bd4515d7f58fa287 [term 0 FOLLOWER]: Consensus starting up: Expiring failure detector timer to make a prompt election more likely
I20260608 13:01:20.262408   332 raft_consensus.cc:740] T 2b27c10d97c548429cea9357ce4cd5ca P f595b19cc5134fa2bd4515d7f58fa287 [term 0 FOLLOWER]: Becoming Follower/Learner. State: Replica: f595b19cc5134fa2bd4515d7f58fa287, State: Initialized, Role: FOLLOWER
I20260608 13:01:20.263353   332 consensus_queue.cc:260] T 2b27c10d97c548429cea9357ce4cd5ca P f595b19cc5134fa2bd4515d7f58fa287 [NON_LEADER]: Queue going to NON_LEADER mode. State: All replicated index: 0, Majority replicated index: 0, Committed index: 0, Last appended: 0.0, Last appended by leader: 0, Current term: 0, Majority size: -1, State: 0, Mode: NON_LEADER, active raft config: opid_index: -1 OBSOLETE_local: false peers { permanent_uuid: "909480cf774443108056a0d90e980d36" member_type: VOTER last_known_addr { host: "127.28.193.193" port: 34847 } } peers { permanent_uuid: "453371d5e6bd49c5818d0286b54b6f1a" member_type: VOTER last_known_addr { host: "127.28.193.196" port: 46635 } } peers { permanent_uuid: "f595b19cc5134fa2bd4515d7f58fa287" member_type: VOTER last_known_addr { host: "127.28.193.195" port: 44921 } }
I20260608 13:01:20.265753   332 ts_tablet_manager.cc:1434] T 2b27c10d97c548429cea9357ce4cd5ca P f595b19cc5134fa2bd4515d7f58fa287: Time spent starting tablet: real 0.008s	user 0.007s	sys 0.000s
I20260608 13:01:20.266798   332 tablet_bootstrap.cc:492] T 46c926d037d64cc1b64b5516f4d110f3 P f595b19cc5134fa2bd4515d7f58fa287: Bootstrap starting.
I20260608 13:01:20.268636   339 ts_tablet_manager.cc:1434] T e13ae8f15caa4d208f0fc31da07e00e2 P f7bb839510e04060ac7e92effae594fe: Time spent starting tablet: real 0.016s	user 0.008s	sys 0.000s
I20260608 13:01:20.270386   338 tablet_bootstrap.cc:654] T 2b27c10d97c548429cea9357ce4cd5ca P 909480cf774443108056a0d90e980d36: Neither blocks nor log segments found. Creating new log.
I20260608 13:01:20.271623   334 raft_consensus.cc:493] T 2b27c10d97c548429cea9357ce4cd5ca P f595b19cc5134fa2bd4515d7f58fa287 [term 0 FOLLOWER]: Starting pre-election (no leader contacted us within the election timeout)
I20260608 13:01:20.272199   334 raft_consensus.cc:515] T 2b27c10d97c548429cea9357ce4cd5ca P f595b19cc5134fa2bd4515d7f58fa287 [term 0 FOLLOWER]: Starting pre-election with config: opid_index: -1 OBSOLETE_local: false peers { permanent_uuid: "909480cf774443108056a0d90e980d36" member_type: VOTER last_known_addr { host: "127.28.193.193" port: 34847 } } peers { permanent_uuid: "453371d5e6bd49c5818d0286b54b6f1a" member_type: VOTER last_known_addr { host: "127.28.193.196" port: 46635 } } peers { permanent_uuid: "f595b19cc5134fa2bd4515d7f58fa287" member_type: VOTER last_known_addr { host: "127.28.193.195" port: 44921 } }
I20260608 13:01:20.272667   341 tablet_bootstrap.cc:492] T 46c926d037d64cc1b64b5516f4d110f3 P 453371d5e6bd49c5818d0286b54b6f1a: No bootstrap required, opened a new log
I20260608 13:01:20.273192   341 ts_tablet_manager.cc:1403] T 46c926d037d64cc1b64b5516f4d110f3 P 453371d5e6bd49c5818d0286b54b6f1a: Time spent bootstrapping tablet: real 0.035s	user 0.016s	sys 0.016s
I20260608 13:01:20.274786   334 leader_election.cc:290] T 2b27c10d97c548429cea9357ce4cd5ca P f595b19cc5134fa2bd4515d7f58fa287 [CANDIDATE]: Term 1 pre-election: Requested pre-vote from peers 909480cf774443108056a0d90e980d36 (127.28.193.193:34847), 453371d5e6bd49c5818d0286b54b6f1a (127.28.193.196:46635)
I20260608 13:01:20.275770   332 tablet_bootstrap.cc:654] T 46c926d037d64cc1b64b5516f4d110f3 P f595b19cc5134fa2bd4515d7f58fa287: Neither blocks nor log segments found. Creating new log.
