I20260608 13:01:18.690274 32650 raft_consensus.cc:359] T c3c41b12e39a4b8db65a519150f495b0 P f7bb839510e04060ac7e92effae594fe [term 0 FOLLOWER]: Replica starting. Triggering 0 pending ops. Active config: opid_index: -1 OBSOLETE_local: false peers { permanent_uuid: "909480cf774443108056a0d90e980d36" member_type: VOTER last_known_addr { host: "127.28.193.193" port: 34847 } } peers { permanent_uuid: "f7bb839510e04060ac7e92effae594fe" member_type: VOTER last_known_addr { host: "127.28.193.194" port: 39633 } } peers { permanent_uuid: "f595b19cc5134fa2bd4515d7f58fa287" member_type: VOTER last_known_addr { host: "127.28.193.195" port: 44921 } }
I20260608 13:01:18.690779 32651 tablet_bootstrap.cc:654] T 8ef973915cf94df4a09955ddd25a1e89 P 909480cf774443108056a0d90e980d36: Neither blocks nor log segments found. Creating new log.
I20260608 13:01:18.691061 32650 raft_consensus.cc:385] T c3c41b12e39a4b8db65a519150f495b0 P f7bb839510e04060ac7e92effae594fe [term 0 FOLLOWER]: Consensus starting up: Expiring failure detector timer to make a prompt election more likely
I20260608 13:01:18.690982 32649 raft_consensus.cc:359] T 14a13dd0c22a4edaaa8a3d146910de63 P f595b19cc5134fa2bd4515d7f58fa287 [term 0 FOLLOWER]: Replica starting. Triggering 0 pending ops. Active config: opid_index: -1 OBSOLETE_local: false peers { permanent_uuid: "909480cf774443108056a0d90e980d36" member_type: VOTER last_known_addr { host: "127.28.193.193" port: 34847 } } peers { permanent_uuid: "f7bb839510e04060ac7e92effae594fe" member_type: VOTER last_known_addr { host: "127.28.193.194" port: 39633 } } peers { permanent_uuid: "f595b19cc5134fa2bd4515d7f58fa287" member_type: VOTER last_known_addr { host: "127.28.193.195" port: 44921 } }
I20260608 13:01:18.691512 32650 raft_consensus.cc:740] T c3c41b12e39a4b8db65a519150f495b0 P f7bb839510e04060ac7e92effae594fe [term 0 FOLLOWER]: Becoming Follower/Learner. State: Replica: f7bb839510e04060ac7e92effae594fe, State: Initialized, Role: FOLLOWER
I20260608 13:01:18.691820 32649 raft_consensus.cc:385] T 14a13dd0c22a4edaaa8a3d146910de63 P f595b19cc5134fa2bd4515d7f58fa287 [term 0 FOLLOWER]: Consensus starting up: Expiring failure detector timer to make a prompt election more likely
I20260608 13:01:18.692133 32649 raft_consensus.cc:740] T 14a13dd0c22a4edaaa8a3d146910de63 P f595b19cc5134fa2bd4515d7f58fa287 [term 0 FOLLOWER]: Becoming Follower/Learner. State: Replica: f595b19cc5134fa2bd4515d7f58fa287, State: Initialized, Role: FOLLOWER
I20260608 13:01:18.692391 32650 consensus_queue.cc:260] T c3c41b12e39a4b8db65a519150f495b0 P f7bb839510e04060ac7e92effae594fe [NON_LEADER]: Queue going to NON_LEADER mode. State: All replicated index: 0, Majority replicated index: 0, Committed index: 0, Last appended: 0.0, Last appended by leader: 0, Current term: 0, Majority size: -1, State: 0, Mode: NON_LEADER, active raft config: opid_index: -1 OBSOLETE_local: false peers { permanent_uuid: "909480cf774443108056a0d90e980d36" member_type: VOTER last_known_addr { host: "127.28.193.193" port: 34847 } } peers { permanent_uuid: "f7bb839510e04060ac7e92effae594fe" member_type: VOTER last_known_addr { host: "127.28.193.194" port: 39633 } } peers { permanent_uuid: "f595b19cc5134fa2bd4515d7f58fa287" member_type: VOTER last_known_addr { host: "127.28.193.195" port: 44921 } }
I20260608 13:01:18.693066 32649 consensus_queue.cc:260] T 14a13dd0c22a4edaaa8a3d146910de63 P f595b19cc5134fa2bd4515d7f58fa287 [NON_LEADER]: Queue going to NON_LEADER mode. State: All replicated index: 0, Majority replicated index: 0, Committed index: 0, Last appended: 0.0, Last appended by leader: 0, Current term: 0, Majority size: -1, State: 0, Mode: NON_LEADER, active raft config: opid_index: -1 OBSOLETE_local: false peers { permanent_uuid: "909480cf774443108056a0d90e980d36" member_type: VOTER last_known_addr { host: "127.28.193.193" port: 34847 } } peers { permanent_uuid: "f7bb839510e04060ac7e92effae594fe" member_type: VOTER last_known_addr { host: "127.28.193.194" port: 39633 } } peers { permanent_uuid: "f595b19cc5134fa2bd4515d7f58fa287" member_type: VOTER last_known_addr { host: "127.28.193.195" port: 44921 } }
I20260608 13:01:18.694680 32650 ts_tablet_manager.cc:1434] T c3c41b12e39a4b8db65a519150f495b0 P f7bb839510e04060ac7e92effae594fe: Time spent starting tablet: real 0.007s	user 0.008s	sys 0.000s
I20260608 13:01:18.695652 32649 ts_tablet_manager.cc:1434] T 14a13dd0c22a4edaaa8a3d146910de63 P f595b19cc5134fa2bd4515d7f58fa287: Time spent starting tablet: real 0.007s	user 0.002s	sys 0.004s
I20260608 13:01:18.695669 32650 tablet_bootstrap.cc:492] T f6724036cf834fc6b16f3125483dd59e P f7bb839510e04060ac7e92effae594fe: Bootstrap starting.
I20260608 13:01:18.696681 32649 tablet_bootstrap.cc:492] T f6724036cf834fc6b16f3125483dd59e P f595b19cc5134fa2bd4515d7f58fa287: Bootstrap starting.
I20260608 13:01:18.704892 32649 tablet_bootstrap.cc:654] T f6724036cf834fc6b16f3125483dd59e P f595b19cc5134fa2bd4515d7f58fa287: Neither blocks nor log segments found. Creating new log.
I20260608 13:01:18.706422 32653 raft_consensus.cc:493] T b7f5b073cdd94dadb1b1a79ff4917cfa P f595b19cc5134fa2bd4515d7f58fa287 [term 0 FOLLOWER]: Starting pre-election (no leader contacted us within the election timeout)
I20260608 13:01:18.707000 32653 raft_consensus.cc:515] T b7f5b073cdd94dadb1b1a79ff4917cfa P f595b19cc5134fa2bd4515d7f58fa287 [term 0 FOLLOWER]: Starting pre-election with config: opid_index: -1 OBSOLETE_local: false peers { permanent_uuid: "909480cf774443108056a0d90e980d36" member_type: VOTER last_known_addr { host: "127.28.193.193" port: 34847 } } peers { permanent_uuid: "f7bb839510e04060ac7e92effae594fe" member_type: VOTER last_known_addr { host: "127.28.193.194" port: 39633 } } peers { permanent_uuid: "f595b19cc5134fa2bd4515d7f58fa287" member_type: VOTER last_known_addr { host: "127.28.193.195" port: 44921 } }
I20260608 13:01:18.710481 32650 tablet_bootstrap.cc:654] T f6724036cf834fc6b16f3125483dd59e P f7bb839510e04060ac7e92effae594fe: Neither blocks nor log segments found. Creating new log.
I20260608 13:01:18.711098 32651 tablet_bootstrap.cc:492] T 8ef973915cf94df4a09955ddd25a1e89 P 909480cf774443108056a0d90e980d36: No bootstrap required, opened a new log
I20260608 13:01:18.711971 32653 leader_election.cc:290] T b7f5b073cdd94dadb1b1a79ff4917cfa P f595b19cc5134fa2bd4515d7f58fa287 [CANDIDATE]: Term 1 pre-election: Requested pre-vote from peers 909480cf774443108056a0d90e980d36 (127.28.193.193:34847), f7bb839510e04060ac7e92effae594fe (127.28.193.194:39633)
I20260608 13:01:18.712761 32657 raft_consensus.cc:493] T c3c41b12e39a4b8db65a519150f495b0 P f7bb839510e04060ac7e92effae594fe [term 0 FOLLOWER]: Starting pre-election (no leader contacted us within the election timeout)
I20260608 13:01:18.713332 32657 raft_consensus.cc:515] T c3c41b12e39a4b8db65a519150f495b0 P f7bb839510e04060ac7e92effae594fe [term 0 FOLLOWER]: Starting pre-election with config: opid_index: -1 OBSOLETE_local: false peers { permanent_uuid: "909480cf774443108056a0d90e980d36" member_type: VOTER last_known_addr { host: "127.28.193.193" port: 34847 } } peers { permanent_uuid: "f7bb839510e04060ac7e92effae594fe" member_type: VOTER last_known_addr { host: "127.28.193.194" port: 39633 } } peers { permanent_uuid: "f595b19cc5134fa2bd4515d7f58fa287" member_type: VOTER last_known_addr { host: "127.28.193.195" port: 44921 } }
I20260608 13:01:18.712049 32651 ts_tablet_manager.cc:1403] T 8ef973915cf94df4a09955ddd25a1e89 P 909480cf774443108056a0d90e980d36: Time spent bootstrapping tablet: real 0.047s	user 0.009s	sys 0.003s
I20260608 13:01:18.721500 32651 raft_consensus.cc:359] T 8ef973915cf94df4a09955ddd25a1e89 P 909480cf774443108056a0d90e980d36 [term 0 FOLLOWER]: Replica starting. Triggering 0 pending ops. Active config: opid_index: -1 OBSOLETE_local: false peers { permanent_uuid: "f7bb839510e04060ac7e92effae594fe" member_type: VOTER last_known_addr { host: "127.28.193.194" port: 39633 } } peers { permanent_uuid: "909480cf774443108056a0d90e980d36" member_type: VOTER last_known_addr { host: "127.28.193.193" port: 34847 } } peers { permanent_uuid: "f595b19cc5134fa2bd4515d7f58fa287" member_type: VOTER last_known_addr { host: "127.28.193.195" port: 44921 } }
I20260608 13:01:18.722241 32651 raft_consensus.cc:385] T 8ef973915cf94df4a09955ddd25a1e89 P 909480cf774443108056a0d90e980d36 [term 0 FOLLOWER]: Consensus starting up: Expiring failure detector timer to make a prompt election more likely
I20260608 13:01:18.722534 32651 raft_consensus.cc:740] T 8ef973915cf94df4a09955ddd25a1e89 P 909480cf774443108056a0d90e980d36 [term 0 FOLLOWER]: Becoming Follower/Learner. State: Replica: 909480cf774443108056a0d90e980d36, State: Initialized, Role: FOLLOWER
I20260608 13:01:18.725067 32657 leader_election.cc:290] T c3c41b12e39a4b8db65a519150f495b0 P f7bb839510e04060ac7e92effae594fe [CANDIDATE]: Term 1 pre-election: Requested pre-vote from peers 909480cf774443108056a0d90e980d36 (127.28.193.193:34847), f595b19cc5134fa2bd4515d7f58fa287 (127.28.193.195:44921)
I20260608 13:01:18.727787 32651 consensus_queue.cc:260] T 8ef973915cf94df4a09955ddd25a1e89 P 909480cf774443108056a0d90e980d36 [NON_LEADER]: Queue going to NON_LEADER mode. State: All replicated index: 0, Majority replicated index: 0, Committed index: 0, Last appended: 0.0, Last appended by leader: 0, Current term: 0, Majority size: -1, State: 0, Mode: NON_LEADER, active raft config: opid_index: -1 OBSOLETE_local: false peers { permanent_uuid: "f7bb839510e04060ac7e92effae594fe" member_type: VOTER last_known_addr { host: "127.28.193.194" port: 39633 } } peers { permanent_uuid: "909480cf774443108056a0d90e980d36" member_type: VOTER last_known_addr { host: "127.28.193.193" port: 34847 } } peers { permanent_uuid: "f595b19cc5134fa2bd4515d7f58fa287" member_type: VOTER last_known_addr { host: "127.28.193.195" port: 44921 } }
I20260608 13:01:18.738168 32658 raft_consensus.cc:493] T 8ef973915cf94df4a09955ddd25a1e89 P 909480cf774443108056a0d90e980d36 [term 0 FOLLOWER]: Starting pre-election (no leader contacted us within the election timeout)
I20260608 13:01:18.738857 32658 raft_consensus.cc:515] T 8ef973915cf94df4a09955ddd25a1e89 P 909480cf774443108056a0d90e980d36 [term 0 FOLLOWER]: Starting pre-election with config: opid_index: -1 OBSOLETE_local: false peers { permanent_uuid: "f7bb839510e04060ac7e92effae594fe" member_type: VOTER last_known_addr { host: "127.28.193.194" port: 39633 } } peers { permanent_uuid: "909480cf774443108056a0d90e980d36" member_type: VOTER last_known_addr { host: "127.28.193.193" port: 34847 } } peers { permanent_uuid: "f595b19cc5134fa2bd4515d7f58fa287" member_type: VOTER last_known_addr { host: "127.28.193.195" port: 44921 } }
I20260608 13:01:18.743415 32658 leader_election.cc:290] T 8ef973915cf94df4a09955ddd25a1e89 P 909480cf774443108056a0d90e980d36 [CANDIDATE]: Term 1 pre-election: Requested pre-vote from peers f7bb839510e04060ac7e92effae594fe (127.28.193.194:39633), f595b19cc5134fa2bd4515d7f58fa287 (127.28.193.195:44921)
I20260608 13:01:18.747493 32658 raft_consensus.cc:493] T b2808ceeb03448bf9d6d5e8af7fb99c8 P 909480cf774443108056a0d90e980d36 [term 0 FOLLOWER]: Starting pre-election (no leader contacted us within the election timeout)
I20260608 13:01:18.747996 32658 raft_consensus.cc:515] T b2808ceeb03448bf9d6d5e8af7fb99c8 P 909480cf774443108056a0d90e980d36 [term 0 FOLLOWER]: Starting pre-election with config: opid_index: -1 OBSOLETE_local: false peers { permanent_uuid: "909480cf774443108056a0d90e980d36" member_type: VOTER last_known_addr { host: "127.28.193.193" port: 34847 } } peers { permanent_uuid: "f7bb839510e04060ac7e92effae594fe" member_type: VOTER last_known_addr { host: "127.28.193.194" port: 39633 } } peers { permanent_uuid: "f595b19cc5134fa2bd4515d7f58fa287" member_type: VOTER last_known_addr { host: "127.28.193.195" port: 44921 } }
I20260608 13:01:18.750281 32658 leader_election.cc:290] T b2808ceeb03448bf9d6d5e8af7fb99c8 P 909480cf774443108056a0d90e980d36 [CANDIDATE]: Term 1 pre-election: Requested pre-vote from peers f7bb839510e04060ac7e92effae594fe (127.28.193.194:39633), f595b19cc5134fa2bd4515d7f58fa287 (127.28.193.195:44921)
I20260608 13:01:18.753978 32455 tablet_service.cc:1917] Received RequestConsensusVote() RPC: tablet_id: "b7f5b073cdd94dadb1b1a79ff4917cfa" candidate_uuid: "f595b19cc5134fa2bd4515d7f58fa287" candidate_term: 1 candidate_status { last_received { term: 0 index: 0 } } ignore_live_leader: false dest_uuid: "909480cf774443108056a0d90e980d36" is_pre_election: true
I20260608 13:01:18.754305 32651 ts_tablet_manager.cc:1434] T 8ef973915cf94df4a09955ddd25a1e89 P 909480cf774443108056a0d90e980d36: Time spent starting tablet: real 0.036s	user 0.006s	sys 0.000s
W20260608 13:01:18.755961 32568 leader_election.cc:343] T b7f5b073cdd94dadb1b1a79ff4917cfa P f595b19cc5134fa2bd4515d7f58fa287 [CANDIDATE]: Term 1 pre-election: Tablet error from VoteRequest() call to peer 909480cf774443108056a0d90e980d36 (127.28.193.193:34847): Illegal state: must be running to vote when last-logged opid is not known
I20260608 13:01:18.761974 32651 tablet_bootstrap.cc:492] T b7f5b073cdd94dadb1b1a79ff4917cfa P 909480cf774443108056a0d90e980d36: Bootstrap starting.
I20260608 13:01:18.799453 32530 tablet_service.cc:1917] Received RequestConsensusVote() RPC: tablet_id: "b7f5b073cdd94dadb1b1a79ff4917cfa" candidate_uuid: "f595b19cc5134fa2bd4515d7f58fa287" candidate_term: 1 candidate_status { last_received { term: 0 index: 0 } } ignore_live_leader: false dest_uuid: "f7bb839510e04060ac7e92effae594fe" is_pre_election: true
W20260608 13:01:18.802845 32568 leader_election.cc:343] T b7f5b073cdd94dadb1b1a79ff4917cfa P f595b19cc5134fa2bd4515d7f58fa287 [CANDIDATE]: Term 1 pre-election: Tablet error from VoteRequest() call to peer f7bb839510e04060ac7e92effae594fe (127.28.193.194:39633): Illegal state: must be running to vote when last-logged opid is not known
I20260608 13:01:18.803844 32568 leader_election.cc:304] T b7f5b073cdd94dadb1b1a79ff4917cfa P f595b19cc5134fa2bd4515d7f58fa287 [CANDIDATE]: Term 1 pre-election: Election decided. Result: candidate lost. Election summary: received 3 responses out of 3 voters: 1 yes votes; 2 no votes. yes voters: f595b19cc5134fa2bd4515d7f58fa287; no voters: 909480cf774443108056a0d90e980d36, f7bb839510e04060ac7e92effae594fe
I20260608 13:01:18.810340 32653 raft_consensus.cc:2749] T b7f5b073cdd94dadb1b1a79ff4917cfa P f595b19cc5134fa2bd4515d7f58fa287 [term 0 FOLLOWER]: Leader pre-election lost for term 1. Reason: could not achieve majority
I20260608 13:01:18.812286 32658 raft_consensus.cc:493] T f6724036cf834fc6b16f3125483dd59e P 909480cf774443108056a0d90e980d36 [term 0 FOLLOWER]: Starting pre-election (no leader contacted us within the election timeout)
I20260608 13:01:18.813239 32658 raft_consensus.cc:515] T f6724036cf834fc6b16f3125483dd59e P 909480cf774443108056a0d90e980d36 [term 0 FOLLOWER]: Starting pre-election with config: opid_index: -1 OBSOLETE_local: false peers { permanent_uuid: "909480cf774443108056a0d90e980d36" member_type: VOTER last_known_addr { host: "127.28.193.193" port: 34847 } } peers { permanent_uuid: "f7bb839510e04060ac7e92effae594fe" member_type: VOTER last_known_addr { host: "127.28.193.194" port: 39633 } } peers { permanent_uuid: "f595b19cc5134fa2bd4515d7f58fa287" member_type: VOTER last_known_addr { host: "127.28.193.195" port: 44921 } }
I20260608 13:01:18.816795 32658 leader_election.cc:290] T f6724036cf834fc6b16f3125483dd59e P 909480cf774443108056a0d90e980d36 [CANDIDATE]: Term 1 pre-election: Requested pre-vote from peers f7bb839510e04060ac7e92effae594fe (127.28.193.194:39633), f595b19cc5134fa2bd4515d7f58fa287 (127.28.193.195:44921)
I20260608 13:01:18.817644 32651 tablet_bootstrap.cc:654] T b7f5b073cdd94dadb1b1a79ff4917cfa P 909480cf774443108056a0d90e980d36: Neither blocks nor log segments found. Creating new log.
I20260608 13:01:18.820698 32657 raft_consensus.cc:493] T 104c75a14e7e4be99da39c8d88c5399f P f7bb839510e04060ac7e92effae594fe [term 0 FOLLOWER]: Starting pre-election (no leader contacted us within the election timeout)
I20260608 13:01:18.821708 32657 raft_consensus.cc:515] T 104c75a14e7e4be99da39c8d88c5399f P f7bb839510e04060ac7e92effae594fe [term 0 FOLLOWER]: Starting pre-election with config: opid_index: -1 OBSOLETE_local: false peers { permanent_uuid: "909480cf774443108056a0d90e980d36" member_type: VOTER last_known_addr { host: "127.28.193.193" port: 34847 } } peers { permanent_uuid: "f7bb839510e04060ac7e92effae594fe" member_type: VOTER last_known_addr { host: "127.28.193.194" port: 39633 } } peers { permanent_uuid: "f595b19cc5134fa2bd4515d7f58fa287" member_type: VOTER last_known_addr { host: "127.28.193.195" port: 44921 } }
I20260608 13:01:18.830400 32650 tablet_bootstrap.cc:492] T f6724036cf834fc6b16f3125483dd59e P f7bb839510e04060ac7e92effae594fe: No bootstrap required, opened a new log
I20260608 13:01:18.832042 32455 tablet_service.cc:1917] Received RequestConsensusVote() RPC: tablet_id: "c3c41b12e39a4b8db65a519150f495b0" candidate_uuid: "f7bb839510e04060ac7e92effae594fe" candidate_term: 1 candidate_status { last_received { term: 0 index: 0 } } ignore_live_leader: false dest_uuid: "909480cf774443108056a0d90e980d36" is_pre_election: true
I20260608 13:01:18.834072 32650 ts_tablet_manager.cc:1403] T f6724036cf834fc6b16f3125483dd59e P f7bb839510e04060ac7e92effae594fe: Time spent bootstrapping tablet: real 0.139s	user 0.025s	sys 0.044s
W20260608 13:01:18.834400 32494 leader_election.cc:343] T c3c41b12e39a4b8db65a519150f495b0 P f7bb839510e04060ac7e92effae594fe [CANDIDATE]: Term 1 pre-election: Tablet error from VoteRequest() call to peer 909480cf774443108056a0d90e980d36 (127.28.193.193:34847): Illegal state: must be running to vote when last-logged opid is not known
I20260608 13:01:18.838203 32657 leader_election.cc:290] T 104c75a14e7e4be99da39c8d88c5399f P f7bb839510e04060ac7e92effae594fe [CANDIDATE]: Term 1 pre-election: Requested pre-vote from peers 909480cf774443108056a0d90e980d36 (127.28.193.193:34847), f595b19cc5134fa2bd4515d7f58fa287 (127.28.193.195:44921)
I20260608 13:01:18.839504 32650 raft_consensus.cc:359] T f6724036cf834fc6b16f3125483dd59e P f7bb839510e04060ac7e92effae594fe [term 0 FOLLOWER]: Replica starting. Triggering 0 pending ops. Active config: opid_index: -1 OBSOLETE_local: false peers { permanent_uuid: "909480cf774443108056a0d90e980d36" member_type: VOTER last_known_addr { host: "127.28.193.193" port: 34847 } } peers { permanent_uuid: "f7bb839510e04060ac7e92effae594fe" member_type: VOTER last_known_addr { host: "127.28.193.194" port: 39633 } } peers { permanent_uuid: "f595b19cc5134fa2bd4515d7f58fa287" member_type: VOTER last_known_addr { host: "127.28.193.195" port: 44921 } }
I20260608 13:01:18.840422 32650 raft_consensus.cc:385] T f6724036cf834fc6b16f3125483dd59e P f7bb839510e04060ac7e92effae594fe [term 0 FOLLOWER]: Consensus starting up: Expiring failure detector timer to make a prompt election more likely
I20260608 13:01:18.840750 32650 raft_consensus.cc:740] T f6724036cf834fc6b16f3125483dd59e P f7bb839510e04060ac7e92effae594fe [term 0 FOLLOWER]: Becoming Follower/Learner. State: Replica: f7bb839510e04060ac7e92effae594fe, State: Initialized, Role: FOLLOWER
I20260608 13:01:18.843353 32455 tablet_service.cc:1917] Received RequestConsensusVote() RPC: tablet_id: "104c75a14e7e4be99da39c8d88c5399f" candidate_uuid: "f7bb839510e04060ac7e92effae594fe" candidate_term: 1 candidate_status { last_received { term: 0 index: 0 } } ignore_live_leader: false dest_uuid: "909480cf774443108056a0d90e980d36" is_pre_election: true
I20260608 13:01:18.843619 32650 consensus_queue.cc:260] T f6724036cf834fc6b16f3125483dd59e P f7bb839510e04060ac7e92effae594fe [NON_LEADER]: Queue going to NON_LEADER mode. State: All replicated index: 0, Majority replicated index: 0, Committed index: 0, Last appended: 0.0, Last appended by leader: 0, Current term: 0, Majority size: -1, State: 0, Mode: NON_LEADER, active raft config: opid_index: -1 OBSOLETE_local: false peers { permanent_uuid: "909480cf774443108056a0d90e980d36" member_type: VOTER last_known_addr { host: "127.28.193.193" port: 34847 } } peers { permanent_uuid: "f7bb839510e04060ac7e92effae594fe" member_type: VOTER last_known_addr { host: "127.28.193.194" port: 39633 } } peers { permanent_uuid: "f595b19cc5134fa2bd4515d7f58fa287" member_type: VOTER last_known_addr { host: "127.28.193.195" port: 44921 } }
W20260608 13:01:18.845265 32494 leader_election.cc:343] T 104c75a14e7e4be99da39c8d88c5399f P f7bb839510e04060ac7e92effae594fe [CANDIDATE]: Term 1 pre-election: Tablet error from VoteRequest() call to peer 909480cf774443108056a0d90e980d36 (127.28.193.193:34847): Illegal state: must be running to vote when last-logged opid is not known
I20260608 13:01:18.847015 32650 ts_tablet_manager.cc:1434] T f6724036cf834fc6b16f3125483dd59e P f7bb839510e04060ac7e92effae594fe: Time spent starting tablet: real 0.012s	user 0.009s	sys 0.000s
I20260608 13:01:18.853585 32650 tablet_bootstrap.cc:492] T b2808ceeb03448bf9d6d5e8af7fb99c8 P f7bb839510e04060ac7e92effae594fe: Bootstrap starting.
I20260608 13:01:18.866546 32657 raft_consensus.cc:493] T f6724036cf834fc6b16f3125483dd59e P f7bb839510e04060ac7e92effae594fe [term 0 FOLLOWER]: Starting pre-election (no leader contacted us within the election timeout)
I20260608 13:01:18.867831 32650 tablet_bootstrap.cc:654] T b2808ceeb03448bf9d6d5e8af7fb99c8 P f7bb839510e04060ac7e92effae594fe: Neither blocks nor log segments found. Creating new log.
I20260608 13:01:18.867211 32657 raft_consensus.cc:515] T f6724036cf834fc6b16f3125483dd59e P f7bb839510e04060ac7e92effae594fe [term 0 FOLLOWER]: Starting pre-election with config: opid_index: -1 OBSOLETE_local: false peers { permanent_uuid: "909480cf774443108056a0d90e980d36" member_type: VOTER last_known_addr { host: "127.28.193.193" port: 34847 } } peers { permanent_uuid: "f7bb839510e04060ac7e92effae594fe" member_type: VOTER last_known_addr { host: "127.28.193.194" port: 39633 } } peers { permanent_uuid: "f595b19cc5134fa2bd4515d7f58fa287" member_type: VOTER last_known_addr { host: "127.28.193.195" port: 44921 } }
I20260608 13:01:18.875193 32653 raft_consensus.cc:493] T 14a13dd0c22a4edaaa8a3d146910de63 P f595b19cc5134fa2bd4515d7f58fa287 [term 0 FOLLOWER]: Starting pre-election (no leader contacted us within the election timeout)
I20260608 13:01:18.876965 32653 raft_consensus.cc:515] T 14a13dd0c22a4edaaa8a3d146910de63 P f595b19cc5134fa2bd4515d7f58fa287 [term 0 FOLLOWER]: Starting pre-election with config: opid_index: -1 OBSOLETE_local: false peers { permanent_uuid: "909480cf774443108056a0d90e980d36" member_type: VOTER last_known_addr { host: "127.28.193.193" port: 34847 } } peers { permanent_uuid: "f7bb839510e04060ac7e92effae594fe" member_type: VOTER last_known_addr { host: "127.28.193.194" port: 39633 } } peers { permanent_uuid: "f595b19cc5134fa2bd4515d7f58fa287" member_type: VOTER last_known_addr { host: "127.28.193.195" port: 44921 } }
I20260608 13:01:18.883772 32604 tablet_service.cc:1917] Received RequestConsensusVote() RPC: tablet_id: "8ef973915cf94df4a09955ddd25a1e89" candidate_uuid: "909480cf774443108056a0d90e980d36" candidate_term: 1 candidate_status { last_received { term: 0 index: 0 } } ignore_live_leader: false dest_uuid: "f595b19cc5134fa2bd4515d7f58fa287" is_pre_election: true
I20260608 13:01:18.884739 32604 raft_consensus.cc:2468] T 8ef973915cf94df4a09955ddd25a1e89 P f595b19cc5134fa2bd4515d7f58fa287 [term 0 FOLLOWER]: Leader pre-election vote request: Granting yes vote for candidate 909480cf774443108056a0d90e980d36 in term 0.
I20260608 13:01:18.885099 32657 leader_election.cc:290] T f6724036cf834fc6b16f3125483dd59e P f7bb839510e04060ac7e92effae594fe [CANDIDATE]: Term 1 pre-election: Requested pre-vote from peers 909480cf774443108056a0d90e980d36 (127.28.193.193:34847), f595b19cc5134fa2bd4515d7f58fa287 (127.28.193.195:44921)
I20260608 13:01:18.886560 32455 tablet_service.cc:1917] Received RequestConsensusVote() RPC: tablet_id: "f6724036cf834fc6b16f3125483dd59e" candidate_uuid: "f7bb839510e04060ac7e92effae594fe" candidate_term: 1 candidate_status { last_received { term: 0 index: 0 } } ignore_live_leader: false dest_uuid: "909480cf774443108056a0d90e980d36" is_pre_election: true
I20260608 13:01:18.887200 32528 tablet_service.cc:1917] Received RequestConsensusVote() RPC: tablet_id: "f6724036cf834fc6b16f3125483dd59e" candidate_uuid: "909480cf774443108056a0d90e980d36" candidate_term: 1 candidate_status { last_received { term: 0 index: 0 } } ignore_live_leader: false dest_uuid: "f7bb839510e04060ac7e92effae594fe" is_pre_election: true
I20260608 13:01:18.887281 32455 raft_consensus.cc:2468] T f6724036cf834fc6b16f3125483dd59e P 909480cf774443108056a0d90e980d36 [term 0 FOLLOWER]: Leader pre-election vote request: Granting yes vote for candidate f7bb839510e04060ac7e92effae594fe in term 0.
I20260608 13:01:18.888041 32528 raft_consensus.cc:2468] T f6724036cf834fc6b16f3125483dd59e P f7bb839510e04060ac7e92effae594fe [term 0 FOLLOWER]: Leader pre-election vote request: Granting yes vote for candidate 909480cf774443108056a0d90e980d36 in term 0.
I20260608 13:01:18.887710 32530 tablet_service.cc:1917] Received RequestConsensusVote() RPC: tablet_id: "8ef973915cf94df4a09955ddd25a1e89" candidate_uuid: "909480cf774443108056a0d90e980d36" candidate_term: 1 candidate_status { last_received { term: 0 index: 0 } } ignore_live_leader: false dest_uuid: "f7bb839510e04060ac7e92effae594fe" is_pre_election: true
I20260608 13:01:18.884202 32603 tablet_service.cc:1917] Received RequestConsensusVote() RPC: tablet_id: "b2808ceeb03448bf9d6d5e8af7fb99c8" candidate_uuid: "909480cf774443108056a0d90e980d36" candidate_term: 1 candidate_status { last_received { term: 0 index: 0 } } ignore_live_leader: false dest_uuid: "f595b19cc5134fa2bd4515d7f58fa287" is_pre_election: true
I20260608 13:01:18.887370 32529 tablet_service.cc:1917] Received RequestConsensusVote() RPC: tablet_id: "b2808ceeb03448bf9d6d5e8af7fb99c8" candidate_uuid: "909480cf774443108056a0d90e980d36" candidate_term: 1 candidate_status { last_received { term: 0 index: 0 } } ignore_live_leader: false dest_uuid: "f7bb839510e04060ac7e92effae594fe" is_pre_election: true
I20260608 13:01:18.888115 32454 tablet_service.cc:1917] Received RequestConsensusVote() RPC: tablet_id: "14a13dd0c22a4edaaa8a3d146910de63" candidate_uuid: "f595b19cc5134fa2bd4515d7f58fa287" candidate_term: 1 candidate_status { last_received { term: 0 index: 0 } } ignore_live_leader: false dest_uuid: "909480cf774443108056a0d90e980d36" is_pre_election: true
I20260608 13:01:18.894556 32494 leader_election.cc:304] T f6724036cf834fc6b16f3125483dd59e P f7bb839510e04060ac7e92effae594fe [CANDIDATE]: Term 1 pre-election: Election decided. Result: candidate won. Election summary: received 2 responses out of 3 voters: 2 yes votes; 0 no votes. yes voters: 909480cf774443108056a0d90e980d36, f7bb839510e04060ac7e92effae594fe; no voters: 
I20260608 13:01:18.894789 32649 tablet_bootstrap.cc:492] T f6724036cf834fc6b16f3125483dd59e P f595b19cc5134fa2bd4515d7f58fa287: No bootstrap required, opened a new log
I20260608 13:01:18.897189 32601 tablet_service.cc:1917] Received RequestConsensusVote() RPC: tablet_id: "c3c41b12e39a4b8db65a519150f495b0" candidate_uuid: "f7bb839510e04060ac7e92effae594fe" candidate_term: 1 candidate_status { last_received { term: 0 index: 0 } } ignore_live_leader: false dest_uuid: "f595b19cc5134fa2bd4515d7f58fa287" is_pre_election: true
I20260608 13:01:18.898020 32419 leader_election.cc:304] T f6724036cf834fc6b16f3125483dd59e P 909480cf774443108056a0d90e980d36 [CANDIDATE]: Term 1 pre-election: Election decided. Result: candidate won. Election summary: received 2 responses out of 3 voters: 2 yes votes; 0 no votes. yes voters: 909480cf774443108056a0d90e980d36, f7bb839510e04060ac7e92effae594fe; no voters: 
I20260608 13:01:18.894704 32602 tablet_service.cc:1917] Received RequestConsensusVote() RPC: tablet_id: "f6724036cf834fc6b16f3125483dd59e" candidate_uuid: "909480cf774443108056a0d90e980d36" candidate_term: 1 candidate_status { last_received { term: 0 index: 0 } } ignore_live_leader: false dest_uuid: "f595b19cc5134fa2bd4515d7f58fa287" is_pre_election: true
I20260608 13:01:18.899199 32658 raft_consensus.cc:2804] T f6724036cf834fc6b16f3125483dd59e P 909480cf774443108056a0d90e980d36 [term 0 FOLLOWER]: Leader pre-election won for term 1
I20260608 13:01:18.899281 32657 raft_consensus.cc:2804] T f6724036cf834fc6b16f3125483dd59e P f7bb839510e04060ac7e92effae594fe [term 0 FOLLOWER]: Leader pre-election won for term 1
I20260608 13:01:18.899808 32657 raft_consensus.cc:493] T f6724036cf834fc6b16f3125483dd59e P f7bb839510e04060ac7e92effae594fe [term 0 FOLLOWER]: Starting leader election (no leader contacted us within the election timeout)
I20260608 13:01:18.900588 32658 raft_consensus.cc:493] T f6724036cf834fc6b16f3125483dd59e P 909480cf774443108056a0d90e980d36 [term 0 FOLLOWER]: Starting leader election (no leader contacted us within the election timeout)
I20260608 13:01:18.900247 32657 raft_consensus.cc:3060] T f6724036cf834fc6b16f3125483dd59e P f7bb839510e04060ac7e92effae594fe [term 0 FOLLOWER]: Advancing to term 1
W20260608 13:01:18.901175 32568 leader_election.cc:343] T 14a13dd0c22a4edaaa8a3d146910de63 P f595b19cc5134fa2bd4515d7f58fa287 [CANDIDATE]: Term 1 pre-election: Tablet error from VoteRequest() call to peer 909480cf774443108056a0d90e980d36 (127.28.193.193:34847): Illegal state: must be running to vote when last-logged opid is not known
I20260608 13:01:18.902549 32658 raft_consensus.cc:3060] T f6724036cf834fc6b16f3125483dd59e P 909480cf774443108056a0d90e980d36 [term 0 FOLLOWER]: Advancing to term 1
I20260608 13:01:18.908943 32679 raft_consensus.cc:493] T 8ef973915cf94df4a09955ddd25a1e89 P f595b19cc5134fa2bd4515d7f58fa287 [term 0 FOLLOWER]: Starting pre-election (no leader contacted us within the election timeout)
I20260608 13:01:18.909152 32678 raft_consensus.cc:493] T 1e39db9589834ab481ee55bdb62268ec P f7bb839510e04060ac7e92effae594fe [term 0 FOLLOWER]: Starting pre-election (no leader contacted us within the election timeout)
I20260608 13:01:18.909648 32679 raft_consensus.cc:515] T 8ef973915cf94df4a09955ddd25a1e89 P f595b19cc5134fa2bd4515d7f58fa287 [term 0 FOLLOWER]: Starting pre-election with config: opid_index: -1 OBSOLETE_local: false peers { permanent_uuid: "f7bb839510e04060ac7e92effae594fe" member_type: VOTER last_known_addr { host: "127.28.193.194" port: 39633 } } peers { permanent_uuid: "909480cf774443108056a0d90e980d36" member_type: VOTER last_known_addr { host: "127.28.193.193" port: 34847 } } peers { permanent_uuid: "f595b19cc5134fa2bd4515d7f58fa287" member_type: VOTER last_known_addr { host: "127.28.193.195" port: 44921 } }
W20260608 13:01:18.911343 32401 auto_rebalancer.cc:259] Could not retrieve cluster info: Service unavailable: Tablet not running
I20260608 13:01:18.911516 32528 tablet_service.cc:1917] Received RequestConsensusVote() RPC: tablet_id: "14a13dd0c22a4edaaa8a3d146910de63" candidate_uuid: "f595b19cc5134fa2bd4515d7f58fa287" candidate_term: 1 candidate_status { last_received { term: 0 index: 0 } } ignore_live_leader: false dest_uuid: "f7bb839510e04060ac7e92effae594fe" is_pre_election: true
I20260608 13:01:18.912107 32420 leader_election.cc:304] T 8ef973915cf94df4a09955ddd25a1e89 P 909480cf774443108056a0d90e980d36 [CANDIDATE]: Term 1 pre-election: Election decided. Result: candidate won. Election summary: received 2 responses out of 3 voters: 2 yes votes; 0 no votes. yes voters: 909480cf774443108056a0d90e980d36, f595b19cc5134fa2bd4515d7f58fa287; no voters: 
I20260608 13:01:18.913230 32406 auto_leader_rebalancer.cc:140] leader rebalance for table range_aware_rebalance_new_range
W20260608 13:01:18.913511 32568 leader_election.cc:343] T 14a13dd0c22a4edaaa8a3d146910de63 P f595b19cc5134fa2bd4515d7f58fa287 [CANDIDATE]: Term 1 pre-election: Tablet error from VoteRequest() call to peer f7bb839510e04060ac7e92effae594fe (127.28.193.194:39633): Illegal state: must be running to vote when last-logged opid is not known
I20260608 13:01:18.914036 32568 leader_election.cc:304] T 14a13dd0c22a4edaaa8a3d146910de63 P f595b19cc5134fa2bd4515d7f58fa287 [CANDIDATE]: Term 1 pre-election: Election decided. Result: candidate lost. Election summary: received 3 responses out of 3 voters: 1 yes votes; 2 no votes. yes voters: f595b19cc5134fa2bd4515d7f58fa287; no voters: 909480cf774443108056a0d90e980d36, f7bb839510e04060ac7e92effae594fe
W20260608 13:01:18.914505 32406 auto_leader_rebalancer.cc:460] the master instance isn't leader: Service unavailable: Tablet not running
I20260608 13:01:18.911366 32601 tablet_service.cc:1917] Received RequestConsensusVote() RPC: tablet_id: "f6724036cf834fc6b16f3125483dd59e" candidate_uuid: "f7bb839510e04060ac7e92effae594fe" candidate_term: 1 candidate_status { last_received { term: 0 index: 0 } } ignore_live_leader: false dest_uuid: "f595b19cc5134fa2bd4515d7f58fa287" is_pre_election: true
I20260608 13:01:18.904235 32653 leader_election.cc:290] T 14a13dd0c22a4edaaa8a3d146910de63 P f595b19cc5134fa2bd4515d7f58fa287 [CANDIDATE]: Term 1 pre-election: Requested pre-vote from peers 909480cf774443108056a0d90e980d36 (127.28.193.193:34847), f7bb839510e04060ac7e92effae594fe (127.28.193.194:39633)
I20260608 13:01:18.906208 32603 tablet_service.cc:1917] Received RequestConsensusVote() RPC: tablet_id: "104c75a14e7e4be99da39c8d88c5399f" candidate_uuid: "f7bb839510e04060ac7e92effae594fe" candidate_term: 1 candidate_status { last_received { term: 0 index: 0 } } ignore_live_leader: false dest_uuid: "f595b19cc5134fa2bd4515d7f58fa287" is_pre_election: true
I20260608 13:01:18.917516 32651 tablet_bootstrap.cc:492] T b7f5b073cdd94dadb1b1a79ff4917cfa P 909480cf774443108056a0d90e980d36: No bootstrap required, opened a new log
I20260608 13:01:18.917495 32649 ts_tablet_manager.cc:1403] T f6724036cf834fc6b16f3125483dd59e P f595b19cc5134fa2bd4515d7f58fa287: Time spent bootstrapping tablet: real 0.221s	user 0.028s	sys 0.026s
W20260608 13:01:18.919448 32495 leader_election.cc:343] T c3c41b12e39a4b8db65a519150f495b0 P f7bb839510e04060ac7e92effae594fe [CANDIDATE]: Term 1 pre-election: Tablet error from VoteRequest() call to peer f595b19cc5134fa2bd4515d7f58fa287 (127.28.193.195:44921): Illegal state: must be running to vote when last-logged opid is not known
I20260608 13:01:18.909916 32678 raft_consensus.cc:515] T 1e39db9589834ab481ee55bdb62268ec P f7bb839510e04060ac7e92effae594fe [term 0 FOLLOWER]: Starting pre-election with config: opid_index: -1 OBSOLETE_local: false peers { permanent_uuid: "909480cf774443108056a0d90e980d36" member_type: VOTER last_known_addr { host: "127.28.193.193" port: 34847 } } peers { permanent_uuid: "f7bb839510e04060ac7e92effae594fe" member_type: VOTER last_known_addr { host: "127.28.193.194" port: 39633 } } peers { permanent_uuid: "f595b19cc5134fa2bd4515d7f58fa287" member_type: VOTER last_known_addr { host: "127.28.193.195" port: 44921 } }
I20260608 13:01:18.920058 32495 leader_election.cc:304] T c3c41b12e39a4b8db65a519150f495b0 P f7bb839510e04060ac7e92effae594fe [CANDIDATE]: Term 1 pre-election: Election decided. Result: candidate lost. Election summary: received 3 responses out of 3 voters: 1 yes votes; 2 no votes. yes voters: f7bb839510e04060ac7e92effae594fe; no voters: 909480cf774443108056a0d90e980d36, f595b19cc5134fa2bd4515d7f58fa287
I20260608 13:01:18.923307 32649 raft_consensus.cc:359] T f6724036cf834fc6b16f3125483dd59e P f595b19cc5134fa2bd4515d7f58fa287 [term 0 FOLLOWER]: Replica starting. Triggering 0 pending ops. Active config: opid_index: -1 OBSOLETE_local: false peers { permanent_uuid: "909480cf774443108056a0d90e980d36" member_type: VOTER last_known_addr { host: "127.28.193.193" port: 34847 } } peers { permanent_uuid: "f7bb839510e04060ac7e92effae594fe" member_type: VOTER last_known_addr { host: "127.28.193.194" port: 39633 } } peers { permanent_uuid: "f595b19cc5134fa2bd4515d7f58fa287" member_type: VOTER last_known_addr { host: "127.28.193.195" port: 44921 } }
I20260608 13:01:18.926966 32653 raft_consensus.cc:2749] T 14a13dd0c22a4edaaa8a3d146910de63 P f595b19cc5134fa2bd4515d7f58fa287 [term 0 FOLLOWER]: Leader pre-election lost for term 1. Reason: could not achieve majority
I20260608 13:01:18.924541 32678 leader_election.cc:290] T 1e39db9589834ab481ee55bdb62268ec P f7bb839510e04060ac7e92effae594fe [CANDIDATE]: Term 1 pre-election: Requested pre-vote from peers 909480cf774443108056a0d90e980d36 (127.28.193.193:34847), f595b19cc5134fa2bd4515d7f58fa287 (127.28.193.195:44921)
I20260608 13:01:18.933157 32678 raft_consensus.cc:2749] T c3c41b12e39a4b8db65a519150f495b0 P f7bb839510e04060ac7e92effae594fe [term 0 FOLLOWER]: Leader pre-election lost for term 1. Reason: could not achieve majority
I20260608 13:01:18.934010 32650 tablet_bootstrap.cc:492] T b2808ceeb03448bf9d6d5e8af7fb99c8 P f7bb839510e04060ac7e92effae594fe: No bootstrap required, opened a new log
I20260608 13:01:18.934707 32650 ts_tablet_manager.cc:1403] T b2808ceeb03448bf9d6d5e8af7fb99c8 P f7bb839510e04060ac7e92effae594fe: Time spent bootstrapping tablet: real 0.082s	user 0.018s	sys 0.001s
I20260608 13:01:18.936619 32651 ts_tablet_manager.cc:1403] T b7f5b073cdd94dadb1b1a79ff4917cfa P 909480cf774443108056a0d90e980d36: Time spent bootstrapping tablet: real 0.175s	user 0.029s	sys 0.035s
I20260608 13:01:18.924111 32649 raft_consensus.cc:385] T f6724036cf834fc6b16f3125483dd59e P f595b19cc5134fa2bd4515d7f58fa287 [term 0 FOLLOWER]: Consensus starting up: Expiring failure detector timer to make a prompt election more likely
I20260608 13:01:18.942193 32681 raft_consensus.cc:2804] T 8ef973915cf94df4a09955ddd25a1e89 P 909480cf774443108056a0d90e980d36 [term 0 FOLLOWER]: Leader pre-election won for term 1
I20260608 13:01:18.942970 32681 raft_consensus.cc:493] T 8ef973915cf94df4a09955ddd25a1e89 P 909480cf774443108056a0d90e980d36 [term 0 FOLLOWER]: Starting leader election (no leader contacted us within the election timeout)
I20260608 13:01:18.940752 32649 raft_consensus.cc:740] T f6724036cf834fc6b16f3125483dd59e P f595b19cc5134fa2bd4515d7f58fa287 [term 0 FOLLOWER]: Becoming Follower/Learner. State: Replica: f595b19cc5134fa2bd4515d7f58fa287, State: Initialized, Role: FOLLOWER
I20260608 13:01:18.942893 32658 raft_consensus.cc:515] T f6724036cf834fc6b16f3125483dd59e P 909480cf774443108056a0d90e980d36 [term 1 FOLLOWER]: Starting leader election with config: opid_index: -1 OBSOLETE_local: false peers { permanent_uuid: "909480cf774443108056a0d90e980d36" member_type: VOTER last_known_addr { host: "127.28.193.193" port: 34847 } } peers { permanent_uuid: "f7bb839510e04060ac7e92effae594fe" member_type: VOTER last_known_addr { host: "127.28.193.194" port: 39633 } } peers { permanent_uuid: "f595b19cc5134fa2bd4515d7f58fa287" member_type: VOTER last_known_addr { host: "127.28.193.195" port: 44921 } }
I20260608 13:01:18.940078 32651 raft_consensus.cc:359] T b7f5b073cdd94dadb1b1a79ff4917cfa P 909480cf774443108056a0d90e980d36 [term 0 FOLLOWER]: Replica starting. Triggering 0 pending ops. Active config: opid_index: -1 OBSOLETE_local: false peers { permanent_uuid: "909480cf774443108056a0d90e980d36" member_type: VOTER last_known_addr { host: "127.28.193.193" port: 34847 } } peers { permanent_uuid: "f7bb839510e04060ac7e92effae594fe" member_type: VOTER last_known_addr { host: "127.28.193.194" port: 39633 } } peers { permanent_uuid: "f595b19cc5134fa2bd4515d7f58fa287" member_type: VOTER last_known_addr { host: "127.28.193.195" port: 44921 } }
I20260608 13:01:18.944552 32454 tablet_service.cc:1917] Received RequestConsensusVote() RPC: tablet_id: "1e39db9589834ab481ee55bdb62268ec" candidate_uuid: "f7bb839510e04060ac7e92effae594fe" candidate_term: 1 candidate_status { last_received { term: 0 index: 0 } } ignore_live_leader: false dest_uuid: "909480cf774443108056a0d90e980d36" is_pre_election: true
I20260608 13:01:18.944963 32651 raft_consensus.cc:385] T b7f5b073cdd94dadb1b1a79ff4917cfa P 909480cf774443108056a0d90e980d36 [term 0 FOLLOWER]: Consensus starting up: Expiring failure detector timer to make a prompt election more likely
I20260608 13:01:18.945333 32651 raft_consensus.cc:740] T b7f5b073cdd94dadb1b1a79ff4917cfa P 909480cf774443108056a0d90e980d36 [term 0 FOLLOWER]: Becoming Follower/Learner. State: Replica: 909480cf774443108056a0d90e980d36, State: Initialized, Role: FOLLOWER
I20260608 13:01:18.945566 32530 tablet_service.cc:1917] Received RequestConsensusVote() RPC: tablet_id: "8ef973915cf94df4a09955ddd25a1e89" candidate_uuid: "f595b19cc5134fa2bd4515d7f58fa287" candidate_term: 1 candidate_status { last_received { term: 0 index: 0 } } ignore_live_leader: false dest_uuid: "f7bb839510e04060ac7e92effae594fe" is_pre_election: true
I20260608 13:01:18.945789 32658 leader_election.cc:290] T f6724036cf834fc6b16f3125483dd59e P 909480cf774443108056a0d90e980d36 [CANDIDATE]: Term 1 election: Requested vote from peers f7bb839510e04060ac7e92effae594fe (127.28.193.194:39633), f595b19cc5134fa2bd4515d7f58fa287 (127.28.193.195:44921)
I20260608 13:01:18.946333 32651 consensus_queue.cc:260] T b7f5b073cdd94dadb1b1a79ff4917cfa P 909480cf774443108056a0d90e980d36 [NON_LEADER]: Queue going to NON_LEADER mode. State: All replicated index: 0, Majority replicated index: 0, Committed index: 0, Last appended: 0.0, Last appended by leader: 0, Current term: 0, Majority size: -1, State: 0, Mode: NON_LEADER, active raft config: opid_index: -1 OBSOLETE_local: false peers { permanent_uuid: "909480cf774443108056a0d90e980d36" member_type: VOTER last_known_addr { host: "127.28.193.193" port: 34847 } } peers { permanent_uuid: "f7bb839510e04060ac7e92effae594fe" member_type: VOTER last_known_addr { host: "127.28.193.194" port: 39633 } } peers { permanent_uuid: "f595b19cc5134fa2bd4515d7f58fa287" member_type: VOTER last_known_addr { host: "127.28.193.195" port: 44921 } }
W20260608 13:01:18.947245 32419 leader_election.cc:343] T 8ef973915cf94df4a09955ddd25a1e89 P 909480cf774443108056a0d90e980d36 [CANDIDATE]: Term 1 pre-election: Tablet error from VoteRequest() call to peer f7bb839510e04060ac7e92effae594fe (127.28.193.194:39633): Illegal state: must be running to vote when last-logged opid is not known
I20260608 13:01:18.947863 32650 raft_consensus.cc:359] T b2808ceeb03448bf9d6d5e8af7fb99c8 P f7bb839510e04060ac7e92effae594fe [term 0 FOLLOWER]: Replica starting. Triggering 0 pending ops. Active config: opid_index: -1 OBSOLETE_local: false peers { permanent_uuid: "909480cf774443108056a0d90e980d36" member_type: VOTER last_known_addr { host: "127.28.193.193" port: 34847 } } peers { permanent_uuid: "f7bb839510e04060ac7e92effae594fe" member_type: VOTER last_known_addr { host: "127.28.193.194" port: 39633 } } peers { permanent_uuid: "f595b19cc5134fa2bd4515d7f58fa287" member_type: VOTER last_known_addr { host: "127.28.193.195" port: 44921 } }
I20260608 13:01:18.948854 32651 ts_tablet_manager.cc:1434] T b7f5b073cdd94dadb1b1a79ff4917cfa P 909480cf774443108056a0d90e980d36: Time spent starting tablet: real 0.012s	user 0.006s	sys 0.002s
I20260608 13:01:18.949023 32650 raft_consensus.cc:385] T b2808ceeb03448bf9d6d5e8af7fb99c8 P f7bb839510e04060ac7e92effae594fe [term 0 FOLLOWER]: Consensus starting up: Expiring failure detector timer to make a prompt election more likely
I20260608 13:01:18.943315 32679 leader_election.cc:290] T 8ef973915cf94df4a09955ddd25a1e89 P f595b19cc5134fa2bd4515d7f58fa287 [CANDIDATE]: Term 1 pre-election: Requested pre-vote from peers f7bb839510e04060ac7e92effae594fe (127.28.193.194:39633), 909480cf774443108056a0d90e980d36 (127.28.193.193:34847)
I20260608 13:01:18.949783 32650 raft_consensus.cc:740] T b2808ceeb03448bf9d6d5e8af7fb99c8 P f7bb839510e04060ac7e92effae594fe [term 0 FOLLOWER]: Becoming Follower/Learner. State: Replica: f7bb839510e04060ac7e92effae594fe, State: Initialized, Role: FOLLOWER
W20260608 13:01:18.949913 32568 leader_election.cc:343] T 8ef973915cf94df4a09955ddd25a1e89 P f595b19cc5134fa2bd4515d7f58fa287 [CANDIDATE]: Term 1 pre-election: Tablet error from VoteRequest() call to peer f7bb839510e04060ac7e92effae594fe (127.28.193.194:39633): Illegal state: must be running to vote when last-logged opid is not known
I20260608 13:01:18.948932 32657 raft_consensus.cc:515] T f6724036cf834fc6b16f3125483dd59e P f7bb839510e04060ac7e92effae594fe [term 1 FOLLOWER]: Starting leader election with config: opid_index: -1 OBSOLETE_local: false peers { permanent_uuid: "909480cf774443108056a0d90e980d36" member_type: VOTER last_known_addr { host: "127.28.193.193" port: 34847 } } peers { permanent_uuid: "f7bb839510e04060ac7e92effae594fe" member_type: VOTER last_known_addr { host: "127.28.193.194" port: 39633 } } peers { permanent_uuid: "f595b19cc5134fa2bd4515d7f58fa287" member_type: VOTER last_known_addr { host: "127.28.193.195" port: 44921 } }
I20260608 13:01:18.950966 32649 consensus_queue.cc:260] T f6724036cf834fc6b16f3125483dd59e P f595b19cc5134fa2bd4515d7f58fa287 [NON_LEADER]: Queue going to NON_LEADER mode. State: All replicated index: 0, Majority replicated index: 0, Committed index: 0, Last appended: 0.0, Last appended by leader: 0, Current term: 0, Majority size: -1, State: 0, Mode: NON_LEADER, active raft config: opid_index: -1 OBSOLETE_local: false peers { permanent_uuid: "909480cf774443108056a0d90e980d36" member_type: VOTER last_known_addr { host: "127.28.193.193" port: 34847 } } peers { permanent_uuid: "f7bb839510e04060ac7e92effae594fe" member_type: VOTER last_known_addr { host: "127.28.193.194" port: 39633 } } peers { permanent_uuid: "f595b19cc5134fa2bd4515d7f58fa287" member_type: VOTER last_known_addr { host: "127.28.193.195" port: 44921 } }
I20260608 13:01:18.951978 32602 raft_consensus.cc:2468] T f6724036cf834fc6b16f3125483dd59e P f595b19cc5134fa2bd4515d7f58fa287 [term 0 FOLLOWER]: Leader pre-election vote request: Granting yes vote for candidate 909480cf774443108056a0d90e980d36 in term 0.
I20260608 13:01:18.951216 32650 consensus_queue.cc:260] T b2808ceeb03448bf9d6d5e8af7fb99c8 P f7bb839510e04060ac7e92effae594fe [NON_LEADER]: Queue going to NON_LEADER mode. State: All replicated index: 0, Majority replicated index: 0, Committed index: 0, Last appended: 0.0, Last appended by leader: 0, Current term: 0, Majority size: -1, State: 0, Mode: NON_LEADER, active raft config: opid_index: -1 OBSOLETE_local: false peers { permanent_uuid: "909480cf774443108056a0d90e980d36" member_type: VOTER last_known_addr { host: "127.28.193.193" port: 34847 } } peers { permanent_uuid: "f7bb839510e04060ac7e92effae594fe" member_type: VOTER last_known_addr { host: "127.28.193.194" port: 39633 } } peers { permanent_uuid: "f595b19cc5134fa2bd4515d7f58fa287" member_type: VOTER last_known_addr { host: "127.28.193.195" port: 44921 } }
I20260608 13:01:18.944284 32681 raft_consensus.cc:3060] T 8ef973915cf94df4a09955ddd25a1e89 P 909480cf774443108056a0d90e980d36 [term 0 FOLLOWER]: Advancing to term 1
I20260608 13:01:18.953681 32649 ts_tablet_manager.cc:1434] T f6724036cf834fc6b16f3125483dd59e P f595b19cc5134fa2bd4515d7f58fa287: Time spent starting tablet: real 0.034s	user 0.005s	sys 0.003s
I20260608 13:01:18.955313 32649 tablet_bootstrap.cc:492] T b2808ceeb03448bf9d6d5e8af7fb99c8 P f595b19cc5134fa2bd4515d7f58fa287: Bootstrap starting.
W20260608 13:01:18.957597 32495 leader_election.cc:343] T f6724036cf834fc6b16f3125483dd59e P f7bb839510e04060ac7e92effae594fe [CANDIDATE]: Term 1 pre-election: Tablet error from VoteRequest() call to peer f595b19cc5134fa2bd4515d7f58fa287 (127.28.193.195:44921): Illegal state: must be running to vote when last-logged opid is not known
I20260608 13:01:18.957700 32603 tablet_service.cc:1917] Received RequestConsensusVote() RPC: tablet_id: "1e39db9589834ab481ee55bdb62268ec" candidate_uuid: "f7bb839510e04060ac7e92effae594fe" candidate_term: 1 candidate_status { last_received { term: 0 index: 0 } } ignore_live_leader: false dest_uuid: "f595b19cc5134fa2bd4515d7f58fa287" is_pre_election: true
I20260608 13:01:18.958551 32603 raft_consensus.cc:2468] T 1e39db9589834ab481ee55bdb62268ec P f595b19cc5134fa2bd4515d7f58fa287 [term 0 FOLLOWER]: Leader pre-election vote request: Granting yes vote for candidate f7bb839510e04060ac7e92effae594fe in term 0.
W20260608 13:01:18.958691 32495 leader_election.cc:343] T 104c75a14e7e4be99da39c8d88c5399f P f7bb839510e04060ac7e92effae594fe [CANDIDATE]: Term 1 pre-election: Tablet error from VoteRequest() call to peer f595b19cc5134fa2bd4515d7f58fa287 (127.28.193.195:44921): Illegal state: must be running to vote when last-logged opid is not known
W20260608 13:01:18.948881 32420 leader_election.cc:343] T b2808ceeb03448bf9d6d5e8af7fb99c8 P 909480cf774443108056a0d90e980d36 [CANDIDATE]: Term 1 pre-election: Tablet error from VoteRequest() call to peer f595b19cc5134fa2bd4515d7f58fa287 (127.28.193.195:44921): Illegal state: must be running to vote when last-logged opid is not known
I20260608 13:01:18.959205 32495 leader_election.cc:304] T 104c75a14e7e4be99da39c8d88c5399f P f7bb839510e04060ac7e92effae594fe [CANDIDATE]: Term 1 pre-election: Election decided. Result: candidate lost. Election summary: received 3 responses out of 3 voters: 1 yes votes; 2 no votes. yes voters: f7bb839510e04060ac7e92effae594fe; no voters: 909480cf774443108056a0d90e980d36, f595b19cc5134fa2bd4515d7f58fa287
W20260608 13:01:18.959528 32419 leader_election.cc:343] T b2808ceeb03448bf9d6d5e8af7fb99c8 P 909480cf774443108056a0d90e980d36 [CANDIDATE]: Term 1 pre-election: Tablet error from VoteRequest() call to peer f7bb839510e04060ac7e92effae594fe (127.28.193.194:39633): Illegal state: must be running to vote when last-logged opid is not known
W20260608 13:01:18.959900 32494 leader_election.cc:343] T 1e39db9589834ab481ee55bdb62268ec P f7bb839510e04060ac7e92effae594fe [CANDIDATE]: Term 1 pre-election: Tablet error from VoteRequest() call to peer 909480cf774443108056a0d90e980d36 (127.28.193.193:34847): Illegal state: must be running to vote when last-logged opid is not known
