W20260608 13:01:30.486692   404 consensus_peers.cc:597] T 578a9b108c6e4dd1b3eeb09e31c0ab0e P e9688b48ee1246a087ccc7932156c429 -> Peer adac76d4466a4c3fb98ed169808ecea1 (127.28.237.67:37111): Couldn't send request to peer adac76d4466a4c3fb98ed169808ecea1. Status: Network error: Client connection negotiation failed: client connection to 127.28.237.67:37111: connect: Connection refused (error 111). This is attempt 1: this message will repeat every 5th retry.
I20260608 13:01:30.502643 29621 tablet_server.cc:196] TabletServer@127.28.237.67:0 shutdown complete.
I20260608 13:01:30.532142 29621 tablet_server.cc:179] TabletServer@127.28.237.68:0 shutting down...
W20260608 13:01:30.541915   401 consensus_peers.cc:597] T 0ba950f7a7864e0d9aeb262f9cf9cb0c P e9688b48ee1246a087ccc7932156c429 -> Peer 195dd600b5c24507bc04d406f3403611 (127.28.237.66:40833): Couldn't send request to peer 195dd600b5c24507bc04d406f3403611. Status: Network error: Client connection negotiation failed: client connection to 127.28.237.66:40833: connect: Connection refused (error 111). This is attempt 1: this message will repeat every 5th retry.
I20260608 13:01:30.567169 29621 ts_tablet_manager.cc:1507] Shutting down tablet manager...
I20260608 13:01:30.567858 29621 tablet_replica.cc:333] T c22f8213a69140d8818fcc5d2a0e2ccd P e9688b48ee1246a087ccc7932156c429: stopping tablet replica
I20260608 13:01:30.568429 29621 raft_consensus.cc:2243] T c22f8213a69140d8818fcc5d2a0e2ccd P e9688b48ee1246a087ccc7932156c429 [term 2 FOLLOWER]: Raft consensus shutting down.
I20260608 13:01:30.568981 29621 raft_consensus.cc:2272] T c22f8213a69140d8818fcc5d2a0e2ccd P e9688b48ee1246a087ccc7932156c429 [term 2 FOLLOWER]: Raft consensus is shut down!
I20260608 13:01:30.571074 29621 tablet_replica.cc:333] T 23f4a7e9b1a4408eb1a9a0354464b1d4 P e9688b48ee1246a087ccc7932156c429: stopping tablet replica
I20260608 13:01:30.571660 29621 raft_consensus.cc:2243] T 23f4a7e9b1a4408eb1a9a0354464b1d4 P e9688b48ee1246a087ccc7932156c429 [term 1 FOLLOWER]: Raft consensus shutting down.
I20260608 13:01:30.572206 29621 raft_consensus.cc:2272] T 23f4a7e9b1a4408eb1a9a0354464b1d4 P e9688b48ee1246a087ccc7932156c429 [term 1 FOLLOWER]: Raft consensus is shut down!
I20260608 13:01:30.574115 29621 tablet_replica.cc:333] T 75426f9998fc463c82019f4b6fd2d078 P e9688b48ee1246a087ccc7932156c429: stopping tablet replica
I20260608 13:01:30.574657 29621 raft_consensus.cc:2243] T 75426f9998fc463c82019f4b6fd2d078 P e9688b48ee1246a087ccc7932156c429 [term 3 FOLLOWER]: Raft consensus shutting down.
I20260608 13:01:30.575271 29621 raft_consensus.cc:2272] T 75426f9998fc463c82019f4b6fd2d078 P e9688b48ee1246a087ccc7932156c429 [term 3 FOLLOWER]: Raft consensus is shut down!
I20260608 13:01:30.577163 29621 tablet_replica.cc:333] T 6fb418197cae4c69abc03d05fae525cb P e9688b48ee1246a087ccc7932156c429: stopping tablet replica
I20260608 13:01:30.577718 29621 raft_consensus.cc:2243] T 6fb418197cae4c69abc03d05fae525cb P e9688b48ee1246a087ccc7932156c429 [term 1 FOLLOWER]: Raft consensus shutting down.
I20260608 13:01:30.578217 29621 raft_consensus.cc:2272] T 6fb418197cae4c69abc03d05fae525cb P e9688b48ee1246a087ccc7932156c429 [term 1 FOLLOWER]: Raft consensus is shut down!
I20260608 13:01:30.580101 29621 tablet_replica.cc:333] T db713cdcaf7449338f2ebf298fc9f972 P e9688b48ee1246a087ccc7932156c429: stopping tablet replica
I20260608 13:01:30.580641 29621 raft_consensus.cc:2243] T db713cdcaf7449338f2ebf298fc9f972 P e9688b48ee1246a087ccc7932156c429 [term 1 FOLLOWER]: Raft consensus shutting down.
I20260608 13:01:30.581169 29621 raft_consensus.cc:2272] T db713cdcaf7449338f2ebf298fc9f972 P e9688b48ee1246a087ccc7932156c429 [term 1 FOLLOWER]: Raft consensus is shut down!
I20260608 13:01:30.583063 29621 tablet_replica.cc:333] T d22b0d43d373416698358b010c311af5 P e9688b48ee1246a087ccc7932156c429: stopping tablet replica
I20260608 13:01:30.583592 29621 raft_consensus.cc:2243] T d22b0d43d373416698358b010c311af5 P e9688b48ee1246a087ccc7932156c429 [term 1 FOLLOWER]: Raft consensus shutting down.
I20260608 13:01:30.584012 29621 raft_consensus.cc:2272] T d22b0d43d373416698358b010c311af5 P e9688b48ee1246a087ccc7932156c429 [term 1 FOLLOWER]: Raft consensus is shut down!
I20260608 13:01:30.585775 29621 tablet_replica.cc:333] T 00c14fcdd0fa4d009f05a537fac07913 P e9688b48ee1246a087ccc7932156c429: stopping tablet replica
I20260608 13:01:30.586273 29621 raft_consensus.cc:2243] T 00c14fcdd0fa4d009f05a537fac07913 P e9688b48ee1246a087ccc7932156c429 [term 3 LEADER]: Raft consensus shutting down.
I20260608 13:01:30.587116 29621 raft_consensus.cc:2272] T 00c14fcdd0fa4d009f05a537fac07913 P e9688b48ee1246a087ccc7932156c429 [term 3 FOLLOWER]: Raft consensus is shut down!
I20260608 13:01:30.588912 29621 tablet_replica.cc:333] T e57e132af58d44a29d17f8dc9e0077aa P e9688b48ee1246a087ccc7932156c429: stopping tablet replica
I20260608 13:01:30.589463 29621 raft_consensus.cc:2243] T e57e132af58d44a29d17f8dc9e0077aa P e9688b48ee1246a087ccc7932156c429 [term 2 FOLLOWER]: Raft consensus shutting down.
I20260608 13:01:30.589918 29621 raft_consensus.cc:2272] T e57e132af58d44a29d17f8dc9e0077aa P e9688b48ee1246a087ccc7932156c429 [term 2 FOLLOWER]: Raft consensus is shut down!
I20260608 13:01:30.591953 29621 tablet_replica.cc:333] T 578a9b108c6e4dd1b3eeb09e31c0ab0e P e9688b48ee1246a087ccc7932156c429: stopping tablet replica
I20260608 13:01:30.592478 29621 raft_consensus.cc:2243] T 578a9b108c6e4dd1b3eeb09e31c0ab0e P e9688b48ee1246a087ccc7932156c429 [term 1 LEADER]: Raft consensus shutting down.
I20260608 13:01:30.593266 29621 raft_consensus.cc:2272] T 578a9b108c6e4dd1b3eeb09e31c0ab0e P e9688b48ee1246a087ccc7932156c429 [term 1 FOLLOWER]: Raft consensus is shut down!
I20260608 13:01:30.595237 29621 tablet_replica.cc:333] T 8fc4161c8d2742238bde4dfdd7aa62e7 P e9688b48ee1246a087ccc7932156c429: stopping tablet replica
I20260608 13:01:30.595772 29621 raft_consensus.cc:2243] T 8fc4161c8d2742238bde4dfdd7aa62e7 P e9688b48ee1246a087ccc7932156c429 [term 1 LEADER]: Raft consensus shutting down.
I20260608 13:01:30.596541 29621 raft_consensus.cc:2272] T 8fc4161c8d2742238bde4dfdd7aa62e7 P e9688b48ee1246a087ccc7932156c429 [term 1 FOLLOWER]: Raft consensus is shut down!
I20260608 13:01:30.598404 29621 tablet_replica.cc:333] T 5f87e40bc1d8445194edd7348a553d28 P e9688b48ee1246a087ccc7932156c429: stopping tablet replica
I20260608 13:01:30.598984 29621 raft_consensus.cc:2243] T 5f87e40bc1d8445194edd7348a553d28 P e9688b48ee1246a087ccc7932156c429 [term 1 FOLLOWER]: Raft consensus shutting down.
I20260608 13:01:30.599535 29621 raft_consensus.cc:2272] T 5f87e40bc1d8445194edd7348a553d28 P e9688b48ee1246a087ccc7932156c429 [term 1 FOLLOWER]: Raft consensus is shut down!
I20260608 13:01:30.601572 29621 tablet_replica.cc:333] T 0ba950f7a7864e0d9aeb262f9cf9cb0c P e9688b48ee1246a087ccc7932156c429: stopping tablet replica
I20260608 13:01:30.602072 29621 raft_consensus.cc:2243] T 0ba950f7a7864e0d9aeb262f9cf9cb0c P e9688b48ee1246a087ccc7932156c429 [term 1 LEADER]: Raft consensus shutting down.
I20260608 13:01:30.602948 29621 raft_consensus.cc:2272] T 0ba950f7a7864e0d9aeb262f9cf9cb0c P e9688b48ee1246a087ccc7932156c429 [term 1 FOLLOWER]: Raft consensus is shut down!
I20260608 13:01:30.638571 29621 tablet_server.cc:196] TabletServer@127.28.237.68:0 shutdown complete.
I20260608 13:01:30.669981 29621 master.cc:562] Master@127.28.237.126:43631 shutting down...
I20260608 13:01:30.691565 29621 raft_consensus.cc:2243] T 00000000000000000000000000000000 P f6083c6d09ae4f28a7f7f5632b44ae33 [term 1 LEADER]: Raft consensus shutting down.
I20260608 13:01:30.692173 29621 raft_consensus.cc:2272] T 00000000000000000000000000000000 P f6083c6d09ae4f28a7f7f5632b44ae33 [term 1 FOLLOWER]: Raft consensus is shut down!
I20260608 13:01:30.692492 29621 tablet_replica.cc:333] T 00000000000000000000000000000000 P f6083c6d09ae4f28a7f7f5632b44ae33: stopping tablet replica
I20260608 13:01:30.714146 29621 master.cc:584] Master@127.28.237.126:43631 shutdown complete.
[       OK ] AutoRebalancerTest.RangeAwareRebalancesNewRangeReplicas (14890 ms)
[ RUN      ] AutoRebalancerTest.NoReplicaMovesIfLocationLoadSkewedByOne
I20260608 13:01:30.775784 29621 internal_mini_cluster.cc:156] Creating distributed mini masters. Addrs: 127.28.237.126:40217
I20260608 13:01:30.777143 29621 file_cache.cc:492] Constructed file cache file cache with capacity 419430
W20260608 13:01:30.784546   753 instance_detector.cc:116] could not retrieve AWS instance metadata: Network error: curl error: HTTP response code said error: The requested URL returned error: 404
W20260608 13:01:30.784654   754 instance_detector.cc:116] could not retrieve Azure instance metadata: Network error: curl error: HTTP response code said error: The requested URL returned error: 404
W20260608 13:01:30.786339   756 instance_detector.cc:116] could not retrieve OpenStack instance metadata: Network error: curl error: HTTP response code said error: The requested URL returned error: 404
I20260608 13:01:30.787514 29621 server_base.cc:1061] running on GCE node
I20260608 13:01:30.789222 29621 hybrid_clock.cc:584] initializing the hybrid clock with 'system_unsync' time source
W20260608 13:01:30.789429 29621 system_unsync_time.cc:38] NTP support is disabled. Clock error bounds will not be accurate. This configuration is not suitable for distributed clusters.
I20260608 13:01:30.789547 29621 hybrid_clock.cc:648] HybridClock initialized: now 1780923690789535 us; error 0 us; skew 500 ppm
I20260608 13:01:30.790067 29621 server_base.cc:861] Flag tcmalloc_max_total_thread_cache_bytes is not working since tcmalloc is not enabled.
I20260608 13:01:30.792703 29621 webserver.cc:533] Webserver started at http://127.28.237.126:35041/ using document root <none> and password file <none>
I20260608 13:01:30.793211 29621 fs_manager.cc:362] Metadata directory not provided
I20260608 13:01:30.793366 29621 fs_manager.cc:368] Using write-ahead log directory (fs_wal_dir) as metadata directory
I20260608 13:01:30.793596 29621 server_base.cc:909] This appears to be a new deployment of Kudu; creating new FS layout
I20260608 13:01:30.794759 29621 fs_manager.cc:1068] Generated new instance metadata in path /tmp/dist-test-task89eo7_/test-tmp/auto_rebalancer-test.0.AutoRebalancerTest.NoReplicaMovesIfLocationLoadSkewedByOne.1780923597117392-29621-0/minicluster-data/master-0-root/instance:
uuid: "71b14da280a547d69b735d67d007e2ac"
format_stamp: "Formatted at 2026-06-08 13:01:30 on dist-test-slave-ssmb"
I20260608 13:01:30.799598 29621 fs_manager.cc:696] Time spent creating directory manager: real 0.004s	user 0.004s	sys 0.000s
I20260608 13:01:30.803417   761 log_block_manager.cc:4031] Time spent loading block containers with low live blocks: real 0.000s	user 0.000s	sys 0.000s
I20260608 13:01:30.804388 29621 fs_manager.cc:730] Time spent opening block manager: real 0.003s	user 0.002s	sys 0.001s
I20260608 13:01:30.804768 29621 fs_manager.cc:647] Opened local filesystem: /tmp/dist-test-task89eo7_/test-tmp/auto_rebalancer-test.0.AutoRebalancerTest.NoReplicaMovesIfLocationLoadSkewedByOne.1780923597117392-29621-0/minicluster-data/master-0-root
uuid: "71b14da280a547d69b735d67d007e2ac"
format_stamp: "Formatted at 2026-06-08 13:01:30 on dist-test-slave-ssmb"
I20260608 13:01:30.805116 29621 fs_report.cc:389] FS layout report
--------------------
wal directory: /tmp/dist-test-task89eo7_/test-tmp/auto_rebalancer-test.0.AutoRebalancerTest.NoReplicaMovesIfLocationLoadSkewedByOne.1780923597117392-29621-0/minicluster-data/master-0-root
metadata directory: /tmp/dist-test-task89eo7_/test-tmp/auto_rebalancer-test.0.AutoRebalancerTest.NoReplicaMovesIfLocationLoadSkewedByOne.1780923597117392-29621-0/minicluster-data/master-0-root
1 data directories: /tmp/dist-test-task89eo7_/test-tmp/auto_rebalancer-test.0.AutoRebalancerTest.NoReplicaMovesIfLocationLoadSkewedByOne.1780923597117392-29621-0/minicluster-data/master-0-root/data
Total live blocks: 0
Total live bytes: 0
Total live bytes (after alignment): 0
Total number of LBM containers: 0 (0 full)
Did not check for missing blocks
Did not check for orphaned blocks
Total full LBM containers with extra space: 0 (0 repaired)
Total full LBM container extra space in bytes: 0 (0 repaired)
Total incomplete LBM containers: 0 (0 repaired)
Total LBM partial records: 0 (0 repaired)
Total corrupted LBM metadata records in RocksDB: 0 (0 repaired)
I20260608 13:01:30.815659 29621 rpc_server.cc:225] running with OpenSSL 1.1.1  11 Sep 2018
I20260608 13:01:30.816946 29621 kserver.cc:163] Server-wide thread pool size limit: 3276
I20260608 13:01:30.860273 29621 rpc_server.cc:307] RPC server started. Bound to: 127.28.237.126:40217
I20260608 13:01:30.860378   812 acceptor_pool.cc:272] collecting diagnostics on the listening RPC socket 127.28.237.126:40217 every 8 connection(s)
I20260608 13:01:30.864894   813 data_dirs.cc:400] Could only allocate 1 dirs of requested 3 for tablet 00000000000000000000000000000000. 1 dirs total, 0 dirs full, 0 dirs failed
I20260608 13:01:30.875949   813 tablet_bootstrap.cc:492] T 00000000000000000000000000000000 P 71b14da280a547d69b735d67d007e2ac: Bootstrap starting.
I20260608 13:01:30.880825   813 tablet_bootstrap.cc:654] T 00000000000000000000000000000000 P 71b14da280a547d69b735d67d007e2ac: Neither blocks nor log segments found. Creating new log.
I20260608 13:01:30.885401   813 tablet_bootstrap.cc:492] T 00000000000000000000000000000000 P 71b14da280a547d69b735d67d007e2ac: No bootstrap required, opened a new log
I20260608 13:01:30.887816   813 raft_consensus.cc:359] T 00000000000000000000000000000000 P 71b14da280a547d69b735d67d007e2ac [term 0 FOLLOWER]: Replica starting. Triggering 0 pending ops. Active config: opid_index: -1 OBSOLETE_local: true peers { permanent_uuid: "71b14da280a547d69b735d67d007e2ac" member_type: VOTER }
I20260608 13:01:30.888222   813 raft_consensus.cc:385] T 00000000000000000000000000000000 P 71b14da280a547d69b735d67d007e2ac [term 0 FOLLOWER]: Consensus starting up: Expiring failure detector timer to make a prompt election more likely
I20260608 13:01:30.888415   813 raft_consensus.cc:740] T 00000000000000000000000000000000 P 71b14da280a547d69b735d67d007e2ac [term 0 FOLLOWER]: Becoming Follower/Learner. State: Replica: 71b14da280a547d69b735d67d007e2ac, State: Initialized, Role: FOLLOWER
I20260608 13:01:30.889065   813 consensus_queue.cc:260] T 00000000000000000000000000000000 P 71b14da280a547d69b735d67d007e2ac [NON_LEADER]: Queue going to NON_LEADER mode. State: All replicated index: 0, Majority replicated index: 0, Committed index: 0, Last appended: 0.0, Last appended by leader: 0, Current term: 0, Majority size: -1, State: 0, Mode: NON_LEADER, active raft config: opid_index: -1 OBSOLETE_local: true peers { permanent_uuid: "71b14da280a547d69b735d67d007e2ac" member_type: VOTER }
I20260608 13:01:30.889506   813 raft_consensus.cc:399] T 00000000000000000000000000000000 P 71b14da280a547d69b735d67d007e2ac [term 0 FOLLOWER]: Only one voter in the Raft config. Triggering election immediately
I20260608 13:01:30.889701   813 raft_consensus.cc:493] T 00000000000000000000000000000000 P 71b14da280a547d69b735d67d007e2ac [term 0 FOLLOWER]: Starting leader election (initial election of a single-replica configuration)
I20260608 13:01:30.889920   813 raft_consensus.cc:3060] T 00000000000000000000000000000000 P 71b14da280a547d69b735d67d007e2ac [term 0 FOLLOWER]: Advancing to term 1
I20260608 13:01:30.894622   813 raft_consensus.cc:515] T 00000000000000000000000000000000 P 71b14da280a547d69b735d67d007e2ac [term 1 FOLLOWER]: Starting leader election with config: opid_index: -1 OBSOLETE_local: true peers { permanent_uuid: "71b14da280a547d69b735d67d007e2ac" member_type: VOTER }
I20260608 13:01:30.895284   813 leader_election.cc:304] T 00000000000000000000000000000000 P 71b14da280a547d69b735d67d007e2ac [CANDIDATE]: Term 1 election: Election decided. Result: candidate won. Election summary: received 1 responses out of 1 voters: 1 yes votes; 0 no votes. yes voters: 71b14da280a547d69b735d67d007e2ac; no voters: 
I20260608 13:01:30.896474   813 leader_election.cc:290] T 00000000000000000000000000000000 P 71b14da280a547d69b735d67d007e2ac [CANDIDATE]: Term 1 election: Requested vote from peers 
I20260608 13:01:30.897079   816 raft_consensus.cc:2804] T 00000000000000000000000000000000 P 71b14da280a547d69b735d67d007e2ac [term 1 FOLLOWER]: Leader election won for term 1
I20260608 13:01:30.898666   816 raft_consensus.cc:697] T 00000000000000000000000000000000 P 71b14da280a547d69b735d67d007e2ac [term 1 LEADER]: Becoming Leader. State: Replica: 71b14da280a547d69b735d67d007e2ac, State: Running, Role: LEADER
I20260608 13:01:30.899639   816 consensus_queue.cc:237] T 00000000000000000000000000000000 P 71b14da280a547d69b735d67d007e2ac [LEADER]: Queue going to LEADER mode. State: All replicated index: 0, Majority replicated index: 0, Committed index: 0, Last appended: 0.0, Last appended by leader: 0, Current term: 1, Majority size: 1, State: 0, Mode: LEADER, active raft config: opid_index: -1 OBSOLETE_local: true peers { permanent_uuid: "71b14da280a547d69b735d67d007e2ac" member_type: VOTER }
I20260608 13:01:30.899868   813 sys_catalog.cc:565] T 00000000000000000000000000000000 P 71b14da280a547d69b735d67d007e2ac [sys.catalog]: configured and running, proceeding with master startup.
I20260608 13:01:30.905133   818 sys_catalog.cc:455] T 00000000000000000000000000000000 P 71b14da280a547d69b735d67d007e2ac [sys.catalog]: SysCatalogTable state changed. Reason: New leader 71b14da280a547d69b735d67d007e2ac. Latest consensus state: current_term: 1 leader_uuid: "71b14da280a547d69b735d67d007e2ac" committed_config { opid_index: -1 OBSOLETE_local: true peers { permanent_uuid: "71b14da280a547d69b735d67d007e2ac" member_type: VOTER } }
I20260608 13:01:30.905864   818 sys_catalog.cc:458] T 00000000000000000000000000000000 P 71b14da280a547d69b735d67d007e2ac [sys.catalog]: This master's current role is: LEADER
I20260608 13:01:30.905772   817 sys_catalog.cc:455] T 00000000000000000000000000000000 P 71b14da280a547d69b735d67d007e2ac [sys.catalog]: SysCatalogTable state changed. Reason: RaftConsensus started. Latest consensus state: current_term: 1 leader_uuid: "71b14da280a547d69b735d67d007e2ac" committed_config { opid_index: -1 OBSOLETE_local: true peers { permanent_uuid: "71b14da280a547d69b735d67d007e2ac" member_type: VOTER } }
I20260608 13:01:30.906774   817 sys_catalog.cc:458] T 00000000000000000000000000000000 P 71b14da280a547d69b735d67d007e2ac [sys.catalog]: This master's current role is: LEADER
I20260608 13:01:30.911813   822 catalog_manager.cc:1510] Loading table and tablet metadata into memory...
I20260608 13:01:30.918190   822 catalog_manager.cc:1519] Initializing Kudu cluster ID...
I20260608 13:01:30.921109 29621 internal_mini_cluster.cc:184] Waiting to initialize catalog manager on master 0
I20260608 13:01:30.929291   822 catalog_manager.cc:1382] Generated new cluster ID: abcde224f1b14335a94fbc44ab554595
I20260608 13:01:30.929649   822 catalog_manager.cc:1530] Initializing Kudu internal certificate authority...
I20260608 13:01:30.954507   822 catalog_manager.cc:1405] Generated new certificate authority record
I20260608 13:01:30.955921   822 catalog_manager.cc:1539] Loading token signing keys...
I20260608 13:01:30.971648   822 catalog_manager.cc:6069] T 00000000000000000000000000000000 P 71b14da280a547d69b735d67d007e2ac: Generated new TSK 0
I20260608 13:01:30.972266   822 catalog_manager.cc:1549] Initializing in-progress tserver states...
I20260608 13:01:30.988333 29621 file_cache.cc:492] Constructed file cache file cache with capacity 419430
W20260608 13:01:30.995131   834 instance_detector.cc:116] could not retrieve AWS instance metadata: Network error: curl error: HTTP response code said error: The requested URL returned error: 404
W20260608 13:01:30.996116   835 instance_detector.cc:116] could not retrieve Azure instance metadata: Network error: curl error: HTTP response code said error: The requested URL returned error: 404
W20260608 13:01:30.997996   837 instance_detector.cc:116] could not retrieve OpenStack instance metadata: Network error: curl error: HTTP response code said error: The requested URL returned error: 404
I20260608 13:01:30.998852 29621 server_base.cc:1061] running on GCE node
I20260608 13:01:30.999810 29621 hybrid_clock.cc:584] initializing the hybrid clock with 'system_unsync' time source
W20260608 13:01:31.000026 29621 system_unsync_time.cc:38] NTP support is disabled. Clock error bounds will not be accurate. This configuration is not suitable for distributed clusters.
I20260608 13:01:31.000185 29621 hybrid_clock.cc:648] HybridClock initialized: now 1780923691000136 us; error 0 us; skew 500 ppm
I20260608 13:01:31.000820 29621 server_base.cc:861] Flag tcmalloc_max_total_thread_cache_bytes is not working since tcmalloc is not enabled.
I20260608 13:01:31.003556 29621 webserver.cc:533] Webserver started at http://127.28.237.65:35121/ using document root <none> and password file <none>
I20260608 13:01:31.004093 29621 fs_manager.cc:362] Metadata directory not provided
I20260608 13:01:31.004284 29621 fs_manager.cc:368] Using write-ahead log directory (fs_wal_dir) as metadata directory
I20260608 13:01:31.004593 29621 server_base.cc:909] This appears to be a new deployment of Kudu; creating new FS layout
I20260608 13:01:31.005729 29621 fs_manager.cc:1068] Generated new instance metadata in path /tmp/dist-test-task89eo7_/test-tmp/auto_rebalancer-test.0.AutoRebalancerTest.NoReplicaMovesIfLocationLoadSkewedByOne.1780923597117392-29621-0/minicluster-data/ts-0-root/instance:
uuid: "a415d5715959415fb94df0d979907671"
format_stamp: "Formatted at 2026-06-08 13:01:31 on dist-test-slave-ssmb"
I20260608 13:01:31.010911 29621 fs_manager.cc:696] Time spent creating directory manager: real 0.005s	user 0.003s	sys 0.004s
I20260608 13:01:31.015049   842 log_block_manager.cc:4031] Time spent loading block containers with low live blocks: real 0.000s	user 0.000s	sys 0.000s
I20260608 13:01:31.016010 29621 fs_manager.cc:730] Time spent opening block manager: real 0.003s	user 0.004s	sys 0.000s
I20260608 13:01:31.016327 29621 fs_manager.cc:647] Opened local filesystem: /tmp/dist-test-task89eo7_/test-tmp/auto_rebalancer-test.0.AutoRebalancerTest.NoReplicaMovesIfLocationLoadSkewedByOne.1780923597117392-29621-0/minicluster-data/ts-0-root
uuid: "a415d5715959415fb94df0d979907671"
format_stamp: "Formatted at 2026-06-08 13:01:31 on dist-test-slave-ssmb"
I20260608 13:01:31.016616 29621 fs_report.cc:389] FS layout report
--------------------
wal directory: /tmp/dist-test-task89eo7_/test-tmp/auto_rebalancer-test.0.AutoRebalancerTest.NoReplicaMovesIfLocationLoadSkewedByOne.1780923597117392-29621-0/minicluster-data/ts-0-root
metadata directory: /tmp/dist-test-task89eo7_/test-tmp/auto_rebalancer-test.0.AutoRebalancerTest.NoReplicaMovesIfLocationLoadSkewedByOne.1780923597117392-29621-0/minicluster-data/ts-0-root
1 data directories: /tmp/dist-test-task89eo7_/test-tmp/auto_rebalancer-test.0.AutoRebalancerTest.NoReplicaMovesIfLocationLoadSkewedByOne.1780923597117392-29621-0/minicluster-data/ts-0-root/data
Total live blocks: 0
Total live bytes: 0
Total live bytes (after alignment): 0
Total number of LBM containers: 0 (0 full)
Did not check for missing blocks
Did not check for orphaned blocks
Total full LBM containers with extra space: 0 (0 repaired)
Total full LBM container extra space in bytes: 0 (0 repaired)
Total incomplete LBM containers: 0 (0 repaired)
Total LBM partial records: 0 (0 repaired)
Total corrupted LBM metadata records in RocksDB: 0 (0 repaired)
I20260608 13:01:31.027148 29621 rpc_server.cc:225] running with OpenSSL 1.1.1  11 Sep 2018
I20260608 13:01:31.028402 29621 kserver.cc:163] Server-wide thread pool size limit: 3276
I20260608 13:01:31.030023 29621 txn_system_client.cc:432] TxnSystemClient initialization is disabled...
I20260608 13:01:31.032588 29621 ts_tablet_manager.cc:585] Loaded tablet metadata (0 total tablets, 0 live tablets)
I20260608 13:01:31.032820 29621 ts_tablet_manager.cc:531] Time spent load tablet metadata: real 0.000s	user 0.000s	sys 0.000s
I20260608 13:01:31.033092 29621 ts_tablet_manager.cc:616] Registered 0 tablets
I20260608 13:01:31.033296 29621 ts_tablet_manager.cc:595] Time spent register tablets: real 0.000s	user 0.000s	sys 0.000s
I20260608 13:01:31.077160 29621 rpc_server.cc:307] RPC server started. Bound to: 127.28.237.65:40641
I20260608 13:01:31.077279   904 acceptor_pool.cc:272] collecting diagnostics on the listening RPC socket 127.28.237.65:40641 every 8 connection(s)
I20260608 13:01:31.082517 29621 file_cache.cc:492] Constructed file cache file cache with capacity 419430
W20260608 13:01:31.090034   909 instance_detector.cc:116] could not retrieve AWS instance metadata: Network error: curl error: HTTP response code said error: The requested URL returned error: 404
W20260608 13:01:31.090534   910 instance_detector.cc:116] could not retrieve Azure instance metadata: Network error: curl error: HTTP response code said error: The requested URL returned error: 404
I20260608 13:01:31.093377 29621 server_base.cc:1061] running on GCE node
W20260608 13:01:31.094323   913 instance_detector.cc:116] could not retrieve OpenStack instance metadata: Network error: curl error: HTTP response code said error: The requested URL returned error: 404
I20260608 13:01:31.095361 29621 hybrid_clock.cc:584] initializing the hybrid clock with 'system_unsync' time source
W20260608 13:01:31.095564 29621 system_unsync_time.cc:38] NTP support is disabled. Clock error bounds will not be accurate. This configuration is not suitable for distributed clusters.
I20260608 13:01:31.095813 29621 hybrid_clock.cc:648] HybridClock initialized: now 1780923691095790 us; error 0 us; skew 500 ppm
I20260608 13:01:31.096580 29621 server_base.cc:861] Flag tcmalloc_max_total_thread_cache_bytes is not working since tcmalloc is not enabled.
I20260608 13:01:31.099682 29621 webserver.cc:533] Webserver started at http://127.28.237.66:32899/ using document root <none> and password file <none>
I20260608 13:01:31.100389 29621 fs_manager.cc:362] Metadata directory not provided
I20260608 13:01:31.100657 29621 fs_manager.cc:368] Using write-ahead log directory (fs_wal_dir) as metadata directory
I20260608 13:01:31.101017 29621 server_base.cc:909] This appears to be a new deployment of Kudu; creating new FS layout
I20260608 13:01:31.102408   905 heartbeater.cc:344] Connected to a master server at 127.28.237.126:40217
I20260608 13:01:31.102478 29621 fs_manager.cc:1068] Generated new instance metadata in path /tmp/dist-test-task89eo7_/test-tmp/auto_rebalancer-test.0.AutoRebalancerTest.NoReplicaMovesIfLocationLoadSkewedByOne.1780923597117392-29621-0/minicluster-data/ts-1-root/instance:
uuid: "6491d30634ec425a8e52bd1d43e9bb41"
format_stamp: "Formatted at 2026-06-08 13:01:31 on dist-test-slave-ssmb"
I20260608 13:01:31.102965   905 heartbeater.cc:461] Registering TS with master...
I20260608 13:01:31.103803   905 heartbeater.cc:507] Master 127.28.237.126:40217 requested a full tablet report, sending...
I20260608 13:01:31.106088   778 ts_manager.cc:194] Registered new tserver with Master: a415d5715959415fb94df0d979907671 (127.28.237.65:40641)
I20260608 13:01:31.108191 29621 fs_manager.cc:696] Time spent creating directory manager: real 0.005s	user 0.005s	sys 0.000s
I20260608 13:01:31.108268   778 master_service.cc:502] Signed X509 certificate for tserver {username='slave'} at 127.0.0.1:48714
I20260608 13:01:31.112136   917 log_block_manager.cc:4031] Time spent loading block containers with low live blocks: real 0.000s	user 0.000s	sys 0.000s
I20260608 13:01:31.112941 29621 fs_manager.cc:730] Time spent opening block manager: real 0.002s	user 0.001s	sys 0.003s
I20260608 13:01:31.113255 29621 fs_manager.cc:647] Opened local filesystem: /tmp/dist-test-task89eo7_/test-tmp/auto_rebalancer-test.0.AutoRebalancerTest.NoReplicaMovesIfLocationLoadSkewedByOne.1780923597117392-29621-0/minicluster-data/ts-1-root
uuid: "6491d30634ec425a8e52bd1d43e9bb41"
format_stamp: "Formatted at 2026-06-08 13:01:31 on dist-test-slave-ssmb"
I20260608 13:01:31.113552 29621 fs_report.cc:389] FS layout report
--------------------
wal directory: /tmp/dist-test-task89eo7_/test-tmp/auto_rebalancer-test.0.AutoRebalancerTest.NoReplicaMovesIfLocationLoadSkewedByOne.1780923597117392-29621-0/minicluster-data/ts-1-root
metadata directory: /tmp/dist-test-task89eo7_/test-tmp/auto_rebalancer-test.0.AutoRebalancerTest.NoReplicaMovesIfLocationLoadSkewedByOne.1780923597117392-29621-0/minicluster-data/ts-1-root
1 data directories: /tmp/dist-test-task89eo7_/test-tmp/auto_rebalancer-test.0.AutoRebalancerTest.NoReplicaMovesIfLocationLoadSkewedByOne.1780923597117392-29621-0/minicluster-data/ts-1-root/data
Total live blocks: 0
Total live bytes: 0
Total live bytes (after alignment): 0
Total number of LBM containers: 0 (0 full)
Did not check for missing blocks
Did not check for orphaned blocks
Total full LBM containers with extra space: 0 (0 repaired)
Total full LBM container extra space in bytes: 0 (0 repaired)
Total incomplete LBM containers: 0 (0 repaired)
Total LBM partial records: 0 (0 repaired)
Total corrupted LBM metadata records in RocksDB: 0 (0 repaired)
I20260608 13:01:31.131906 29621 rpc_server.cc:225] running with OpenSSL 1.1.1  11 Sep 2018
I20260608 13:01:31.133234 29621 kserver.cc:163] Server-wide thread pool size limit: 3276
I20260608 13:01:31.134830 29621 txn_system_client.cc:432] TxnSystemClient initialization is disabled...
I20260608 13:01:31.137156 29621 ts_tablet_manager.cc:585] Loaded tablet metadata (0 total tablets, 0 live tablets)
I20260608 13:01:31.137394 29621 ts_tablet_manager.cc:531] Time spent load tablet metadata: real 0.000s	user 0.000s	sys 0.000s
I20260608 13:01:31.137652 29621 ts_tablet_manager.cc:616] Registered 0 tablets
I20260608 13:01:31.137830 29621 ts_tablet_manager.cc:595] Time spent register tablets: real 0.000s	user 0.000s	sys 0.000s
I20260608 13:01:31.183669 29621 rpc_server.cc:307] RPC server started. Bound to: 127.28.237.66:46075
I20260608 13:01:31.183779   979 acceptor_pool.cc:272] collecting diagnostics on the listening RPC socket 127.28.237.66:46075 every 8 connection(s)
I20260608 13:01:31.189785 29621 file_cache.cc:492] Constructed file cache file cache with capacity 419430
W20260608 13:01:31.198880   983 instance_detector.cc:116] could not retrieve AWS instance metadata: Network error: curl error: HTTP response code said error: The requested URL returned error: 404
W20260608 13:01:31.200630   984 instance_detector.cc:116] could not retrieve Azure instance metadata: Network error: curl error: HTTP response code said error: The requested URL returned error: 404
I20260608 13:01:31.205395   980 heartbeater.cc:344] Connected to a master server at 127.28.237.126:40217
I20260608 13:01:31.205900   980 heartbeater.cc:461] Registering TS with master...
W20260608 13:01:31.205861   986 instance_detector.cc:116] could not retrieve OpenStack instance metadata: Network error: curl error: HTTP response code said error: The requested URL returned error: 404
I20260608 13:01:31.206955 29621 server_base.cc:1061] running on GCE node
I20260608 13:01:31.207211   980 heartbeater.cc:507] Master 127.28.237.126:40217 requested a full tablet report, sending...
I20260608 13:01:31.208029 29621 hybrid_clock.cc:584] initializing the hybrid clock with 'system_unsync' time source
W20260608 13:01:31.208348 29621 system_unsync_time.cc:38] NTP support is disabled. Clock error bounds will not be accurate. This configuration is not suitable for distributed clusters.
I20260608 13:01:31.208542 29621 hybrid_clock.cc:648] HybridClock initialized: now 1780923691208506 us; error 0 us; skew 500 ppm
I20260608 13:01:31.209250 29621 server_base.cc:861] Flag tcmalloc_max_total_thread_cache_bytes is not working since tcmalloc is not enabled.
I20260608 13:01:31.209883   778 ts_manager.cc:194] Registered new tserver with Master: 6491d30634ec425a8e52bd1d43e9bb41 (127.28.237.66:46075)
I20260608 13:01:31.212198   778 master_service.cc:502] Signed X509 certificate for tserver {username='slave'} at 127.0.0.1:48726
I20260608 13:01:31.212637 29621 webserver.cc:533] Webserver started at http://127.28.237.67:43827/ using document root <none> and password file <none>
I20260608 13:01:31.213464 29621 fs_manager.cc:362] Metadata directory not provided
I20260608 13:01:31.213770 29621 fs_manager.cc:368] Using write-ahead log directory (fs_wal_dir) as metadata directory
I20260608 13:01:31.214136 29621 server_base.cc:909] This appears to be a new deployment of Kudu; creating new FS layout
I20260608 13:01:31.215803 29621 fs_manager.cc:1068] Generated new instance metadata in path /tmp/dist-test-task89eo7_/test-tmp/auto_rebalancer-test.0.AutoRebalancerTest.NoReplicaMovesIfLocationLoadSkewedByOne.1780923597117392-29621-0/minicluster-data/ts-2-root/instance:
uuid: "c3f38dbed8d94f4fb10bb42015b605c4"
format_stamp: "Formatted at 2026-06-08 13:01:31 on dist-test-slave-ssmb"
I20260608 13:01:31.220849 29621 fs_manager.cc:696] Time spent creating directory manager: real 0.005s	user 0.005s	sys 0.000s
I20260608 13:01:31.224677   991 log_block_manager.cc:4031] Time spent loading block containers with low live blocks: real 0.000s	user 0.000s	sys 0.000s
I20260608 13:01:31.225651 29621 fs_manager.cc:730] Time spent opening block manager: real 0.003s	user 0.001s	sys 0.000s
I20260608 13:01:31.226133 29621 fs_manager.cc:647] Opened local filesystem: /tmp/dist-test-task89eo7_/test-tmp/auto_rebalancer-test.0.AutoRebalancerTest.NoReplicaMovesIfLocationLoadSkewedByOne.1780923597117392-29621-0/minicluster-data/ts-2-root
uuid: "c3f38dbed8d94f4fb10bb42015b605c4"
format_stamp: "Formatted at 2026-06-08 13:01:31 on dist-test-slave-ssmb"
I20260608 13:01:31.226438 29621 fs_report.cc:389] FS layout report
--------------------
wal directory: /tmp/dist-test-task89eo7_/test-tmp/auto_rebalancer-test.0.AutoRebalancerTest.NoReplicaMovesIfLocationLoadSkewedByOne.1780923597117392-29621-0/minicluster-data/ts-2-root
metadata directory: /tmp/dist-test-task89eo7_/test-tmp/auto_rebalancer-test.0.AutoRebalancerTest.NoReplicaMovesIfLocationLoadSkewedByOne.1780923597117392-29621-0/minicluster-data/ts-2-root
1 data directories: /tmp/dist-test-task89eo7_/test-tmp/auto_rebalancer-test.0.AutoRebalancerTest.NoReplicaMovesIfLocationLoadSkewedByOne.1780923597117392-29621-0/minicluster-data/ts-2-root/data
Total live blocks: 0
Total live bytes: 0
Total live bytes (after alignment): 0
Total number of LBM containers: 0 (0 full)
Did not check for missing blocks
Did not check for orphaned blocks
Total full LBM containers with extra space: 0 (0 repaired)
Total full LBM container extra space in bytes: 0 (0 repaired)
Total incomplete LBM containers: 0 (0 repaired)
Total LBM partial records: 0 (0 repaired)
Total corrupted LBM metadata records in RocksDB: 0 (0 repaired)
I20260608 13:01:31.235299 29621 rpc_server.cc:225] running with OpenSSL 1.1.1  11 Sep 2018
I20260608 13:01:31.236546 29621 kserver.cc:163] Server-wide thread pool size limit: 3276
I20260608 13:01:31.238041 29621 txn_system_client.cc:432] TxnSystemClient initialization is disabled...
I20260608 13:01:31.240513 29621 ts_tablet_manager.cc:585] Loaded tablet metadata (0 total tablets, 0 live tablets)
I20260608 13:01:31.240756 29621 ts_tablet_manager.cc:531] Time spent load tablet metadata: real 0.000s	user 0.000s	sys 0.000s
I20260608 13:01:31.241025 29621 ts_tablet_manager.cc:616] Registered 0 tablets
I20260608 13:01:31.241205 29621 ts_tablet_manager.cc:595] Time spent register tablets: real 0.000s	user 0.000s	sys 0.000s
I20260608 13:01:31.282908 29621 rpc_server.cc:307] RPC server started. Bound to: 127.28.237.67:34281
I20260608 13:01:31.283049  1053 acceptor_pool.cc:272] collecting diagnostics on the listening RPC socket 127.28.237.67:34281 every 8 connection(s)
I20260608 13:01:31.288131 29621 file_cache.cc:492] Constructed file cache file cache with capacity 419430
W20260608 13:01:31.295816  1057 instance_detector.cc:116] could not retrieve AWS instance metadata: Network error: curl error: HTTP response code said error: The requested URL returned error: 404
W20260608 13:01:31.297719  1058 instance_detector.cc:116] could not retrieve Azure instance metadata: Network error: curl error: HTTP response code said error: The requested URL returned error: 404
I20260608 13:01:31.300144 29621 server_base.cc:1061] running on GCE node
W20260608 13:01:31.301008  1060 instance_detector.cc:116] could not retrieve OpenStack instance metadata: Network error: curl error: HTTP response code said error: The requested URL returned error: 404
I20260608 13:01:31.301774  1054 heartbeater.cc:344] Connected to a master server at 127.28.237.126:40217
I20260608 13:01:31.302166  1054 heartbeater.cc:461] Registering TS with master...
I20260608 13:01:31.302281 29621 hybrid_clock.cc:584] initializing the hybrid clock with 'system_unsync' time source
W20260608 13:01:31.302675 29621 system_unsync_time.cc:38] NTP support is disabled. Clock error bounds will not be accurate. This configuration is not suitable for distributed clusters.
I20260608 13:01:31.302940 29621 hybrid_clock.cc:648] HybridClock initialized: now 1780923691302919 us; error 0 us; skew 500 ppm
I20260608 13:01:31.303153  1054 heartbeater.cc:507] Master 127.28.237.126:40217 requested a full tablet report, sending...
I20260608 13:01:31.303653 29621 server_base.cc:861] Flag tcmalloc_max_total_thread_cache_bytes is not working since tcmalloc is not enabled.
I20260608 13:01:31.305593   778 ts_manager.cc:194] Registered new tserver with Master: c3f38dbed8d94f4fb10bb42015b605c4 (127.28.237.67:34281)
I20260608 13:01:31.306843 29621 webserver.cc:533] Webserver started at http://127.28.237.68:40243/ using document root <none> and password file <none>
I20260608 13:01:31.307574 29621 fs_manager.cc:362] Metadata directory not provided
I20260608 13:01:31.307621   778 master_service.cc:502] Signed X509 certificate for tserver {username='slave'} at 127.0.0.1:48732
I20260608 13:01:31.307927 29621 fs_manager.cc:368] Using write-ahead log directory (fs_wal_dir) as metadata directory
I20260608 13:01:31.308310 29621 server_base.cc:909] This appears to be a new deployment of Kudu; creating new FS layout
I20260608 13:01:31.309612 29621 fs_manager.cc:1068] Generated new instance metadata in path /tmp/dist-test-task89eo7_/test-tmp/auto_rebalancer-test.0.AutoRebalancerTest.NoReplicaMovesIfLocationLoadSkewedByOne.1780923597117392-29621-0/minicluster-data/ts-3-root/instance:
uuid: "797afff9532145829a9108d9e360e679"
format_stamp: "Formatted at 2026-06-08 13:01:31 on dist-test-slave-ssmb"
I20260608 13:01:31.314594 29621 fs_manager.cc:696] Time spent creating directory manager: real 0.004s	user 0.007s	sys 0.000s
I20260608 13:01:31.318468  1065 log_block_manager.cc:4031] Time spent loading block containers with low live blocks: real 0.000s	user 0.000s	sys 0.000s
I20260608 13:01:31.319649 29621 fs_manager.cc:730] Time spent opening block manager: real 0.003s	user 0.003s	sys 0.000s
I20260608 13:01:31.319926 29621 fs_manager.cc:647] Opened local filesystem: /tmp/dist-test-task89eo7_/test-tmp/auto_rebalancer-test.0.AutoRebalancerTest.NoReplicaMovesIfLocationLoadSkewedByOne.1780923597117392-29621-0/minicluster-data/ts-3-root
uuid: "797afff9532145829a9108d9e360e679"
format_stamp: "Formatted at 2026-06-08 13:01:31 on dist-test-slave-ssmb"
I20260608 13:01:31.320173 29621 fs_report.cc:389] FS layout report
--------------------
wal directory: /tmp/dist-test-task89eo7_/test-tmp/auto_rebalancer-test.0.AutoRebalancerTest.NoReplicaMovesIfLocationLoadSkewedByOne.1780923597117392-29621-0/minicluster-data/ts-3-root
metadata directory: /tmp/dist-test-task89eo7_/test-tmp/auto_rebalancer-test.0.AutoRebalancerTest.NoReplicaMovesIfLocationLoadSkewedByOne.1780923597117392-29621-0/minicluster-data/ts-3-root
1 data directories: /tmp/dist-test-task89eo7_/test-tmp/auto_rebalancer-test.0.AutoRebalancerTest.NoReplicaMovesIfLocationLoadSkewedByOne.1780923597117392-29621-0/minicluster-data/ts-3-root/data
Total live blocks: 0
Total live bytes: 0
Total live bytes (after alignment): 0
Total number of LBM containers: 0 (0 full)
Did not check for missing blocks
Did not check for orphaned blocks
Total full LBM containers with extra space: 0 (0 repaired)
Total full LBM container extra space in bytes: 0 (0 repaired)
Total incomplete LBM containers: 0 (0 repaired)
Total LBM partial records: 0 (0 repaired)
Total corrupted LBM metadata records in RocksDB: 0 (0 repaired)
I20260608 13:01:31.348517 29621 rpc_server.cc:225] running with OpenSSL 1.1.1  11 Sep 2018
I20260608 13:01:31.349763 29621 kserver.cc:163] Server-wide thread pool size limit: 3276
I20260608 13:01:31.351500 29621 txn_system_client.cc:432] TxnSystemClient initialization is disabled...
I20260608 13:01:31.353991 29621 ts_tablet_manager.cc:585] Loaded tablet metadata (0 total tablets, 0 live tablets)
I20260608 13:01:31.354178 29621 ts_tablet_manager.cc:531] Time spent load tablet metadata: real 0.000s	user 0.000s	sys 0.000s
I20260608 13:01:31.354504 29621 ts_tablet_manager.cc:616] Registered 0 tablets
I20260608 13:01:31.354683 29621 ts_tablet_manager.cc:595] Time spent register tablets: real 0.000s	user 0.000s	sys 0.000s
I20260608 13:01:31.401006 29621 rpc_server.cc:307] RPC server started. Bound to: 127.28.237.68:34287
I20260608 13:01:31.401185  1127 acceptor_pool.cc:272] collecting diagnostics on the listening RPC socket 127.28.237.68:34287 every 8 connection(s)
I20260608 13:01:31.416767  1128 heartbeater.cc:344] Connected to a master server at 127.28.237.126:40217
I20260608 13:01:31.417218  1128 heartbeater.cc:461] Registering TS with master...
I20260608 13:01:31.417958  1128 heartbeater.cc:507] Master 127.28.237.126:40217 requested a full tablet report, sending...
I20260608 13:01:31.420248   778 ts_manager.cc:194] Registered new tserver with Master: 797afff9532145829a9108d9e360e679 (127.28.237.68:34287)
I20260608 13:01:31.420776 29621 internal_mini_cluster.cc:371] 4 TS(s) registered with all masters after 0.016342757s
I20260608 13:01:31.422184   778 master_service.cc:502] Signed X509 certificate for tserver {username='slave'} at 127.0.0.1:48738
I20260608 13:01:31.980296   778 catalog_manager.cc:2282] Servicing CreateTable request from {username='slave'} at 127.0.0.1:48760:
name: "test-workload"
schema {
  columns {
    name: "key"
    type: INT32
    is_key: true
    is_nullable: false
    encoding: AUTO_ENCODING
    compression: DEFAULT_COMPRESSION
    cfile_block_size: 0
    immutable: false
  }
  columns {
    name: "int_val"
    type: INT32
    is_key: false
    is_nullable: false
    encoding: AUTO_ENCODING
    compression: DEFAULT_COMPRESSION
    cfile_block_size: 0
    immutable: false
  }
  columns {
    name: "string_val"
    type: STRING
    is_key: false
    is_nullable: true
    encoding: AUTO_ENCODING
    compression: DEFAULT_COMPRESSION
    cfile_block_size: 0
    immutable: false
  }
}
num_replicas: 3
split_rows_range_bounds {
}
partition_schema {
  range_schema {
    columns {
      name: "key"
    }
  }
}
I20260608 13:01:32.032851  1093 tablet_service.cc:1511] Processing CreateTablet for tablet 3076778bbbe744d3a27182347c363a45 (DEFAULT_TABLE table=test-workload [id=e83e997de05b49c08ce90cf9ae7d77fe]), partition=RANGE (key) PARTITION UNBOUNDED
I20260608 13:01:32.034363  1093 data_dirs.cc:400] Could only allocate 1 dirs of requested 3 for tablet 3076778bbbe744d3a27182347c363a45. 1 dirs total, 0 dirs full, 0 dirs failed
I20260608 13:01:32.035808   945 tablet_service.cc:1511] Processing CreateTablet for tablet 3076778bbbe744d3a27182347c363a45 (DEFAULT_TABLE table=test-workload [id=e83e997de05b49c08ce90cf9ae7d77fe]), partition=RANGE (key) PARTITION UNBOUNDED
I20260608 13:01:32.037065   945 data_dirs.cc:400] Could only allocate 1 dirs of requested 3 for tablet 3076778bbbe744d3a27182347c363a45. 1 dirs total, 0 dirs full, 0 dirs failed
I20260608 13:01:32.043421   870 tablet_service.cc:1511] Processing CreateTablet for tablet 3076778bbbe744d3a27182347c363a45 (DEFAULT_TABLE table=test-workload [id=e83e997de05b49c08ce90cf9ae7d77fe]), partition=RANGE (key) PARTITION UNBOUNDED
I20260608 13:01:32.044793   870 data_dirs.cc:400] Could only allocate 1 dirs of requested 3 for tablet 3076778bbbe744d3a27182347c363a45. 1 dirs total, 0 dirs full, 0 dirs failed
I20260608 13:01:32.051671  1149 tablet_bootstrap.cc:492] T 3076778bbbe744d3a27182347c363a45 P 797afff9532145829a9108d9e360e679: Bootstrap starting.
I20260608 13:01:32.055080  1150 tablet_bootstrap.cc:492] T 3076778bbbe744d3a27182347c363a45 P 6491d30634ec425a8e52bd1d43e9bb41: Bootstrap starting.
I20260608 13:01:32.059204  1149 tablet_bootstrap.cc:654] T 3076778bbbe744d3a27182347c363a45 P 797afff9532145829a9108d9e360e679: Neither blocks nor log segments found. Creating new log.
I20260608 13:01:32.060951  1151 tablet_bootstrap.cc:492] T 3076778bbbe744d3a27182347c363a45 P a415d5715959415fb94df0d979907671: Bootstrap starting.
I20260608 13:01:32.063336  1150 tablet_bootstrap.cc:654] T 3076778bbbe744d3a27182347c363a45 P 6491d30634ec425a8e52bd1d43e9bb41: Neither blocks nor log segments found. Creating new log.
I20260608 13:01:32.066380  1149 tablet_bootstrap.cc:492] T 3076778bbbe744d3a27182347c363a45 P 797afff9532145829a9108d9e360e679: No bootstrap required, opened a new log
I20260608 13:01:32.066990  1149 ts_tablet_manager.cc:1403] T 3076778bbbe744d3a27182347c363a45 P 797afff9532145829a9108d9e360e679: Time spent bootstrapping tablet: real 0.017s	user 0.009s	sys 0.004s
I20260608 13:01:32.068753  1151 tablet_bootstrap.cc:654] T 3076778bbbe744d3a27182347c363a45 P a415d5715959415fb94df0d979907671: Neither blocks nor log segments found. Creating new log.
I20260608 13:01:32.069772  1150 tablet_bootstrap.cc:492] T 3076778bbbe744d3a27182347c363a45 P 6491d30634ec425a8e52bd1d43e9bb41: No bootstrap required, opened a new log
I20260608 13:01:32.069653  1149 raft_consensus.cc:359] T 3076778bbbe744d3a27182347c363a45 P 797afff9532145829a9108d9e360e679 [term 0 FOLLOWER]: Replica starting. Triggering 0 pending ops. Active config: opid_index: -1 OBSOLETE_local: false peers { permanent_uuid: "797afff9532145829a9108d9e360e679" member_type: VOTER last_known_addr { host: "127.28.237.68" port: 34287 } } peers { permanent_uuid: "6491d30634ec425a8e52bd1d43e9bb41" member_type: VOTER last_known_addr { host: "127.28.237.66" port: 46075 } } peers { permanent_uuid: "a415d5715959415fb94df0d979907671" member_type: VOTER last_known_addr { host: "127.28.237.65" port: 40641 } }
I20260608 13:01:32.070334  1150 ts_tablet_manager.cc:1403] T 3076778bbbe744d3a27182347c363a45 P 6491d30634ec425a8e52bd1d43e9bb41: Time spent bootstrapping tablet: real 0.016s	user 0.009s	sys 0.003s
I20260608 13:01:32.070374  1149 raft_consensus.cc:385] T 3076778bbbe744d3a27182347c363a45 P 797afff9532145829a9108d9e360e679 [term 0 FOLLOWER]: Consensus starting up: Expiring failure detector timer to make a prompt election more likely
I20260608 13:01:32.071113  1149 raft_consensus.cc:740] T 3076778bbbe744d3a27182347c363a45 P 797afff9532145829a9108d9e360e679 [term 0 FOLLOWER]: Becoming Follower/Learner. State: Replica: 797afff9532145829a9108d9e360e679, State: Initialized, Role: FOLLOWER
I20260608 13:01:32.072171  1149 consensus_queue.cc:260] T 3076778bbbe744d3a27182347c363a45 P 797afff9532145829a9108d9e360e679 [NON_LEADER]: Queue going to NON_LEADER mode. State: All replicated index: 0, Majority replicated index: 0, Committed index: 0, Last appended: 0.0, Last appended by leader: 0, Current term: 0, Majority size: -1, State: 0, Mode: NON_LEADER, active raft config: opid_index: -1 OBSOLETE_local: false peers { permanent_uuid: "797afff9532145829a9108d9e360e679" member_type: VOTER last_known_addr { host: "127.28.237.68" port: 34287 } } peers { permanent_uuid: "6491d30634ec425a8e52bd1d43e9bb41" member_type: VOTER last_known_addr { host: "127.28.237.66" port: 46075 } } peers { permanent_uuid: "a415d5715959415fb94df0d979907671" member_type: VOTER last_known_addr { host: "127.28.237.65" port: 40641 } }
I20260608 13:01:32.074483  1150 raft_consensus.cc:359] T 3076778bbbe744d3a27182347c363a45 P 6491d30634ec425a8e52bd1d43e9bb41 [term 0 FOLLOWER]: Replica starting. Triggering 0 pending ops. Active config: opid_index: -1 OBSOLETE_local: false peers { permanent_uuid: "797afff9532145829a9108d9e360e679" member_type: VOTER last_known_addr { host: "127.28.237.68" port: 34287 } } peers { permanent_uuid: "6491d30634ec425a8e52bd1d43e9bb41" member_type: VOTER last_known_addr { host: "127.28.237.66" port: 46075 } } peers { permanent_uuid: "a415d5715959415fb94df0d979907671" member_type: VOTER last_known_addr { host: "127.28.237.65" port: 40641 } }
I20260608 13:01:32.075578  1150 raft_consensus.cc:385] T 3076778bbbe744d3a27182347c363a45 P 6491d30634ec425a8e52bd1d43e9bb41 [term 0 FOLLOWER]: Consensus starting up: Expiring failure detector timer to make a prompt election more likely
I20260608 13:01:32.076049  1150 raft_consensus.cc:740] T 3076778bbbe744d3a27182347c363a45 P 6491d30634ec425a8e52bd1d43e9bb41 [term 0 FOLLOWER]: Becoming Follower/Learner. State: Replica: 6491d30634ec425a8e52bd1d43e9bb41, State: Initialized, Role: FOLLOWER
I20260608 13:01:32.077647  1128 heartbeater.cc:499] Master 127.28.237.126:40217 was elected leader, sending a full tablet report...
