split_rows_range_bounds {
}
partition_schema {
  range_schema {
    columns {
      name: "key"
    }
  }
}
W20260608 13:01:39.007897   574 catalog_manager.cc:7076] The number of live tablet servers is not enough to re-replicate a tablet replica of the newly created table test-workload in case of a server failure: 4 tablet servers would be needed, 3 are available. Consider bringing up more tablet servers.
I20260608 13:01:39.063293   741 tablet_service.cc:1511] Processing CreateTablet for tablet 367393fcfaaa43af9d2fdcc48a2404c9 (DEFAULT_TABLE table=test-workload [id=ea05a47e3de8401e9568813689b672ca]), partition=RANGE (key) PARTITION UNBOUNDED
I20260608 13:01:39.065218   741 data_dirs.cc:400] Could only allocate 1 dirs of requested 3 for tablet 367393fcfaaa43af9d2fdcc48a2404c9. 1 dirs total, 0 dirs full, 0 dirs failed
I20260608 13:01:39.081676   666 tablet_service.cc:1511] Processing CreateTablet for tablet 367393fcfaaa43af9d2fdcc48a2404c9 (DEFAULT_TABLE table=test-workload [id=ea05a47e3de8401e9568813689b672ca]), partition=RANGE (key) PARTITION UNBOUNDED
I20260608 13:01:39.083267   666 data_dirs.cc:400] Could only allocate 1 dirs of requested 3 for tablet 367393fcfaaa43af9d2fdcc48a2404c9. 1 dirs total, 0 dirs full, 0 dirs failed
I20260608 13:01:39.088560   815 tablet_service.cc:1511] Processing CreateTablet for tablet 367393fcfaaa43af9d2fdcc48a2404c9 (DEFAULT_TABLE table=test-workload [id=ea05a47e3de8401e9568813689b672ca]), partition=RANGE (key) PARTITION UNBOUNDED
I20260608 13:01:39.090421   815 data_dirs.cc:400] Could only allocate 1 dirs of requested 3 for tablet 367393fcfaaa43af9d2fdcc48a2404c9. 1 dirs total, 0 dirs full, 0 dirs failed
I20260608 13:01:39.094424   871 tablet_bootstrap.cc:492] T 367393fcfaaa43af9d2fdcc48a2404c9 P 58e3c90e104f4bcda2aae801def48e19: Bootstrap starting.
I20260608 13:01:39.104300   871 tablet_bootstrap.cc:654] T 367393fcfaaa43af9d2fdcc48a2404c9 P 58e3c90e104f4bcda2aae801def48e19: Neither blocks nor log segments found. Creating new log.
I20260608 13:01:39.106305   872 tablet_bootstrap.cc:492] T 367393fcfaaa43af9d2fdcc48a2404c9 P 0efe0df2fee04cf4aae9a6521899eef6: Bootstrap starting.
I20260608 13:01:39.111228   871 tablet_bootstrap.cc:492] T 367393fcfaaa43af9d2fdcc48a2404c9 P 58e3c90e104f4bcda2aae801def48e19: No bootstrap required, opened a new log
I20260608 13:01:39.112021   871 ts_tablet_manager.cc:1403] T 367393fcfaaa43af9d2fdcc48a2404c9 P 58e3c90e104f4bcda2aae801def48e19: Time spent bootstrapping tablet: real 0.018s	user 0.012s	sys 0.004s
I20260608 13:01:39.115625   872 tablet_bootstrap.cc:654] T 367393fcfaaa43af9d2fdcc48a2404c9 P 0efe0df2fee04cf4aae9a6521899eef6: Neither blocks nor log segments found. Creating new log.
I20260608 13:01:39.116935   874 tablet_bootstrap.cc:492] T 367393fcfaaa43af9d2fdcc48a2404c9 P 91daee4b853f40ba9a2bf9a71d38a342: Bootstrap starting.
I20260608 13:01:39.116264   871 raft_consensus.cc:359] T 367393fcfaaa43af9d2fdcc48a2404c9 P 58e3c90e104f4bcda2aae801def48e19 [term 0 FOLLOWER]: Replica starting. Triggering 0 pending ops. Active config: opid_index: -1 OBSOLETE_local: false peers { permanent_uuid: "58e3c90e104f4bcda2aae801def48e19" member_type: VOTER last_known_addr { host: "127.28.72.66" port: 45521 } } peers { permanent_uuid: "0efe0df2fee04cf4aae9a6521899eef6" member_type: VOTER last_known_addr { host: "127.28.72.65" port: 36009 } } peers { permanent_uuid: "91daee4b853f40ba9a2bf9a71d38a342" member_type: VOTER last_known_addr { host: "127.28.72.67" port: 39521 } }
I20260608 13:01:39.118475   871 raft_consensus.cc:385] T 367393fcfaaa43af9d2fdcc48a2404c9 P 58e3c90e104f4bcda2aae801def48e19 [term 0 FOLLOWER]: Consensus starting up: Expiring failure detector timer to make a prompt election more likely
I20260608 13:01:39.118839   871 raft_consensus.cc:740] T 367393fcfaaa43af9d2fdcc48a2404c9 P 58e3c90e104f4bcda2aae801def48e19 [term 0 FOLLOWER]: Becoming Follower/Learner. State: Replica: 58e3c90e104f4bcda2aae801def48e19, State: Initialized, Role: FOLLOWER
I20260608 13:01:39.120579   871 consensus_queue.cc:260] T 367393fcfaaa43af9d2fdcc48a2404c9 P 58e3c90e104f4bcda2aae801def48e19 [NON_LEADER]: Queue going to NON_LEADER mode. State: All replicated index: 0, Majority replicated index: 0, Committed index: 0, Last appended: 0.0, Last appended by leader: 0, Current term: 0, Majority size: -1, State: 0, Mode: NON_LEADER, active raft config: opid_index: -1 OBSOLETE_local: false peers { permanent_uuid: "58e3c90e104f4bcda2aae801def48e19" member_type: VOTER last_known_addr { host: "127.28.72.66" port: 45521 } } peers { permanent_uuid: "0efe0df2fee04cf4aae9a6521899eef6" member_type: VOTER last_known_addr { host: "127.28.72.65" port: 36009 } } peers { permanent_uuid: "91daee4b853f40ba9a2bf9a71d38a342" member_type: VOTER last_known_addr { host: "127.28.72.67" port: 39521 } }
I20260608 13:01:39.124157   776 heartbeater.cc:499] Master 127.28.72.126:45177 was elected leader, sending a full tablet report...
I20260608 13:01:39.124624   872 tablet_bootstrap.cc:492] T 367393fcfaaa43af9d2fdcc48a2404c9 P 0efe0df2fee04cf4aae9a6521899eef6: No bootstrap required, opened a new log
I20260608 13:01:39.125402   872 ts_tablet_manager.cc:1403] T 367393fcfaaa43af9d2fdcc48a2404c9 P 0efe0df2fee04cf4aae9a6521899eef6: Time spent bootstrapping tablet: real 0.019s	user 0.018s	sys 0.000s
I20260608 13:01:39.124675   871 ts_tablet_manager.cc:1434] T 367393fcfaaa43af9d2fdcc48a2404c9 P 58e3c90e104f4bcda2aae801def48e19: Time spent starting tablet: real 0.012s	user 0.005s	sys 0.005s
I20260608 13:01:39.128842   874 tablet_bootstrap.cc:654] T 367393fcfaaa43af9d2fdcc48a2404c9 P 91daee4b853f40ba9a2bf9a71d38a342: Neither blocks nor log segments found. Creating new log.
I20260608 13:01:39.129518   872 raft_consensus.cc:359] T 367393fcfaaa43af9d2fdcc48a2404c9 P 0efe0df2fee04cf4aae9a6521899eef6 [term 0 FOLLOWER]: Replica starting. Triggering 0 pending ops. Active config: opid_index: -1 OBSOLETE_local: false peers { permanent_uuid: "58e3c90e104f4bcda2aae801def48e19" member_type: VOTER last_known_addr { host: "127.28.72.66" port: 45521 } } peers { permanent_uuid: "0efe0df2fee04cf4aae9a6521899eef6" member_type: VOTER last_known_addr { host: "127.28.72.65" port: 36009 } } peers { permanent_uuid: "91daee4b853f40ba9a2bf9a71d38a342" member_type: VOTER last_known_addr { host: "127.28.72.67" port: 39521 } }
I20260608 13:01:39.130462   872 raft_consensus.cc:385] T 367393fcfaaa43af9d2fdcc48a2404c9 P 0efe0df2fee04cf4aae9a6521899eef6 [term 0 FOLLOWER]: Consensus starting up: Expiring failure detector timer to make a prompt election more likely
I20260608 13:01:39.130820   872 raft_consensus.cc:740] T 367393fcfaaa43af9d2fdcc48a2404c9 P 0efe0df2fee04cf4aae9a6521899eef6 [term 0 FOLLOWER]: Becoming Follower/Learner. State: Replica: 0efe0df2fee04cf4aae9a6521899eef6, State: Initialized, Role: FOLLOWER
I20260608 13:01:39.131937   872 consensus_queue.cc:260] T 367393fcfaaa43af9d2fdcc48a2404c9 P 0efe0df2fee04cf4aae9a6521899eef6 [NON_LEADER]: Queue going to NON_LEADER mode. State: All replicated index: 0, Majority replicated index: 0, Committed index: 0, Last appended: 0.0, Last appended by leader: 0, Current term: 0, Majority size: -1, State: 0, Mode: NON_LEADER, active raft config: opid_index: -1 OBSOLETE_local: false peers { permanent_uuid: "58e3c90e104f4bcda2aae801def48e19" member_type: VOTER last_known_addr { host: "127.28.72.66" port: 45521 } } peers { permanent_uuid: "0efe0df2fee04cf4aae9a6521899eef6" member_type: VOTER last_known_addr { host: "127.28.72.65" port: 36009 } } peers { permanent_uuid: "91daee4b853f40ba9a2bf9a71d38a342" member_type: VOTER last_known_addr { host: "127.28.72.67" port: 39521 } }
I20260608 13:01:39.135275   701 heartbeater.cc:499] Master 127.28.72.126:45177 was elected leader, sending a full tablet report...
I20260608 13:01:39.135865   872 ts_tablet_manager.cc:1434] T 367393fcfaaa43af9d2fdcc48a2404c9 P 0efe0df2fee04cf4aae9a6521899eef6: Time spent starting tablet: real 0.010s	user 0.010s	sys 0.000s
I20260608 13:01:39.136534   874 tablet_bootstrap.cc:492] T 367393fcfaaa43af9d2fdcc48a2404c9 P 91daee4b853f40ba9a2bf9a71d38a342: No bootstrap required, opened a new log
I20260608 13:01:39.137081   874 ts_tablet_manager.cc:1403] T 367393fcfaaa43af9d2fdcc48a2404c9 P 91daee4b853f40ba9a2bf9a71d38a342: Time spent bootstrapping tablet: real 0.021s	user 0.017s	sys 0.000s
I20260608 13:01:39.140974   874 raft_consensus.cc:359] T 367393fcfaaa43af9d2fdcc48a2404c9 P 91daee4b853f40ba9a2bf9a71d38a342 [term 0 FOLLOWER]: Replica starting. Triggering 0 pending ops. Active config: opid_index: -1 OBSOLETE_local: false peers { permanent_uuid: "58e3c90e104f4bcda2aae801def48e19" member_type: VOTER last_known_addr { host: "127.28.72.66" port: 45521 } } peers { permanent_uuid: "0efe0df2fee04cf4aae9a6521899eef6" member_type: VOTER last_known_addr { host: "127.28.72.65" port: 36009 } } peers { permanent_uuid: "91daee4b853f40ba9a2bf9a71d38a342" member_type: VOTER last_known_addr { host: "127.28.72.67" port: 39521 } }
I20260608 13:01:39.141868   874 raft_consensus.cc:385] T 367393fcfaaa43af9d2fdcc48a2404c9 P 91daee4b853f40ba9a2bf9a71d38a342 [term 0 FOLLOWER]: Consensus starting up: Expiring failure detector timer to make a prompt election more likely
I20260608 13:01:39.142199   874 raft_consensus.cc:740] T 367393fcfaaa43af9d2fdcc48a2404c9 P 91daee4b853f40ba9a2bf9a71d38a342 [term 0 FOLLOWER]: Becoming Follower/Learner. State: Replica: 91daee4b853f40ba9a2bf9a71d38a342, State: Initialized, Role: FOLLOWER
I20260608 13:01:39.143146   874 consensus_queue.cc:260] T 367393fcfaaa43af9d2fdcc48a2404c9 P 91daee4b853f40ba9a2bf9a71d38a342 [NON_LEADER]: Queue going to NON_LEADER mode. State: All replicated index: 0, Majority replicated index: 0, Committed index: 0, Last appended: 0.0, Last appended by leader: 0, Current term: 0, Majority size: -1, State: 0, Mode: NON_LEADER, active raft config: opid_index: -1 OBSOLETE_local: false peers { permanent_uuid: "58e3c90e104f4bcda2aae801def48e19" member_type: VOTER last_known_addr { host: "127.28.72.66" port: 45521 } } peers { permanent_uuid: "0efe0df2fee04cf4aae9a6521899eef6" member_type: VOTER last_known_addr { host: "127.28.72.65" port: 36009 } } peers { permanent_uuid: "91daee4b853f40ba9a2bf9a71d38a342" member_type: VOTER last_known_addr { host: "127.28.72.67" port: 39521 } }
I20260608 13:01:39.146147   850 heartbeater.cc:499] Master 127.28.72.126:45177 was elected leader, sending a full tablet report...
I20260608 13:01:39.146648   874 ts_tablet_manager.cc:1434] T 367393fcfaaa43af9d2fdcc48a2404c9 P 91daee4b853f40ba9a2bf9a71d38a342: Time spent starting tablet: real 0.009s	user 0.009s	sys 0.000s
I20260608 13:01:39.272039   879 raft_consensus.cc:493] T 367393fcfaaa43af9d2fdcc48a2404c9 P 91daee4b853f40ba9a2bf9a71d38a342 [term 0 FOLLOWER]: Starting pre-election (no leader contacted us within the election timeout)
I20260608 13:01:39.272692   879 raft_consensus.cc:515] T 367393fcfaaa43af9d2fdcc48a2404c9 P 91daee4b853f40ba9a2bf9a71d38a342 [term 0 FOLLOWER]: Starting pre-election with config: opid_index: -1 OBSOLETE_local: false peers { permanent_uuid: "58e3c90e104f4bcda2aae801def48e19" member_type: VOTER last_known_addr { host: "127.28.72.66" port: 45521 } } peers { permanent_uuid: "0efe0df2fee04cf4aae9a6521899eef6" member_type: VOTER last_known_addr { host: "127.28.72.65" port: 36009 } } peers { permanent_uuid: "91daee4b853f40ba9a2bf9a71d38a342" member_type: VOTER last_known_addr { host: "127.28.72.67" port: 39521 } }
I20260608 13:01:39.276328   879 leader_election.cc:290] T 367393fcfaaa43af9d2fdcc48a2404c9 P 91daee4b853f40ba9a2bf9a71d38a342 [CANDIDATE]: Term 1 pre-election: Requested pre-vote from peers 58e3c90e104f4bcda2aae801def48e19 (127.28.72.66:45521), 0efe0df2fee04cf4aae9a6521899eef6 (127.28.72.65:36009)
I20260608 13:01:39.292979   751 tablet_service.cc:1917] Received RequestConsensusVote() RPC: tablet_id: "367393fcfaaa43af9d2fdcc48a2404c9" candidate_uuid: "91daee4b853f40ba9a2bf9a71d38a342" candidate_term: 1 candidate_status { last_received { term: 0 index: 0 } } ignore_live_leader: false dest_uuid: "58e3c90e104f4bcda2aae801def48e19" is_pre_election: true
I20260608 13:01:39.293814   676 tablet_service.cc:1917] Received RequestConsensusVote() RPC: tablet_id: "367393fcfaaa43af9d2fdcc48a2404c9" candidate_uuid: "91daee4b853f40ba9a2bf9a71d38a342" candidate_term: 1 candidate_status { last_received { term: 0 index: 0 } } ignore_live_leader: false dest_uuid: "0efe0df2fee04cf4aae9a6521899eef6" is_pre_election: true
I20260608 13:01:39.294301   751 raft_consensus.cc:2468] T 367393fcfaaa43af9d2fdcc48a2404c9 P 58e3c90e104f4bcda2aae801def48e19 [term 0 FOLLOWER]: Leader pre-election vote request: Granting yes vote for candidate 91daee4b853f40ba9a2bf9a71d38a342 in term 0.
I20260608 13:01:39.294574   676 raft_consensus.cc:2468] T 367393fcfaaa43af9d2fdcc48a2404c9 P 0efe0df2fee04cf4aae9a6521899eef6 [term 0 FOLLOWER]: Leader pre-election vote request: Granting yes vote for candidate 91daee4b853f40ba9a2bf9a71d38a342 in term 0.
I20260608 13:01:39.295954   791 leader_election.cc:304] T 367393fcfaaa43af9d2fdcc48a2404c9 P 91daee4b853f40ba9a2bf9a71d38a342 [CANDIDATE]: Term 1 pre-election: Election decided. Result: candidate won. Election summary: received 2 responses out of 3 voters: 2 yes votes; 0 no votes. yes voters: 58e3c90e104f4bcda2aae801def48e19, 91daee4b853f40ba9a2bf9a71d38a342; no voters: 
I20260608 13:01:39.296811   879 raft_consensus.cc:2804] T 367393fcfaaa43af9d2fdcc48a2404c9 P 91daee4b853f40ba9a2bf9a71d38a342 [term 0 FOLLOWER]: Leader pre-election won for term 1
I20260608 13:01:39.297204   879 raft_consensus.cc:493] T 367393fcfaaa43af9d2fdcc48a2404c9 P 91daee4b853f40ba9a2bf9a71d38a342 [term 0 FOLLOWER]: Starting leader election (no leader contacted us within the election timeout)
I20260608 13:01:39.297499   879 raft_consensus.cc:3060] T 367393fcfaaa43af9d2fdcc48a2404c9 P 91daee4b853f40ba9a2bf9a71d38a342 [term 0 FOLLOWER]: Advancing to term 1
I20260608 13:01:39.304637   879 raft_consensus.cc:515] T 367393fcfaaa43af9d2fdcc48a2404c9 P 91daee4b853f40ba9a2bf9a71d38a342 [term 1 FOLLOWER]: Starting leader election with config: opid_index: -1 OBSOLETE_local: false peers { permanent_uuid: "58e3c90e104f4bcda2aae801def48e19" member_type: VOTER last_known_addr { host: "127.28.72.66" port: 45521 } } peers { permanent_uuid: "0efe0df2fee04cf4aae9a6521899eef6" member_type: VOTER last_known_addr { host: "127.28.72.65" port: 36009 } } peers { permanent_uuid: "91daee4b853f40ba9a2bf9a71d38a342" member_type: VOTER last_known_addr { host: "127.28.72.67" port: 39521 } }
I20260608 13:01:39.306787   879 leader_election.cc:290] T 367393fcfaaa43af9d2fdcc48a2404c9 P 91daee4b853f40ba9a2bf9a71d38a342 [CANDIDATE]: Term 1 election: Requested vote from peers 58e3c90e104f4bcda2aae801def48e19 (127.28.72.66:45521), 0efe0df2fee04cf4aae9a6521899eef6 (127.28.72.65:36009)
I20260608 13:01:39.308219   676 tablet_service.cc:1917] Received RequestConsensusVote() RPC: tablet_id: "367393fcfaaa43af9d2fdcc48a2404c9" candidate_uuid: "91daee4b853f40ba9a2bf9a71d38a342" candidate_term: 1 candidate_status { last_received { term: 0 index: 0 } } ignore_live_leader: false dest_uuid: "0efe0df2fee04cf4aae9a6521899eef6"
I20260608 13:01:39.308182   751 tablet_service.cc:1917] Received RequestConsensusVote() RPC: tablet_id: "367393fcfaaa43af9d2fdcc48a2404c9" candidate_uuid: "91daee4b853f40ba9a2bf9a71d38a342" candidate_term: 1 candidate_status { last_received { term: 0 index: 0 } } ignore_live_leader: false dest_uuid: "58e3c90e104f4bcda2aae801def48e19"
I20260608 13:01:39.309167   751 raft_consensus.cc:3060] T 367393fcfaaa43af9d2fdcc48a2404c9 P 58e3c90e104f4bcda2aae801def48e19 [term 0 FOLLOWER]: Advancing to term 1
I20260608 13:01:39.309139   676 raft_consensus.cc:3060] T 367393fcfaaa43af9d2fdcc48a2404c9 P 0efe0df2fee04cf4aae9a6521899eef6 [term 0 FOLLOWER]: Advancing to term 1
I20260608 13:01:39.319460   751 raft_consensus.cc:2468] T 367393fcfaaa43af9d2fdcc48a2404c9 P 58e3c90e104f4bcda2aae801def48e19 [term 1 FOLLOWER]: Leader election vote request: Granting yes vote for candidate 91daee4b853f40ba9a2bf9a71d38a342 in term 1.
I20260608 13:01:39.319463   676 raft_consensus.cc:2468] T 367393fcfaaa43af9d2fdcc48a2404c9 P 0efe0df2fee04cf4aae9a6521899eef6 [term 1 FOLLOWER]: Leader election vote request: Granting yes vote for candidate 91daee4b853f40ba9a2bf9a71d38a342 in term 1.
I20260608 13:01:39.321486   791 leader_election.cc:304] T 367393fcfaaa43af9d2fdcc48a2404c9 P 91daee4b853f40ba9a2bf9a71d38a342 [CANDIDATE]: Term 1 election: Election decided. Result: candidate won. Election summary: received 2 responses out of 3 voters: 2 yes votes; 0 no votes. yes voters: 58e3c90e104f4bcda2aae801def48e19, 91daee4b853f40ba9a2bf9a71d38a342; no voters: 
I20260608 13:01:39.322311   879 raft_consensus.cc:2804] T 367393fcfaaa43af9d2fdcc48a2404c9 P 91daee4b853f40ba9a2bf9a71d38a342 [term 1 FOLLOWER]: Leader election won for term 1
I20260608 13:01:39.323655   879 raft_consensus.cc:697] T 367393fcfaaa43af9d2fdcc48a2404c9 P 91daee4b853f40ba9a2bf9a71d38a342 [term 1 LEADER]: Becoming Leader. State: Replica: 91daee4b853f40ba9a2bf9a71d38a342, State: Running, Role: LEADER
I20260608 13:01:39.324517   879 consensus_queue.cc:237] T 367393fcfaaa43af9d2fdcc48a2404c9 P 91daee4b853f40ba9a2bf9a71d38a342 [LEADER]: Queue going to LEADER mode. State: All replicated index: 0, Majority replicated index: 0, Committed index: 0, Last appended: 0.0, Last appended by leader: 0, Current term: 1, Majority size: 2, State: 0, Mode: LEADER, active raft config: opid_index: -1 OBSOLETE_local: false peers { permanent_uuid: "58e3c90e104f4bcda2aae801def48e19" member_type: VOTER last_known_addr { host: "127.28.72.66" port: 45521 } } peers { permanent_uuid: "0efe0df2fee04cf4aae9a6521899eef6" member_type: VOTER last_known_addr { host: "127.28.72.65" port: 36009 } } peers { permanent_uuid: "91daee4b853f40ba9a2bf9a71d38a342" member_type: VOTER last_known_addr { host: "127.28.72.67" port: 39521 } }
I20260608 13:01:39.332969   574 catalog_manager.cc:5696] T 367393fcfaaa43af9d2fdcc48a2404c9 P 91daee4b853f40ba9a2bf9a71d38a342 reported cstate change: term changed from 0 to 1, leader changed from <none> to 91daee4b853f40ba9a2bf9a71d38a342 (127.28.72.67). New cstate: current_term: 1 leader_uuid: "91daee4b853f40ba9a2bf9a71d38a342" committed_config { opid_index: -1 OBSOLETE_local: false peers { permanent_uuid: "58e3c90e104f4bcda2aae801def48e19" member_type: VOTER last_known_addr { host: "127.28.72.66" port: 45521 } health_report { overall_health: UNKNOWN } } peers { permanent_uuid: "0efe0df2fee04cf4aae9a6521899eef6" member_type: VOTER last_known_addr { host: "127.28.72.65" port: 36009 } health_report { overall_health: UNKNOWN } } peers { permanent_uuid: "91daee4b853f40ba9a2bf9a71d38a342" member_type: VOTER last_known_addr { host: "127.28.72.67" port: 39521 } health_report { overall_health: HEALTHY } } }
I20260608 13:01:39.771925   879 consensus_queue.cc:1048] T 367393fcfaaa43af9d2fdcc48a2404c9 P 91daee4b853f40ba9a2bf9a71d38a342 [LEADER]: Connected to new peer: Peer: permanent_uuid: "58e3c90e104f4bcda2aae801def48e19" member_type: VOTER last_known_addr { host: "127.28.72.66" port: 45521 }, Status: LMP_MISMATCH, Last received: 0.0, Next index: 1, Last known committed idx: 0, Time since last communication: 0.000s
I20260608 13:01:39.790031   879 consensus_queue.cc:1048] T 367393fcfaaa43af9d2fdcc48a2404c9 P 91daee4b853f40ba9a2bf9a71d38a342 [LEADER]: Connected to new peer: Peer: permanent_uuid: "0efe0df2fee04cf4aae9a6521899eef6" member_type: VOTER last_known_addr { host: "127.28.72.65" port: 36009 }, Status: LMP_MISMATCH, Last received: 0.0, Next index: 1, Last known committed idx: 0, Time since last communication: 0.001s
I20260608 13:01:39.953187   622 placement_policy_util.cc:407] tablet 367393fcfaaa43af9d2fdcc48a2404c9: detected majority of replicas (2 of 3) at location L0
I20260608 13:01:39.955253   627 auto_leader_rebalancer.cc:140] leader rebalance for table test-workload
I20260608 13:01:39.957018   627 auto_leader_rebalancer.cc:388] table: test-workload, leader rebalance finish, leader transfer count: 0
I20260608 13:01:39.957418   627 auto_leader_rebalancer.cc:451] All tables' leader rebalancing finished this round
I20260608 13:01:40.964154   622 placement_policy_util.cc:407] tablet 367393fcfaaa43af9d2fdcc48a2404c9: detected majority of replicas (2 of 3) at location L0
I20260608 13:01:42.561386   622 placement_policy_util.cc:407] tablet 367393fcfaaa43af9d2fdcc48a2404c9: detected majority of replicas (2 of 3) at location L0
I20260608 13:01:42.591464   627 auto_leader_rebalancer.cc:140] leader rebalance for table test-workload
I20260608 13:01:42.595920   627 auto_leader_rebalancer.cc:388] table: test-workload, leader rebalance finish, leader transfer count: 0
I20260608 13:01:42.601464   627 auto_leader_rebalancer.cc:451] All tables' leader rebalancing finished this round
W20260608 13:01:43.577860   846 debug-util.cc:398] Leaking SignalData structure 0x7b08000dbfe0 after lost signal to thread 28964
W20260608 13:01:43.579066   846 debug-util.cc:398] Leaking SignalData structure 0x7b0800083a60 after lost signal to thread 608
I20260608 13:01:43.579906   622 placement_policy_util.cc:407] tablet 367393fcfaaa43af9d2fdcc48a2404c9: detected majority of replicas (2 of 3) at location L0
W20260608 13:01:43.580282   846 debug-util.cc:398] Leaking SignalData structure 0x7b0800242320 after lost signal to thread 700
W20260608 13:01:43.581638   846 debug-util.cc:398] Leaking SignalData structure 0x7b0800185560 after lost signal to thread 775
W20260608 13:01:43.582679   846 debug-util.cc:398] Leaking SignalData structure 0x7b08000e8ae0 after lost signal to thread 849
I20260608 13:01:44.591988   622 placement_policy_util.cc:407] tablet 367393fcfaaa43af9d2fdcc48a2404c9: detected majority of replicas (2 of 3) at location L0
I20260608 13:01:44.604238   627 auto_leader_rebalancer.cc:140] leader rebalance for table test-workload
I20260608 13:01:44.606082   627 auto_leader_rebalancer.cc:388] table: test-workload, leader rebalance finish, leader transfer count: 0
I20260608 13:01:44.606513   627 auto_leader_rebalancer.cc:451] All tables' leader rebalancing finished this round
I20260608 13:01:45.603462   622 placement_policy_util.cc:407] tablet 367393fcfaaa43af9d2fdcc48a2404c9: detected majority of replicas (2 of 3) at location L0
I20260608 13:01:46.607784   627 auto_leader_rebalancer.cc:140] leader rebalance for table test-workload
I20260608 13:01:46.609405   627 auto_leader_rebalancer.cc:388] table: test-workload, leader rebalance finish, leader transfer count: 0
I20260608 13:01:46.609758   627 auto_leader_rebalancer.cc:451] All tables' leader rebalancing finished this round
I20260608 13:01:46.617997   622 placement_policy_util.cc:407] tablet 367393fcfaaa43af9d2fdcc48a2404c9: detected majority of replicas (2 of 3) at location L0
I20260608 13:01:47.629223   622 placement_policy_util.cc:407] tablet 367393fcfaaa43af9d2fdcc48a2404c9: detected majority of replicas (2 of 3) at location L0
I20260608 13:01:48.610812   627 auto_leader_rebalancer.cc:140] leader rebalance for table test-workload
I20260608 13:01:48.612497   627 auto_leader_rebalancer.cc:388] table: test-workload, leader rebalance finish, leader transfer count: 0
I20260608 13:01:48.612866   627 auto_leader_rebalancer.cc:451] All tables' leader rebalancing finished this round
I20260608 13:01:48.638736   622 placement_policy_util.cc:407] tablet 367393fcfaaa43af9d2fdcc48a2404c9: detected majority of replicas (2 of 3) at location L0
I20260608 13:01:49.647114   622 placement_policy_util.cc:407] tablet 367393fcfaaa43af9d2fdcc48a2404c9: detected majority of replicas (2 of 3) at location L0
I20260608 13:01:50.613776   627 auto_leader_rebalancer.cc:140] leader rebalance for table test-workload
I20260608 13:01:50.615247   627 auto_leader_rebalancer.cc:388] table: test-workload, leader rebalance finish, leader transfer count: 0
I20260608 13:01:50.615767   627 auto_leader_rebalancer.cc:451] All tables' leader rebalancing finished this round
I20260608 13:01:50.657217   622 placement_policy_util.cc:407] tablet 367393fcfaaa43af9d2fdcc48a2404c9: detected majority of replicas (2 of 3) at location L0
I20260608 13:01:50.736370 28961 tablet_server.cc:179] TabletServer@127.28.72.65:0 shutting down...
I20260608 13:01:50.773020 28961 ts_tablet_manager.cc:1507] Shutting down tablet manager...
I20260608 13:01:50.773931 28961 tablet_replica.cc:333] T 367393fcfaaa43af9d2fdcc48a2404c9 P 0efe0df2fee04cf4aae9a6521899eef6: stopping tablet replica
I20260608 13:01:50.774865 28961 raft_consensus.cc:2243] T 367393fcfaaa43af9d2fdcc48a2404c9 P 0efe0df2fee04cf4aae9a6521899eef6 [term 1 FOLLOWER]: Raft consensus shutting down.
I20260608 13:01:50.775720 28961 raft_consensus.cc:2272] T 367393fcfaaa43af9d2fdcc48a2404c9 P 0efe0df2fee04cf4aae9a6521899eef6 [term 1 FOLLOWER]: Raft consensus is shut down!
I20260608 13:01:50.800077 28961 tablet_server.cc:196] TabletServer@127.28.72.65:0 shutdown complete.
I20260608 13:01:50.816903 28961 tablet_server.cc:179] TabletServer@127.28.72.66:0 shutting down...
I20260608 13:01:50.843223 28961 ts_tablet_manager.cc:1507] Shutting down tablet manager...
I20260608 13:01:50.844187 28961 tablet_replica.cc:333] T 367393fcfaaa43af9d2fdcc48a2404c9 P 58e3c90e104f4bcda2aae801def48e19: stopping tablet replica
I20260608 13:01:50.844873 28961 raft_consensus.cc:2243] T 367393fcfaaa43af9d2fdcc48a2404c9 P 58e3c90e104f4bcda2aae801def48e19 [term 1 FOLLOWER]: Raft consensus shutting down.
I20260608 13:01:50.845526 28961 raft_consensus.cc:2272] T 367393fcfaaa43af9d2fdcc48a2404c9 P 58e3c90e104f4bcda2aae801def48e19 [term 1 FOLLOWER]: Raft consensus is shut down!
I20260608 13:01:50.868592 28961 tablet_server.cc:196] TabletServer@127.28.72.66:0 shutdown complete.
I20260608 13:01:50.884156 28961 tablet_server.cc:179] TabletServer@127.28.72.67:0 shutting down...
I20260608 13:01:50.908571 28961 ts_tablet_manager.cc:1507] Shutting down tablet manager...
I20260608 13:01:50.909600 28961 tablet_replica.cc:333] T 367393fcfaaa43af9d2fdcc48a2404c9 P 91daee4b853f40ba9a2bf9a71d38a342: stopping tablet replica
I20260608 13:01:50.910228 28961 raft_consensus.cc:2243] T 367393fcfaaa43af9d2fdcc48a2404c9 P 91daee4b853f40ba9a2bf9a71d38a342 [term 1 LEADER]: Raft consensus shutting down.
I20260608 13:01:50.911317 28961 raft_consensus.cc:2272] T 367393fcfaaa43af9d2fdcc48a2404c9 P 91daee4b853f40ba9a2bf9a71d38a342 [term 1 FOLLOWER]: Raft consensus is shut down!
I20260608 13:01:50.948566 28961 tablet_server.cc:196] TabletServer@127.28.72.67:0 shutdown complete.
I20260608 13:01:50.962356 28961 master.cc:562] Master@127.28.72.126:45177 shutting down...
I20260608 13:01:50.986117 28961 raft_consensus.cc:2243] T 00000000000000000000000000000000 P 0364238d51be470f81bf65c01eb5c90d [term 1 LEADER]: Raft consensus shutting down.
I20260608 13:01:50.986966 28961 raft_consensus.cc:2272] T 00000000000000000000000000000000 P 0364238d51be470f81bf65c01eb5c90d [term 1 FOLLOWER]: Raft consensus is shut down!
I20260608 13:01:50.987371 28961 tablet_replica.cc:333] T 00000000000000000000000000000000 P 0364238d51be470f81bf65c01eb5c90d: stopping tablet replica
I20260608 13:01:51.008622 28961 master.cc:584] Master@127.28.72.126:45177 shutdown complete.
[       OK ] AutoRebalancerTest.NoReplicaMovesIfCannotFixPlacementPolicy (13273 ms)
[ RUN      ] AutoRebalancerTest.TestMaxMovesPerServer
I20260608 13:01:51.053719 28961 internal_mini_cluster.cc:156] Creating distributed mini masters. Addrs: 127.28.72.126:33867
I20260608 13:01:51.055219 28961 file_cache.cc:492] Constructed file cache file cache with capacity 419430
W20260608 13:01:51.062362   895 instance_detector.cc:116] could not retrieve AWS instance metadata: Network error: curl error: HTTP response code said error: The requested URL returned error: 404
W20260608 13:01:51.063062   896 instance_detector.cc:116] could not retrieve Azure instance metadata: Network error: curl error: HTTP response code said error: The requested URL returned error: 404
W20260608 13:01:51.063110   898 instance_detector.cc:116] could not retrieve OpenStack instance metadata: Network error: curl error: HTTP response code said error: The requested URL returned error: 404
I20260608 13:01:51.064648 28961 server_base.cc:1061] running on GCE node
I20260608 13:01:51.065871 28961 hybrid_clock.cc:584] initializing the hybrid clock with 'system_unsync' time source
W20260608 13:01:51.066143 28961 system_unsync_time.cc:38] NTP support is disabled. Clock error bounds will not be accurate. This configuration is not suitable for distributed clusters.
I20260608 13:01:51.066324 28961 hybrid_clock.cc:648] HybridClock initialized: now 1780923711066290 us; error 0 us; skew 500 ppm
I20260608 13:01:51.066951 28961 server_base.cc:861] Flag tcmalloc_max_total_thread_cache_bytes is not working since tcmalloc is not enabled.
I20260608 13:01:51.070585 28961 webserver.cc:533] Webserver started at http://127.28.72.126:40321/ using document root <none> and password file <none>
I20260608 13:01:51.071233 28961 fs_manager.cc:362] Metadata directory not provided
I20260608 13:01:51.071453 28961 fs_manager.cc:368] Using write-ahead log directory (fs_wal_dir) as metadata directory
I20260608 13:01:51.071797 28961 server_base.cc:909] This appears to be a new deployment of Kudu; creating new FS layout
I20260608 13:01:51.073258 28961 fs_manager.cc:1068] Generated new instance metadata in path /tmp/dist-test-taskEkw2kx/test-tmp/auto_rebalancer-test.0.AutoRebalancerTest.TestMaxMovesPerServer.1780923593129780-28961-0/minicluster-data/master-0-root/instance:
uuid: "d20989ae875d42798aceb3f7f922fdcb"
format_stamp: "Formatted at 2026-06-08 13:01:51 on dist-test-slave-8mpf"
I20260608 13:01:51.079171 28961 fs_manager.cc:696] Time spent creating directory manager: real 0.005s	user 0.006s	sys 0.000s
I20260608 13:01:51.083766   903 log_block_manager.cc:4031] Time spent loading block containers with low live blocks: real 0.000s	user 0.000s	sys 0.000s
I20260608 13:01:51.084729 28961 fs_manager.cc:730] Time spent opening block manager: real 0.003s	user 0.003s	sys 0.000s
I20260608 13:01:51.085063 28961 fs_manager.cc:647] Opened local filesystem: /tmp/dist-test-taskEkw2kx/test-tmp/auto_rebalancer-test.0.AutoRebalancerTest.TestMaxMovesPerServer.1780923593129780-28961-0/minicluster-data/master-0-root
uuid: "d20989ae875d42798aceb3f7f922fdcb"
format_stamp: "Formatted at 2026-06-08 13:01:51 on dist-test-slave-8mpf"
I20260608 13:01:51.085412 28961 fs_report.cc:389] FS layout report
--------------------
wal directory: /tmp/dist-test-taskEkw2kx/test-tmp/auto_rebalancer-test.0.AutoRebalancerTest.TestMaxMovesPerServer.1780923593129780-28961-0/minicluster-data/master-0-root
metadata directory: /tmp/dist-test-taskEkw2kx/test-tmp/auto_rebalancer-test.0.AutoRebalancerTest.TestMaxMovesPerServer.1780923593129780-28961-0/minicluster-data/master-0-root
1 data directories: /tmp/dist-test-taskEkw2kx/test-tmp/auto_rebalancer-test.0.AutoRebalancerTest.TestMaxMovesPerServer.1780923593129780-28961-0/minicluster-data/master-0-root/data
Total live blocks: 0
Total live bytes: 0
Total live bytes (after alignment): 0
Total number of LBM containers: 0 (0 full)
Did not check for missing blocks
Did not check for orphaned blocks
Total full LBM containers with extra space: 0 (0 repaired)
Total full LBM container extra space in bytes: 0 (0 repaired)
Total incomplete LBM containers: 0 (0 repaired)
Total LBM partial records: 0 (0 repaired)
Total corrupted LBM metadata records in RocksDB: 0 (0 repaired)
I20260608 13:01:51.100888 28961 rpc_server.cc:225] running with OpenSSL 1.1.1  11 Sep 2018
I20260608 13:01:51.102406 28961 kserver.cc:163] Server-wide thread pool size limit: 3276
I20260608 13:01:51.151901 28961 rpc_server.cc:307] RPC server started. Bound to: 127.28.72.126:33867
I20260608 13:01:51.152050   954 acceptor_pool.cc:272] collecting diagnostics on the listening RPC socket 127.28.72.126:33867 every 8 connection(s)
I20260608 13:01:51.157202   955 data_dirs.cc:400] Could only allocate 1 dirs of requested 3 for tablet 00000000000000000000000000000000. 1 dirs total, 0 dirs full, 0 dirs failed
I20260608 13:01:51.172777   955 tablet_bootstrap.cc:492] T 00000000000000000000000000000000 P d20989ae875d42798aceb3f7f922fdcb: Bootstrap starting.
I20260608 13:01:51.179216   955 tablet_bootstrap.cc:654] T 00000000000000000000000000000000 P d20989ae875d42798aceb3f7f922fdcb: Neither blocks nor log segments found. Creating new log.
I20260608 13:01:51.184788   955 tablet_bootstrap.cc:492] T 00000000000000000000000000000000 P d20989ae875d42798aceb3f7f922fdcb: No bootstrap required, opened a new log
I20260608 13:01:51.187849   955 raft_consensus.cc:359] T 00000000000000000000000000000000 P d20989ae875d42798aceb3f7f922fdcb [term 0 FOLLOWER]: Replica starting. Triggering 0 pending ops. Active config: opid_index: -1 OBSOLETE_local: true peers { permanent_uuid: "d20989ae875d42798aceb3f7f922fdcb" member_type: VOTER }
I20260608 13:01:51.188388   955 raft_consensus.cc:385] T 00000000000000000000000000000000 P d20989ae875d42798aceb3f7f922fdcb [term 0 FOLLOWER]: Consensus starting up: Expiring failure detector timer to make a prompt election more likely
I20260608 13:01:51.188586   955 raft_consensus.cc:740] T 00000000000000000000000000000000 P d20989ae875d42798aceb3f7f922fdcb [term 0 FOLLOWER]: Becoming Follower/Learner. State: Replica: d20989ae875d42798aceb3f7f922fdcb, State: Initialized, Role: FOLLOWER
I20260608 13:01:51.189162   955 consensus_queue.cc:260] T 00000000000000000000000000000000 P d20989ae875d42798aceb3f7f922fdcb [NON_LEADER]: Queue going to NON_LEADER mode. State: All replicated index: 0, Majority replicated index: 0, Committed index: 0, Last appended: 0.0, Last appended by leader: 0, Current term: 0, Majority size: -1, State: 0, Mode: NON_LEADER, active raft config: opid_index: -1 OBSOLETE_local: true peers { permanent_uuid: "d20989ae875d42798aceb3f7f922fdcb" member_type: VOTER }
I20260608 13:01:51.189653   955 raft_consensus.cc:399] T 00000000000000000000000000000000 P d20989ae875d42798aceb3f7f922fdcb [term 0 FOLLOWER]: Only one voter in the Raft config. Triggering election immediately
I20260608 13:01:51.189875   955 raft_consensus.cc:493] T 00000000000000000000000000000000 P d20989ae875d42798aceb3f7f922fdcb [term 0 FOLLOWER]: Starting leader election (initial election of a single-replica configuration)
I20260608 13:01:51.190620   955 raft_consensus.cc:3060] T 00000000000000000000000000000000 P d20989ae875d42798aceb3f7f922fdcb [term 0 FOLLOWER]: Advancing to term 1
I20260608 13:01:51.196664   955 raft_consensus.cc:515] T 00000000000000000000000000000000 P d20989ae875d42798aceb3f7f922fdcb [term 1 FOLLOWER]: Starting leader election with config: opid_index: -1 OBSOLETE_local: true peers { permanent_uuid: "d20989ae875d42798aceb3f7f922fdcb" member_type: VOTER }
I20260608 13:01:51.197324   955 leader_election.cc:304] T 00000000000000000000000000000000 P d20989ae875d42798aceb3f7f922fdcb [CANDIDATE]: Term 1 election: Election decided. Result: candidate won. Election summary: received 1 responses out of 1 voters: 1 yes votes; 0 no votes. yes voters: d20989ae875d42798aceb3f7f922fdcb; no voters: 
I20260608 13:01:51.198690   955 leader_election.cc:290] T 00000000000000000000000000000000 P d20989ae875d42798aceb3f7f922fdcb [CANDIDATE]: Term 1 election: Requested vote from peers 
I20260608 13:01:51.199158   958 raft_consensus.cc:2804] T 00000000000000000000000000000000 P d20989ae875d42798aceb3f7f922fdcb [term 1 FOLLOWER]: Leader election won for term 1
I20260608 13:01:51.200841   958 raft_consensus.cc:697] T 00000000000000000000000000000000 P d20989ae875d42798aceb3f7f922fdcb [term 1 LEADER]: Becoming Leader. State: Replica: d20989ae875d42798aceb3f7f922fdcb, State: Running, Role: LEADER
I20260608 13:01:51.201601   958 consensus_queue.cc:237] T 00000000000000000000000000000000 P d20989ae875d42798aceb3f7f922fdcb [LEADER]: Queue going to LEADER mode. State: All replicated index: 0, Majority replicated index: 0, Committed index: 0, Last appended: 0.0, Last appended by leader: 0, Current term: 1, Majority size: 1, State: 0, Mode: LEADER, active raft config: opid_index: -1 OBSOLETE_local: true peers { permanent_uuid: "d20989ae875d42798aceb3f7f922fdcb" member_type: VOTER }
I20260608 13:01:51.202118   955 sys_catalog.cc:565] T 00000000000000000000000000000000 P d20989ae875d42798aceb3f7f922fdcb [sys.catalog]: configured and running, proceeding with master startup.
I20260608 13:01:51.207051   960 sys_catalog.cc:455] T 00000000000000000000000000000000 P d20989ae875d42798aceb3f7f922fdcb [sys.catalog]: SysCatalogTable state changed. Reason: New leader d20989ae875d42798aceb3f7f922fdcb. Latest consensus state: current_term: 1 leader_uuid: "d20989ae875d42798aceb3f7f922fdcb" committed_config { opid_index: -1 OBSOLETE_local: true peers { permanent_uuid: "d20989ae875d42798aceb3f7f922fdcb" member_type: VOTER } }
I20260608 13:01:51.208086   960 sys_catalog.cc:458] T 00000000000000000000000000000000 P d20989ae875d42798aceb3f7f922fdcb [sys.catalog]: This master's current role is: LEADER
I20260608 13:01:51.209136   959 sys_catalog.cc:455] T 00000000000000000000000000000000 P d20989ae875d42798aceb3f7f922fdcb [sys.catalog]: SysCatalogTable state changed. Reason: RaftConsensus started. Latest consensus state: current_term: 1 leader_uuid: "d20989ae875d42798aceb3f7f922fdcb" committed_config { opid_index: -1 OBSOLETE_local: true peers { permanent_uuid: "d20989ae875d42798aceb3f7f922fdcb" member_type: VOTER } }
I20260608 13:01:51.210031   959 sys_catalog.cc:458] T 00000000000000000000000000000000 P d20989ae875d42798aceb3f7f922fdcb [sys.catalog]: This master's current role is: LEADER
I20260608 13:01:51.212626   967 catalog_manager.cc:1510] Loading table and tablet metadata into memory...
I20260608 13:01:51.221482   967 catalog_manager.cc:1519] Initializing Kudu cluster ID...
I20260608 13:01:51.222864 28961 internal_mini_cluster.cc:184] Waiting to initialize catalog manager on master 0
I20260608 13:01:51.233186   967 catalog_manager.cc:1382] Generated new cluster ID: 2e664db6601a4c528a5ae522e09dc6bf
I20260608 13:01:51.233510   967 catalog_manager.cc:1530] Initializing Kudu internal certificate authority...
I20260608 13:01:51.254832   967 catalog_manager.cc:1405] Generated new certificate authority record
I20260608 13:01:51.256469   967 catalog_manager.cc:1539] Loading token signing keys...
I20260608 13:01:51.275224   967 catalog_manager.cc:6069] T 00000000000000000000000000000000 P d20989ae875d42798aceb3f7f922fdcb: Generated new TSK 0
I20260608 13:01:51.275979   967 catalog_manager.cc:1549] Initializing in-progress tserver states...
I20260608 13:01:51.290242 28961 file_cache.cc:492] Constructed file cache file cache with capacity 419430
W20260608 13:01:51.298494   976 instance_detector.cc:116] could not retrieve AWS instance metadata: Network error: curl error: HTTP response code said error: The requested URL returned error: 404
W20260608 13:01:51.299058   977 instance_detector.cc:116] could not retrieve Azure instance metadata: Network error: curl error: HTTP response code said error: The requested URL returned error: 404
I20260608 13:01:51.301676 28961 server_base.cc:1061] running on GCE node
W20260608 13:01:51.301887   979 instance_detector.cc:116] could not retrieve OpenStack instance metadata: Network error: curl error: HTTP response code said error: The requested URL returned error: 404
I20260608 13:01:51.303040 28961 hybrid_clock.cc:584] initializing the hybrid clock with 'system_unsync' time source
W20260608 13:01:51.303381 28961 system_unsync_time.cc:38] NTP support is disabled. Clock error bounds will not be accurate. This configuration is not suitable for distributed clusters.
I20260608 13:01:51.303675 28961 hybrid_clock.cc:648] HybridClock initialized: now 1780923711303562 us; error 0 us; skew 500 ppm
I20260608 13:01:51.304502 28961 server_base.cc:861] Flag tcmalloc_max_total_thread_cache_bytes is not working since tcmalloc is not enabled.
I20260608 13:01:51.307742 28961 webserver.cc:533] Webserver started at http://127.28.72.65:43787/ using document root <none> and password file <none>
I20260608 13:01:51.308395 28961 fs_manager.cc:362] Metadata directory not provided
I20260608 13:01:51.308599 28961 fs_manager.cc:368] Using write-ahead log directory (fs_wal_dir) as metadata directory
I20260608 13:01:51.308902 28961 server_base.cc:909] This appears to be a new deployment of Kudu; creating new FS layout
I20260608 13:01:51.310314 28961 fs_manager.cc:1068] Generated new instance metadata in path /tmp/dist-test-taskEkw2kx/test-tmp/auto_rebalancer-test.0.AutoRebalancerTest.TestMaxMovesPerServer.1780923593129780-28961-0/minicluster-data/ts-0-root/instance:
uuid: "cf7706ba483c49bfac29297b50be5c17"
format_stamp: "Formatted at 2026-06-08 13:01:51 on dist-test-slave-8mpf"
I20260608 13:01:51.316074 28961 fs_manager.cc:696] Time spent creating directory manager: real 0.005s	user 0.008s	sys 0.000s
I20260608 13:01:51.320425   984 log_block_manager.cc:4031] Time spent loading block containers with low live blocks: real 0.000s	user 0.000s	sys 0.000s
I20260608 13:01:51.321390 28961 fs_manager.cc:730] Time spent opening block manager: real 0.003s	user 0.003s	sys 0.001s
I20260608 13:01:51.321717 28961 fs_manager.cc:647] Opened local filesystem: /tmp/dist-test-taskEkw2kx/test-tmp/auto_rebalancer-test.0.AutoRebalancerTest.TestMaxMovesPerServer.1780923593129780-28961-0/minicluster-data/ts-0-root
uuid: "cf7706ba483c49bfac29297b50be5c17"
format_stamp: "Formatted at 2026-06-08 13:01:51 on dist-test-slave-8mpf"
I20260608 13:01:51.322026 28961 fs_report.cc:389] FS layout report
--------------------
wal directory: /tmp/dist-test-taskEkw2kx/test-tmp/auto_rebalancer-test.0.AutoRebalancerTest.TestMaxMovesPerServer.1780923593129780-28961-0/minicluster-data/ts-0-root
metadata directory: /tmp/dist-test-taskEkw2kx/test-tmp/auto_rebalancer-test.0.AutoRebalancerTest.TestMaxMovesPerServer.1780923593129780-28961-0/minicluster-data/ts-0-root
1 data directories: /tmp/dist-test-taskEkw2kx/test-tmp/auto_rebalancer-test.0.AutoRebalancerTest.TestMaxMovesPerServer.1780923593129780-28961-0/minicluster-data/ts-0-root/data
Total live blocks: 0
Total live bytes: 0
Total live bytes (after alignment): 0
Total number of LBM containers: 0 (0 full)
Did not check for missing blocks
Did not check for orphaned blocks
Total full LBM containers with extra space: 0 (0 repaired)
Total full LBM container extra space in bytes: 0 (0 repaired)
Total incomplete LBM containers: 0 (0 repaired)
Total LBM partial records: 0 (0 repaired)
Total corrupted LBM metadata records in RocksDB: 0 (0 repaired)
I20260608 13:01:51.344065 28961 rpc_server.cc:225] running with OpenSSL 1.1.1  11 Sep 2018
I20260608 13:01:51.345595 28961 kserver.cc:163] Server-wide thread pool size limit: 3276
I20260608 13:01:51.347421 28961 txn_system_client.cc:432] TxnSystemClient initialization is disabled...
I20260608 13:01:51.350463 28961 ts_tablet_manager.cc:585] Loaded tablet metadata (0 total tablets, 0 live tablets)
I20260608 13:01:51.350736 28961 ts_tablet_manager.cc:531] Time spent load tablet metadata: real 0.000s	user 0.000s	sys 0.000s
I20260608 13:01:51.351033 28961 ts_tablet_manager.cc:616] Registered 0 tablets
I20260608 13:01:51.351198 28961 ts_tablet_manager.cc:595] Time spent register tablets: real 0.000s	user 0.000s	sys 0.000s
I20260608 13:01:51.402861 28961 rpc_server.cc:307] RPC server started. Bound to: 127.28.72.65:42685
I20260608 13:01:51.402974  1046 acceptor_pool.cc:272] collecting diagnostics on the listening RPC socket 127.28.72.65:42685 every 8 connection(s)
I20260608 13:01:51.409077 28961 file_cache.cc:492] Constructed file cache file cache with capacity 419430
W20260608 13:01:51.418263  1051 instance_detector.cc:116] could not retrieve AWS instance metadata: Network error: curl error: HTTP response code said error: The requested URL returned error: 404
W20260608 13:01:51.421332  1052 instance_detector.cc:116] could not retrieve Azure instance metadata: Network error: curl error: HTTP response code said error: The requested URL returned error: 404
W20260608 13:01:51.422084  1055 instance_detector.cc:116] could not retrieve OpenStack instance metadata: Network error: curl error: HTTP response code said error: The requested URL returned error: 404
I20260608 13:01:51.426832 28961 server_base.cc:1061] running on GCE node
I20260608 13:01:51.428359 28961 hybrid_clock.cc:584] initializing the hybrid clock with 'system_unsync' time source
W20260608 13:01:51.428663 28961 system_unsync_time.cc:38] NTP support is disabled. Clock error bounds will not be accurate. This configuration is not suitable for distributed clusters.
I20260608 13:01:51.428669  1047 heartbeater.cc:344] Connected to a master server at 127.28.72.126:33867
I20260608 13:01:51.428856 28961 hybrid_clock.cc:648] HybridClock initialized: now 1780923711428836 us; error 0 us; skew 500 ppm
I20260608 13:01:51.429266  1047 heartbeater.cc:461] Registering TS with master...
I20260608 13:01:51.429718 28961 server_base.cc:861] Flag tcmalloc_max_total_thread_cache_bytes is not working since tcmalloc is not enabled.
I20260608 13:01:51.430224  1047 heartbeater.cc:507] Master 127.28.72.126:33867 requested a full tablet report, sending...
I20260608 13:01:51.433147 28961 webserver.cc:533] Webserver started at http://127.28.72.66:41467/ using document root <none> and password file <none>
I20260608 13:01:51.433409   920 ts_manager.cc:194] Registered new tserver with Master: cf7706ba483c49bfac29297b50be5c17 (127.28.72.65:42685)
I20260608 13:01:51.433846 28961 fs_manager.cc:362] Metadata directory not provided
I20260608 13:01:51.434165 28961 fs_manager.cc:368] Using write-ahead log directory (fs_wal_dir) as metadata directory
I20260608 13:01:51.434466 28961 server_base.cc:909] This appears to be a new deployment of Kudu; creating new FS layout
I20260608 13:01:51.435999 28961 fs_manager.cc:1068] Generated new instance metadata in path /tmp/dist-test-taskEkw2kx/test-tmp/auto_rebalancer-test.0.AutoRebalancerTest.TestMaxMovesPerServer.1780923593129780-28961-0/minicluster-data/ts-1-root/instance:
uuid: "3b6f6dc4c16249559be1f010512065af"
format_stamp: "Formatted at 2026-06-08 13:01:51 on dist-test-slave-8mpf"
I20260608 13:01:51.436244   920 master_service.cc:502] Signed X509 certificate for tserver {username='slave'} at 127.0.0.1:58216
I20260608 13:01:51.441844 28961 fs_manager.cc:696] Time spent creating directory manager: real 0.005s	user 0.005s	sys 0.000s
I20260608 13:01:51.446343  1059 log_block_manager.cc:4031] Time spent loading block containers with low live blocks: real 0.000s	user 0.000s	sys 0.000s
I20260608 13:01:51.447329 28961 fs_manager.cc:730] Time spent opening block manager: real 0.003s	user 0.002s	sys 0.000s
I20260608 13:01:51.447696 28961 fs_manager.cc:647] Opened local filesystem: /tmp/dist-test-taskEkw2kx/test-tmp/auto_rebalancer-test.0.AutoRebalancerTest.TestMaxMovesPerServer.1780923593129780-28961-0/minicluster-data/ts-1-root
uuid: "3b6f6dc4c16249559be1f010512065af"
format_stamp: "Formatted at 2026-06-08 13:01:51 on dist-test-slave-8mpf"
I20260608 13:01:51.448012 28961 fs_report.cc:389] FS layout report
--------------------
wal directory: /tmp/dist-test-taskEkw2kx/test-tmp/auto_rebalancer-test.0.AutoRebalancerTest.TestMaxMovesPerServer.1780923593129780-28961-0/minicluster-data/ts-1-root
metadata directory: /tmp/dist-test-taskEkw2kx/test-tmp/auto_rebalancer-test.0.AutoRebalancerTest.TestMaxMovesPerServer.1780923593129780-28961-0/minicluster-data/ts-1-root
1 data directories: /tmp/dist-test-taskEkw2kx/test-tmp/auto_rebalancer-test.0.AutoRebalancerTest.TestMaxMovesPerServer.1780923593129780-28961-0/minicluster-data/ts-1-root/data
Total live blocks: 0
Total live bytes: 0
Total live bytes (after alignment): 0
Total number of LBM containers: 0 (0 full)
Did not check for missing blocks
Did not check for orphaned blocks
Total full LBM containers with extra space: 0 (0 repaired)
Total full LBM container extra space in bytes: 0 (0 repaired)
Total incomplete LBM containers: 0 (0 repaired)
Total LBM partial records: 0 (0 repaired)
Total corrupted LBM metadata records in RocksDB: 0 (0 repaired)
I20260608 13:01:51.459193 28961 rpc_server.cc:225] running with OpenSSL 1.1.1  11 Sep 2018
I20260608 13:01:51.460713 28961 kserver.cc:163] Server-wide thread pool size limit: 3276
I20260608 13:01:51.462497 28961 txn_system_client.cc:432] TxnSystemClient initialization is disabled...
I20260608 13:01:51.465628 28961 ts_tablet_manager.cc:585] Loaded tablet metadata (0 total tablets, 0 live tablets)
I20260608 13:01:51.465866 28961 ts_tablet_manager.cc:531] Time spent load tablet metadata: real 0.000s	user 0.000s	sys 0.000s
I20260608 13:01:51.466162 28961 ts_tablet_manager.cc:616] Registered 0 tablets
I20260608 13:01:51.466316 28961 ts_tablet_manager.cc:595] Time spent register tablets: real 0.000s	user 0.000s	sys 0.000s
I20260608 13:01:51.518024 28961 rpc_server.cc:307] RPC server started. Bound to: 127.28.72.66:36693
I20260608 13:01:51.518153  1121 acceptor_pool.cc:272] collecting diagnostics on the listening RPC socket 127.28.72.66:36693 every 8 connection(s)
I20260608 13:01:51.524111 28961 file_cache.cc:492] Constructed file cache file cache with capacity 419430
W20260608 13:01:51.533689  1125 instance_detector.cc:116] could not retrieve AWS instance metadata: Network error: curl error: HTTP response code said error: The requested URL returned error: 404
W20260608 13:01:51.536198  1126 instance_detector.cc:116] could not retrieve Azure instance metadata: Network error: curl error: HTTP response code said error: The requested URL returned error: 404
I20260608 13:01:51.536893 28961 server_base.cc:1061] running on GCE node
W20260608 13:01:51.538146  1128 instance_detector.cc:116] could not retrieve OpenStack instance metadata: Network error: curl error: HTTP response code said error: The requested URL returned error: 404
I20260608 13:01:51.539559 28961 hybrid_clock.cc:584] initializing the hybrid clock with 'system_unsync' time source
