I20260608 13:01:10.170091 32112 tablet_bootstrap.cc:654] T eff064b5e1024769bd0d3a3d3d30cb96 P e4f4acf70d914ba1b0179432a73dd24f: Neither blocks nor log segments found. Creating new log.
I20260608 13:01:10.171991 32079 raft_consensus.cc:2468] T ab31dbc3d220438b867d8f0104885dfa P e4f4acf70d914ba1b0179432a73dd24f [term 1 FOLLOWER]: Leader election vote request: Granting yes vote for candidate 3222b11156c84994bb8454dd5f4affec in term 1.
I20260608 13:01:10.174830 31895 leader_election.cc:304] T ab31dbc3d220438b867d8f0104885dfa P 3222b11156c84994bb8454dd5f4affec [CANDIDATE]: Term 1 election: Election decided. Result: candidate won. Election summary: received 2 responses out of 3 voters: 2 yes votes; 0 no votes. yes voters: 2baae0aec42e4a778c23ea2ff171e8ad, 3222b11156c84994bb8454dd5f4affec; no voters: 
I20260608 13:01:10.177124 31996 raft_consensus.cc:2804] T ab31dbc3d220438b867d8f0104885dfa P 3222b11156c84994bb8454dd5f4affec [term 1 FOLLOWER]: Leader election won for term 1
I20260608 13:01:10.177759 31996 raft_consensus.cc:697] T ab31dbc3d220438b867d8f0104885dfa P 3222b11156c84994bb8454dd5f4affec [term 1 LEADER]: Becoming Leader. State: Replica: 3222b11156c84994bb8454dd5f4affec, State: Running, Role: LEADER
I20260608 13:01:10.178181 31976 tablet_bootstrap.cc:492] T f8916b478ba4413ca4a102be9d8a24ef P 3222b11156c84994bb8454dd5f4affec: No bootstrap required, opened a new log
I20260608 13:01:10.178814 31996 consensus_queue.cc:237] T ab31dbc3d220438b867d8f0104885dfa P 3222b11156c84994bb8454dd5f4affec [LEADER]: Queue going to LEADER mode. State: All replicated index: 0, Majority replicated index: 0, Committed index: 0, Last appended: 0.0, Last appended by leader: 0, Current term: 1, Majority size: 2, State: 0, Mode: LEADER, active raft config: opid_index: -1 OBSOLETE_local: false peers { permanent_uuid: "3222b11156c84994bb8454dd5f4affec" member_type: VOTER last_known_addr { host: "127.28.38.195" port: 33805 } } peers { permanent_uuid: "e4f4acf70d914ba1b0179432a73dd24f" member_type: VOTER last_known_addr { host: "127.28.38.196" port: 37321 } } peers { permanent_uuid: "2baae0aec42e4a778c23ea2ff171e8ad" member_type: VOTER last_known_addr { host: "127.28.38.194" port: 34335 } }
I20260608 13:01:10.178810 31976 ts_tablet_manager.cc:1403] T f8916b478ba4413ca4a102be9d8a24ef P 3222b11156c84994bb8454dd5f4affec: Time spent bootstrapping tablet: real 0.110s	user 0.014s	sys 0.000s
I20260608 13:01:10.186573 31982 raft_consensus.cc:493] T 9af751aaf1174b72ab48d50fc3545128 P 89b2eefc7d154f498b77950ebc9c6d5c [term 0 FOLLOWER]: Starting pre-election (no leader contacted us within the election timeout)
I20260608 13:01:10.187215 31982 raft_consensus.cc:515] T 9af751aaf1174b72ab48d50fc3545128 P 89b2eefc7d154f498b77950ebc9c6d5c [term 0 FOLLOWER]: Starting pre-election with config: opid_index: -1 OBSOLETE_local: false peers { permanent_uuid: "2baae0aec42e4a778c23ea2ff171e8ad" member_type: VOTER last_known_addr { host: "127.28.38.194" port: 34335 } } peers { permanent_uuid: "e4f4acf70d914ba1b0179432a73dd24f" member_type: VOTER last_known_addr { host: "127.28.38.196" port: 37321 } } peers { permanent_uuid: "89b2eefc7d154f498b77950ebc9c6d5c" member_type: VOTER last_known_addr { host: "127.28.38.193" port: 35177 } }
I20260608 13:01:10.194324 31856 tablet_service.cc:1917] Received RequestConsensusVote() RPC: tablet_id: "9af751aaf1174b72ab48d50fc3545128" candidate_uuid: "89b2eefc7d154f498b77950ebc9c6d5c" candidate_term: 1 candidate_status { last_received { term: 0 index: 0 } } ignore_live_leader: false dest_uuid: "2baae0aec42e4a778c23ea2ff171e8ad" is_pre_election: true
I20260608 13:01:10.194023 31976 raft_consensus.cc:359] T f8916b478ba4413ca4a102be9d8a24ef P 3222b11156c84994bb8454dd5f4affec [term 0 FOLLOWER]: Replica starting. Triggering 0 pending ops. Active config: opid_index: -1 OBSOLETE_local: false peers { permanent_uuid: "3222b11156c84994bb8454dd5f4affec" member_type: VOTER last_known_addr { host: "127.28.38.195" port: 33805 } } peers { permanent_uuid: "89b2eefc7d154f498b77950ebc9c6d5c" member_type: VOTER last_known_addr { host: "127.28.38.193" port: 35177 } } peers { permanent_uuid: "e4f4acf70d914ba1b0179432a73dd24f" member_type: VOTER last_known_addr { host: "127.28.38.196" port: 37321 } }
I20260608 13:01:10.195742 31976 raft_consensus.cc:385] T f8916b478ba4413ca4a102be9d8a24ef P 3222b11156c84994bb8454dd5f4affec [term 0 FOLLOWER]: Consensus starting up: Expiring failure detector timer to make a prompt election more likely
I20260608 13:01:10.196038 31976 raft_consensus.cc:740] T f8916b478ba4413ca4a102be9d8a24ef P 3222b11156c84994bb8454dd5f4affec [term 0 FOLLOWER]: Becoming Follower/Learner. State: Replica: 3222b11156c84994bb8454dd5f4affec, State: Initialized, Role: FOLLOWER
I20260608 13:01:10.196831 31976 consensus_queue.cc:260] T f8916b478ba4413ca4a102be9d8a24ef P 3222b11156c84994bb8454dd5f4affec [NON_LEADER]: Queue going to NON_LEADER mode. State: All replicated index: 0, Majority replicated index: 0, Committed index: 0, Last appended: 0.0, Last appended by leader: 0, Current term: 0, Majority size: -1, State: 0, Mode: NON_LEADER, active raft config: opid_index: -1 OBSOLETE_local: false peers { permanent_uuid: "3222b11156c84994bb8454dd5f4affec" member_type: VOTER last_known_addr { host: "127.28.38.195" port: 33805 } } peers { permanent_uuid: "89b2eefc7d154f498b77950ebc9c6d5c" member_type: VOTER last_known_addr { host: "127.28.38.193" port: 35177 } } peers { permanent_uuid: "e4f4acf70d914ba1b0179432a73dd24f" member_type: VOTER last_known_addr { host: "127.28.38.196" port: 37321 } }
I20260608 13:01:10.200289 31982 leader_election.cc:290] T 9af751aaf1174b72ab48d50fc3545128 P 89b2eefc7d154f498b77950ebc9c6d5c [CANDIDATE]: Term 1 pre-election: Requested pre-vote from peers 2baae0aec42e4a778c23ea2ff171e8ad (127.28.38.194:34335), e4f4acf70d914ba1b0179432a73dd24f (127.28.38.196:37321)
I20260608 13:01:10.204463 31976 ts_tablet_manager.cc:1434] T f8916b478ba4413ca4a102be9d8a24ef P 3222b11156c84994bb8454dd5f4affec: Time spent starting tablet: real 0.021s	user 0.008s	sys 0.000s
I20260608 13:01:10.203912 32112 tablet_bootstrap.cc:492] T eff064b5e1024769bd0d3a3d3d30cb96 P e4f4acf70d914ba1b0179432a73dd24f: No bootstrap required, opened a new log
I20260608 13:01:10.205561 32112 ts_tablet_manager.cc:1403] T eff064b5e1024769bd0d3a3d3d30cb96 P e4f4acf70d914ba1b0179432a73dd24f: Time spent bootstrapping tablet: real 0.065s	user 0.011s	sys 0.019s
I20260608 13:01:10.210152 31980 tablet_bootstrap.cc:654] T 9af751aaf1174b72ab48d50fc3545128 P 2baae0aec42e4a778c23ea2ff171e8ad: Neither blocks nor log segments found. Creating new log.
I20260608 13:01:10.211753 31780 tablet_service.cc:1917] Received RequestConsensusVote() RPC: tablet_id: "ed4e3ae4448d41eabc04c7c2864fb875" candidate_uuid: "e4f4acf70d914ba1b0179432a73dd24f" candidate_term: 1 candidate_status { last_received { term: 0 index: 0 } } ignore_live_leader: false dest_uuid: "89b2eefc7d154f498b77950ebc9c6d5c" is_pre_election: true
I20260608 13:01:10.212625 31780 raft_consensus.cc:2393] T ed4e3ae4448d41eabc04c7c2864fb875 P 89b2eefc7d154f498b77950ebc9c6d5c [term 1 FOLLOWER]: Leader pre-election vote request: Denying vote to candidate e4f4acf70d914ba1b0179432a73dd24f in current term 1: Already voted for candidate 3222b11156c84994bb8454dd5f4affec in this term.
I20260608 13:01:10.213066 31976 tablet_bootstrap.cc:492] T 93844045994a4970bfeba193108d12cd P 3222b11156c84994bb8454dd5f4affec: Bootstrap starting.
I20260608 13:01:10.213279 32112 raft_consensus.cc:359] T eff064b5e1024769bd0d3a3d3d30cb96 P e4f4acf70d914ba1b0179432a73dd24f [term 0 FOLLOWER]: Replica starting. Triggering 0 pending ops. Active config: opid_index: -1 OBSOLETE_local: false peers { permanent_uuid: "3222b11156c84994bb8454dd5f4affec" member_type: VOTER last_known_addr { host: "127.28.38.195" port: 33805 } } peers { permanent_uuid: "e4f4acf70d914ba1b0179432a73dd24f" member_type: VOTER last_known_addr { host: "127.28.38.196" port: 37321 } } peers { permanent_uuid: "89b2eefc7d154f498b77950ebc9c6d5c" member_type: VOTER last_known_addr { host: "127.28.38.193" port: 35177 } }
I20260608 13:01:10.215739 32112 raft_consensus.cc:385] T eff064b5e1024769bd0d3a3d3d30cb96 P e4f4acf70d914ba1b0179432a73dd24f [term 0 FOLLOWER]: Consensus starting up: Expiring failure detector timer to make a prompt election more likely
I20260608 13:01:10.216104 32112 raft_consensus.cc:740] T eff064b5e1024769bd0d3a3d3d30cb96 P e4f4acf70d914ba1b0179432a73dd24f [term 0 FOLLOWER]: Becoming Follower/Learner. State: Replica: e4f4acf70d914ba1b0179432a73dd24f, State: Initialized, Role: FOLLOWER
I20260608 13:01:10.217929 32112 consensus_queue.cc:260] T eff064b5e1024769bd0d3a3d3d30cb96 P e4f4acf70d914ba1b0179432a73dd24f [NON_LEADER]: Queue going to NON_LEADER mode. State: All replicated index: 0, Majority replicated index: 0, Committed index: 0, Last appended: 0.0, Last appended by leader: 0, Current term: 0, Majority size: -1, State: 0, Mode: NON_LEADER, active raft config: opid_index: -1 OBSOLETE_local: false peers { permanent_uuid: "3222b11156c84994bb8454dd5f4affec" member_type: VOTER last_known_addr { host: "127.28.38.195" port: 33805 } } peers { permanent_uuid: "e4f4acf70d914ba1b0179432a73dd24f" member_type: VOTER last_known_addr { host: "127.28.38.196" port: 37321 } } peers { permanent_uuid: "89b2eefc7d154f498b77950ebc9c6d5c" member_type: VOTER last_known_addr { host: "127.28.38.193" port: 35177 } }
I20260608 13:01:10.221324 32112 ts_tablet_manager.cc:1434] T eff064b5e1024769bd0d3a3d3d30cb96 P e4f4acf70d914ba1b0179432a73dd24f: Time spent starting tablet: real 0.015s	user 0.008s	sys 0.000s
I20260608 13:01:10.222616 32112 tablet_bootstrap.cc:492] T 93844045994a4970bfeba193108d12cd P e4f4acf70d914ba1b0179432a73dd24f: Bootstrap starting.
W20260608 13:01:10.229497 31746 leader_election.cc:343] T 9af751aaf1174b72ab48d50fc3545128 P 89b2eefc7d154f498b77950ebc9c6d5c [CANDIDATE]: Term 1 pre-election: Tablet error from VoteRequest() call to peer 2baae0aec42e4a778c23ea2ff171e8ad (127.28.38.194:34335): Illegal state: must be running to vote when last-logged opid is not known
I20260608 13:01:10.230779 31976 tablet_bootstrap.cc:654] T 93844045994a4970bfeba193108d12cd P 3222b11156c84994bb8454dd5f4affec: Neither blocks nor log segments found. Creating new log.
I20260608 13:01:10.233428 31977 ts_tablet_manager.cc:1434] T eff064b5e1024769bd0d3a3d3d30cb96 P 89b2eefc7d154f498b77950ebc9c6d5c: Time spent starting tablet: real 0.077s	user 0.009s	sys 0.000s
I20260608 13:01:10.234426 31977 tablet_bootstrap.cc:492] T f8916b478ba4413ca4a102be9d8a24ef P 89b2eefc7d154f498b77950ebc9c6d5c: Bootstrap starting.
I20260608 13:01:10.237860 32079 tablet_service.cc:1917] Received RequestConsensusVote() RPC: tablet_id: "9af751aaf1174b72ab48d50fc3545128" candidate_uuid: "89b2eefc7d154f498b77950ebc9c6d5c" candidate_term: 1 candidate_status { last_received { term: 0 index: 0 } } ignore_live_leader: false dest_uuid: "e4f4acf70d914ba1b0179432a73dd24f" is_pre_election: true
W20260608 13:01:10.240051 31746 leader_election.cc:343] T 9af751aaf1174b72ab48d50fc3545128 P 89b2eefc7d154f498b77950ebc9c6d5c [CANDIDATE]: Term 1 pre-election: Tablet error from VoteRequest() call to peer e4f4acf70d914ba1b0179432a73dd24f (127.28.38.196:37321): Illegal state: must be running to vote when last-logged opid is not known
I20260608 13:01:10.240741 31746 leader_election.cc:304] T 9af751aaf1174b72ab48d50fc3545128 P 89b2eefc7d154f498b77950ebc9c6d5c [CANDIDATE]: Term 1 pre-election: Election decided. Result: candidate lost. Election summary: received 3 responses out of 3 voters: 1 yes votes; 2 no votes. yes voters: 89b2eefc7d154f498b77950ebc9c6d5c; no voters: 2baae0aec42e4a778c23ea2ff171e8ad, e4f4acf70d914ba1b0179432a73dd24f
I20260608 13:01:10.241775 31982 raft_consensus.cc:2749] T 9af751aaf1174b72ab48d50fc3545128 P 89b2eefc7d154f498b77950ebc9c6d5c [term 0 FOLLOWER]: Leader pre-election lost for term 1. Reason: could not achieve majority
I20260608 13:01:10.234900 32112 tablet_bootstrap.cc:654] T 93844045994a4970bfeba193108d12cd P e4f4acf70d914ba1b0179432a73dd24f: Neither blocks nor log segments found. Creating new log.
I20260608 13:01:10.243985 32140 raft_consensus.cc:493] T f8916b478ba4413ca4a102be9d8a24ef P 3222b11156c84994bb8454dd5f4affec [term 0 FOLLOWER]: Starting pre-election (no leader contacted us within the election timeout)
I20260608 13:01:10.255440 31929 tablet_service.cc:1917] Received RequestConsensusVote() RPC: tablet_id: "ed4e3ae4448d41eabc04c7c2864fb875" candidate_uuid: "e4f4acf70d914ba1b0179432a73dd24f" candidate_term: 1 candidate_status { last_received { term: 0 index: 0 } } ignore_live_leader: false dest_uuid: "3222b11156c84994bb8454dd5f4affec" is_pre_election: true
I20260608 13:01:10.244644 32140 raft_consensus.cc:515] T f8916b478ba4413ca4a102be9d8a24ef P 3222b11156c84994bb8454dd5f4affec [term 0 FOLLOWER]: Starting pre-election with config: opid_index: -1 OBSOLETE_local: false peers { permanent_uuid: "3222b11156c84994bb8454dd5f4affec" member_type: VOTER last_known_addr { host: "127.28.38.195" port: 33805 } } peers { permanent_uuid: "89b2eefc7d154f498b77950ebc9c6d5c" member_type: VOTER last_known_addr { host: "127.28.38.193" port: 35177 } } peers { permanent_uuid: "e4f4acf70d914ba1b0179432a73dd24f" member_type: VOTER last_known_addr { host: "127.28.38.196" port: 37321 } }
I20260608 13:01:10.259434 32140 leader_election.cc:290] T f8916b478ba4413ca4a102be9d8a24ef P 3222b11156c84994bb8454dd5f4affec [CANDIDATE]: Term 1 pre-election: Requested pre-vote from peers 89b2eefc7d154f498b77950ebc9c6d5c (127.28.38.193:35177), e4f4acf70d914ba1b0179432a73dd24f (127.28.38.196:37321)
I20260608 13:01:10.267390 32045 leader_election.cc:304] T ed4e3ae4448d41eabc04c7c2864fb875 P e4f4acf70d914ba1b0179432a73dd24f [CANDIDATE]: Term 1 pre-election: Election decided. Result: candidate lost. Election summary: received 3 responses out of 3 voters: 1 yes votes; 2 no votes. yes voters: e4f4acf70d914ba1b0179432a73dd24f; no voters: 3222b11156c84994bb8454dd5f4affec, 89b2eefc7d154f498b77950ebc9c6d5c
I20260608 13:01:10.269075 32134 raft_consensus.cc:3060] T ed4e3ae4448d41eabc04c7c2864fb875 P e4f4acf70d914ba1b0179432a73dd24f [term 0 FOLLOWER]: Advancing to term 1
I20260608 13:01:10.272166 31780 tablet_service.cc:1917] Received RequestConsensusVote() RPC: tablet_id: "f8916b478ba4413ca4a102be9d8a24ef" candidate_uuid: "3222b11156c84994bb8454dd5f4affec" candidate_term: 1 candidate_status { last_received { term: 0 index: 0 } } ignore_live_leader: false dest_uuid: "89b2eefc7d154f498b77950ebc9c6d5c" is_pre_election: true
W20260608 13:01:10.273931 31894 leader_election.cc:343] T f8916b478ba4413ca4a102be9d8a24ef P 3222b11156c84994bb8454dd5f4affec [CANDIDATE]: Term 1 pre-election: Tablet error from VoteRequest() call to peer 89b2eefc7d154f498b77950ebc9c6d5c (127.28.38.193:35177): Illegal state: must be running to vote when last-logged opid is not known
I20260608 13:01:10.274868 32079 tablet_service.cc:1917] Received RequestConsensusVote() RPC: tablet_id: "f8916b478ba4413ca4a102be9d8a24ef" candidate_uuid: "3222b11156c84994bb8454dd5f4affec" candidate_term: 1 candidate_status { last_received { term: 0 index: 0 } } ignore_live_leader: false dest_uuid: "e4f4acf70d914ba1b0179432a73dd24f" is_pre_election: true
W20260608 13:01:10.277805 31895 leader_election.cc:343] T f8916b478ba4413ca4a102be9d8a24ef P 3222b11156c84994bb8454dd5f4affec [CANDIDATE]: Term 1 pre-election: Tablet error from VoteRequest() call to peer e4f4acf70d914ba1b0179432a73dd24f (127.28.38.196:37321): Illegal state: must be running to vote when last-logged opid is not known
I20260608 13:01:10.278285 31895 leader_election.cc:304] T f8916b478ba4413ca4a102be9d8a24ef P 3222b11156c84994bb8454dd5f4affec [CANDIDATE]: Term 1 pre-election: Election decided. Result: candidate lost. Election summary: received 3 responses out of 3 voters: 1 yes votes; 2 no votes. yes voters: 3222b11156c84994bb8454dd5f4affec; no voters: 89b2eefc7d154f498b77950ebc9c6d5c, e4f4acf70d914ba1b0179432a73dd24f
I20260608 13:01:10.280306 31977 tablet_bootstrap.cc:654] T f8916b478ba4413ca4a102be9d8a24ef P 89b2eefc7d154f498b77950ebc9c6d5c: Neither blocks nor log segments found. Creating new log.
I20260608 13:01:10.282079 31982 raft_consensus.cc:493] T eff064b5e1024769bd0d3a3d3d30cb96 P 89b2eefc7d154f498b77950ebc9c6d5c [term 0 FOLLOWER]: Starting pre-election (no leader contacted us within the election timeout)
I20260608 13:01:10.282562 31982 raft_consensus.cc:515] T eff064b5e1024769bd0d3a3d3d30cb96 P 89b2eefc7d154f498b77950ebc9c6d5c [term 0 FOLLOWER]: Starting pre-election with config: opid_index: -1 OBSOLETE_local: false peers { permanent_uuid: "3222b11156c84994bb8454dd5f4affec" member_type: VOTER last_known_addr { host: "127.28.38.195" port: 33805 } } peers { permanent_uuid: "e4f4acf70d914ba1b0179432a73dd24f" member_type: VOTER last_known_addr { host: "127.28.38.196" port: 37321 } } peers { permanent_uuid: "89b2eefc7d154f498b77950ebc9c6d5c" member_type: VOTER last_known_addr { host: "127.28.38.193" port: 35177 } }
I20260608 13:01:10.283516 31980 tablet_bootstrap.cc:492] T 9af751aaf1174b72ab48d50fc3545128 P 2baae0aec42e4a778c23ea2ff171e8ad: No bootstrap required, opened a new log
I20260608 13:01:10.283977 31980 ts_tablet_manager.cc:1403] T 9af751aaf1174b72ab48d50fc3545128 P 2baae0aec42e4a778c23ea2ff171e8ad: Time spent bootstrapping tablet: real 0.117s	user 0.020s	sys 0.005s
I20260608 13:01:10.285301 31982 leader_election.cc:290] T eff064b5e1024769bd0d3a3d3d30cb96 P 89b2eefc7d154f498b77950ebc9c6d5c [CANDIDATE]: Term 1 pre-election: Requested pre-vote from peers 3222b11156c84994bb8454dd5f4affec (127.28.38.195:33805), e4f4acf70d914ba1b0179432a73dd24f (127.28.38.196:37321)
I20260608 13:01:10.287400 31929 tablet_service.cc:1917] Received RequestConsensusVote() RPC: tablet_id: "eff064b5e1024769bd0d3a3d3d30cb96" candidate_uuid: "89b2eefc7d154f498b77950ebc9c6d5c" candidate_term: 1 candidate_status { last_received { term: 0 index: 0 } } ignore_live_leader: false dest_uuid: "3222b11156c84994bb8454dd5f4affec" is_pre_election: true
I20260608 13:01:10.288029 31929 raft_consensus.cc:2468] T eff064b5e1024769bd0d3a3d3d30cb96 P 3222b11156c84994bb8454dd5f4affec [term 0 FOLLOWER]: Leader pre-election vote request: Granting yes vote for candidate 89b2eefc7d154f498b77950ebc9c6d5c in term 0.
I20260608 13:01:10.288990 32134 raft_consensus.cc:2749] T ed4e3ae4448d41eabc04c7c2864fb875 P e4f4acf70d914ba1b0179432a73dd24f [term 1 FOLLOWER]: Leader pre-election lost for term 1. Reason: could not achieve majority
I20260608 13:01:10.289299 31748 leader_election.cc:304] T eff064b5e1024769bd0d3a3d3d30cb96 P 89b2eefc7d154f498b77950ebc9c6d5c [CANDIDATE]: Term 1 pre-election: Election decided. Result: candidate won. Election summary: received 2 responses out of 3 voters: 2 yes votes; 0 no votes. yes voters: 3222b11156c84994bb8454dd5f4affec, 89b2eefc7d154f498b77950ebc9c6d5c; no voters: 
I20260608 13:01:10.289680 32079 tablet_service.cc:1917] Received RequestConsensusVote() RPC: tablet_id: "eff064b5e1024769bd0d3a3d3d30cb96" candidate_uuid: "89b2eefc7d154f498b77950ebc9c6d5c" candidate_term: 1 candidate_status { last_received { term: 0 index: 0 } } ignore_live_leader: false dest_uuid: "e4f4acf70d914ba1b0179432a73dd24f" is_pre_election: true
I20260608 13:01:10.290477 32079 raft_consensus.cc:2468] T eff064b5e1024769bd0d3a3d3d30cb96 P e4f4acf70d914ba1b0179432a73dd24f [term 0 FOLLOWER]: Leader pre-election vote request: Granting yes vote for candidate 89b2eefc7d154f498b77950ebc9c6d5c in term 0.
I20260608 13:01:10.281652 31996 raft_consensus.cc:2749] T f8916b478ba4413ca4a102be9d8a24ef P 3222b11156c84994bb8454dd5f4affec [term 0 FOLLOWER]: Leader pre-election lost for term 1. Reason: could not achieve majority
I20260608 13:01:10.292994 32016 raft_consensus.cc:2804] T eff064b5e1024769bd0d3a3d3d30cb96 P 89b2eefc7d154f498b77950ebc9c6d5c [term 0 FOLLOWER]: Leader pre-election won for term 1
I20260608 13:01:10.292470 32112 tablet_bootstrap.cc:492] T 93844045994a4970bfeba193108d12cd P e4f4acf70d914ba1b0179432a73dd24f: No bootstrap required, opened a new log
I20260608 13:01:10.293414 32016 raft_consensus.cc:493] T eff064b5e1024769bd0d3a3d3d30cb96 P 89b2eefc7d154f498b77950ebc9c6d5c [term 0 FOLLOWER]: Starting leader election (no leader contacted us within the election timeout)
I20260608 13:01:10.294140 32016 raft_consensus.cc:3060] T eff064b5e1024769bd0d3a3d3d30cb96 P 89b2eefc7d154f498b77950ebc9c6d5c [term 0 FOLLOWER]: Advancing to term 1
I20260608 13:01:10.294194 32112 ts_tablet_manager.cc:1403] T 93844045994a4970bfeba193108d12cd P e4f4acf70d914ba1b0179432a73dd24f: Time spent bootstrapping tablet: real 0.072s	user 0.014s	sys 0.001s
I20260608 13:01:10.296775 31980 raft_consensus.cc:359] T 9af751aaf1174b72ab48d50fc3545128 P 2baae0aec42e4a778c23ea2ff171e8ad [term 0 FOLLOWER]: Replica starting. Triggering 0 pending ops. Active config: opid_index: -1 OBSOLETE_local: false peers { permanent_uuid: "2baae0aec42e4a778c23ea2ff171e8ad" member_type: VOTER last_known_addr { host: "127.28.38.194" port: 34335 } } peers { permanent_uuid: "e4f4acf70d914ba1b0179432a73dd24f" member_type: VOTER last_known_addr { host: "127.28.38.196" port: 37321 } } peers { permanent_uuid: "89b2eefc7d154f498b77950ebc9c6d5c" member_type: VOTER last_known_addr { host: "127.28.38.193" port: 35177 } }
I20260608 13:01:10.297415 31980 raft_consensus.cc:385] T 9af751aaf1174b72ab48d50fc3545128 P 2baae0aec42e4a778c23ea2ff171e8ad [term 0 FOLLOWER]: Consensus starting up: Expiring failure detector timer to make a prompt election more likely
I20260608 13:01:10.297674 31980 raft_consensus.cc:740] T 9af751aaf1174b72ab48d50fc3545128 P 2baae0aec42e4a778c23ea2ff171e8ad [term 0 FOLLOWER]: Becoming Follower/Learner. State: Replica: 2baae0aec42e4a778c23ea2ff171e8ad, State: Initialized, Role: FOLLOWER
I20260608 13:01:10.297966 32112 raft_consensus.cc:359] T 93844045994a4970bfeba193108d12cd P e4f4acf70d914ba1b0179432a73dd24f [term 0 FOLLOWER]: Replica starting. Triggering 0 pending ops. Active config: opid_index: -1 OBSOLETE_local: false peers { permanent_uuid: "2baae0aec42e4a778c23ea2ff171e8ad" member_type: VOTER last_known_addr { host: "127.28.38.194" port: 34335 } } peers { permanent_uuid: "e4f4acf70d914ba1b0179432a73dd24f" member_type: VOTER last_known_addr { host: "127.28.38.196" port: 37321 } } peers { permanent_uuid: "3222b11156c84994bb8454dd5f4affec" member_type: VOTER last_known_addr { host: "127.28.38.195" port: 33805 } }
I20260608 13:01:10.298357 31980 consensus_queue.cc:260] T 9af751aaf1174b72ab48d50fc3545128 P 2baae0aec42e4a778c23ea2ff171e8ad [NON_LEADER]: Queue going to NON_LEADER mode. State: All replicated index: 0, Majority replicated index: 0, Committed index: 0, Last appended: 0.0, Last appended by leader: 0, Current term: 0, Majority size: -1, State: 0, Mode: NON_LEADER, active raft config: opid_index: -1 OBSOLETE_local: false peers { permanent_uuid: "2baae0aec42e4a778c23ea2ff171e8ad" member_type: VOTER last_known_addr { host: "127.28.38.194" port: 34335 } } peers { permanent_uuid: "e4f4acf70d914ba1b0179432a73dd24f" member_type: VOTER last_known_addr { host: "127.28.38.196" port: 37321 } } peers { permanent_uuid: "89b2eefc7d154f498b77950ebc9c6d5c" member_type: VOTER last_known_addr { host: "127.28.38.193" port: 35177 } }
I20260608 13:01:10.298748 32112 raft_consensus.cc:385] T 93844045994a4970bfeba193108d12cd P e4f4acf70d914ba1b0179432a73dd24f [term 0 FOLLOWER]: Consensus starting up: Expiring failure detector timer to make a prompt election more likely
I20260608 13:01:10.299115 32112 raft_consensus.cc:740] T 93844045994a4970bfeba193108d12cd P e4f4acf70d914ba1b0179432a73dd24f [term 0 FOLLOWER]: Becoming Follower/Learner. State: Replica: e4f4acf70d914ba1b0179432a73dd24f, State: Initialized, Role: FOLLOWER
I20260608 13:01:10.300122 31976 tablet_bootstrap.cc:492] T 93844045994a4970bfeba193108d12cd P 3222b11156c84994bb8454dd5f4affec: No bootstrap required, opened a new log
I20260608 13:01:10.299914 32112 consensus_queue.cc:260] T 93844045994a4970bfeba193108d12cd P e4f4acf70d914ba1b0179432a73dd24f [NON_LEADER]: Queue going to NON_LEADER mode. State: All replicated index: 0, Majority replicated index: 0, Committed index: 0, Last appended: 0.0, Last appended by leader: 0, Current term: 0, Majority size: -1, State: 0, Mode: NON_LEADER, active raft config: opid_index: -1 OBSOLETE_local: false peers { permanent_uuid: "2baae0aec42e4a778c23ea2ff171e8ad" member_type: VOTER last_known_addr { host: "127.28.38.194" port: 34335 } } peers { permanent_uuid: "e4f4acf70d914ba1b0179432a73dd24f" member_type: VOTER last_known_addr { host: "127.28.38.196" port: 37321 } } peers { permanent_uuid: "3222b11156c84994bb8454dd5f4affec" member_type: VOTER last_known_addr { host: "127.28.38.195" port: 33805 } }
I20260608 13:01:10.300573 31976 ts_tablet_manager.cc:1403] T 93844045994a4970bfeba193108d12cd P 3222b11156c84994bb8454dd5f4affec: Time spent bootstrapping tablet: real 0.088s	user 0.016s	sys 0.001s
I20260608 13:01:10.303504 31980 ts_tablet_manager.cc:1434] T 9af751aaf1174b72ab48d50fc3545128 P 2baae0aec42e4a778c23ea2ff171e8ad: Time spent starting tablet: real 0.019s	user 0.008s	sys 0.000s
I20260608 13:01:10.304267 31980 tablet_bootstrap.cc:492] T 93844045994a4970bfeba193108d12cd P 2baae0aec42e4a778c23ea2ff171e8ad: Bootstrap starting.
I20260608 13:01:10.307200 31976 raft_consensus.cc:359] T 93844045994a4970bfeba193108d12cd P 3222b11156c84994bb8454dd5f4affec [term 0 FOLLOWER]: Replica starting. Triggering 0 pending ops. Active config: opid_index: -1 OBSOLETE_local: false peers { permanent_uuid: "2baae0aec42e4a778c23ea2ff171e8ad" member_type: VOTER last_known_addr { host: "127.28.38.194" port: 34335 } } peers { permanent_uuid: "e4f4acf70d914ba1b0179432a73dd24f" member_type: VOTER last_known_addr { host: "127.28.38.196" port: 37321 } } peers { permanent_uuid: "3222b11156c84994bb8454dd5f4affec" member_type: VOTER last_known_addr { host: "127.28.38.195" port: 33805 } }
I20260608 13:01:10.307880 31976 raft_consensus.cc:385] T 93844045994a4970bfeba193108d12cd P 3222b11156c84994bb8454dd5f4affec [term 0 FOLLOWER]: Consensus starting up: Expiring failure detector timer to make a prompt election more likely
I20260608 13:01:10.308161 31976 raft_consensus.cc:740] T 93844045994a4970bfeba193108d12cd P 3222b11156c84994bb8454dd5f4affec [term 0 FOLLOWER]: Becoming Follower/Learner. State: Replica: 3222b11156c84994bb8454dd5f4affec, State: Initialized, Role: FOLLOWER
I20260608 13:01:10.308915 32112 ts_tablet_manager.cc:1434] T 93844045994a4970bfeba193108d12cd P e4f4acf70d914ba1b0179432a73dd24f: Time spent starting tablet: real 0.014s	user 0.004s	sys 0.003s
I20260608 13:01:10.309960 32112 tablet_bootstrap.cc:492] T d2046ff7d4034ffeb757853ed367363a P e4f4acf70d914ba1b0179432a73dd24f: Bootstrap starting.
I20260608 13:01:10.312249 32016 raft_consensus.cc:515] T eff064b5e1024769bd0d3a3d3d30cb96 P 89b2eefc7d154f498b77950ebc9c6d5c [term 1 FOLLOWER]: Starting leader election with config: opid_index: -1 OBSOLETE_local: false peers { permanent_uuid: "3222b11156c84994bb8454dd5f4affec" member_type: VOTER last_known_addr { host: "127.28.38.195" port: 33805 } } peers { permanent_uuid: "e4f4acf70d914ba1b0179432a73dd24f" member_type: VOTER last_known_addr { host: "127.28.38.196" port: 37321 } } peers { permanent_uuid: "89b2eefc7d154f498b77950ebc9c6d5c" member_type: VOTER last_known_addr { host: "127.28.38.193" port: 35177 } }
I20260608 13:01:10.315321 31976 consensus_queue.cc:260] T 93844045994a4970bfeba193108d12cd P 3222b11156c84994bb8454dd5f4affec [NON_LEADER]: Queue going to NON_LEADER mode. State: All replicated index: 0, Majority replicated index: 0, Committed index: 0, Last appended: 0.0, Last appended by leader: 0, Current term: 0, Majority size: -1, State: 0, Mode: NON_LEADER, active raft config: opid_index: -1 OBSOLETE_local: false peers { permanent_uuid: "2baae0aec42e4a778c23ea2ff171e8ad" member_type: VOTER last_known_addr { host: "127.28.38.194" port: 34335 } } peers { permanent_uuid: "e4f4acf70d914ba1b0179432a73dd24f" member_type: VOTER last_known_addr { host: "127.28.38.196" port: 37321 } } peers { permanent_uuid: "3222b11156c84994bb8454dd5f4affec" member_type: VOTER last_known_addr { host: "127.28.38.195" port: 33805 } }
I20260608 13:01:10.314240 31676 catalog_manager.cc:5696] T ab31dbc3d220438b867d8f0104885dfa P 3222b11156c84994bb8454dd5f4affec reported cstate change: term changed from 0 to 1, leader changed from <none> to 3222b11156c84994bb8454dd5f4affec (127.28.38.195). New cstate: current_term: 1 leader_uuid: "3222b11156c84994bb8454dd5f4affec" committed_config { opid_index: -1 OBSOLETE_local: false peers { permanent_uuid: "3222b11156c84994bb8454dd5f4affec" member_type: VOTER last_known_addr { host: "127.28.38.195" port: 33805 } health_report { overall_health: HEALTHY } } peers { permanent_uuid: "e4f4acf70d914ba1b0179432a73dd24f" member_type: VOTER last_known_addr { host: "127.28.38.196" port: 37321 } health_report { overall_health: UNKNOWN } } peers { permanent_uuid: "2baae0aec42e4a778c23ea2ff171e8ad" member_type: VOTER last_known_addr { host: "127.28.38.194" port: 34335 } health_report { overall_health: UNKNOWN } } }
I20260608 13:01:10.322762 32016 leader_election.cc:290] T eff064b5e1024769bd0d3a3d3d30cb96 P 89b2eefc7d154f498b77950ebc9c6d5c [CANDIDATE]: Term 1 election: Requested vote from peers 3222b11156c84994bb8454dd5f4affec (127.28.38.195:33805), e4f4acf70d914ba1b0179432a73dd24f (127.28.38.196:37321)
I20260608 13:01:10.323411 31929 tablet_service.cc:1917] Received RequestConsensusVote() RPC: tablet_id: "eff064b5e1024769bd0d3a3d3d30cb96" candidate_uuid: "89b2eefc7d154f498b77950ebc9c6d5c" candidate_term: 1 candidate_status { last_received { term: 0 index: 0 } } ignore_live_leader: false dest_uuid: "3222b11156c84994bb8454dd5f4affec"
I20260608 13:01:10.323995 31929 raft_consensus.cc:3060] T eff064b5e1024769bd0d3a3d3d30cb96 P 3222b11156c84994bb8454dd5f4affec [term 0 FOLLOWER]: Advancing to term 1
I20260608 13:01:10.325824 31976 ts_tablet_manager.cc:1434] T 93844045994a4970bfeba193108d12cd P 3222b11156c84994bb8454dd5f4affec: Time spent starting tablet: real 0.025s	user 0.008s	sys 0.000s
I20260608 13:01:10.327800 31980 tablet_bootstrap.cc:654] T 93844045994a4970bfeba193108d12cd P 2baae0aec42e4a778c23ea2ff171e8ad: Neither blocks nor log segments found. Creating new log.
I20260608 13:01:10.327401 32079 tablet_service.cc:1917] Received RequestConsensusVote() RPC: tablet_id: "eff064b5e1024769bd0d3a3d3d30cb96" candidate_uuid: "89b2eefc7d154f498b77950ebc9c6d5c" candidate_term: 1 candidate_status { last_received { term: 0 index: 0 } } ignore_live_leader: false dest_uuid: "e4f4acf70d914ba1b0179432a73dd24f"
I20260608 13:01:10.328145 31977 tablet_bootstrap.cc:492] T f8916b478ba4413ca4a102be9d8a24ef P 89b2eefc7d154f498b77950ebc9c6d5c: No bootstrap required, opened a new log
I20260608 13:01:10.328320 32079 raft_consensus.cc:3060] T eff064b5e1024769bd0d3a3d3d30cb96 P e4f4acf70d914ba1b0179432a73dd24f [term 0 FOLLOWER]: Advancing to term 1
I20260608 13:01:10.328626 31977 ts_tablet_manager.cc:1403] T f8916b478ba4413ca4a102be9d8a24ef P 89b2eefc7d154f498b77950ebc9c6d5c: Time spent bootstrapping tablet: real 0.094s	user 0.020s	sys 0.000s
I20260608 13:01:10.331529 31977 raft_consensus.cc:359] T f8916b478ba4413ca4a102be9d8a24ef P 89b2eefc7d154f498b77950ebc9c6d5c [term 0 FOLLOWER]: Replica starting. Triggering 0 pending ops. Active config: opid_index: -1 OBSOLETE_local: false peers { permanent_uuid: "3222b11156c84994bb8454dd5f4affec" member_type: VOTER last_known_addr { host: "127.28.38.195" port: 33805 } } peers { permanent_uuid: "89b2eefc7d154f498b77950ebc9c6d5c" member_type: VOTER last_known_addr { host: "127.28.38.193" port: 35177 } } peers { permanent_uuid: "e4f4acf70d914ba1b0179432a73dd24f" member_type: VOTER last_known_addr { host: "127.28.38.196" port: 37321 } }
I20260608 13:01:10.332111 31977 raft_consensus.cc:385] T f8916b478ba4413ca4a102be9d8a24ef P 89b2eefc7d154f498b77950ebc9c6d5c [term 0 FOLLOWER]: Consensus starting up: Expiring failure detector timer to make a prompt election more likely
I20260608 13:01:10.332389 31977 raft_consensus.cc:740] T f8916b478ba4413ca4a102be9d8a24ef P 89b2eefc7d154f498b77950ebc9c6d5c [term 0 FOLLOWER]: Becoming Follower/Learner. State: Replica: 89b2eefc7d154f498b77950ebc9c6d5c, State: Initialized, Role: FOLLOWER
I20260608 13:01:10.333050 31977 consensus_queue.cc:260] T f8916b478ba4413ca4a102be9d8a24ef P 89b2eefc7d154f498b77950ebc9c6d5c [NON_LEADER]: Queue going to NON_LEADER mode. State: All replicated index: 0, Majority replicated index: 0, Committed index: 0, Last appended: 0.0, Last appended by leader: 0, Current term: 0, Majority size: -1, State: 0, Mode: NON_LEADER, active raft config: opid_index: -1 OBSOLETE_local: false peers { permanent_uuid: "3222b11156c84994bb8454dd5f4affec" member_type: VOTER last_known_addr { host: "127.28.38.195" port: 33805 } } peers { permanent_uuid: "89b2eefc7d154f498b77950ebc9c6d5c" member_type: VOTER last_known_addr { host: "127.28.38.193" port: 35177 } } peers { permanent_uuid: "e4f4acf70d914ba1b0179432a73dd24f" member_type: VOTER last_known_addr { host: "127.28.38.196" port: 37321 } }
I20260608 13:01:10.335729 31977 ts_tablet_manager.cc:1434] T f8916b478ba4413ca4a102be9d8a24ef P 89b2eefc7d154f498b77950ebc9c6d5c: Time spent starting tablet: real 0.007s	user 0.005s	sys 0.000s
I20260608 13:01:10.342304 31982 raft_consensus.cc:493] T f8916b478ba4413ca4a102be9d8a24ef P 89b2eefc7d154f498b77950ebc9c6d5c [term 0 FOLLOWER]: Starting pre-election (no leader contacted us within the election timeout)
I20260608 13:01:10.342744 31982 raft_consensus.cc:515] T f8916b478ba4413ca4a102be9d8a24ef P 89b2eefc7d154f498b77950ebc9c6d5c [term 0 FOLLOWER]: Starting pre-election with config: opid_index: -1 OBSOLETE_local: false peers { permanent_uuid: "3222b11156c84994bb8454dd5f4affec" member_type: VOTER last_known_addr { host: "127.28.38.195" port: 33805 } } peers { permanent_uuid: "89b2eefc7d154f498b77950ebc9c6d5c" member_type: VOTER last_known_addr { host: "127.28.38.193" port: 35177 } } peers { permanent_uuid: "e4f4acf70d914ba1b0179432a73dd24f" member_type: VOTER last_known_addr { host: "127.28.38.196" port: 37321 } }
I20260608 13:01:10.344350 32079 raft_consensus.cc:2468] T eff064b5e1024769bd0d3a3d3d30cb96 P e4f4acf70d914ba1b0179432a73dd24f [term 1 FOLLOWER]: Leader election vote request: Granting yes vote for candidate 89b2eefc7d154f498b77950ebc9c6d5c in term 1.
I20260608 13:01:10.344923 31982 leader_election.cc:290] T f8916b478ba4413ca4a102be9d8a24ef P 89b2eefc7d154f498b77950ebc9c6d5c [CANDIDATE]: Term 1 pre-election: Requested pre-vote from peers 3222b11156c84994bb8454dd5f4affec (127.28.38.195:33805), e4f4acf70d914ba1b0179432a73dd24f (127.28.38.196:37321)
I20260608 13:01:10.345734 31930 tablet_service.cc:1917] Received RequestConsensusVote() RPC: tablet_id: "f8916b478ba4413ca4a102be9d8a24ef" candidate_uuid: "89b2eefc7d154f498b77950ebc9c6d5c" candidate_term: 1 candidate_status { last_received { term: 0 index: 0 } } ignore_live_leader: false dest_uuid: "3222b11156c84994bb8454dd5f4affec" is_pre_election: true
I20260608 13:01:10.346042 31746 leader_election.cc:304] T eff064b5e1024769bd0d3a3d3d30cb96 P 89b2eefc7d154f498b77950ebc9c6d5c [CANDIDATE]: Term 1 election: Election decided. Result: candidate won. Election summary: received 2 responses out of 3 voters: 2 yes votes; 0 no votes. yes voters: 89b2eefc7d154f498b77950ebc9c6d5c, e4f4acf70d914ba1b0179432a73dd24f; no voters: 
I20260608 13:01:10.346380 31930 raft_consensus.cc:2468] T f8916b478ba4413ca4a102be9d8a24ef P 3222b11156c84994bb8454dd5f4affec [term 0 FOLLOWER]: Leader pre-election vote request: Granting yes vote for candidate 89b2eefc7d154f498b77950ebc9c6d5c in term 0.
I20260608 13:01:10.347047 31982 raft_consensus.cc:2804] T eff064b5e1024769bd0d3a3d3d30cb96 P 89b2eefc7d154f498b77950ebc9c6d5c [term 1 FOLLOWER]: Leader election won for term 1
I20260608 13:01:10.347615 31982 raft_consensus.cc:697] T eff064b5e1024769bd0d3a3d3d30cb96 P 89b2eefc7d154f498b77950ebc9c6d5c [term 1 LEADER]: Becoming Leader. State: Replica: 89b2eefc7d154f498b77950ebc9c6d5c, State: Running, Role: LEADER
I20260608 13:01:10.347638 31748 leader_election.cc:304] T f8916b478ba4413ca4a102be9d8a24ef P 89b2eefc7d154f498b77950ebc9c6d5c [CANDIDATE]: Term 1 pre-election: Election decided. Result: candidate won. Election summary: received 2 responses out of 3 voters: 2 yes votes; 0 no votes. yes voters: 3222b11156c84994bb8454dd5f4affec, 89b2eefc7d154f498b77950ebc9c6d5c; no voters: 
I20260608 13:01:10.348644 32016 raft_consensus.cc:2804] T f8916b478ba4413ca4a102be9d8a24ef P 89b2eefc7d154f498b77950ebc9c6d5c [term 0 FOLLOWER]: Leader pre-election won for term 1
I20260608 13:01:10.346441 32078 tablet_service.cc:1917] Received RequestConsensusVote() RPC: tablet_id: "f8916b478ba4413ca4a102be9d8a24ef" candidate_uuid: "89b2eefc7d154f498b77950ebc9c6d5c" candidate_term: 1 candidate_status { last_received { term: 0 index: 0 } } ignore_live_leader: false dest_uuid: "e4f4acf70d914ba1b0179432a73dd24f" is_pre_election: true
I20260608 13:01:10.349164 32016 raft_consensus.cc:493] T f8916b478ba4413ca4a102be9d8a24ef P 89b2eefc7d154f498b77950ebc9c6d5c [term 0 FOLLOWER]: Starting leader election (no leader contacted us within the election timeout)
I20260608 13:01:10.350416 32016 raft_consensus.cc:3060] T f8916b478ba4413ca4a102be9d8a24ef P 89b2eefc7d154f498b77950ebc9c6d5c [term 0 FOLLOWER]: Advancing to term 1
I20260608 13:01:10.348884 31676 catalog_manager.cc:6241] T 00000000000000000000000000000000 P 5402f62d0c6841369309620eb609b544: range_aware_rebalance_new_range [id=6457ee8d89624093b0c3ac6658208c72] alter complete (version 0)
W20260608 13:01:10.351060 31746 leader_election.cc:343] T f8916b478ba4413ca4a102be9d8a24ef P 89b2eefc7d154f498b77950ebc9c6d5c [CANDIDATE]: Term 1 pre-election: Tablet error from VoteRequest() call to peer e4f4acf70d914ba1b0179432a73dd24f (127.28.38.196:37321): Illegal state: must be running to vote when last-logged opid is not known
I20260608 13:01:10.348652 31982 consensus_queue.cc:237] T eff064b5e1024769bd0d3a3d3d30cb96 P 89b2eefc7d154f498b77950ebc9c6d5c [LEADER]: Queue going to LEADER mode. State: All replicated index: 0, Majority replicated index: 0, Committed index: 0, Last appended: 0.0, Last appended by leader: 0, Current term: 1, Majority size: 2, State: 0, Mode: LEADER, active raft config: opid_index: -1 OBSOLETE_local: false peers { permanent_uuid: "3222b11156c84994bb8454dd5f4affec" member_type: VOTER last_known_addr { host: "127.28.38.195" port: 33805 } } peers { permanent_uuid: "e4f4acf70d914ba1b0179432a73dd24f" member_type: VOTER last_known_addr { host: "127.28.38.196" port: 37321 } } peers { permanent_uuid: "89b2eefc7d154f498b77950ebc9c6d5c" member_type: VOTER last_known_addr { host: "127.28.38.193" port: 35177 } }
I20260608 13:01:10.349483 31929 raft_consensus.cc:2468] T eff064b5e1024769bd0d3a3d3d30cb96 P 3222b11156c84994bb8454dd5f4affec [term 1 FOLLOWER]: Leader election vote request: Granting yes vote for candidate 89b2eefc7d154f498b77950ebc9c6d5c in term 1.
I20260608 13:01:10.354450 32112 tablet_bootstrap.cc:654] T d2046ff7d4034ffeb757853ed367363a P e4f4acf70d914ba1b0179432a73dd24f: Neither blocks nor log segments found. Creating new log.
I20260608 13:01:10.357805 32016 raft_consensus.cc:515] T f8916b478ba4413ca4a102be9d8a24ef P 89b2eefc7d154f498b77950ebc9c6d5c [term 1 FOLLOWER]: Starting leader election with config: opid_index: -1 OBSOLETE_local: false peers { permanent_uuid: "3222b11156c84994bb8454dd5f4affec" member_type: VOTER last_known_addr { host: "127.28.38.195" port: 33805 } } peers { permanent_uuid: "89b2eefc7d154f498b77950ebc9c6d5c" member_type: VOTER last_known_addr { host: "127.28.38.193" port: 35177 } } peers { permanent_uuid: "e4f4acf70d914ba1b0179432a73dd24f" member_type: VOTER last_known_addr { host: "127.28.38.196" port: 37321 } }
I20260608 13:01:10.360687 32016 leader_election.cc:290] T f8916b478ba4413ca4a102be9d8a24ef P 89b2eefc7d154f498b77950ebc9c6d5c [CANDIDATE]: Term 1 election: Requested vote from peers 3222b11156c84994bb8454dd5f4affec (127.28.38.195:33805), e4f4acf70d914ba1b0179432a73dd24f (127.28.38.196:37321)
I20260608 13:01:10.361202 31929 tablet_service.cc:1917] Received RequestConsensusVote() RPC: tablet_id: "f8916b478ba4413ca4a102be9d8a24ef" candidate_uuid: "89b2eefc7d154f498b77950ebc9c6d5c" candidate_term: 1 candidate_status { last_received { term: 0 index: 0 } } ignore_live_leader: false dest_uuid: "3222b11156c84994bb8454dd5f4affec"
I20260608 13:01:10.361783 31929 raft_consensus.cc:3060] T f8916b478ba4413ca4a102be9d8a24ef P 3222b11156c84994bb8454dd5f4affec [term 0 FOLLOWER]: Advancing to term 1
I20260608 13:01:10.362571 32079 tablet_service.cc:1917] Received RequestConsensusVote() RPC: tablet_id: "f8916b478ba4413ca4a102be9d8a24ef" candidate_uuid: "89b2eefc7d154f498b77950ebc9c6d5c" candidate_term: 1 candidate_status { last_received { term: 0 index: 0 } } ignore_live_leader: false dest_uuid: "e4f4acf70d914ba1b0179432a73dd24f"
W20260608 13:01:10.364418 31746 leader_election.cc:343] T f8916b478ba4413ca4a102be9d8a24ef P 89b2eefc7d154f498b77950ebc9c6d5c [CANDIDATE]: Term 1 election: Tablet error from VoteRequest() call to peer e4f4acf70d914ba1b0179432a73dd24f (127.28.38.196:37321): Illegal state: must be running to vote when last-logged opid is not known
I20260608 13:01:10.368073 31929 raft_consensus.cc:2468] T f8916b478ba4413ca4a102be9d8a24ef P 3222b11156c84994bb8454dd5f4affec [term 1 FOLLOWER]: Leader election vote request: Granting yes vote for candidate 89b2eefc7d154f498b77950ebc9c6d5c in term 1.
I20260608 13:01:10.369179 31748 leader_election.cc:304] T f8916b478ba4413ca4a102be9d8a24ef P 89b2eefc7d154f498b77950ebc9c6d5c [CANDIDATE]: Term 1 election: Election decided. Result: candidate won. Election summary: received 3 responses out of 3 voters: 2 yes votes; 1 no votes. yes voters: 3222b11156c84994bb8454dd5f4affec, 89b2eefc7d154f498b77950ebc9c6d5c; no voters: e4f4acf70d914ba1b0179432a73dd24f
I20260608 13:01:10.370465 31980 tablet_bootstrap.cc:492] T 93844045994a4970bfeba193108d12cd P 2baae0aec42e4a778c23ea2ff171e8ad: No bootstrap required, opened a new log
I20260608 13:01:10.371012 31982 raft_consensus.cc:2804] T f8916b478ba4413ca4a102be9d8a24ef P 89b2eefc7d154f498b77950ebc9c6d5c [term 1 FOLLOWER]: Leader election won for term 1
I20260608 13:01:10.371578 31982 raft_consensus.cc:697] T f8916b478ba4413ca4a102be9d8a24ef P 89b2eefc7d154f498b77950ebc9c6d5c [term 1 LEADER]: Becoming Leader. State: Replica: 89b2eefc7d154f498b77950ebc9c6d5c, State: Running, Role: LEADER
I20260608 13:01:10.372336 32112 tablet_bootstrap.cc:492] T d2046ff7d4034ffeb757853ed367363a P e4f4acf70d914ba1b0179432a73dd24f: No bootstrap required, opened a new log
I20260608 13:01:10.373037 32112 ts_tablet_manager.cc:1403] T d2046ff7d4034ffeb757853ed367363a P e4f4acf70d914ba1b0179432a73dd24f: Time spent bootstrapping tablet: real 0.063s	user 0.016s	sys 0.007s
I20260608 13:01:10.372365 31982 consensus_queue.cc:237] T f8916b478ba4413ca4a102be9d8a24ef P 89b2eefc7d154f498b77950ebc9c6d5c [LEADER]: Queue going to LEADER mode. State: All replicated index: 0, Majority replicated index: 0, Committed index: 0, Last appended: 0.0, Last appended by leader: 0, Current term: 1, Majority size: 2, State: 0, Mode: LEADER, active raft config: opid_index: -1 OBSOLETE_local: false peers { permanent_uuid: "3222b11156c84994bb8454dd5f4affec" member_type: VOTER last_known_addr { host: "127.28.38.195" port: 33805 } } peers { permanent_uuid: "89b2eefc7d154f498b77950ebc9c6d5c" member_type: VOTER last_known_addr { host: "127.28.38.193" port: 35177 } } peers { permanent_uuid: "e4f4acf70d914ba1b0179432a73dd24f" member_type: VOTER last_known_addr { host: "127.28.38.196" port: 37321 } }
I20260608 13:01:10.376443 31980 ts_tablet_manager.cc:1403] T 93844045994a4970bfeba193108d12cd P 2baae0aec42e4a778c23ea2ff171e8ad: Time spent bootstrapping tablet: real 0.072s	user 0.010s	sys 0.012s
I20260608 13:01:10.377427 31985 raft_consensus.cc:493] T d2046ff7d4034ffeb757853ed367363a P 2baae0aec42e4a778c23ea2ff171e8ad [term 0 FOLLOWER]: Starting pre-election (no leader contacted us within the election timeout)
I20260608 13:01:10.378058 31985 raft_consensus.cc:515] T d2046ff7d4034ffeb757853ed367363a P 2baae0aec42e4a778c23ea2ff171e8ad [term 0 FOLLOWER]: Starting pre-election with config: opid_index: -1 OBSOLETE_local: false peers { permanent_uuid: "e4f4acf70d914ba1b0179432a73dd24f" member_type: VOTER last_known_addr { host: "127.28.38.196" port: 37321 } } peers { permanent_uuid: "89b2eefc7d154f498b77950ebc9c6d5c" member_type: VOTER last_known_addr { host: "127.28.38.193" port: 35177 } } peers { permanent_uuid: "2baae0aec42e4a778c23ea2ff171e8ad" member_type: VOTER last_known_addr { host: "127.28.38.194" port: 34335 } }
I20260608 13:01:10.378494 31980 raft_consensus.cc:359] T 93844045994a4970bfeba193108d12cd P 2baae0aec42e4a778c23ea2ff171e8ad [term 0 FOLLOWER]: Replica starting. Triggering 0 pending ops. Active config: opid_index: -1 OBSOLETE_local: false peers { permanent_uuid: "2baae0aec42e4a778c23ea2ff171e8ad" member_type: VOTER last_known_addr { host: "127.28.38.194" port: 34335 } } peers { permanent_uuid: "e4f4acf70d914ba1b0179432a73dd24f" member_type: VOTER last_known_addr { host: "127.28.38.196" port: 37321 } } peers { permanent_uuid: "3222b11156c84994bb8454dd5f4affec" member_type: VOTER last_known_addr { host: "127.28.38.195" port: 33805 } }
I20260608 13:01:10.374663 31676 catalog_manager.cc:5696] T eff064b5e1024769bd0d3a3d3d30cb96 P 89b2eefc7d154f498b77950ebc9c6d5c reported cstate change: term changed from 0 to 1, leader changed from <none> to 89b2eefc7d154f498b77950ebc9c6d5c (127.28.38.193). New cstate: current_term: 1 leader_uuid: "89b2eefc7d154f498b77950ebc9c6d5c" committed_config { opid_index: -1 OBSOLETE_local: false peers { permanent_uuid: "3222b11156c84994bb8454dd5f4affec" member_type: VOTER last_known_addr { host: "127.28.38.195" port: 33805 } health_report { overall_health: UNKNOWN } } peers { permanent_uuid: "e4f4acf70d914ba1b0179432a73dd24f" member_type: VOTER last_known_addr { host: "127.28.38.196" port: 37321 } health_report { overall_health: UNKNOWN } } peers { permanent_uuid: "89b2eefc7d154f498b77950ebc9c6d5c" member_type: VOTER last_known_addr { host: "127.28.38.193" port: 35177 } health_report { overall_health: HEALTHY } } }
I20260608 13:01:10.379051 31980 raft_consensus.cc:385] T 93844045994a4970bfeba193108d12cd P 2baae0aec42e4a778c23ea2ff171e8ad [term 0 FOLLOWER]: Consensus starting up: Expiring failure detector timer to make a prompt election more likely
I20260608 13:01:10.379448 31980 raft_consensus.cc:740] T 93844045994a4970bfeba193108d12cd P 2baae0aec42e4a778c23ea2ff171e8ad [term 0 FOLLOWER]: Becoming Follower/Learner. State: Replica: 2baae0aec42e4a778c23ea2ff171e8ad, State: Initialized, Role: FOLLOWER
I20260608 13:01:10.381690 32079 tablet_service.cc:1917] Received RequestConsensusVote() RPC: tablet_id: "d2046ff7d4034ffeb757853ed367363a" candidate_uuid: "2baae0aec42e4a778c23ea2ff171e8ad" candidate_term: 1 candidate_status { last_received { term: 0 index: 0 } } ignore_live_leader: false dest_uuid: "e4f4acf70d914ba1b0179432a73dd24f" is_pre_election: true
I20260608 13:01:10.382405 31780 tablet_service.cc:1917] Received RequestConsensusVote() RPC: tablet_id: "d2046ff7d4034ffeb757853ed367363a" candidate_uuid: "2baae0aec42e4a778c23ea2ff171e8ad" candidate_term: 1 candidate_status { last_received { term: 0 index: 0 } } ignore_live_leader: false dest_uuid: "89b2eefc7d154f498b77950ebc9c6d5c" is_pre_election: true
I20260608 13:01:10.380235 31980 consensus_queue.cc:260] T 93844045994a4970bfeba193108d12cd P 2baae0aec42e4a778c23ea2ff171e8ad [NON_LEADER]: Queue going to NON_LEADER mode. State: All replicated index: 0, Majority replicated index: 0, Committed index: 0, Last appended: 0.0, Last appended by leader: 0, Current term: 0, Majority size: -1, State: 0, Mode: NON_LEADER, active raft config: opid_index: -1 OBSOLETE_local: false peers { permanent_uuid: "2baae0aec42e4a778c23ea2ff171e8ad" member_type: VOTER last_known_addr { host: "127.28.38.194" port: 34335 } } peers { permanent_uuid: "e4f4acf70d914ba1b0179432a73dd24f" member_type: VOTER last_known_addr { host: "127.28.38.196" port: 37321 } } peers { permanent_uuid: "3222b11156c84994bb8454dd5f4affec" member_type: VOTER last_known_addr { host: "127.28.38.195" port: 33805 } }
I20260608 13:01:10.383409 31780 raft_consensus.cc:2468] T d2046ff7d4034ffeb757853ed367363a P 89b2eefc7d154f498b77950ebc9c6d5c [term 0 FOLLOWER]: Leader pre-election vote request: Granting yes vote for candidate 2baae0aec42e4a778c23ea2ff171e8ad in term 0.
I20260608 13:01:10.385140 31820 leader_election.cc:304] T d2046ff7d4034ffeb757853ed367363a P 2baae0aec42e4a778c23ea2ff171e8ad [CANDIDATE]: Term 1 pre-election: Election decided. Result: candidate won. Election summary: received 2 responses out of 3 voters: 2 yes votes; 0 no votes. yes voters: 2baae0aec42e4a778c23ea2ff171e8ad, 89b2eefc7d154f498b77950ebc9c6d5c; no voters: 
I20260608 13:01:10.386289 32007 raft_consensus.cc:2804] T d2046ff7d4034ffeb757853ed367363a P 2baae0aec42e4a778c23ea2ff171e8ad [term 0 FOLLOWER]: Leader pre-election won for term 1
I20260608 13:01:10.386766 32007 raft_consensus.cc:493] T d2046ff7d4034ffeb757853ed367363a P 2baae0aec42e4a778c23ea2ff171e8ad [term 0 FOLLOWER]: Starting leader election (no leader contacted us within the election timeout)
I20260608 13:01:10.387217 32007 raft_consensus.cc:3060] T d2046ff7d4034ffeb757853ed367363a P 2baae0aec42e4a778c23ea2ff171e8ad [term 0 FOLLOWER]: Advancing to term 1
I20260608 13:01:10.390506 31980 ts_tablet_manager.cc:1434] T 93844045994a4970bfeba193108d12cd P 2baae0aec42e4a778c23ea2ff171e8ad: Time spent starting tablet: real 0.014s	user 0.003s	sys 0.003s
I20260608 13:01:10.392947 31985 leader_election.cc:290] T d2046ff7d4034ffeb757853ed367363a P 2baae0aec42e4a778c23ea2ff171e8ad [CANDIDATE]: Term 1 pre-election: Requested pre-vote from peers e4f4acf70d914ba1b0179432a73dd24f (127.28.38.196:37321), 89b2eefc7d154f498b77950ebc9c6d5c (127.28.38.193:35177)
