I20260608 13:00:01.349536 29957 raft_consensus.cc:2243] T 2f24c658768041ddbfe00b705a925f01 P 8e292d3de1914cd6b44b882407e265f3 [term 1 LEADER]: Raft consensus shutting down.
I20260608 13:00:01.350334 29957 raft_consensus.cc:2272] T 2f24c658768041ddbfe00b705a925f01 P 8e292d3de1914cd6b44b882407e265f3 [term 1 FOLLOWER]: Raft consensus is shut down!
I20260608 13:00:01.352226 29957 tablet_replica.cc:333] T 22b48bf281f54a12a98771bd497a6e20 P 8e292d3de1914cd6b44b882407e265f3: stopping tablet replica
I20260608 13:00:01.352681 29957 raft_consensus.cc:2243] T 22b48bf281f54a12a98771bd497a6e20 P 8e292d3de1914cd6b44b882407e265f3 [term 1 LEADER]: Raft consensus shutting down.
I20260608 13:00:01.353601 29957 raft_consensus.cc:2272] T 22b48bf281f54a12a98771bd497a6e20 P 8e292d3de1914cd6b44b882407e265f3 [term 1 FOLLOWER]: Raft consensus is shut down!
I20260608 13:00:01.380016 29957 tablet_server.cc:196] TabletServer@127.29.65.66:0 shutdown complete.
I20260608 13:00:01.400556 29957 tablet_server.cc:179] TabletServer@127.29.65.67:0 shutting down...
I20260608 13:00:01.437753 29957 ts_tablet_manager.cc:1507] Shutting down tablet manager...
I20260608 13:00:01.438596 29957 tablet_replica.cc:333] T 22b48bf281f54a12a98771bd497a6e20 P 1d6aa82a4fc24a49896d683081ef70f1: stopping tablet replica
I20260608 13:00:01.439245 29957 raft_consensus.cc:2243] T 22b48bf281f54a12a98771bd497a6e20 P 1d6aa82a4fc24a49896d683081ef70f1 [term 1 FOLLOWER]: Raft consensus shutting down.
I20260608 13:00:01.439760 29957 raft_consensus.cc:2272] T 22b48bf281f54a12a98771bd497a6e20 P 1d6aa82a4fc24a49896d683081ef70f1 [term 1 FOLLOWER]: Raft consensus is shut down!
I20260608 13:00:01.442296 29957 tablet_replica.cc:333] T 1c06ce5cb89a4cf6bac5ae60f25e6b7b P 1d6aa82a4fc24a49896d683081ef70f1: stopping tablet replica
I20260608 13:00:01.442799 29957 raft_consensus.cc:2243] T 1c06ce5cb89a4cf6bac5ae60f25e6b7b P 1d6aa82a4fc24a49896d683081ef70f1 [term 3 LEADER]: Raft consensus shutting down.
I20260608 13:00:01.443364 29957 pending_rounds.cc:70] T 1c06ce5cb89a4cf6bac5ae60f25e6b7b P 1d6aa82a4fc24a49896d683081ef70f1: Trying to abort 1 pending ops.
I20260608 13:00:01.443601 29957 pending_rounds.cc:77] T 1c06ce5cb89a4cf6bac5ae60f25e6b7b P 1d6aa82a4fc24a49896d683081ef70f1: Aborting op as it isn't in flight: id { term: 3 index: 3 } timestamp: 7294663070900588544 op_type: NO_OP noop_request { }
I20260608 13:00:01.443928 29957 raft_consensus.cc:2889] T 1c06ce5cb89a4cf6bac5ae60f25e6b7b P 1d6aa82a4fc24a49896d683081ef70f1 [term 3 LEADER]: NO_OP replication failed: Aborted: Op aborted
I20260608 13:00:01.444192 29957 raft_consensus.cc:2272] T 1c06ce5cb89a4cf6bac5ae60f25e6b7b P 1d6aa82a4fc24a49896d683081ef70f1 [term 3 FOLLOWER]: Raft consensus is shut down!
I20260608 13:00:01.446806 29957 tablet_replica.cc:333] T 2f24c658768041ddbfe00b705a925f01 P 1d6aa82a4fc24a49896d683081ef70f1: stopping tablet replica
I20260608 13:00:01.447319 29957 raft_consensus.cc:2243] T 2f24c658768041ddbfe00b705a925f01 P 1d6aa82a4fc24a49896d683081ef70f1 [term 1 FOLLOWER]: Raft consensus shutting down.
I20260608 13:00:01.447710 29957 raft_consensus.cc:2272] T 2f24c658768041ddbfe00b705a925f01 P 1d6aa82a4fc24a49896d683081ef70f1 [term 1 FOLLOWER]: Raft consensus is shut down!
I20260608 13:00:01.449690 29957 tablet_replica.cc:333] T 03abb4f9295f433585fcf686c6168c1f P 1d6aa82a4fc24a49896d683081ef70f1: stopping tablet replica
I20260608 13:00:01.450291 29957 raft_consensus.cc:2243] T 03abb4f9295f433585fcf686c6168c1f P 1d6aa82a4fc24a49896d683081ef70f1 [term 1 LEADER]: Raft consensus shutting down.
I20260608 13:00:01.451172 29957 raft_consensus.cc:2272] T 03abb4f9295f433585fcf686c6168c1f P 1d6aa82a4fc24a49896d683081ef70f1 [term 1 FOLLOWER]: Raft consensus is shut down!
I20260608 13:00:01.453253 29957 tablet_replica.cc:333] T 57f4afc5c82742cd9528acc9a7d719a5 P 1d6aa82a4fc24a49896d683081ef70f1: stopping tablet replica
I20260608 13:00:01.453969 29957 raft_consensus.cc:2243] T 57f4afc5c82742cd9528acc9a7d719a5 P 1d6aa82a4fc24a49896d683081ef70f1 [term 2 LEADER]: Raft consensus shutting down.
I20260608 13:00:01.454854 29957 raft_consensus.cc:2272] T 57f4afc5c82742cd9528acc9a7d719a5 P 1d6aa82a4fc24a49896d683081ef70f1 [term 2 FOLLOWER]: Raft consensus is shut down!
I20260608 13:00:01.456912 29957 tablet_replica.cc:333] T 697963e085bf4e4c808e290dca3620f2 P 1d6aa82a4fc24a49896d683081ef70f1: stopping tablet replica
I20260608 13:00:01.457458 29957 raft_consensus.cc:2243] T 697963e085bf4e4c808e290dca3620f2 P 1d6aa82a4fc24a49896d683081ef70f1 [term 2 FOLLOWER]: Raft consensus shutting down.
I20260608 13:00:01.457952 29957 raft_consensus.cc:2272] T 697963e085bf4e4c808e290dca3620f2 P 1d6aa82a4fc24a49896d683081ef70f1 [term 2 FOLLOWER]: Raft consensus is shut down!
I20260608 13:00:01.459879 29957 tablet_replica.cc:333] T 6340322b71454ff5b153a3c1120f36c9 P 1d6aa82a4fc24a49896d683081ef70f1: stopping tablet replica
I20260608 13:00:01.460372 29957 raft_consensus.cc:2243] T 6340322b71454ff5b153a3c1120f36c9 P 1d6aa82a4fc24a49896d683081ef70f1 [term 1 FOLLOWER]: Raft consensus shutting down.
I20260608 13:00:01.460872 29957 raft_consensus.cc:2272] T 6340322b71454ff5b153a3c1120f36c9 P 1d6aa82a4fc24a49896d683081ef70f1 [term 1 FOLLOWER]: Raft consensus is shut down!
I20260608 13:00:01.463068 29957 tablet_replica.cc:333] T e7b35c19849045b4a3c05d93f8f06eb9 P 1d6aa82a4fc24a49896d683081ef70f1: stopping tablet replica
I20260608 13:00:01.463641 29957 raft_consensus.cc:2243] T e7b35c19849045b4a3c05d93f8f06eb9 P 1d6aa82a4fc24a49896d683081ef70f1 [term 2 FOLLOWER]: Raft consensus shutting down.
I20260608 13:00:01.464212 29957 raft_consensus.cc:2272] T e7b35c19849045b4a3c05d93f8f06eb9 P 1d6aa82a4fc24a49896d683081ef70f1 [term 2 FOLLOWER]: Raft consensus is shut down!
I20260608 13:00:01.485196 29957 tablet_server.cc:196] TabletServer@127.29.65.67:0 shutdown complete.
I20260608 13:00:01.515323 29957 tablet_server.cc:179] TabletServer@127.29.65.68:0 shutting down...
I20260608 13:00:01.540670 29957 ts_tablet_manager.cc:1507] Shutting down tablet manager...
I20260608 13:00:01.557720 29957 tablet_server.cc:196] TabletServer@127.29.65.68:0 shutdown complete.
I20260608 13:00:01.566390 29957 master.cc:562] Master@127.29.65.126:40461 shutting down...
W20260608 13:00:01.592442 30587 auto_rebalancer.cc:835] Removing replace marker failed: Catalog manager is not initialized. State: Closing
W20260608 13:00:01.592726 30587 auto_rebalancer.cc:863] Could not move replica: Service unavailable: Catalog manager is not initialized. State: Closing
W20260608 13:00:01.592959 30587 auto_rebalancer.cc:301] scheduled replica move failed to complete: Service unavailable: Catalog manager is not initialized. State: Closing
I20260608 13:00:01.594027 29957 raft_consensus.cc:2243] T 00000000000000000000000000000000 P e32f35faf6df4ac1bca35405b4f8bb15 [term 1 LEADER]: Raft consensus shutting down.
I20260608 13:00:01.594517 29957 raft_consensus.cc:2272] T 00000000000000000000000000000000 P e32f35faf6df4ac1bca35405b4f8bb15 [term 1 FOLLOWER]: Raft consensus is shut down!
I20260608 13:00:01.594847 29957 tablet_replica.cc:333] T 00000000000000000000000000000000 P e32f35faf6df4ac1bca35405b4f8bb15: stopping tablet replica
I20260608 13:00:01.613072 29957 master.cc:584] Master@127.29.65.126:40461 shutdown complete.
[       OK ] AutoRebalancerTest.AutoRebalancingTurnOffAndOn (9005 ms)
[ RUN      ] AutoRebalancerTest.NextLeaderResumesAutoRebalancing
I20260608 13:00:01.647117 29957 internal_mini_cluster.cc:156] Creating distributed mini masters. Addrs: 127.29.65.126:40193,127.29.65.125:42973,127.29.65.124:45085
I20260608 13:00:01.648438 29957 file_cache.cc:492] Constructed file cache file cache with capacity 419430
W20260608 13:00:01.653823 31057 instance_detector.cc:116] could not retrieve Azure instance metadata: Network error: curl error: HTTP response code said error: The requested URL returned error: 404
W20260608 13:00:01.654448 31059 instance_detector.cc:116] could not retrieve OpenStack instance metadata: Network error: curl error: HTTP response code said error: The requested URL returned error: 404
W20260608 13:00:01.653851 31056 instance_detector.cc:116] could not retrieve AWS instance metadata: Network error: curl error: HTTP response code said error: The requested URL returned error: 404
I20260608 13:00:01.656203 29957 server_base.cc:1061] running on GCE node
I20260608 13:00:01.657162 29957 hybrid_clock.cc:584] initializing the hybrid clock with 'system_unsync' time source
W20260608 13:00:01.657344 29957 system_unsync_time.cc:38] NTP support is disabled. Clock error bounds will not be accurate. This configuration is not suitable for distributed clusters.
I20260608 13:00:01.657521 29957 hybrid_clock.cc:648] HybridClock initialized: now 1780923601657503 us; error 0 us; skew 500 ppm
I20260608 13:00:01.658097 29957 server_base.cc:861] Flag tcmalloc_max_total_thread_cache_bytes is not working since tcmalloc is not enabled.
I20260608 13:00:01.660386 29957 webserver.cc:533] Webserver started at http://127.29.65.126:37489/ using document root <none> and password file <none>
I20260608 13:00:01.660919 29957 fs_manager.cc:362] Metadata directory not provided
I20260608 13:00:01.661083 29957 fs_manager.cc:368] Using write-ahead log directory (fs_wal_dir) as metadata directory
I20260608 13:00:01.661299 29957 server_base.cc:909] This appears to be a new deployment of Kudu; creating new FS layout
I20260608 13:00:01.662295 29957 fs_manager.cc:1068] Generated new instance metadata in path /tmp/dist-test-taskmk_RnJ/test-tmp/auto_rebalancer-test.0.AutoRebalancerTest.NextLeaderResumesAutoRebalancing.1780923585167475-29957-0/minicluster-data/master-0-root/instance:
uuid: "a6a5b805a5554c5b9cc87b484b6904a1"
format_stamp: "Formatted at 2026-06-08 13:00:01 on dist-test-slave-jhsm"
I20260608 13:00:01.666764 29957 fs_manager.cc:696] Time spent creating directory manager: real 0.004s	user 0.002s	sys 0.003s
I20260608 13:00:01.670131 31064 log_block_manager.cc:4031] Time spent loading block containers with low live blocks: real 0.000s	user 0.000s	sys 0.000s
I20260608 13:00:01.670935 29957 fs_manager.cc:730] Time spent opening block manager: real 0.002s	user 0.003s	sys 0.000s
I20260608 13:00:01.671234 29957 fs_manager.cc:647] Opened local filesystem: /tmp/dist-test-taskmk_RnJ/test-tmp/auto_rebalancer-test.0.AutoRebalancerTest.NextLeaderResumesAutoRebalancing.1780923585167475-29957-0/minicluster-data/master-0-root
uuid: "a6a5b805a5554c5b9cc87b484b6904a1"
format_stamp: "Formatted at 2026-06-08 13:00:01 on dist-test-slave-jhsm"
I20260608 13:00:01.671502 29957 fs_report.cc:389] FS layout report
--------------------
wal directory: /tmp/dist-test-taskmk_RnJ/test-tmp/auto_rebalancer-test.0.AutoRebalancerTest.NextLeaderResumesAutoRebalancing.1780923585167475-29957-0/minicluster-data/master-0-root
metadata directory: /tmp/dist-test-taskmk_RnJ/test-tmp/auto_rebalancer-test.0.AutoRebalancerTest.NextLeaderResumesAutoRebalancing.1780923585167475-29957-0/minicluster-data/master-0-root
1 data directories: /tmp/dist-test-taskmk_RnJ/test-tmp/auto_rebalancer-test.0.AutoRebalancerTest.NextLeaderResumesAutoRebalancing.1780923585167475-29957-0/minicluster-data/master-0-root/data
Total live blocks: 0
Total live bytes: 0
Total live bytes (after alignment): 0
Total number of LBM containers: 0 (0 full)
Did not check for missing blocks
Did not check for orphaned blocks
Total full LBM containers with extra space: 0 (0 repaired)
Total full LBM container extra space in bytes: 0 (0 repaired)
Total incomplete LBM containers: 0 (0 repaired)
Total LBM partial records: 0 (0 repaired)
Total corrupted LBM metadata records in RocksDB: 0 (0 repaired)
I20260608 13:00:01.682018 29957 rpc_server.cc:225] running with OpenSSL 1.1.1  11 Sep 2018
I20260608 13:00:01.683179 29957 kserver.cc:163] Server-wide thread pool size limit: 3276
I20260608 13:00:01.720815 29957 rpc_server.cc:307] RPC server started. Bound to: 127.29.65.126:40193
I20260608 13:00:01.720948 31115 acceptor_pool.cc:272] collecting diagnostics on the listening RPC socket 127.29.65.126:40193 every 8 connection(s)
I20260608 13:00:01.724756 31116 data_dirs.cc:400] Could only allocate 1 dirs of requested 3 for tablet 00000000000000000000000000000000. 1 dirs total, 0 dirs full, 0 dirs failed
I20260608 13:00:01.724844 29957 file_cache.cc:492] Constructed file cache file cache with capacity 419430
W20260608 13:00:01.730616 31118 instance_detector.cc:116] could not retrieve AWS instance metadata: Network error: curl error: HTTP response code said error: The requested URL returned error: 404
W20260608 13:00:01.731535 31119 instance_detector.cc:116] could not retrieve Azure instance metadata: Network error: curl error: HTTP response code said error: The requested URL returned error: 404
I20260608 13:00:01.731637 31116 sys_catalog.cc:422] member_type: VOTER last_known_addr { host: "127.29.65.126" port: 40193 } has no permanent_uuid. Determining permanent_uuid...
I20260608 13:00:01.734268 29957 server_base.cc:1061] running on GCE node
W20260608 13:00:01.735088 31121 instance_detector.cc:116] could not retrieve OpenStack instance metadata: Network error: curl error: HTTP response code said error: The requested URL returned error: 404
I20260608 13:00:01.735904 29957 hybrid_clock.cc:584] initializing the hybrid clock with 'system_unsync' time source
W20260608 13:00:01.736105 29957 system_unsync_time.cc:38] NTP support is disabled. Clock error bounds will not be accurate. This configuration is not suitable for distributed clusters.
I20260608 13:00:01.736258 29957 hybrid_clock.cc:648] HybridClock initialized: now 1780923601736239 us; error 0 us; skew 500 ppm
I20260608 13:00:01.736846 29957 server_base.cc:861] Flag tcmalloc_max_total_thread_cache_bytes is not working since tcmalloc is not enabled.
I20260608 13:00:01.739475 29957 webserver.cc:533] Webserver started at http://127.29.65.125:40437/ using document root <none> and password file <none>
I20260608 13:00:01.739964 29957 fs_manager.cc:362] Metadata directory not provided
I20260608 13:00:01.740139 29957 fs_manager.cc:368] Using write-ahead log directory (fs_wal_dir) as metadata directory
I20260608 13:00:01.740378 29957 server_base.cc:909] This appears to be a new deployment of Kudu; creating new FS layout
I20260608 13:00:01.741467 29957 fs_manager.cc:1068] Generated new instance metadata in path /tmp/dist-test-taskmk_RnJ/test-tmp/auto_rebalancer-test.0.AutoRebalancerTest.NextLeaderResumesAutoRebalancing.1780923585167475-29957-0/minicluster-data/master-1-root/instance:
uuid: "1da04f6fa17047418ffef440cd0e71de"
format_stamp: "Formatted at 2026-06-08 13:00:01 on dist-test-slave-jhsm"
I20260608 13:00:01.746217 29957 fs_manager.cc:696] Time spent creating directory manager: real 0.004s	user 0.005s	sys 0.000s
I20260608 13:00:01.749903 31128 log_block_manager.cc:4031] Time spent loading block containers with low live blocks: real 0.000s	user 0.000s	sys 0.000s
I20260608 13:00:01.750376 31116 sys_catalog.cc:422] member_type: VOTER last_known_addr { host: "127.29.65.125" port: 42973 } has no permanent_uuid. Determining permanent_uuid...
I20260608 13:00:01.750877 29957 fs_manager.cc:730] Time spent opening block manager: real 0.003s	user 0.003s	sys 0.000s
I20260608 13:00:01.751219 29957 fs_manager.cc:647] Opened local filesystem: /tmp/dist-test-taskmk_RnJ/test-tmp/auto_rebalancer-test.0.AutoRebalancerTest.NextLeaderResumesAutoRebalancing.1780923585167475-29957-0/minicluster-data/master-1-root
uuid: "1da04f6fa17047418ffef440cd0e71de"
format_stamp: "Formatted at 2026-06-08 13:00:01 on dist-test-slave-jhsm"
I20260608 13:00:01.751557 29957 fs_report.cc:389] FS layout report
--------------------
wal directory: /tmp/dist-test-taskmk_RnJ/test-tmp/auto_rebalancer-test.0.AutoRebalancerTest.NextLeaderResumesAutoRebalancing.1780923585167475-29957-0/minicluster-data/master-1-root
metadata directory: /tmp/dist-test-taskmk_RnJ/test-tmp/auto_rebalancer-test.0.AutoRebalancerTest.NextLeaderResumesAutoRebalancing.1780923585167475-29957-0/minicluster-data/master-1-root
1 data directories: /tmp/dist-test-taskmk_RnJ/test-tmp/auto_rebalancer-test.0.AutoRebalancerTest.NextLeaderResumesAutoRebalancing.1780923585167475-29957-0/minicluster-data/master-1-root/data
Total live blocks: 0
Total live bytes: 0
Total live bytes (after alignment): 0
Total number of LBM containers: 0 (0 full)
Did not check for missing blocks
Did not check for orphaned blocks
Total full LBM containers with extra space: 0 (0 repaired)
Total full LBM container extra space in bytes: 0 (0 repaired)
Total incomplete LBM containers: 0 (0 repaired)
Total LBM partial records: 0 (0 repaired)
Total corrupted LBM metadata records in RocksDB: 0 (0 repaired)
W20260608 13:00:01.756414 31116 consensus_peers.cc:760] Error getting permanent uuid from config peer 127.29.65.125:42973: Network error: Client connection negotiation failed: client connection to 127.29.65.125:42973: connect: Connection refused (error 111)
I20260608 13:00:01.776677 29957 rpc_server.cc:225] running with OpenSSL 1.1.1  11 Sep 2018
I20260608 13:00:01.776937 31116 consensus_peers.cc:770] Retrying to get permanent uuid for remote peer: member_type: VOTER last_known_addr { host: "127.29.65.125" port: 42973 } attempt: 1
I20260608 13:00:01.778119 29957 kserver.cc:163] Server-wide thread pool size limit: 3276
W20260608 13:00:01.781626 31116 consensus_peers.cc:760] Error getting permanent uuid from config peer 127.29.65.125:42973: Network error: Client connection negotiation failed: client connection to 127.29.65.125:42973: connect: Connection refused (error 111)
I20260608 13:00:01.814869 29957 rpc_server.cc:307] RPC server started. Bound to: 127.29.65.125:42973
I20260608 13:00:01.814941 31180 acceptor_pool.cc:272] collecting diagnostics on the listening RPC socket 127.29.65.125:42973 every 8 connection(s)
I20260608 13:00:01.818864 29957 file_cache.cc:492] Constructed file cache file cache with capacity 419430
I20260608 13:00:01.819111 31181 data_dirs.cc:400] Could only allocate 1 dirs of requested 3 for tablet 00000000000000000000000000000000. 1 dirs total, 0 dirs full, 0 dirs failed
W20260608 13:00:01.824674 31183 instance_detector.cc:116] could not retrieve AWS instance metadata: Network error: curl error: HTTP response code said error: The requested URL returned error: 404
W20260608 13:00:01.824991 31184 instance_detector.cc:116] could not retrieve Azure instance metadata: Network error: curl error: HTTP response code said error: The requested URL returned error: 404
I20260608 13:00:01.827765 29957 server_base.cc:1061] running on GCE node
W20260608 13:00:01.828259 31186 instance_detector.cc:116] could not retrieve OpenStack instance metadata: Network error: curl error: HTTP response code said error: The requested URL returned error: 404
I20260608 13:00:01.828465 31181 sys_catalog.cc:422] member_type: VOTER last_known_addr { host: "127.29.65.126" port: 40193 } has no permanent_uuid. Determining permanent_uuid...
I20260608 13:00:01.829172 29957 hybrid_clock.cc:584] initializing the hybrid clock with 'system_unsync' time source
W20260608 13:00:01.829372 29957 system_unsync_time.cc:38] NTP support is disabled. Clock error bounds will not be accurate. This configuration is not suitable for distributed clusters.
I20260608 13:00:01.829563 29957 hybrid_clock.cc:648] HybridClock initialized: now 1780923601829537 us; error 0 us; skew 500 ppm
I20260608 13:00:01.830312 29957 server_base.cc:861] Flag tcmalloc_max_total_thread_cache_bytes is not working since tcmalloc is not enabled.
I20260608 13:00:01.833315 29957 webserver.cc:533] Webserver started at http://127.29.65.124:41833/ using document root <none> and password file <none>
I20260608 13:00:01.834020 29957 fs_manager.cc:362] Metadata directory not provided
I20260608 13:00:01.834218 29957 fs_manager.cc:368] Using write-ahead log directory (fs_wal_dir) as metadata directory
I20260608 13:00:01.834493 29957 server_base.cc:909] This appears to be a new deployment of Kudu; creating new FS layout
I20260608 13:00:01.835736 29957 fs_manager.cc:1068] Generated new instance metadata in path /tmp/dist-test-taskmk_RnJ/test-tmp/auto_rebalancer-test.0.AutoRebalancerTest.NextLeaderResumesAutoRebalancing.1780923585167475-29957-0/minicluster-data/master-2-root/instance:
uuid: "08cf77b1d5244002a156fe318a3afa5c"
format_stamp: "Formatted at 2026-06-08 13:00:01 on dist-test-slave-jhsm"
I20260608 13:00:01.836118 31116 consensus_peers.cc:770] Retrying to get permanent uuid for remote peer: member_type: VOTER last_known_addr { host: "127.29.65.125" port: 42973 } attempt: 2
I20260608 13:00:01.842283 31181 sys_catalog.cc:422] member_type: VOTER last_known_addr { host: "127.29.65.125" port: 42973 } has no permanent_uuid. Determining permanent_uuid...
I20260608 13:00:01.848333 29957 fs_manager.cc:696] Time spent creating directory manager: real 0.012s	user 0.004s	sys 0.010s
I20260608 13:00:01.850823 31116 sys_catalog.cc:422] member_type: VOTER last_known_addr { host: "127.29.65.124" port: 45085 } has no permanent_uuid. Determining permanent_uuid...
W20260608 13:00:01.856564 31116 consensus_peers.cc:760] Error getting permanent uuid from config peer 127.29.65.124:45085: Network error: Client connection negotiation failed: client connection to 127.29.65.124:45085: connect: Connection refused (error 111)
I20260608 13:00:01.857497 31181 sys_catalog.cc:422] member_type: VOTER last_known_addr { host: "127.29.65.124" port: 45085 } has no permanent_uuid. Determining permanent_uuid...
I20260608 13:00:01.859534 31194 log_block_manager.cc:4031] Time spent loading block containers with low live blocks: real 0.000s	user 0.000s	sys 0.000s
I20260608 13:00:01.860445 29957 fs_manager.cc:730] Time spent opening block manager: real 0.009s	user 0.005s	sys 0.005s
I20260608 13:00:01.860917 29957 fs_manager.cc:647] Opened local filesystem: /tmp/dist-test-taskmk_RnJ/test-tmp/auto_rebalancer-test.0.AutoRebalancerTest.NextLeaderResumesAutoRebalancing.1780923585167475-29957-0/minicluster-data/master-2-root
uuid: "08cf77b1d5244002a156fe318a3afa5c"
format_stamp: "Formatted at 2026-06-08 13:00:01 on dist-test-slave-jhsm"
I20260608 13:00:01.861236 29957 fs_report.cc:389] FS layout report
--------------------
wal directory: /tmp/dist-test-taskmk_RnJ/test-tmp/auto_rebalancer-test.0.AutoRebalancerTest.NextLeaderResumesAutoRebalancing.1780923585167475-29957-0/minicluster-data/master-2-root
metadata directory: /tmp/dist-test-taskmk_RnJ/test-tmp/auto_rebalancer-test.0.AutoRebalancerTest.NextLeaderResumesAutoRebalancing.1780923585167475-29957-0/minicluster-data/master-2-root
1 data directories: /tmp/dist-test-taskmk_RnJ/test-tmp/auto_rebalancer-test.0.AutoRebalancerTest.NextLeaderResumesAutoRebalancing.1780923585167475-29957-0/minicluster-data/master-2-root/data
Total live blocks: 0
Total live bytes: 0
Total live bytes (after alignment): 0
Total number of LBM containers: 0 (0 full)
Did not check for missing blocks
Did not check for orphaned blocks
Total full LBM containers with extra space: 0 (0 repaired)
Total full LBM container extra space in bytes: 0 (0 repaired)
Total incomplete LBM containers: 0 (0 repaired)
Total LBM partial records: 0 (0 repaired)
Total corrupted LBM metadata records in RocksDB: 0 (0 repaired)
W20260608 13:00:01.862848 31181 consensus_peers.cc:760] Error getting permanent uuid from config peer 127.29.65.124:45085: Network error: Client connection negotiation failed: client connection to 127.29.65.124:45085: connect: Connection refused (error 111)
I20260608 13:00:01.881249 29957 rpc_server.cc:225] running with OpenSSL 1.1.1  11 Sep 2018
I20260608 13:00:01.882429 29957 kserver.cc:163] Server-wide thread pool size limit: 3276
I20260608 13:00:01.884037 31116 consensus_peers.cc:770] Retrying to get permanent uuid for remote peer: member_type: VOTER last_known_addr { host: "127.29.65.124" port: 45085 } attempt: 1
W20260608 13:00:01.888935 31116 consensus_peers.cc:760] Error getting permanent uuid from config peer 127.29.65.124:45085: Network error: Client connection negotiation failed: client connection to 127.29.65.124:45085: connect: Connection refused (error 111)
I20260608 13:00:01.912281 31181 consensus_peers.cc:770] Retrying to get permanent uuid for remote peer: member_type: VOTER last_known_addr { host: "127.29.65.124" port: 45085 } attempt: 1
W20260608 13:00:01.917795 31181 consensus_peers.cc:760] Error getting permanent uuid from config peer 127.29.65.124:45085: Network error: Client connection negotiation failed: client connection to 127.29.65.124:45085: connect: Connection refused (error 111)
I20260608 13:00:01.923568 29957 rpc_server.cc:307] RPC server started. Bound to: 127.29.65.124:45085
I20260608 13:00:01.923717 31246 acceptor_pool.cc:272] collecting diagnostics on the listening RPC socket 127.29.65.124:45085 every 8 connection(s)
I20260608 13:00:01.926764 29957 internal_mini_cluster.cc:184] Waiting to initialize catalog manager on master 0
I20260608 13:00:01.927572 31247 data_dirs.cc:400] Could only allocate 1 dirs of requested 3 for tablet 00000000000000000000000000000000. 1 dirs total, 0 dirs full, 0 dirs failed
I20260608 13:00:01.933257 31247 sys_catalog.cc:422] member_type: VOTER last_known_addr { host: "127.29.65.126" port: 40193 } has no permanent_uuid. Determining permanent_uuid...
I20260608 13:00:01.937407 31116 consensus_peers.cc:770] Retrying to get permanent uuid for remote peer: member_type: VOTER last_known_addr { host: "127.29.65.124" port: 45085 } attempt: 2
I20260608 13:00:01.945556 31247 sys_catalog.cc:422] member_type: VOTER last_known_addr { host: "127.29.65.125" port: 42973 } has no permanent_uuid. Determining permanent_uuid...
I20260608 13:00:01.955659 31247 sys_catalog.cc:422] member_type: VOTER last_known_addr { host: "127.29.65.124" port: 45085 } has no permanent_uuid. Determining permanent_uuid...
I20260608 13:00:01.956037 31116 tablet_bootstrap.cc:492] T 00000000000000000000000000000000 P a6a5b805a5554c5b9cc87b484b6904a1: Bootstrap starting.
I20260608 13:00:01.962416 31116 tablet_bootstrap.cc:654] T 00000000000000000000000000000000 P a6a5b805a5554c5b9cc87b484b6904a1: Neither blocks nor log segments found. Creating new log.
I20260608 13:00:01.968119 31116 tablet_bootstrap.cc:492] T 00000000000000000000000000000000 P a6a5b805a5554c5b9cc87b484b6904a1: No bootstrap required, opened a new log
I20260608 13:00:01.971225 31116 raft_consensus.cc:359] T 00000000000000000000000000000000 P a6a5b805a5554c5b9cc87b484b6904a1 [term 0 FOLLOWER]: Replica starting. Triggering 0 pending ops. Active config: opid_index: -1 OBSOLETE_local: false peers { permanent_uuid: "a6a5b805a5554c5b9cc87b484b6904a1" member_type: VOTER last_known_addr { host: "127.29.65.126" port: 40193 } } peers { permanent_uuid: "1da04f6fa17047418ffef440cd0e71de" member_type: VOTER last_known_addr { host: "127.29.65.125" port: 42973 } } peers { permanent_uuid: "08cf77b1d5244002a156fe318a3afa5c" member_type: VOTER last_known_addr { host: "127.29.65.124" port: 45085 } }
I20260608 13:00:01.971944 31116 raft_consensus.cc:385] T 00000000000000000000000000000000 P a6a5b805a5554c5b9cc87b484b6904a1 [term 0 FOLLOWER]: Consensus starting up: Expiring failure detector timer to make a prompt election more likely
I20260608 13:00:01.972256 31116 raft_consensus.cc:740] T 00000000000000000000000000000000 P a6a5b805a5554c5b9cc87b484b6904a1 [term 0 FOLLOWER]: Becoming Follower/Learner. State: Replica: a6a5b805a5554c5b9cc87b484b6904a1, State: Initialized, Role: FOLLOWER
I20260608 13:00:01.973060 31116 consensus_queue.cc:260] T 00000000000000000000000000000000 P a6a5b805a5554c5b9cc87b484b6904a1 [NON_LEADER]: Queue going to NON_LEADER mode. State: All replicated index: 0, Majority replicated index: 0, Committed index: 0, Last appended: 0.0, Last appended by leader: 0, Current term: 0, Majority size: -1, State: 0, Mode: NON_LEADER, active raft config: opid_index: -1 OBSOLETE_local: false peers { permanent_uuid: "a6a5b805a5554c5b9cc87b484b6904a1" member_type: VOTER last_known_addr { host: "127.29.65.126" port: 40193 } } peers { permanent_uuid: "1da04f6fa17047418ffef440cd0e71de" member_type: VOTER last_known_addr { host: "127.29.65.125" port: 42973 } } peers { permanent_uuid: "08cf77b1d5244002a156fe318a3afa5c" member_type: VOTER last_known_addr { host: "127.29.65.124" port: 45085 } }
I20260608 13:00:01.974109 31247 tablet_bootstrap.cc:492] T 00000000000000000000000000000000 P 08cf77b1d5244002a156fe318a3afa5c: Bootstrap starting.
I20260608 13:00:01.975128 31252 sys_catalog.cc:455] T 00000000000000000000000000000000 P a6a5b805a5554c5b9cc87b484b6904a1 [sys.catalog]: SysCatalogTable state changed. Reason: RaftConsensus started. Latest consensus state: current_term: 0 committed_config { opid_index: -1 OBSOLETE_local: false peers { permanent_uuid: "a6a5b805a5554c5b9cc87b484b6904a1" member_type: VOTER last_known_addr { host: "127.29.65.126" port: 40193 } } peers { permanent_uuid: "1da04f6fa17047418ffef440cd0e71de" member_type: VOTER last_known_addr { host: "127.29.65.125" port: 42973 } } peers { permanent_uuid: "08cf77b1d5244002a156fe318a3afa5c" member_type: VOTER last_known_addr { host: "127.29.65.124" port: 45085 } } }
I20260608 13:00:01.975687 31252 sys_catalog.cc:458] T 00000000000000000000000000000000 P a6a5b805a5554c5b9cc87b484b6904a1 [sys.catalog]: This master's current role is: FOLLOWER
I20260608 13:00:01.976833 31116 sys_catalog.cc:565] T 00000000000000000000000000000000 P a6a5b805a5554c5b9cc87b484b6904a1 [sys.catalog]: configured and running, proceeding with master startup.
I20260608 13:00:01.977277 31181 consensus_peers.cc:770] Retrying to get permanent uuid for remote peer: member_type: VOTER last_known_addr { host: "127.29.65.124" port: 45085 } attempt: 2
I20260608 13:00:01.980962 31247 tablet_bootstrap.cc:654] T 00000000000000000000000000000000 P 08cf77b1d5244002a156fe318a3afa5c: Neither blocks nor log segments found. Creating new log.
I20260608 13:00:01.992820 29957 internal_mini_cluster.cc:184] Waiting to initialize catalog manager on master 1
I20260608 13:00:01.992923 31247 tablet_bootstrap.cc:492] T 00000000000000000000000000000000 P 08cf77b1d5244002a156fe318a3afa5c: No bootstrap required, opened a new log
W20260608 13:00:01.996419 31264 catalog_manager.cc:1593] T 00000000000000000000000000000000 P a6a5b805a5554c5b9cc87b484b6904a1: loading cluster ID for follower catalog manager: Not found: cluster ID entry not found
I20260608 13:00:01.996248 31247 raft_consensus.cc:359] T 00000000000000000000000000000000 P 08cf77b1d5244002a156fe318a3afa5c [term 0 FOLLOWER]: Replica starting. Triggering 0 pending ops. Active config: opid_index: -1 OBSOLETE_local: false peers { permanent_uuid: "a6a5b805a5554c5b9cc87b484b6904a1" member_type: VOTER last_known_addr { host: "127.29.65.126" port: 40193 } } peers { permanent_uuid: "1da04f6fa17047418ffef440cd0e71de" member_type: VOTER last_known_addr { host: "127.29.65.125" port: 42973 } } peers { permanent_uuid: "08cf77b1d5244002a156fe318a3afa5c" member_type: VOTER last_known_addr { host: "127.29.65.124" port: 45085 } }
W20260608 13:00:01.996781 31264 catalog_manager.cc:883] Not found: cluster ID entry not found: failed to prepare follower catalog manager, will retry
I20260608 13:00:01.997033 31247 raft_consensus.cc:385] T 00000000000000000000000000000000 P 08cf77b1d5244002a156fe318a3afa5c [term 0 FOLLOWER]: Consensus starting up: Expiring failure detector timer to make a prompt election more likely
I20260608 13:00:01.997367 31247 raft_consensus.cc:740] T 00000000000000000000000000000000 P 08cf77b1d5244002a156fe318a3afa5c [term 0 FOLLOWER]: Becoming Follower/Learner. State: Replica: 08cf77b1d5244002a156fe318a3afa5c, State: Initialized, Role: FOLLOWER
I20260608 13:00:01.997555 31181 tablet_bootstrap.cc:492] T 00000000000000000000000000000000 P 1da04f6fa17047418ffef440cd0e71de: Bootstrap starting.
I20260608 13:00:01.998183 31247 consensus_queue.cc:260] T 00000000000000000000000000000000 P 08cf77b1d5244002a156fe318a3afa5c [NON_LEADER]: Queue going to NON_LEADER mode. State: All replicated index: 0, Majority replicated index: 0, Committed index: 0, Last appended: 0.0, Last appended by leader: 0, Current term: 0, Majority size: -1, State: 0, Mode: NON_LEADER, active raft config: opid_index: -1 OBSOLETE_local: false peers { permanent_uuid: "a6a5b805a5554c5b9cc87b484b6904a1" member_type: VOTER last_known_addr { host: "127.29.65.126" port: 40193 } } peers { permanent_uuid: "1da04f6fa17047418ffef440cd0e71de" member_type: VOTER last_known_addr { host: "127.29.65.125" port: 42973 } } peers { permanent_uuid: "08cf77b1d5244002a156fe318a3afa5c" member_type: VOTER last_known_addr { host: "127.29.65.124" port: 45085 } }
I20260608 13:00:02.000243 31265 sys_catalog.cc:455] T 00000000000000000000000000000000 P 08cf77b1d5244002a156fe318a3afa5c [sys.catalog]: SysCatalogTable state changed. Reason: RaftConsensus started. Latest consensus state: current_term: 0 committed_config { opid_index: -1 OBSOLETE_local: false peers { permanent_uuid: "a6a5b805a5554c5b9cc87b484b6904a1" member_type: VOTER last_known_addr { host: "127.29.65.126" port: 40193 } } peers { permanent_uuid: "1da04f6fa17047418ffef440cd0e71de" member_type: VOTER last_known_addr { host: "127.29.65.125" port: 42973 } } peers { permanent_uuid: "08cf77b1d5244002a156fe318a3afa5c" member_type: VOTER last_known_addr { host: "127.29.65.124" port: 45085 } } }
I20260608 13:00:02.000794 31265 sys_catalog.cc:458] T 00000000000000000000000000000000 P 08cf77b1d5244002a156fe318a3afa5c [sys.catalog]: This master's current role is: FOLLOWER
I20260608 13:00:02.001919 31247 sys_catalog.cc:565] T 00000000000000000000000000000000 P 08cf77b1d5244002a156fe318a3afa5c [sys.catalog]: configured and running, proceeding with master startup.
I20260608 13:00:02.004522 31181 tablet_bootstrap.cc:654] T 00000000000000000000000000000000 P 1da04f6fa17047418ffef440cd0e71de: Neither blocks nor log segments found. Creating new log.
I20260608 13:00:02.010699 31181 tablet_bootstrap.cc:492] T 00000000000000000000000000000000 P 1da04f6fa17047418ffef440cd0e71de: No bootstrap required, opened a new log
I20260608 13:00:02.014040 31181 raft_consensus.cc:359] T 00000000000000000000000000000000 P 1da04f6fa17047418ffef440cd0e71de [term 0 FOLLOWER]: Replica starting. Triggering 0 pending ops. Active config: opid_index: -1 OBSOLETE_local: false peers { permanent_uuid: "a6a5b805a5554c5b9cc87b484b6904a1" member_type: VOTER last_known_addr { host: "127.29.65.126" port: 40193 } } peers { permanent_uuid: "1da04f6fa17047418ffef440cd0e71de" member_type: VOTER last_known_addr { host: "127.29.65.125" port: 42973 } } peers { permanent_uuid: "08cf77b1d5244002a156fe318a3afa5c" member_type: VOTER last_known_addr { host: "127.29.65.124" port: 45085 } }
I20260608 13:00:02.014804 31181 raft_consensus.cc:385] T 00000000000000000000000000000000 P 1da04f6fa17047418ffef440cd0e71de [term 0 FOLLOWER]: Consensus starting up: Expiring failure detector timer to make a prompt election more likely
I20260608 13:00:02.015118 31181 raft_consensus.cc:740] T 00000000000000000000000000000000 P 1da04f6fa17047418ffef440cd0e71de [term 0 FOLLOWER]: Becoming Follower/Learner. State: Replica: 1da04f6fa17047418ffef440cd0e71de, State: Initialized, Role: FOLLOWER
I20260608 13:00:02.015894 31181 consensus_queue.cc:260] T 00000000000000000000000000000000 P 1da04f6fa17047418ffef440cd0e71de [NON_LEADER]: Queue going to NON_LEADER mode. State: All replicated index: 0, Majority replicated index: 0, Committed index: 0, Last appended: 0.0, Last appended by leader: 0, Current term: 0, Majority size: -1, State: 0, Mode: NON_LEADER, active raft config: opid_index: -1 OBSOLETE_local: false peers { permanent_uuid: "a6a5b805a5554c5b9cc87b484b6904a1" member_type: VOTER last_known_addr { host: "127.29.65.126" port: 40193 } } peers { permanent_uuid: "1da04f6fa17047418ffef440cd0e71de" member_type: VOTER last_known_addr { host: "127.29.65.125" port: 42973 } } peers { permanent_uuid: "08cf77b1d5244002a156fe318a3afa5c" member_type: VOTER last_known_addr { host: "127.29.65.124" port: 45085 } }
I20260608 13:00:02.017866 31278 sys_catalog.cc:455] T 00000000000000000000000000000000 P 1da04f6fa17047418ffef440cd0e71de [sys.catalog]: SysCatalogTable state changed. Reason: RaftConsensus started. Latest consensus state: current_term: 0 committed_config { opid_index: -1 OBSOLETE_local: false peers { permanent_uuid: "a6a5b805a5554c5b9cc87b484b6904a1" member_type: VOTER last_known_addr { host: "127.29.65.126" port: 40193 } } peers { permanent_uuid: "1da04f6fa17047418ffef440cd0e71de" member_type: VOTER last_known_addr { host: "127.29.65.125" port: 42973 } } peers { permanent_uuid: "08cf77b1d5244002a156fe318a3afa5c" member_type: VOTER last_known_addr { host: "127.29.65.124" port: 45085 } } }
I20260608 13:00:02.018565 31278 sys_catalog.cc:458] T 00000000000000000000000000000000 P 1da04f6fa17047418ffef440cd0e71de [sys.catalog]: This master's current role is: FOLLOWER
I20260608 13:00:02.018882 31181 sys_catalog.cc:565] T 00000000000000000000000000000000 P 1da04f6fa17047418ffef440cd0e71de [sys.catalog]: configured and running, proceeding with master startup.
W20260608 13:00:02.019398 31277 catalog_manager.cc:1593] T 00000000000000000000000000000000 P 08cf77b1d5244002a156fe318a3afa5c: loading cluster ID for follower catalog manager: Not found: cluster ID entry not found
W20260608 13:00:02.019661 31277 catalog_manager.cc:883] Not found: cluster ID entry not found: failed to prepare follower catalog manager, will retry
I20260608 13:00:02.029775 29957 internal_mini_cluster.cc:184] Waiting to initialize catalog manager on master 2
I20260608 13:00:02.031805 29957 file_cache.cc:492] Constructed file cache file cache with capacity 419430
W20260608 13:00:02.034166 31289 catalog_manager.cc:1593] T 00000000000000000000000000000000 P 1da04f6fa17047418ffef440cd0e71de: loading cluster ID for follower catalog manager: Not found: cluster ID entry not found
W20260608 13:00:02.034536 31289 catalog_manager.cc:883] Not found: cluster ID entry not found: failed to prepare follower catalog manager, will retry
W20260608 13:00:02.039482 31290 instance_detector.cc:116] could not retrieve AWS instance metadata: Network error: curl error: HTTP response code said error: The requested URL returned error: 404
W20260608 13:00:02.040352 31291 instance_detector.cc:116] could not retrieve Azure instance metadata: Network error: curl error: HTTP response code said error: The requested URL returned error: 404
I20260608 13:00:02.042280 29957 server_base.cc:1061] running on GCE node
W20260608 13:00:02.043079 31293 instance_detector.cc:116] could not retrieve OpenStack instance metadata: Network error: curl error: HTTP response code said error: The requested URL returned error: 404
I20260608 13:00:02.043968 29957 hybrid_clock.cc:584] initializing the hybrid clock with 'system_unsync' time source
W20260608 13:00:02.044173 29957 system_unsync_time.cc:38] NTP support is disabled. Clock error bounds will not be accurate. This configuration is not suitable for distributed clusters.
I20260608 13:00:02.044353 29957 hybrid_clock.cc:648] HybridClock initialized: now 1780923602044333 us; error 0 us; skew 500 ppm
I20260608 13:00:02.044981 29957 server_base.cc:861] Flag tcmalloc_max_total_thread_cache_bytes is not working since tcmalloc is not enabled.
I20260608 13:00:02.047349 29957 webserver.cc:533] Webserver started at http://127.29.65.65:32807/ using document root <none> and password file <none>
I20260608 13:00:02.047863 29957 fs_manager.cc:362] Metadata directory not provided
I20260608 13:00:02.048048 29957 fs_manager.cc:368] Using write-ahead log directory (fs_wal_dir) as metadata directory
I20260608 13:00:02.048318 29957 server_base.cc:909] This appears to be a new deployment of Kudu; creating new FS layout
I20260608 13:00:02.049533 29957 fs_manager.cc:1068] Generated new instance metadata in path /tmp/dist-test-taskmk_RnJ/test-tmp/auto_rebalancer-test.0.AutoRebalancerTest.NextLeaderResumesAutoRebalancing.1780923585167475-29957-0/minicluster-data/ts-0-root/instance:
uuid: "f734c8d1af6d4a23aecaeb039b7a1a3d"
format_stamp: "Formatted at 2026-06-08 13:00:02 on dist-test-slave-jhsm"
I20260608 13:00:02.054049 29957 fs_manager.cc:696] Time spent creating directory manager: real 0.004s	user 0.005s	sys 0.000s
I20260608 13:00:02.057389 31298 log_block_manager.cc:4031] Time spent loading block containers with low live blocks: real 0.000s	user 0.000s	sys 0.000s
I20260608 13:00:02.058176 29957 fs_manager.cc:730] Time spent opening block manager: real 0.002s	user 0.003s	sys 0.001s
I20260608 13:00:02.058482 29957 fs_manager.cc:647] Opened local filesystem: /tmp/dist-test-taskmk_RnJ/test-tmp/auto_rebalancer-test.0.AutoRebalancerTest.NextLeaderResumesAutoRebalancing.1780923585167475-29957-0/minicluster-data/ts-0-root
uuid: "f734c8d1af6d4a23aecaeb039b7a1a3d"
format_stamp: "Formatted at 2026-06-08 13:00:02 on dist-test-slave-jhsm"
I20260608 13:00:02.058907 29957 fs_report.cc:389] FS layout report
--------------------
wal directory: /tmp/dist-test-taskmk_RnJ/test-tmp/auto_rebalancer-test.0.AutoRebalancerTest.NextLeaderResumesAutoRebalancing.1780923585167475-29957-0/minicluster-data/ts-0-root
metadata directory: /tmp/dist-test-taskmk_RnJ/test-tmp/auto_rebalancer-test.0.AutoRebalancerTest.NextLeaderResumesAutoRebalancing.1780923585167475-29957-0/minicluster-data/ts-0-root
1 data directories: /tmp/dist-test-taskmk_RnJ/test-tmp/auto_rebalancer-test.0.AutoRebalancerTest.NextLeaderResumesAutoRebalancing.1780923585167475-29957-0/minicluster-data/ts-0-root/data
Total live blocks: 0
Total live bytes: 0
Total live bytes (after alignment): 0
Total number of LBM containers: 0 (0 full)
Did not check for missing blocks
Did not check for orphaned blocks
Total full LBM containers with extra space: 0 (0 repaired)
Total full LBM container extra space in bytes: 0 (0 repaired)
Total incomplete LBM containers: 0 (0 repaired)
Total LBM partial records: 0 (0 repaired)
Total corrupted LBM metadata records in RocksDB: 0 (0 repaired)
I20260608 13:00:02.088557 29957 rpc_server.cc:225] running with OpenSSL 1.1.1  11 Sep 2018
I20260608 13:00:02.089778 29957 kserver.cc:163] Server-wide thread pool size limit: 3276
I20260608 13:00:02.091228 29957 txn_system_client.cc:432] TxnSystemClient initialization is disabled...
I20260608 13:00:02.093546 29957 ts_tablet_manager.cc:585] Loaded tablet metadata (0 total tablets, 0 live tablets)
I20260608 13:00:02.093734 29957 ts_tablet_manager.cc:531] Time spent load tablet metadata: real 0.000s	user 0.000s	sys 0.000s
I20260608 13:00:02.093973 29957 ts_tablet_manager.cc:616] Registered 0 tablets
I20260608 13:00:02.094130 29957 ts_tablet_manager.cc:595] Time spent register tablets: real 0.000s	user 0.000s	sys 0.000s
I20260608 13:00:02.133464 29957 rpc_server.cc:307] RPC server started. Bound to: 127.29.65.65:34171
I20260608 13:00:02.133596 31360 acceptor_pool.cc:272] collecting diagnostics on the listening RPC socket 127.29.65.65:34171 every 8 connection(s)
I20260608 13:00:02.151175 29957 file_cache.cc:492] Constructed file cache file cache with capacity 419430
I20260608 13:00:02.156163 31361 heartbeater.cc:344] Connected to a master server at 127.29.65.124:45085
I20260608 13:00:02.156615 31361 heartbeater.cc:461] Registering TS with master...
I20260608 13:00:02.157526 31361 heartbeater.cc:507] Master 127.29.65.124:45085 requested a full tablet report, sending...
I20260608 13:00:02.160979 31212 ts_manager.cc:194] Registered new tserver with Master: f734c8d1af6d4a23aecaeb039b7a1a3d (127.29.65.65:34171)
W20260608 13:00:02.165295 31368 instance_detector.cc:116] could not retrieve AWS instance metadata: Network error: curl error: HTTP response code said error: The requested URL returned error: 404
I20260608 13:00:02.166230 31363 heartbeater.cc:344] Connected to a master server at 127.29.65.126:40193
I20260608 13:00:02.166496 31362 heartbeater.cc:344] Connected to a master server at 127.29.65.125:42973
I20260608 13:00:02.166666 31363 heartbeater.cc:461] Registering TS with master...
I20260608 13:00:02.166877 31362 heartbeater.cc:461] Registering TS with master...
I20260608 13:00:02.167737 31363 heartbeater.cc:507] Master 127.29.65.126:40193 requested a full tablet report, sending...
I20260608 13:00:02.167745 31362 heartbeater.cc:507] Master 127.29.65.125:42973 requested a full tablet report, sending...
I20260608 13:00:02.171533 31081 ts_manager.cc:194] Registered new tserver with Master: f734c8d1af6d4a23aecaeb039b7a1a3d (127.29.65.65:34171)
I20260608 13:00:02.171545 31146 ts_manager.cc:194] Registered new tserver with Master: f734c8d1af6d4a23aecaeb039b7a1a3d (127.29.65.65:34171)
W20260608 13:00:02.173062 31369 instance_detector.cc:116] could not retrieve Azure instance metadata: Network error: curl error: HTTP response code said error: The requested URL returned error: 404
W20260608 13:00:02.175375 31371 instance_detector.cc:116] could not retrieve OpenStack instance metadata: Network error: curl error: HTTP response code said error: The requested URL returned error: 404
I20260608 13:00:02.175774 29957 server_base.cc:1061] running on GCE node
I20260608 13:00:02.176848 29957 hybrid_clock.cc:584] initializing the hybrid clock with 'system_unsync' time source
W20260608 13:00:02.177083 29957 system_unsync_time.cc:38] NTP support is disabled. Clock error bounds will not be accurate. This configuration is not suitable for distributed clusters.
I20260608 13:00:02.177270 29957 hybrid_clock.cc:648] HybridClock initialized: now 1780923602177250 us; error 0 us; skew 500 ppm
I20260608 13:00:02.177964 29957 server_base.cc:861] Flag tcmalloc_max_total_thread_cache_bytes is not working since tcmalloc is not enabled.
I20260608 13:00:02.180339 29957 webserver.cc:533] Webserver started at http://127.29.65.66:33109/ using document root <none> and password file <none>
I20260608 13:00:02.180917 29957 fs_manager.cc:362] Metadata directory not provided
I20260608 13:00:02.181107 29957 fs_manager.cc:368] Using write-ahead log directory (fs_wal_dir) as metadata directory
I20260608 13:00:02.181371 29957 server_base.cc:909] This appears to be a new deployment of Kudu; creating new FS layout
I20260608 13:00:02.182447 29957 fs_manager.cc:1068] Generated new instance metadata in path /tmp/dist-test-taskmk_RnJ/test-tmp/auto_rebalancer-test.0.AutoRebalancerTest.NextLeaderResumesAutoRebalancing.1780923585167475-29957-0/minicluster-data/ts-1-root/instance:
uuid: "61409e6e8ee345c5b50085c26495c7c0"
format_stamp: "Formatted at 2026-06-08 13:00:02 on dist-test-slave-jhsm"
I20260608 13:00:02.187049 29957 fs_manager.cc:696] Time spent creating directory manager: real 0.004s	user 0.005s	sys 0.000s
I20260608 13:00:02.190305 31376 log_block_manager.cc:4031] Time spent loading block containers with low live blocks: real 0.000s	user 0.000s	sys 0.000s
I20260608 13:00:02.191039 29957 fs_manager.cc:730] Time spent opening block manager: real 0.002s	user 0.001s	sys 0.000s
I20260608 13:00:02.191313 29957 fs_manager.cc:647] Opened local filesystem: /tmp/dist-test-taskmk_RnJ/test-tmp/auto_rebalancer-test.0.AutoRebalancerTest.NextLeaderResumesAutoRebalancing.1780923585167475-29957-0/minicluster-data/ts-1-root
uuid: "61409e6e8ee345c5b50085c26495c7c0"
format_stamp: "Formatted at 2026-06-08 13:00:02 on dist-test-slave-jhsm"
I20260608 13:00:02.191552 29957 fs_report.cc:389] FS layout report
--------------------
wal directory: /tmp/dist-test-taskmk_RnJ/test-tmp/auto_rebalancer-test.0.AutoRebalancerTest.NextLeaderResumesAutoRebalancing.1780923585167475-29957-0/minicluster-data/ts-1-root
metadata directory: /tmp/dist-test-taskmk_RnJ/test-tmp/auto_rebalancer-test.0.AutoRebalancerTest.NextLeaderResumesAutoRebalancing.1780923585167475-29957-0/minicluster-data/ts-1-root
1 data directories: /tmp/dist-test-taskmk_RnJ/test-tmp/auto_rebalancer-test.0.AutoRebalancerTest.NextLeaderResumesAutoRebalancing.1780923585167475-29957-0/minicluster-data/ts-1-root/data
Total live blocks: 0
Total live bytes: 0
Total live bytes (after alignment): 0
Total number of LBM containers: 0 (0 full)
Did not check for missing blocks
Did not check for orphaned blocks
Total full LBM containers with extra space: 0 (0 repaired)
Total full LBM container extra space in bytes: 0 (0 repaired)
Total incomplete LBM containers: 0 (0 repaired)
Total LBM partial records: 0 (0 repaired)
Total corrupted LBM metadata records in RocksDB: 0 (0 repaired)
I20260608 13:00:02.198015 31265 raft_consensus.cc:493] T 00000000000000000000000000000000 P 08cf77b1d5244002a156fe318a3afa5c [term 0 FOLLOWER]: Starting pre-election (no leader contacted us within the election timeout)
I20260608 13:00:02.198482 31265 raft_consensus.cc:515] T 00000000000000000000000000000000 P 08cf77b1d5244002a156fe318a3afa5c [term 0 FOLLOWER]: Starting pre-election with config: opid_index: -1 OBSOLETE_local: false peers { permanent_uuid: "a6a5b805a5554c5b9cc87b484b6904a1" member_type: VOTER last_known_addr { host: "127.29.65.126" port: 40193 } } peers { permanent_uuid: "1da04f6fa17047418ffef440cd0e71de" member_type: VOTER last_known_addr { host: "127.29.65.125" port: 42973 } } peers { permanent_uuid: "08cf77b1d5244002a156fe318a3afa5c" member_type: VOTER last_known_addr { host: "127.29.65.124" port: 45085 } }
I20260608 13:00:02.200328 31265 leader_election.cc:290] T 00000000000000000000000000000000 P 08cf77b1d5244002a156fe318a3afa5c [CANDIDATE]: Term 1 pre-election: Requested pre-vote from peers a6a5b805a5554c5b9cc87b484b6904a1 (127.29.65.126:40193), 1da04f6fa17047418ffef440cd0e71de (127.29.65.125:42973)
I20260608 13:00:02.201169 31091 tablet_service.cc:1917] Received RequestConsensusVote() RPC: tablet_id: "00000000000000000000000000000000" candidate_uuid: "08cf77b1d5244002a156fe318a3afa5c" candidate_term: 1 candidate_status { last_received { term: 0 index: 0 } } ignore_live_leader: false dest_uuid: "a6a5b805a5554c5b9cc87b484b6904a1" is_pre_election: true
