I20260608 13:01:00.643744 32480 raft_consensus.cc:515] T bb7b9d8242ff4dccb9af4d8fa00f385e P 3dd0da5417e24e0b9b189f7525024116 [term 1 FOLLOWER]: Starting leader election with config: opid_index: -1 OBSOLETE_local: false peers { permanent_uuid: "bc32cb8d779b49c1b5c810eb253bbfc3" member_type: VOTER last_known_addr { host: "127.28.156.131" port: 41557 } } peers { permanent_uuid: "3dd0da5417e24e0b9b189f7525024116" member_type: VOTER last_known_addr { host: "127.28.156.129" port: 46243 } } peers { permanent_uuid: "2eb03d3b2d77417d95ac599722ed838e" member_type: VOTER last_known_addr { host: "127.28.156.132" port: 34797 } }
I20260608 13:01:00.645439 32635 consensus_queue.cc:260] T bb7b9d8242ff4dccb9af4d8fa00f385e P 2eb03d3b2d77417d95ac599722ed838e [NON_LEADER]: Queue going to NON_LEADER mode. State: All replicated index: 0, Majority replicated index: 0, Committed index: 0, Last appended: 0.0, Last appended by leader: 0, Current term: 0, Majority size: -1, State: 0, Mode: NON_LEADER, active raft config: opid_index: -1 OBSOLETE_local: false peers { permanent_uuid: "bc32cb8d779b49c1b5c810eb253bbfc3" member_type: VOTER last_known_addr { host: "127.28.156.131" port: 41557 } } peers { permanent_uuid: "3dd0da5417e24e0b9b189f7525024116" member_type: VOTER last_known_addr { host: "127.28.156.129" port: 46243 } } peers { permanent_uuid: "2eb03d3b2d77417d95ac599722ed838e" member_type: VOTER last_known_addr { host: "127.28.156.132" port: 34797 } }
I20260608 13:01:00.648527 32635 ts_tablet_manager.cc:1434] T bb7b9d8242ff4dccb9af4d8fa00f385e P 2eb03d3b2d77417d95ac599722ed838e: Time spent starting tablet: real 0.023s	user 0.005s	sys 0.003s
I20260608 13:01:00.649871 32635 tablet_bootstrap.cc:492] T 47b0b0218a8c4425a9975cc56a2199d0 P 2eb03d3b2d77417d95ac599722ed838e: Bootstrap starting.
I20260608 13:01:00.653925 32629 raft_consensus.cc:359] T 3f81a9cf19f74514be953c3819a756c1 P 3dd0da5417e24e0b9b189f7525024116 [term 0 FOLLOWER]: Replica starting. Triggering 0 pending ops. Active config: opid_index: -1 OBSOLETE_local: false peers { permanent_uuid: "bc32cb8d779b49c1b5c810eb253bbfc3" member_type: VOTER last_known_addr { host: "127.28.156.131" port: 41557 } } peers { permanent_uuid: "2eb03d3b2d77417d95ac599722ed838e" member_type: VOTER last_known_addr { host: "127.28.156.132" port: 34797 } } peers { permanent_uuid: "3dd0da5417e24e0b9b189f7525024116" member_type: VOTER last_known_addr { host: "127.28.156.129" port: 46243 } }
I20260608 13:01:00.654390 32631 tablet_bootstrap.cc:654] T fc6071400be94c7f8e9f29b7e3d76052 P bc32cb8d779b49c1b5c810eb253bbfc3: Neither blocks nor log segments found. Creating new log.
I20260608 13:01:00.654749 32629 raft_consensus.cc:385] T 3f81a9cf19f74514be953c3819a756c1 P 3dd0da5417e24e0b9b189f7525024116 [term 0 FOLLOWER]: Consensus starting up: Expiring failure detector timer to make a prompt election more likely
I20260608 13:01:00.655159 32629 raft_consensus.cc:740] T 3f81a9cf19f74514be953c3819a756c1 P 3dd0da5417e24e0b9b189f7525024116 [term 0 FOLLOWER]: Becoming Follower/Learner. State: Replica: 3dd0da5417e24e0b9b189f7525024116, State: Initialized, Role: FOLLOWER
I20260608 13:01:00.656052 32629 consensus_queue.cc:260] T 3f81a9cf19f74514be953c3819a756c1 P 3dd0da5417e24e0b9b189f7525024116 [NON_LEADER]: Queue going to NON_LEADER mode. State: All replicated index: 0, Majority replicated index: 0, Committed index: 0, Last appended: 0.0, Last appended by leader: 0, Current term: 0, Majority size: -1, State: 0, Mode: NON_LEADER, active raft config: opid_index: -1 OBSOLETE_local: false peers { permanent_uuid: "bc32cb8d779b49c1b5c810eb253bbfc3" member_type: VOTER last_known_addr { host: "127.28.156.131" port: 41557 } } peers { permanent_uuid: "2eb03d3b2d77417d95ac599722ed838e" member_type: VOTER last_known_addr { host: "127.28.156.132" port: 34797 } } peers { permanent_uuid: "3dd0da5417e24e0b9b189f7525024116" member_type: VOTER last_known_addr { host: "127.28.156.129" port: 46243 } }
I20260608 13:01:00.661717 32629 ts_tablet_manager.cc:1434] T 3f81a9cf19f74514be953c3819a756c1 P 3dd0da5417e24e0b9b189f7525024116: Time spent starting tablet: real 0.032s	user 0.006s	sys 0.001s
I20260608 13:01:00.662812 32629 tablet_bootstrap.cc:492] T 102e5b3be2b2473da910d8b04cc3670c P 3dd0da5417e24e0b9b189f7525024116: Bootstrap starting.
I20260608 13:01:00.664179 32596 tablet_service.cc:1917] Received RequestConsensusVote() RPC: tablet_id: "3f81a9cf19f74514be953c3819a756c1" candidate_uuid: "bc32cb8d779b49c1b5c810eb253bbfc3" candidate_term: 1 candidate_status { last_received { term: 0 index: 0 } } ignore_live_leader: false dest_uuid: "2eb03d3b2d77417d95ac599722ed838e" is_pre_election: true
W20260608 13:01:00.666236 32395 leader_election.cc:343] T 3f81a9cf19f74514be953c3819a756c1 P bc32cb8d779b49c1b5c810eb253bbfc3 [CANDIDATE]: Term 1 pre-election: Tablet error from VoteRequest() call to peer 2eb03d3b2d77417d95ac599722ed838e (127.28.156.132:34797): Illegal state: must be running to vote when last-logged opid is not known
I20260608 13:01:00.666831 32395 leader_election.cc:304] T 3f81a9cf19f74514be953c3819a756c1 P bc32cb8d779b49c1b5c810eb253bbfc3 [CANDIDATE]: Term 1 pre-election: Election decided. Result: candidate lost. Election summary: received 3 responses out of 3 voters: 1 yes votes; 2 no votes. yes voters: bc32cb8d779b49c1b5c810eb253bbfc3; no voters: 2eb03d3b2d77417d95ac599722ed838e, 3dd0da5417e24e0b9b189f7525024116
I20260608 13:01:00.667451 32631 tablet_bootstrap.cc:492] T fc6071400be94c7f8e9f29b7e3d76052 P bc32cb8d779b49c1b5c810eb253bbfc3: No bootstrap required, opened a new log
I20260608 13:01:00.668111 32631 ts_tablet_manager.cc:1403] T fc6071400be94c7f8e9f29b7e3d76052 P bc32cb8d779b49c1b5c810eb253bbfc3: Time spent bootstrapping tablet: real 0.046s	user 0.009s	sys 0.022s
I20260608 13:01:00.668195 32511 raft_consensus.cc:2749] T 3f81a9cf19f74514be953c3819a756c1 P bc32cb8d779b49c1b5c810eb253bbfc3 [term 0 FOLLOWER]: Leader pre-election lost for term 1. Reason: could not achieve majority
I20260608 13:01:00.670305 32480 leader_election.cc:290] T bb7b9d8242ff4dccb9af4d8fa00f385e P 3dd0da5417e24e0b9b189f7525024116 [CANDIDATE]: Term 1 election: Requested vote from peers bc32cb8d779b49c1b5c810eb253bbfc3 (127.28.156.131:41557), 2eb03d3b2d77417d95ac599722ed838e (127.28.156.132:34797)
I20260608 13:01:00.670993 32430 tablet_service.cc:1917] Received RequestConsensusVote() RPC: tablet_id: "bb7b9d8242ff4dccb9af4d8fa00f385e" candidate_uuid: "3dd0da5417e24e0b9b189f7525024116" candidate_term: 1 candidate_status { last_received { term: 0 index: 0 } } ignore_live_leader: false dest_uuid: "bc32cb8d779b49c1b5c810eb253bbfc3"
I20260608 13:01:00.671633 32430 raft_consensus.cc:3060] T bb7b9d8242ff4dccb9af4d8fa00f385e P bc32cb8d779b49c1b5c810eb253bbfc3 [term 0 FOLLOWER]: Advancing to term 1
I20260608 13:01:00.671371 32631 raft_consensus.cc:359] T fc6071400be94c7f8e9f29b7e3d76052 P bc32cb8d779b49c1b5c810eb253bbfc3 [term 0 FOLLOWER]: Replica starting. Triggering 0 pending ops. Active config: opid_index: -1 OBSOLETE_local: false peers { permanent_uuid: "bc32cb8d779b49c1b5c810eb253bbfc3" member_type: VOTER last_known_addr { host: "127.28.156.131" port: 41557 } } peers { permanent_uuid: "3dd0da5417e24e0b9b189f7525024116" member_type: VOTER last_known_addr { host: "127.28.156.129" port: 46243 } } peers { permanent_uuid: "2eb03d3b2d77417d95ac599722ed838e" member_type: VOTER last_known_addr { host: "127.28.156.132" port: 34797 } }
I20260608 13:01:00.672199 32631 raft_consensus.cc:385] T fc6071400be94c7f8e9f29b7e3d76052 P bc32cb8d779b49c1b5c810eb253bbfc3 [term 0 FOLLOWER]: Consensus starting up: Expiring failure detector timer to make a prompt election more likely
I20260608 13:01:00.672525 32631 raft_consensus.cc:740] T fc6071400be94c7f8e9f29b7e3d76052 P bc32cb8d779b49c1b5c810eb253bbfc3 [term 0 FOLLOWER]: Becoming Follower/Learner. State: Replica: bc32cb8d779b49c1b5c810eb253bbfc3, State: Initialized, Role: FOLLOWER
I20260608 13:01:00.668284 32630 raft_consensus.cc:359] T 25a97691648046c48dc0a84b7445067d P 8c61c55a32a1467cb44125a27b1d521d [term 0 FOLLOWER]: Replica starting. Triggering 0 pending ops. Active config: opid_index: -1 OBSOLETE_local: false peers { permanent_uuid: "3dd0da5417e24e0b9b189f7525024116" member_type: VOTER last_known_addr { host: "127.28.156.129" port: 46243 } } peers { permanent_uuid: "8c61c55a32a1467cb44125a27b1d521d" member_type: VOTER last_known_addr { host: "127.28.156.130" port: 39165 } } peers { permanent_uuid: "2eb03d3b2d77417d95ac599722ed838e" member_type: VOTER last_known_addr { host: "127.28.156.132" port: 34797 } }
I20260608 13:01:00.679031 32630 raft_consensus.cc:385] T 25a97691648046c48dc0a84b7445067d P 8c61c55a32a1467cb44125a27b1d521d [term 0 FOLLOWER]: Consensus starting up: Expiring failure detector timer to make a prompt election more likely
I20260608 13:01:00.679740 32629 tablet_bootstrap.cc:654] T 102e5b3be2b2473da910d8b04cc3670c P 3dd0da5417e24e0b9b189f7525024116: Neither blocks nor log segments found. Creating new log.
I20260608 13:01:00.679747 32630 raft_consensus.cc:740] T 25a97691648046c48dc0a84b7445067d P 8c61c55a32a1467cb44125a27b1d521d [term 0 FOLLOWER]: Becoming Follower/Learner. State: Replica: 8c61c55a32a1467cb44125a27b1d521d, State: Initialized, Role: FOLLOWER
I20260608 13:01:00.679175 32631 consensus_queue.cc:260] T fc6071400be94c7f8e9f29b7e3d76052 P bc32cb8d779b49c1b5c810eb253bbfc3 [NON_LEADER]: Queue going to NON_LEADER mode. State: All replicated index: 0, Majority replicated index: 0, Committed index: 0, Last appended: 0.0, Last appended by leader: 0, Current term: 0, Majority size: -1, State: 0, Mode: NON_LEADER, active raft config: opid_index: -1 OBSOLETE_local: false peers { permanent_uuid: "bc32cb8d779b49c1b5c810eb253bbfc3" member_type: VOTER last_known_addr { host: "127.28.156.131" port: 41557 } } peers { permanent_uuid: "3dd0da5417e24e0b9b189f7525024116" member_type: VOTER last_known_addr { host: "127.28.156.129" port: 46243 } } peers { permanent_uuid: "2eb03d3b2d77417d95ac599722ed838e" member_type: VOTER last_known_addr { host: "127.28.156.132" port: 34797 } }
I20260608 13:01:00.682821 32631 ts_tablet_manager.cc:1434] T fc6071400be94c7f8e9f29b7e3d76052 P bc32cb8d779b49c1b5c810eb253bbfc3: Time spent starting tablet: real 0.014s	user 0.004s	sys 0.002s
I20260608 13:01:00.685012 32631 tablet_bootstrap.cc:492] T 4537eb6ed81e4989b13b15c2840dc401 P bc32cb8d779b49c1b5c810eb253bbfc3: Bootstrap starting.
I20260608 13:01:00.683277 32630 consensus_queue.cc:260] T 25a97691648046c48dc0a84b7445067d P 8c61c55a32a1467cb44125a27b1d521d [NON_LEADER]: Queue going to NON_LEADER mode. State: All replicated index: 0, Majority replicated index: 0, Committed index: 0, Last appended: 0.0, Last appended by leader: 0, Current term: 0, Majority size: -1, State: 0, Mode: NON_LEADER, active raft config: opid_index: -1 OBSOLETE_local: false peers { permanent_uuid: "3dd0da5417e24e0b9b189f7525024116" member_type: VOTER last_known_addr { host: "127.28.156.129" port: 46243 } } peers { permanent_uuid: "8c61c55a32a1467cb44125a27b1d521d" member_type: VOTER last_known_addr { host: "127.28.156.130" port: 39165 } } peers { permanent_uuid: "2eb03d3b2d77417d95ac599722ed838e" member_type: VOTER last_known_addr { host: "127.28.156.132" port: 34797 } }
I20260608 13:01:00.690781 32630 ts_tablet_manager.cc:1434] T 25a97691648046c48dc0a84b7445067d P 8c61c55a32a1467cb44125a27b1d521d: Time spent starting tablet: real 0.063s	user 0.004s	sys 0.004s
I20260608 13:01:00.691982 32630 tablet_bootstrap.cc:492] T 4537eb6ed81e4989b13b15c2840dc401 P 8c61c55a32a1467cb44125a27b1d521d: Bootstrap starting.
I20260608 13:01:00.693158 32560 raft_consensus.cc:493] T 47b0b0218a8c4425a9975cc56a2199d0 P 8c61c55a32a1467cb44125a27b1d521d [term 0 FOLLOWER]: Starting pre-election (no leader contacted us within the election timeout)
I20260608 13:01:00.693742 32560 raft_consensus.cc:515] T 47b0b0218a8c4425a9975cc56a2199d0 P 8c61c55a32a1467cb44125a27b1d521d [term 0 FOLLOWER]: Starting pre-election with config: opid_index: -1 OBSOLETE_local: false peers { permanent_uuid: "2eb03d3b2d77417d95ac599722ed838e" member_type: VOTER last_known_addr { host: "127.28.156.132" port: 34797 } } peers { permanent_uuid: "8c61c55a32a1467cb44125a27b1d521d" member_type: VOTER last_known_addr { host: "127.28.156.130" port: 39165 } } peers { permanent_uuid: "bc32cb8d779b49c1b5c810eb253bbfc3" member_type: VOTER last_known_addr { host: "127.28.156.131" port: 41557 } }
I20260608 13:01:00.697489 32560 leader_election.cc:290] T 47b0b0218a8c4425a9975cc56a2199d0 P 8c61c55a32a1467cb44125a27b1d521d [CANDIDATE]: Term 1 pre-election: Requested pre-vote from peers 2eb03d3b2d77417d95ac599722ed838e (127.28.156.132:34797), bc32cb8d779b49c1b5c810eb253bbfc3 (127.28.156.131:41557)
I20260608 13:01:00.698371 32430 raft_consensus.cc:2468] T bb7b9d8242ff4dccb9af4d8fa00f385e P bc32cb8d779b49c1b5c810eb253bbfc3 [term 1 FOLLOWER]: Leader election vote request: Granting yes vote for candidate 3dd0da5417e24e0b9b189f7525024116 in term 1.
I20260608 13:01:00.700233 32246 leader_election.cc:304] T bb7b9d8242ff4dccb9af4d8fa00f385e P 3dd0da5417e24e0b9b189f7525024116 [CANDIDATE]: Term 1 election: Election decided. Result: candidate won. Election summary: received 2 responses out of 3 voters: 2 yes votes; 0 no votes. yes voters: 3dd0da5417e24e0b9b189f7525024116, bc32cb8d779b49c1b5c810eb253bbfc3; no voters: 
I20260608 13:01:00.701346 32560 raft_consensus.cc:493] T 25a97691648046c48dc0a84b7445067d P 8c61c55a32a1467cb44125a27b1d521d [term 0 FOLLOWER]: Starting pre-election (no leader contacted us within the election timeout)
I20260608 13:01:00.701571 32480 raft_consensus.cc:2804] T bb7b9d8242ff4dccb9af4d8fa00f385e P 3dd0da5417e24e0b9b189f7525024116 [term 1 FOLLOWER]: Leader election won for term 1
I20260608 13:01:00.701967 32560 raft_consensus.cc:515] T 25a97691648046c48dc0a84b7445067d P 8c61c55a32a1467cb44125a27b1d521d [term 0 FOLLOWER]: Starting pre-election with config: opid_index: -1 OBSOLETE_local: false peers { permanent_uuid: "3dd0da5417e24e0b9b189f7525024116" member_type: VOTER last_known_addr { host: "127.28.156.129" port: 46243 } } peers { permanent_uuid: "8c61c55a32a1467cb44125a27b1d521d" member_type: VOTER last_known_addr { host: "127.28.156.130" port: 39165 } } peers { permanent_uuid: "2eb03d3b2d77417d95ac599722ed838e" member_type: VOTER last_known_addr { host: "127.28.156.132" port: 34797 } }
I20260608 13:01:00.703464 32480 raft_consensus.cc:697] T bb7b9d8242ff4dccb9af4d8fa00f385e P 3dd0da5417e24e0b9b189f7525024116 [term 1 LEADER]: Becoming Leader. State: Replica: 3dd0da5417e24e0b9b189f7525024116, State: Running, Role: LEADER
I20260608 13:01:00.705099 32560 leader_election.cc:290] T 25a97691648046c48dc0a84b7445067d P 8c61c55a32a1467cb44125a27b1d521d [CANDIDATE]: Term 1 pre-election: Requested pre-vote from peers 3dd0da5417e24e0b9b189f7525024116 (127.28.156.129:46243), 2eb03d3b2d77417d95ac599722ed838e (127.28.156.132:34797)
I20260608 13:01:00.706614 32281 tablet_service.cc:1917] Received RequestConsensusVote() RPC: tablet_id: "25a97691648046c48dc0a84b7445067d" candidate_uuid: "8c61c55a32a1467cb44125a27b1d521d" candidate_term: 1 candidate_status { last_received { term: 0 index: 0 } } ignore_live_leader: false dest_uuid: "3dd0da5417e24e0b9b189f7525024116" is_pre_election: true
I20260608 13:01:00.707760 32281 raft_consensus.cc:2468] T 25a97691648046c48dc0a84b7445067d P 3dd0da5417e24e0b9b189f7525024116 [term 0 FOLLOWER]: Leader pre-election vote request: Granting yes vote for candidate 8c61c55a32a1467cb44125a27b1d521d in term 0.
I20260608 13:01:00.709753 32320 leader_election.cc:304] T 25a97691648046c48dc0a84b7445067d P 8c61c55a32a1467cb44125a27b1d521d [CANDIDATE]: Term 1 pre-election: Election decided. Result: candidate won. Election summary: received 2 responses out of 3 voters: 2 yes votes; 0 no votes. yes voters: 3dd0da5417e24e0b9b189f7525024116, 8c61c55a32a1467cb44125a27b1d521d; no voters: 
I20260608 13:01:00.712858 32560 raft_consensus.cc:2804] T 25a97691648046c48dc0a84b7445067d P 8c61c55a32a1467cb44125a27b1d521d [term 0 FOLLOWER]: Leader pre-election won for term 1
I20260608 13:01:00.713352 32560 raft_consensus.cc:493] T 25a97691648046c48dc0a84b7445067d P 8c61c55a32a1467cb44125a27b1d521d [term 0 FOLLOWER]: Starting leader election (no leader contacted us within the election timeout)
I20260608 13:01:00.713479 32596 tablet_service.cc:1917] Received RequestConsensusVote() RPC: tablet_id: "bb7b9d8242ff4dccb9af4d8fa00f385e" candidate_uuid: "3dd0da5417e24e0b9b189f7525024116" candidate_term: 1 candidate_status { last_received { term: 0 index: 0 } } ignore_live_leader: false dest_uuid: "2eb03d3b2d77417d95ac599722ed838e" is_pre_election: true
I20260608 13:01:00.704872 32480 consensus_queue.cc:237] T bb7b9d8242ff4dccb9af4d8fa00f385e P 3dd0da5417e24e0b9b189f7525024116 [LEADER]: Queue going to LEADER mode. State: All replicated index: 0, Majority replicated index: 0, Committed index: 0, Last appended: 0.0, Last appended by leader: 0, Current term: 1, Majority size: 2, State: 0, Mode: LEADER, active raft config: opid_index: -1 OBSOLETE_local: false peers { permanent_uuid: "bc32cb8d779b49c1b5c810eb253bbfc3" member_type: VOTER last_known_addr { host: "127.28.156.131" port: 41557 } } peers { permanent_uuid: "3dd0da5417e24e0b9b189f7525024116" member_type: VOTER last_known_addr { host: "127.28.156.129" port: 46243 } } peers { permanent_uuid: "2eb03d3b2d77417d95ac599722ed838e" member_type: VOTER last_known_addr { host: "127.28.156.132" port: 34797 } }
I20260608 13:01:00.714835 32595 tablet_service.cc:1917] Received RequestConsensusVote() RPC: tablet_id: "bb7b9d8242ff4dccb9af4d8fa00f385e" candidate_uuid: "3dd0da5417e24e0b9b189f7525024116" candidate_term: 1 candidate_status { last_received { term: 0 index: 0 } } ignore_live_leader: false dest_uuid: "2eb03d3b2d77417d95ac599722ed838e"
I20260608 13:01:00.715909 32595 raft_consensus.cc:3060] T bb7b9d8242ff4dccb9af4d8fa00f385e P 2eb03d3b2d77417d95ac599722ed838e [term 0 FOLLOWER]: Advancing to term 1
I20260608 13:01:00.714447 32560 raft_consensus.cc:3060] T 25a97691648046c48dc0a84b7445067d P 8c61c55a32a1467cb44125a27b1d521d [term 0 FOLLOWER]: Advancing to term 1
I20260608 13:01:00.728971 32484 raft_consensus.cc:493] T a1035986b1a043e2991d523adf75d523 P 8c61c55a32a1467cb44125a27b1d521d [term 0 FOLLOWER]: Starting pre-election (no leader contacted us within the election timeout)
I20260608 13:01:00.730444 32484 raft_consensus.cc:515] T a1035986b1a043e2991d523adf75d523 P 8c61c55a32a1467cb44125a27b1d521d [term 0 FOLLOWER]: Starting pre-election with config: opid_index: -1 OBSOLETE_local: false peers { permanent_uuid: "2eb03d3b2d77417d95ac599722ed838e" member_type: VOTER last_known_addr { host: "127.28.156.132" port: 34797 } } peers { permanent_uuid: "8c61c55a32a1467cb44125a27b1d521d" member_type: VOTER last_known_addr { host: "127.28.156.130" port: 39165 } } peers { permanent_uuid: "3dd0da5417e24e0b9b189f7525024116" member_type: VOTER last_known_addr { host: "127.28.156.129" port: 46243 } }
I20260608 13:01:00.734531 32484 leader_election.cc:290] T a1035986b1a043e2991d523adf75d523 P 8c61c55a32a1467cb44125a27b1d521d [CANDIDATE]: Term 1 pre-election: Requested pre-vote from peers 2eb03d3b2d77417d95ac599722ed838e (127.28.156.132:34797), 3dd0da5417e24e0b9b189f7525024116 (127.28.156.129:46243)
I20260608 13:01:00.730477 32631 tablet_bootstrap.cc:654] T 4537eb6ed81e4989b13b15c2840dc401 P bc32cb8d779b49c1b5c810eb253bbfc3: Neither blocks nor log segments found. Creating new log.
I20260608 13:01:00.738504 32281 tablet_service.cc:1917] Received RequestConsensusVote() RPC: tablet_id: "a1035986b1a043e2991d523adf75d523" candidate_uuid: "8c61c55a32a1467cb44125a27b1d521d" candidate_term: 1 candidate_status { last_received { term: 0 index: 0 } } ignore_live_leader: false dest_uuid: "3dd0da5417e24e0b9b189f7525024116" is_pre_election: true
I20260608 13:01:00.745357 32281 raft_consensus.cc:2468] T a1035986b1a043e2991d523adf75d523 P 3dd0da5417e24e0b9b189f7525024116 [term 0 FOLLOWER]: Leader pre-election vote request: Granting yes vote for candidate 8c61c55a32a1467cb44125a27b1d521d in term 0.
I20260608 13:01:00.749769 32320 leader_election.cc:304] T a1035986b1a043e2991d523adf75d523 P 8c61c55a32a1467cb44125a27b1d521d [CANDIDATE]: Term 1 pre-election: Election decided. Result: candidate won. Election summary: received 2 responses out of 3 voters: 2 yes votes; 0 no votes. yes voters: 3dd0da5417e24e0b9b189f7525024116, 8c61c55a32a1467cb44125a27b1d521d; no voters: 
I20260608 13:01:00.751291 32484 raft_consensus.cc:2804] T a1035986b1a043e2991d523adf75d523 P 8c61c55a32a1467cb44125a27b1d521d [term 0 FOLLOWER]: Leader pre-election won for term 1
I20260608 13:01:00.751681 32484 raft_consensus.cc:493] T a1035986b1a043e2991d523adf75d523 P 8c61c55a32a1467cb44125a27b1d521d [term 0 FOLLOWER]: Starting leader election (no leader contacted us within the election timeout)
I20260608 13:01:00.752007 32484 raft_consensus.cc:3060] T a1035986b1a043e2991d523adf75d523 P 8c61c55a32a1467cb44125a27b1d521d [term 0 FOLLOWER]: Advancing to term 1
I20260608 13:01:00.755956 32430 tablet_service.cc:1917] Received RequestConsensusVote() RPC: tablet_id: "47b0b0218a8c4425a9975cc56a2199d0" candidate_uuid: "8c61c55a32a1467cb44125a27b1d521d" candidate_term: 1 candidate_status { last_received { term: 0 index: 0 } } ignore_live_leader: false dest_uuid: "bc32cb8d779b49c1b5c810eb253bbfc3" is_pre_election: true
I20260608 13:01:00.756944 32430 raft_consensus.cc:2468] T 47b0b0218a8c4425a9975cc56a2199d0 P bc32cb8d779b49c1b5c810eb253bbfc3 [term 0 FOLLOWER]: Leader pre-election vote request: Granting yes vote for candidate 8c61c55a32a1467cb44125a27b1d521d in term 0.
I20260608 13:01:00.757158 32176 catalog_manager.cc:5696] T bb7b9d8242ff4dccb9af4d8fa00f385e P 3dd0da5417e24e0b9b189f7525024116 reported cstate change: term changed from 0 to 1, leader changed from <none> to 3dd0da5417e24e0b9b189f7525024116 (127.28.156.129). New cstate: current_term: 1 leader_uuid: "3dd0da5417e24e0b9b189f7525024116" committed_config { opid_index: -1 OBSOLETE_local: false peers { permanent_uuid: "bc32cb8d779b49c1b5c810eb253bbfc3" member_type: VOTER last_known_addr { host: "127.28.156.131" port: 41557 } health_report { overall_health: UNKNOWN } } peers { permanent_uuid: "3dd0da5417e24e0b9b189f7525024116" member_type: VOTER last_known_addr { host: "127.28.156.129" port: 46243 } health_report { overall_health: HEALTHY } } peers { permanent_uuid: "2eb03d3b2d77417d95ac599722ed838e" member_type: VOTER last_known_addr { host: "127.28.156.132" port: 34797 } health_report { overall_health: UNKNOWN } } }
I20260608 13:01:00.760723 32635 tablet_bootstrap.cc:654] T 47b0b0218a8c4425a9975cc56a2199d0 P 2eb03d3b2d77417d95ac599722ed838e: Neither blocks nor log segments found. Creating new log.
I20260608 13:01:00.771847 32630 tablet_bootstrap.cc:654] T 4537eb6ed81e4989b13b15c2840dc401 P 8c61c55a32a1467cb44125a27b1d521d: Neither blocks nor log segments found. Creating new log.
I20260608 13:01:00.774108 32321 leader_election.cc:304] T 47b0b0218a8c4425a9975cc56a2199d0 P 8c61c55a32a1467cb44125a27b1d521d [CANDIDATE]: Term 1 pre-election: Election decided. Result: candidate won. Election summary: received 2 responses out of 3 voters: 2 yes votes; 0 no votes. yes voters: 8c61c55a32a1467cb44125a27b1d521d, bc32cb8d779b49c1b5c810eb253bbfc3; no voters: 
I20260608 13:01:00.778041 32595 raft_consensus.cc:2468] T bb7b9d8242ff4dccb9af4d8fa00f385e P 2eb03d3b2d77417d95ac599722ed838e [term 1 FOLLOWER]: Leader election vote request: Granting yes vote for candidate 3dd0da5417e24e0b9b189f7525024116 in term 1.
I20260608 13:01:00.782907 32484 raft_consensus.cc:515] T a1035986b1a043e2991d523adf75d523 P 8c61c55a32a1467cb44125a27b1d521d [term 1 FOLLOWER]: Starting leader election with config: opid_index: -1 OBSOLETE_local: false peers { permanent_uuid: "2eb03d3b2d77417d95ac599722ed838e" member_type: VOTER last_known_addr { host: "127.28.156.132" port: 34797 } } peers { permanent_uuid: "8c61c55a32a1467cb44125a27b1d521d" member_type: VOTER last_known_addr { host: "127.28.156.130" port: 39165 } } peers { permanent_uuid: "3dd0da5417e24e0b9b189f7525024116" member_type: VOTER last_known_addr { host: "127.28.156.129" port: 46243 } }
I20260608 13:01:00.785852 32484 leader_election.cc:290] T a1035986b1a043e2991d523adf75d523 P 8c61c55a32a1467cb44125a27b1d521d [CANDIDATE]: Term 1 election: Requested vote from peers 2eb03d3b2d77417d95ac599722ed838e (127.28.156.132:34797), 3dd0da5417e24e0b9b189f7525024116 (127.28.156.129:46243)
I20260608 13:01:00.786561 32484 raft_consensus.cc:2804] T 47b0b0218a8c4425a9975cc56a2199d0 P 8c61c55a32a1467cb44125a27b1d521d [term 0 FOLLOWER]: Leader pre-election won for term 1
I20260608 13:01:00.786912 32484 raft_consensus.cc:493] T 47b0b0218a8c4425a9975cc56a2199d0 P 8c61c55a32a1467cb44125a27b1d521d [term 0 FOLLOWER]: Starting leader election (no leader contacted us within the election timeout)
I20260608 13:01:00.787290 32484 raft_consensus.cc:3060] T 47b0b0218a8c4425a9975cc56a2199d0 P 8c61c55a32a1467cb44125a27b1d521d [term 0 FOLLOWER]: Advancing to term 1
I20260608 13:01:00.787379 32281 tablet_service.cc:1917] Received RequestConsensusVote() RPC: tablet_id: "a1035986b1a043e2991d523adf75d523" candidate_uuid: "8c61c55a32a1467cb44125a27b1d521d" candidate_term: 1 candidate_status { last_received { term: 0 index: 0 } } ignore_live_leader: false dest_uuid: "3dd0da5417e24e0b9b189f7525024116"
I20260608 13:01:00.788041 32281 raft_consensus.cc:3060] T a1035986b1a043e2991d523adf75d523 P 3dd0da5417e24e0b9b189f7525024116 [term 0 FOLLOWER]: Advancing to term 1
I20260608 13:01:00.801656 32629 tablet_bootstrap.cc:492] T 102e5b3be2b2473da910d8b04cc3670c P 3dd0da5417e24e0b9b189f7525024116: No bootstrap required, opened a new log
I20260608 13:01:00.802877 32631 tablet_bootstrap.cc:492] T 4537eb6ed81e4989b13b15c2840dc401 P bc32cb8d779b49c1b5c810eb253bbfc3: No bootstrap required, opened a new log
I20260608 13:01:00.803436 32631 ts_tablet_manager.cc:1403] T 4537eb6ed81e4989b13b15c2840dc401 P bc32cb8d779b49c1b5c810eb253bbfc3: Time spent bootstrapping tablet: real 0.119s	user 0.015s	sys 0.013s
I20260608 13:01:00.803835 32629 ts_tablet_manager.cc:1403] T 102e5b3be2b2473da910d8b04cc3670c P 3dd0da5417e24e0b9b189f7525024116: Time spent bootstrapping tablet: real 0.141s	user 0.026s	sys 0.043s
I20260608 13:01:00.804679 32560 raft_consensus.cc:515] T 25a97691648046c48dc0a84b7445067d P 8c61c55a32a1467cb44125a27b1d521d [term 1 FOLLOWER]: Starting leader election with config: opid_index: -1 OBSOLETE_local: false peers { permanent_uuid: "3dd0da5417e24e0b9b189f7525024116" member_type: VOTER last_known_addr { host: "127.28.156.129" port: 46243 } } peers { permanent_uuid: "8c61c55a32a1467cb44125a27b1d521d" member_type: VOTER last_known_addr { host: "127.28.156.130" port: 39165 } } peers { permanent_uuid: "2eb03d3b2d77417d95ac599722ed838e" member_type: VOTER last_known_addr { host: "127.28.156.132" port: 34797 } }
I20260608 13:01:00.808993 32630 tablet_bootstrap.cc:492] T 4537eb6ed81e4989b13b15c2840dc401 P 8c61c55a32a1467cb44125a27b1d521d: No bootstrap required, opened a new log
I20260608 13:01:00.811862 32629 raft_consensus.cc:359] T 102e5b3be2b2473da910d8b04cc3670c P 3dd0da5417e24e0b9b189f7525024116 [term 0 FOLLOWER]: Replica starting. Triggering 0 pending ops. Active config: opid_index: -1 OBSOLETE_local: false peers { permanent_uuid: "2eb03d3b2d77417d95ac599722ed838e" member_type: VOTER last_known_addr { host: "127.28.156.132" port: 34797 } } peers { permanent_uuid: "8c61c55a32a1467cb44125a27b1d521d" member_type: VOTER last_known_addr { host: "127.28.156.130" port: 39165 } } peers { permanent_uuid: "3dd0da5417e24e0b9b189f7525024116" member_type: VOTER last_known_addr { host: "127.28.156.129" port: 46243 } }
I20260608 13:01:00.812624 32629 raft_consensus.cc:385] T 102e5b3be2b2473da910d8b04cc3670c P 3dd0da5417e24e0b9b189f7525024116 [term 0 FOLLOWER]: Consensus starting up: Expiring failure detector timer to make a prompt election more likely
I20260608 13:01:00.812934 32629 raft_consensus.cc:740] T 102e5b3be2b2473da910d8b04cc3670c P 3dd0da5417e24e0b9b189f7525024116 [term 0 FOLLOWER]: Becoming Follower/Learner. State: Replica: 3dd0da5417e24e0b9b189f7525024116, State: Initialized, Role: FOLLOWER
I20260608 13:01:00.814502 32642 raft_consensus.cc:493] T a1035986b1a043e2991d523adf75d523 P 2eb03d3b2d77417d95ac599722ed838e [term 0 FOLLOWER]: Starting pre-election (no leader contacted us within the election timeout)
I20260608 13:01:00.815086 32642 raft_consensus.cc:515] T a1035986b1a043e2991d523adf75d523 P 2eb03d3b2d77417d95ac599722ed838e [term 0 FOLLOWER]: Starting pre-election with config: opid_index: -1 OBSOLETE_local: false peers { permanent_uuid: "2eb03d3b2d77417d95ac599722ed838e" member_type: VOTER last_known_addr { host: "127.28.156.132" port: 34797 } } peers { permanent_uuid: "8c61c55a32a1467cb44125a27b1d521d" member_type: VOTER last_known_addr { host: "127.28.156.130" port: 39165 } } peers { permanent_uuid: "3dd0da5417e24e0b9b189f7525024116" member_type: VOTER last_known_addr { host: "127.28.156.129" port: 46243 } }
I20260608 13:01:00.817767 32595 tablet_service.cc:1917] Received RequestConsensusVote() RPC: tablet_id: "47b0b0218a8c4425a9975cc56a2199d0" candidate_uuid: "8c61c55a32a1467cb44125a27b1d521d" candidate_term: 1 candidate_status { last_received { term: 0 index: 0 } } ignore_live_leader: false dest_uuid: "2eb03d3b2d77417d95ac599722ed838e" is_pre_election: true
I20260608 13:01:00.817893 32596 tablet_service.cc:1917] Received RequestConsensusVote() RPC: tablet_id: "25a97691648046c48dc0a84b7445067d" candidate_uuid: "8c61c55a32a1467cb44125a27b1d521d" candidate_term: 1 candidate_status { last_received { term: 0 index: 0 } } ignore_live_leader: false dest_uuid: "2eb03d3b2d77417d95ac599722ed838e" is_pre_election: true
I20260608 13:01:00.816499 32629 consensus_queue.cc:260] T 102e5b3be2b2473da910d8b04cc3670c P 3dd0da5417e24e0b9b189f7525024116 [NON_LEADER]: Queue going to NON_LEADER mode. State: All replicated index: 0, Majority replicated index: 0, Committed index: 0, Last appended: 0.0, Last appended by leader: 0, Current term: 0, Majority size: -1, State: 0, Mode: NON_LEADER, active raft config: opid_index: -1 OBSOLETE_local: false peers { permanent_uuid: "2eb03d3b2d77417d95ac599722ed838e" member_type: VOTER last_known_addr { host: "127.28.156.132" port: 34797 } } peers { permanent_uuid: "8c61c55a32a1467cb44125a27b1d521d" member_type: VOTER last_known_addr { host: "127.28.156.130" port: 39165 } } peers { permanent_uuid: "3dd0da5417e24e0b9b189f7525024116" member_type: VOTER last_known_addr { host: "127.28.156.129" port: 46243 } }
I20260608 13:01:00.816036 32630 ts_tablet_manager.cc:1403] T 4537eb6ed81e4989b13b15c2840dc401 P 8c61c55a32a1467cb44125a27b1d521d: Time spent bootstrapping tablet: real 0.124s	user 0.017s	sys 0.001s
I20260608 13:01:00.813709 32281 raft_consensus.cc:2468] T a1035986b1a043e2991d523adf75d523 P 3dd0da5417e24e0b9b189f7525024116 [term 1 FOLLOWER]: Leader election vote request: Granting yes vote for candidate 8c61c55a32a1467cb44125a27b1d521d in term 1.
I20260608 13:01:00.821648 32484 raft_consensus.cc:515] T 47b0b0218a8c4425a9975cc56a2199d0 P 8c61c55a32a1467cb44125a27b1d521d [term 1 FOLLOWER]: Starting leader election with config: opid_index: -1 OBSOLETE_local: false peers { permanent_uuid: "2eb03d3b2d77417d95ac599722ed838e" member_type: VOTER last_known_addr { host: "127.28.156.132" port: 34797 } } peers { permanent_uuid: "8c61c55a32a1467cb44125a27b1d521d" member_type: VOTER last_known_addr { host: "127.28.156.130" port: 39165 } } peers { permanent_uuid: "bc32cb8d779b49c1b5c810eb253bbfc3" member_type: VOTER last_known_addr { host: "127.28.156.131" port: 41557 } }
I20260608 13:01:00.823321 32595 tablet_service.cc:1917] Received RequestConsensusVote() RPC: tablet_id: "a1035986b1a043e2991d523adf75d523" candidate_uuid: "8c61c55a32a1467cb44125a27b1d521d" candidate_term: 1 candidate_status { last_received { term: 0 index: 0 } } ignore_live_leader: false dest_uuid: "2eb03d3b2d77417d95ac599722ed838e" is_pre_election: true
I20260608 13:01:00.823770 32560 leader_election.cc:290] T 25a97691648046c48dc0a84b7445067d P 8c61c55a32a1467cb44125a27b1d521d [CANDIDATE]: Term 1 election: Requested vote from peers 3dd0da5417e24e0b9b189f7525024116 (127.28.156.129:46243), 2eb03d3b2d77417d95ac599722ed838e (127.28.156.132:34797)
I20260608 13:01:00.820978 32642 leader_election.cc:290] T a1035986b1a043e2991d523adf75d523 P 2eb03d3b2d77417d95ac599722ed838e [CANDIDATE]: Term 1 pre-election: Requested pre-vote from peers 8c61c55a32a1467cb44125a27b1d521d (127.28.156.130:39165), 3dd0da5417e24e0b9b189f7525024116 (127.28.156.129:46243)
I20260608 13:01:00.829246 32596 tablet_service.cc:1917] Received RequestConsensusVote() RPC: tablet_id: "a1035986b1a043e2991d523adf75d523" candidate_uuid: "8c61c55a32a1467cb44125a27b1d521d" candidate_term: 1 candidate_status { last_received { term: 0 index: 0 } } ignore_live_leader: false dest_uuid: "2eb03d3b2d77417d95ac599722ed838e"
I20260608 13:01:00.829900 32595 raft_consensus.cc:2468] T a1035986b1a043e2991d523adf75d523 P 2eb03d3b2d77417d95ac599722ed838e [term 0 FOLLOWER]: Leader pre-election vote request: Granting yes vote for candidate 8c61c55a32a1467cb44125a27b1d521d in term 0.
I20260608 13:01:00.820240 32280 tablet_service.cc:1917] Received RequestConsensusVote() RPC: tablet_id: "25a97691648046c48dc0a84b7445067d" candidate_uuid: "8c61c55a32a1467cb44125a27b1d521d" candidate_term: 1 candidate_status { last_received { term: 0 index: 0 } } ignore_live_leader: false dest_uuid: "3dd0da5417e24e0b9b189f7525024116"
I20260608 13:01:00.836882 32484 leader_election.cc:290] T 47b0b0218a8c4425a9975cc56a2199d0 P 8c61c55a32a1467cb44125a27b1d521d [CANDIDATE]: Term 1 election: Requested vote from peers 2eb03d3b2d77417d95ac599722ed838e (127.28.156.132:34797), bc32cb8d779b49c1b5c810eb253bbfc3 (127.28.156.131:41557)
W20260608 13:01:00.833747 32321 leader_election.cc:343] T 25a97691648046c48dc0a84b7445067d P 8c61c55a32a1467cb44125a27b1d521d [CANDIDATE]: Term 1 pre-election: Tablet error from VoteRequest() call to peer 2eb03d3b2d77417d95ac599722ed838e (127.28.156.132:34797): Illegal state: must be running to vote when last-logged opid is not known
I20260608 13:01:00.823633 32631 raft_consensus.cc:359] T 4537eb6ed81e4989b13b15c2840dc401 P bc32cb8d779b49c1b5c810eb253bbfc3 [term 0 FOLLOWER]: Replica starting. Triggering 0 pending ops. Active config: opid_index: -1 OBSOLETE_local: false peers { permanent_uuid: "2eb03d3b2d77417d95ac599722ed838e" member_type: VOTER last_known_addr { host: "127.28.156.132" port: 34797 } } peers { permanent_uuid: "8c61c55a32a1467cb44125a27b1d521d" member_type: VOTER last_known_addr { host: "127.28.156.130" port: 39165 } } peers { permanent_uuid: "bc32cb8d779b49c1b5c810eb253bbfc3" member_type: VOTER last_known_addr { host: "127.28.156.131" port: 41557 } }
I20260608 13:01:00.835021 32280 raft_consensus.cc:3060] T 25a97691648046c48dc0a84b7445067d P 3dd0da5417e24e0b9b189f7525024116 [term 0 FOLLOWER]: Advancing to term 1
I20260608 13:01:00.844595 32320 leader_election.cc:304] T a1035986b1a043e2991d523adf75d523 P 8c61c55a32a1467cb44125a27b1d521d [CANDIDATE]: Term 1 election: Election decided. Result: candidate won. Election summary: received 2 responses out of 3 voters: 2 yes votes; 0 no votes. yes voters: 3dd0da5417e24e0b9b189f7525024116, 8c61c55a32a1467cb44125a27b1d521d; no voters: 
I20260608 13:01:00.845572 32484 raft_consensus.cc:2804] T a1035986b1a043e2991d523adf75d523 P 8c61c55a32a1467cb44125a27b1d521d [term 1 FOLLOWER]: Leader election won for term 1
I20260608 13:01:00.847759 32484 raft_consensus.cc:697] T a1035986b1a043e2991d523adf75d523 P 8c61c55a32a1467cb44125a27b1d521d [term 1 LEADER]: Becoming Leader. State: Replica: 8c61c55a32a1467cb44125a27b1d521d, State: Running, Role: LEADER
I20260608 13:01:00.849663 32484 consensus_queue.cc:237] T a1035986b1a043e2991d523adf75d523 P 8c61c55a32a1467cb44125a27b1d521d [LEADER]: Queue going to LEADER mode. State: All replicated index: 0, Majority replicated index: 0, Committed index: 0, Last appended: 0.0, Last appended by leader: 0, Current term: 1, Majority size: 2, State: 0, Mode: LEADER, active raft config: opid_index: -1 OBSOLETE_local: false peers { permanent_uuid: "2eb03d3b2d77417d95ac599722ed838e" member_type: VOTER last_known_addr { host: "127.28.156.132" port: 34797 } } peers { permanent_uuid: "8c61c55a32a1467cb44125a27b1d521d" member_type: VOTER last_known_addr { host: "127.28.156.130" port: 39165 } } peers { permanent_uuid: "3dd0da5417e24e0b9b189f7525024116" member_type: VOTER last_known_addr { host: "127.28.156.129" port: 46243 } }
I20260608 13:01:00.843611 32631 raft_consensus.cc:385] T 4537eb6ed81e4989b13b15c2840dc401 P bc32cb8d779b49c1b5c810eb253bbfc3 [term 0 FOLLOWER]: Consensus starting up: Expiring failure detector timer to make a prompt election more likely
I20260608 13:01:00.857317 32631 raft_consensus.cc:740] T 4537eb6ed81e4989b13b15c2840dc401 P bc32cb8d779b49c1b5c810eb253bbfc3 [term 0 FOLLOWER]: Becoming Follower/Learner. State: Replica: bc32cb8d779b49c1b5c810eb253bbfc3, State: Initialized, Role: FOLLOWER
I20260608 13:01:00.858856 32595 tablet_service.cc:1917] Received RequestConsensusVote() RPC: tablet_id: "25a97691648046c48dc0a84b7445067d" candidate_uuid: "8c61c55a32a1467cb44125a27b1d521d" candidate_term: 1 candidate_status { last_received { term: 0 index: 0 } } ignore_live_leader: false dest_uuid: "2eb03d3b2d77417d95ac599722ed838e"
I20260608 13:01:00.859249 32631 consensus_queue.cc:260] T 4537eb6ed81e4989b13b15c2840dc401 P bc32cb8d779b49c1b5c810eb253bbfc3 [NON_LEADER]: Queue going to NON_LEADER mode. State: All replicated index: 0, Majority replicated index: 0, Committed index: 0, Last appended: 0.0, Last appended by leader: 0, Current term: 0, Majority size: -1, State: 0, Mode: NON_LEADER, active raft config: opid_index: -1 OBSOLETE_local: false peers { permanent_uuid: "2eb03d3b2d77417d95ac599722ed838e" member_type: VOTER last_known_addr { host: "127.28.156.132" port: 34797 } } peers { permanent_uuid: "8c61c55a32a1467cb44125a27b1d521d" member_type: VOTER last_known_addr { host: "127.28.156.130" port: 39165 } } peers { permanent_uuid: "bc32cb8d779b49c1b5c810eb253bbfc3" member_type: VOTER last_known_addr { host: "127.28.156.131" port: 41557 } }
I20260608 13:01:00.865268 32280 raft_consensus.cc:2468] T 25a97691648046c48dc0a84b7445067d P 3dd0da5417e24e0b9b189f7525024116 [term 1 FOLLOWER]: Leader election vote request: Granting yes vote for candidate 8c61c55a32a1467cb44125a27b1d521d in term 1.
I20260608 13:01:00.865454 32629 ts_tablet_manager.cc:1434] T 102e5b3be2b2473da910d8b04cc3670c P 3dd0da5417e24e0b9b189f7525024116: Time spent starting tablet: real 0.060s	user 0.004s	sys 0.004s
I20260608 13:01:00.866662 32635 tablet_bootstrap.cc:492] T 47b0b0218a8c4425a9975cc56a2199d0 P 2eb03d3b2d77417d95ac599722ed838e: No bootstrap required, opened a new log
I20260608 13:01:00.867365 32629 tablet_bootstrap.cc:492] T fc6071400be94c7f8e9f29b7e3d76052 P 3dd0da5417e24e0b9b189f7525024116: Bootstrap starting.
I20260608 13:01:00.867856 32320 leader_election.cc:304] T 25a97691648046c48dc0a84b7445067d P 8c61c55a32a1467cb44125a27b1d521d [CANDIDATE]: Term 1 election: Election decided. Result: candidate won. Election summary: received 2 responses out of 3 voters: 2 yes votes; 0 no votes. yes voters: 3dd0da5417e24e0b9b189f7525024116, 8c61c55a32a1467cb44125a27b1d521d; no voters: 
I20260608 13:01:00.868607 32631 ts_tablet_manager.cc:1434] T 4537eb6ed81e4989b13b15c2840dc401 P bc32cb8d779b49c1b5c810eb253bbfc3: Time spent starting tablet: real 0.065s	user 0.004s	sys 0.006s
I20260608 13:01:00.866259 32630 raft_consensus.cc:359] T 4537eb6ed81e4989b13b15c2840dc401 P 8c61c55a32a1467cb44125a27b1d521d [term 0 FOLLOWER]: Replica starting. Triggering 0 pending ops. Active config: opid_index: -1 OBSOLETE_local: false peers { permanent_uuid: "2eb03d3b2d77417d95ac599722ed838e" member_type: VOTER last_known_addr { host: "127.28.156.132" port: 34797 } } peers { permanent_uuid: "8c61c55a32a1467cb44125a27b1d521d" member_type: VOTER last_known_addr { host: "127.28.156.130" port: 39165 } } peers { permanent_uuid: "bc32cb8d779b49c1b5c810eb253bbfc3" member_type: VOTER last_known_addr { host: "127.28.156.131" port: 41557 } }
I20260608 13:01:00.869341 32630 raft_consensus.cc:385] T 4537eb6ed81e4989b13b15c2840dc401 P 8c61c55a32a1467cb44125a27b1d521d [term 0 FOLLOWER]: Consensus starting up: Expiring failure detector timer to make a prompt election more likely
I20260608 13:01:00.869547 32484 raft_consensus.cc:2804] T 25a97691648046c48dc0a84b7445067d P 8c61c55a32a1467cb44125a27b1d521d [term 1 FOLLOWER]: Leader election won for term 1
I20260608 13:01:00.869656 32630 raft_consensus.cc:740] T 4537eb6ed81e4989b13b15c2840dc401 P 8c61c55a32a1467cb44125a27b1d521d [term 0 FOLLOWER]: Becoming Follower/Learner. State: Replica: 8c61c55a32a1467cb44125a27b1d521d, State: Initialized, Role: FOLLOWER
I20260608 13:01:00.870332 32484 raft_consensus.cc:697] T 25a97691648046c48dc0a84b7445067d P 8c61c55a32a1467cb44125a27b1d521d [term 1 LEADER]: Becoming Leader. State: Replica: 8c61c55a32a1467cb44125a27b1d521d, State: Running, Role: LEADER
I20260608 13:01:00.870577 32630 consensus_queue.cc:260] T 4537eb6ed81e4989b13b15c2840dc401 P 8c61c55a32a1467cb44125a27b1d521d [NON_LEADER]: Queue going to NON_LEADER mode. State: All replicated index: 0, Majority replicated index: 0, Committed index: 0, Last appended: 0.0, Last appended by leader: 0, Current term: 0, Majority size: -1, State: 0, Mode: NON_LEADER, active raft config: opid_index: -1 OBSOLETE_local: false peers { permanent_uuid: "2eb03d3b2d77417d95ac599722ed838e" member_type: VOTER last_known_addr { host: "127.28.156.132" port: 34797 } } peers { permanent_uuid: "8c61c55a32a1467cb44125a27b1d521d" member_type: VOTER last_known_addr { host: "127.28.156.130" port: 39165 } } peers { permanent_uuid: "bc32cb8d779b49c1b5c810eb253bbfc3" member_type: VOTER last_known_addr { host: "127.28.156.131" port: 41557 } }
I20260608 13:01:00.870309 32176 catalog_manager.cc:5696] T a1035986b1a043e2991d523adf75d523 P 8c61c55a32a1467cb44125a27b1d521d reported cstate change: term changed from 0 to 1, leader changed from <none> to 8c61c55a32a1467cb44125a27b1d521d (127.28.156.130). New cstate: current_term: 1 leader_uuid: "8c61c55a32a1467cb44125a27b1d521d" committed_config { opid_index: -1 OBSOLETE_local: false peers { permanent_uuid: "2eb03d3b2d77417d95ac599722ed838e" member_type: VOTER last_known_addr { host: "127.28.156.132" port: 34797 } health_report { overall_health: UNKNOWN } } peers { permanent_uuid: "8c61c55a32a1467cb44125a27b1d521d" member_type: VOTER last_known_addr { host: "127.28.156.130" port: 39165 } health_report { overall_health: HEALTHY } } peers { permanent_uuid: "3dd0da5417e24e0b9b189f7525024116" member_type: VOTER last_known_addr { host: "127.28.156.129" port: 46243 } health_report { overall_health: UNKNOWN } } }
I20260608 13:01:00.872987 32635 ts_tablet_manager.cc:1403] T 47b0b0218a8c4425a9975cc56a2199d0 P 2eb03d3b2d77417d95ac599722ed838e: Time spent bootstrapping tablet: real 0.223s	user 0.016s	sys 0.009s
I20260608 13:01:00.876854 32635 raft_consensus.cc:359] T 47b0b0218a8c4425a9975cc56a2199d0 P 2eb03d3b2d77417d95ac599722ed838e [term 0 FOLLOWER]: Replica starting. Triggering 0 pending ops. Active config: opid_index: -1 OBSOLETE_local: false peers { permanent_uuid: "2eb03d3b2d77417d95ac599722ed838e" member_type: VOTER last_known_addr { host: "127.28.156.132" port: 34797 } } peers { permanent_uuid: "8c61c55a32a1467cb44125a27b1d521d" member_type: VOTER last_known_addr { host: "127.28.156.130" port: 39165 } } peers { permanent_uuid: "bc32cb8d779b49c1b5c810eb253bbfc3" member_type: VOTER last_known_addr { host: "127.28.156.131" port: 41557 } }
I20260608 13:01:00.877503 32595 tablet_service.cc:1917] Received RequestConsensusVote() RPC: tablet_id: "47b0b0218a8c4425a9975cc56a2199d0" candidate_uuid: "8c61c55a32a1467cb44125a27b1d521d" candidate_term: 1 candidate_status { last_received { term: 0 index: 0 } } ignore_live_leader: false dest_uuid: "2eb03d3b2d77417d95ac599722ed838e"
I20260608 13:01:00.877580 32635 raft_consensus.cc:385] T 47b0b0218a8c4425a9975cc56a2199d0 P 2eb03d3b2d77417d95ac599722ed838e [term 0 FOLLOWER]: Consensus starting up: Expiring failure detector timer to make a prompt election more likely
I20260608 13:01:00.878202 32635 raft_consensus.cc:740] T 47b0b0218a8c4425a9975cc56a2199d0 P 2eb03d3b2d77417d95ac599722ed838e [term 0 FOLLOWER]: Becoming Follower/Learner. State: Replica: 2eb03d3b2d77417d95ac599722ed838e, State: Initialized, Role: FOLLOWER
I20260608 13:01:00.883016 32430 tablet_service.cc:1917] Received RequestConsensusVote() RPC: tablet_id: "47b0b0218a8c4425a9975cc56a2199d0" candidate_uuid: "8c61c55a32a1467cb44125a27b1d521d" candidate_term: 1 candidate_status { last_received { term: 0 index: 0 } } ignore_live_leader: false dest_uuid: "bc32cb8d779b49c1b5c810eb253bbfc3"
W20260608 13:01:00.883167 32321 leader_election.cc:343] T 47b0b0218a8c4425a9975cc56a2199d0 P 8c61c55a32a1467cb44125a27b1d521d [CANDIDATE]: Term 1 pre-election: Tablet error from VoteRequest() call to peer 2eb03d3b2d77417d95ac599722ed838e (127.28.156.132:34797): Illegal state: must be running to vote when last-logged opid is not known
I20260608 13:01:00.882468 32630 ts_tablet_manager.cc:1434] T 4537eb6ed81e4989b13b15c2840dc401 P 8c61c55a32a1467cb44125a27b1d521d: Time spent starting tablet: real 0.060s	user 0.006s	sys 0.001s
I20260608 13:01:00.883627 32430 raft_consensus.cc:3060] T 47b0b0218a8c4425a9975cc56a2199d0 P bc32cb8d779b49c1b5c810eb253bbfc3 [term 0 FOLLOWER]: Advancing to term 1
I20260608 13:01:00.884688 32630 tablet_bootstrap.cc:492] T 102e5b3be2b2473da910d8b04cc3670c P 8c61c55a32a1467cb44125a27b1d521d: Bootstrap starting.
I20260608 13:01:00.871407 32484 consensus_queue.cc:237] T 25a97691648046c48dc0a84b7445067d P 8c61c55a32a1467cb44125a27b1d521d [LEADER]: Queue going to LEADER mode. State: All replicated index: 0, Majority replicated index: 0, Committed index: 0, Last appended: 0.0, Last appended by leader: 0, Current term: 1, Majority size: 2, State: 0, Mode: LEADER, active raft config: opid_index: -1 OBSOLETE_local: false peers { permanent_uuid: "3dd0da5417e24e0b9b189f7525024116" member_type: VOTER last_known_addr { host: "127.28.156.129" port: 46243 } } peers { permanent_uuid: "8c61c55a32a1467cb44125a27b1d521d" member_type: VOTER last_known_addr { host: "127.28.156.130" port: 39165 } } peers { permanent_uuid: "2eb03d3b2d77417d95ac599722ed838e" member_type: VOTER last_known_addr { host: "127.28.156.132" port: 34797 } }
W20260608 13:01:00.885210 32321 leader_election.cc:343] T 25a97691648046c48dc0a84b7445067d P 8c61c55a32a1467cb44125a27b1d521d [CANDIDATE]: Term 1 election: Tablet error from VoteRequest() call to peer 2eb03d3b2d77417d95ac599722ed838e (127.28.156.132:34797): Illegal state: must be running to vote when last-logged opid is not known
I20260608 13:01:00.887220 32635 consensus_queue.cc:260] T 47b0b0218a8c4425a9975cc56a2199d0 P 2eb03d3b2d77417d95ac599722ed838e [NON_LEADER]: Queue going to NON_LEADER mode. State: All replicated index: 0, Majority replicated index: 0, Committed index: 0, Last appended: 0.0, Last appended by leader: 0, Current term: 0, Majority size: -1, State: 0, Mode: NON_LEADER, active raft config: opid_index: -1 OBSOLETE_local: false peers { permanent_uuid: "2eb03d3b2d77417d95ac599722ed838e" member_type: VOTER last_known_addr { host: "127.28.156.132" port: 34797 } } peers { permanent_uuid: "8c61c55a32a1467cb44125a27b1d521d" member_type: VOTER last_known_addr { host: "127.28.156.130" port: 39165 } } peers { permanent_uuid: "bc32cb8d779b49c1b5c810eb253bbfc3" member_type: VOTER last_known_addr { host: "127.28.156.131" port: 41557 } }
I20260608 13:01:00.888846 32595 raft_consensus.cc:3060] T 47b0b0218a8c4425a9975cc56a2199d0 P 2eb03d3b2d77417d95ac599722ed838e [term 0 FOLLOWER]: Advancing to term 1
I20260608 13:01:00.901417 32480 raft_consensus.cc:493] T 3f81a9cf19f74514be953c3819a756c1 P 3dd0da5417e24e0b9b189f7525024116 [term 0 FOLLOWER]: Starting pre-election (no leader contacted us within the election timeout)
I20260608 13:01:00.901979 32480 raft_consensus.cc:515] T 3f81a9cf19f74514be953c3819a756c1 P 3dd0da5417e24e0b9b189f7525024116 [term 0 FOLLOWER]: Starting pre-election with config: opid_index: -1 OBSOLETE_local: false peers { permanent_uuid: "bc32cb8d779b49c1b5c810eb253bbfc3" member_type: VOTER last_known_addr { host: "127.28.156.131" port: 41557 } } peers { permanent_uuid: "2eb03d3b2d77417d95ac599722ed838e" member_type: VOTER last_known_addr { host: "127.28.156.132" port: 34797 } } peers { permanent_uuid: "3dd0da5417e24e0b9b189f7525024116" member_type: VOTER last_known_addr { host: "127.28.156.129" port: 46243 } }
I20260608 13:01:00.904628 32480 leader_election.cc:290] T 3f81a9cf19f74514be953c3819a756c1 P 3dd0da5417e24e0b9b189f7525024116 [CANDIDATE]: Term 1 pre-election: Requested pre-vote from peers bc32cb8d779b49c1b5c810eb253bbfc3 (127.28.156.131:41557), 2eb03d3b2d77417d95ac599722ed838e (127.28.156.132:34797)
I20260608 13:01:00.895231 32629 tablet_bootstrap.cc:654] T fc6071400be94c7f8e9f29b7e3d76052 P 3dd0da5417e24e0b9b189f7525024116: Neither blocks nor log segments found. Creating new log.
I20260608 13:01:00.905419 32596 tablet_service.cc:1917] Received RequestConsensusVote() RPC: tablet_id: "3f81a9cf19f74514be953c3819a756c1" candidate_uuid: "3dd0da5417e24e0b9b189f7525024116" candidate_term: 1 candidate_status { last_received { term: 0 index: 0 } } ignore_live_leader: false dest_uuid: "2eb03d3b2d77417d95ac599722ed838e" is_pre_election: true
I20260608 13:01:00.907238 32429 tablet_service.cc:1917] Received RequestConsensusVote() RPC: tablet_id: "3f81a9cf19f74514be953c3819a756c1" candidate_uuid: "3dd0da5417e24e0b9b189f7525024116" candidate_term: 1 candidate_status { last_received { term: 0 index: 0 } } ignore_live_leader: false dest_uuid: "bc32cb8d779b49c1b5c810eb253bbfc3" is_pre_election: true
