I20260608 12:59:34.519471 29817 ts_tablet_manager.cc:1434] T 66cc6eeca1bf42c5aa1faf1be9bb7adc P 8377a25fdd2c4409b1c1fb65091885f6: Time spent starting tablet: real 0.010s	user 0.004s	sys 0.003s
I20260608 12:59:34.527289 29819 tablet_bootstrap.cc:492] T cbd9db0aa5ff4231943b97fe6990eb63 P ad0f039b29dc499fb69b31b8e659ab82: No bootstrap required, opened a new log
I20260608 12:59:34.527724 29819 ts_tablet_manager.cc:1403] T cbd9db0aa5ff4231943b97fe6990eb63 P ad0f039b29dc499fb69b31b8e659ab82: Time spent bootstrapping tablet: real 0.031s	user 0.010s	sys 0.014s
I20260608 12:59:34.528173 29816 tablet_bootstrap.cc:492] T cbd9db0aa5ff4231943b97fe6990eb63 P 4665316355b84d76abefb336f3a24b66: No bootstrap required, opened a new log
I20260608 12:59:34.528546 29816 ts_tablet_manager.cc:1403] T cbd9db0aa5ff4231943b97fe6990eb63 P 4665316355b84d76abefb336f3a24b66: Time spent bootstrapping tablet: real 0.021s	user 0.016s	sys 0.004s
I20260608 12:59:34.530824 29816 raft_consensus.cc:359] T cbd9db0aa5ff4231943b97fe6990eb63 P 4665316355b84d76abefb336f3a24b66 [term 0 FOLLOWER]: Replica starting. Triggering 0 pending ops. Active config: opid_index: -1 OBSOLETE_local: false peers { permanent_uuid: "4665316355b84d76abefb336f3a24b66" member_type: VOTER last_known_addr { host: "127.28.69.65" port: 42445 } } peers { permanent_uuid: "8377a25fdd2c4409b1c1fb65091885f6" member_type: VOTER last_known_addr { host: "127.28.69.66" port: 44679 } } peers { permanent_uuid: "ad0f039b29dc499fb69b31b8e659ab82" member_type: VOTER last_known_addr { host: "127.28.69.67" port: 41511 } }
I20260608 12:59:34.530965 29819 raft_consensus.cc:359] T cbd9db0aa5ff4231943b97fe6990eb63 P ad0f039b29dc499fb69b31b8e659ab82 [term 0 FOLLOWER]: Replica starting. Triggering 0 pending ops. Active config: opid_index: -1 OBSOLETE_local: false peers { permanent_uuid: "4665316355b84d76abefb336f3a24b66" member_type: VOTER last_known_addr { host: "127.28.69.65" port: 42445 } } peers { permanent_uuid: "8377a25fdd2c4409b1c1fb65091885f6" member_type: VOTER last_known_addr { host: "127.28.69.66" port: 44679 } } peers { permanent_uuid: "ad0f039b29dc499fb69b31b8e659ab82" member_type: VOTER last_known_addr { host: "127.28.69.67" port: 41511 } }
I20260608 12:59:34.531414 29816 raft_consensus.cc:385] T cbd9db0aa5ff4231943b97fe6990eb63 P 4665316355b84d76abefb336f3a24b66 [term 0 FOLLOWER]: Consensus starting up: Expiring failure detector timer to make a prompt election more likely
I20260608 12:59:34.531701 29819 raft_consensus.cc:385] T cbd9db0aa5ff4231943b97fe6990eb63 P ad0f039b29dc499fb69b31b8e659ab82 [term 0 FOLLOWER]: Consensus starting up: Expiring failure detector timer to make a prompt election more likely
I20260608 12:59:34.531760 29816 raft_consensus.cc:740] T cbd9db0aa5ff4231943b97fe6990eb63 P 4665316355b84d76abefb336f3a24b66 [term 0 FOLLOWER]: Becoming Follower/Learner. State: Replica: 4665316355b84d76abefb336f3a24b66, State: Initialized, Role: FOLLOWER
I20260608 12:59:34.532112 29819 raft_consensus.cc:740] T cbd9db0aa5ff4231943b97fe6990eb63 P ad0f039b29dc499fb69b31b8e659ab82 [term 0 FOLLOWER]: Becoming Follower/Learner. State: Replica: ad0f039b29dc499fb69b31b8e659ab82, State: Initialized, Role: FOLLOWER
I20260608 12:59:34.532665 29816 consensus_queue.cc:260] T cbd9db0aa5ff4231943b97fe6990eb63 P 4665316355b84d76abefb336f3a24b66 [NON_LEADER]: Queue going to NON_LEADER mode. State: All replicated index: 0, Majority replicated index: 0, Committed index: 0, Last appended: 0.0, Last appended by leader: 0, Current term: 0, Majority size: -1, State: 0, Mode: NON_LEADER, active raft config: opid_index: -1 OBSOLETE_local: false peers { permanent_uuid: "4665316355b84d76abefb336f3a24b66" member_type: VOTER last_known_addr { host: "127.28.69.65" port: 42445 } } peers { permanent_uuid: "8377a25fdd2c4409b1c1fb65091885f6" member_type: VOTER last_known_addr { host: "127.28.69.66" port: 44679 } } peers { permanent_uuid: "ad0f039b29dc499fb69b31b8e659ab82" member_type: VOTER last_known_addr { host: "127.28.69.67" port: 41511 } }
I20260608 12:59:34.532917 29819 consensus_queue.cc:260] T cbd9db0aa5ff4231943b97fe6990eb63 P ad0f039b29dc499fb69b31b8e659ab82 [NON_LEADER]: Queue going to NON_LEADER mode. State: All replicated index: 0, Majority replicated index: 0, Committed index: 0, Last appended: 0.0, Last appended by leader: 0, Current term: 0, Majority size: -1, State: 0, Mode: NON_LEADER, active raft config: opid_index: -1 OBSOLETE_local: false peers { permanent_uuid: "4665316355b84d76abefb336f3a24b66" member_type: VOTER last_known_addr { host: "127.28.69.65" port: 42445 } } peers { permanent_uuid: "8377a25fdd2c4409b1c1fb65091885f6" member_type: VOTER last_known_addr { host: "127.28.69.66" port: 44679 } } peers { permanent_uuid: "ad0f039b29dc499fb69b31b8e659ab82" member_type: VOTER last_known_addr { host: "127.28.69.67" port: 41511 } }
I20260608 12:59:34.534811 29816 ts_tablet_manager.cc:1434] T cbd9db0aa5ff4231943b97fe6990eb63 P 4665316355b84d76abefb336f3a24b66: Time spent starting tablet: real 0.006s	user 0.002s	sys 0.002s
I20260608 12:59:34.535414 29819 ts_tablet_manager.cc:1434] T cbd9db0aa5ff4231943b97fe6990eb63 P ad0f039b29dc499fb69b31b8e659ab82: Time spent starting tablet: real 0.007s	user 0.006s	sys 0.000s
I20260608 12:59:34.536473 29819 tablet_bootstrap.cc:492] T 526bc7ba66cc4a0d960134fe2872a6af P ad0f039b29dc499fb69b31b8e659ab82: Bootstrap starting.
I20260608 12:59:34.542100 29819 tablet_bootstrap.cc:654] T 526bc7ba66cc4a0d960134fe2872a6af P ad0f039b29dc499fb69b31b8e659ab82: Neither blocks nor log segments found. Creating new log.
I20260608 12:59:34.549266 29827 raft_consensus.cc:493] T 526bc7ba66cc4a0d960134fe2872a6af P 4665316355b84d76abefb336f3a24b66 [term 0 FOLLOWER]: Starting pre-election (no leader contacted us within the election timeout)
I20260608 12:59:34.549654 29819 tablet_bootstrap.cc:492] T 526bc7ba66cc4a0d960134fe2872a6af P ad0f039b29dc499fb69b31b8e659ab82: No bootstrap required, opened a new log
I20260608 12:59:34.550105 29819 ts_tablet_manager.cc:1403] T 526bc7ba66cc4a0d960134fe2872a6af P ad0f039b29dc499fb69b31b8e659ab82: Time spent bootstrapping tablet: real 0.014s	user 0.011s	sys 0.000s
I20260608 12:59:34.549783 29827 raft_consensus.cc:515] T 526bc7ba66cc4a0d960134fe2872a6af P 4665316355b84d76abefb336f3a24b66 [term 0 FOLLOWER]: Starting pre-election with config: opid_index: -1 OBSOLETE_local: false peers { permanent_uuid: "4665316355b84d76abefb336f3a24b66" member_type: VOTER last_known_addr { host: "127.28.69.65" port: 42445 } } peers { permanent_uuid: "8377a25fdd2c4409b1c1fb65091885f6" member_type: VOTER last_known_addr { host: "127.28.69.66" port: 44679 } } peers { permanent_uuid: "ad0f039b29dc499fb69b31b8e659ab82" member_type: VOTER last_known_addr { host: "127.28.69.67" port: 41511 } }
I20260608 12:59:34.552745 29827 leader_election.cc:290] T 526bc7ba66cc4a0d960134fe2872a6af P 4665316355b84d76abefb336f3a24b66 [CANDIDATE]: Term 1 pre-election: Requested pre-vote from peers 8377a25fdd2c4409b1c1fb65091885f6 (127.28.69.66:44679), ad0f039b29dc499fb69b31b8e659ab82 (127.28.69.67:41511)
I20260608 12:59:34.553323 29823 raft_consensus.cc:493] T 2b496fa822e141c0afa96c97f5788612 P 8377a25fdd2c4409b1c1fb65091885f6 [term 0 FOLLOWER]: Starting pre-election (no leader contacted us within the election timeout)
I20260608 12:59:34.553714 29819 raft_consensus.cc:359] T 526bc7ba66cc4a0d960134fe2872a6af P ad0f039b29dc499fb69b31b8e659ab82 [term 0 FOLLOWER]: Replica starting. Triggering 0 pending ops. Active config: opid_index: -1 OBSOLETE_local: false peers { permanent_uuid: "4665316355b84d76abefb336f3a24b66" member_type: VOTER last_known_addr { host: "127.28.69.65" port: 42445 } } peers { permanent_uuid: "8377a25fdd2c4409b1c1fb65091885f6" member_type: VOTER last_known_addr { host: "127.28.69.66" port: 44679 } } peers { permanent_uuid: "ad0f039b29dc499fb69b31b8e659ab82" member_type: VOTER last_known_addr { host: "127.28.69.67" port: 41511 } }
I20260608 12:59:34.554291 29819 raft_consensus.cc:385] T 526bc7ba66cc4a0d960134fe2872a6af P ad0f039b29dc499fb69b31b8e659ab82 [term 0 FOLLOWER]: Consensus starting up: Expiring failure detector timer to make a prompt election more likely
I20260608 12:59:34.553913 29823 raft_consensus.cc:515] T 2b496fa822e141c0afa96c97f5788612 P 8377a25fdd2c4409b1c1fb65091885f6 [term 0 FOLLOWER]: Starting pre-election with config: opid_index: -1 OBSOLETE_local: false peers { permanent_uuid: "4665316355b84d76abefb336f3a24b66" member_type: VOTER last_known_addr { host: "127.28.69.65" port: 42445 } } peers { permanent_uuid: "8377a25fdd2c4409b1c1fb65091885f6" member_type: VOTER last_known_addr { host: "127.28.69.66" port: 44679 } } peers { permanent_uuid: "ad0f039b29dc499fb69b31b8e659ab82" member_type: VOTER last_known_addr { host: "127.28.69.67" port: 41511 } }
I20260608 12:59:34.554514 29819 raft_consensus.cc:740] T 526bc7ba66cc4a0d960134fe2872a6af P ad0f039b29dc499fb69b31b8e659ab82 [term 0 FOLLOWER]: Becoming Follower/Learner. State: Replica: ad0f039b29dc499fb69b31b8e659ab82, State: Initialized, Role: FOLLOWER
I20260608 12:59:34.555114 29819 consensus_queue.cc:260] T 526bc7ba66cc4a0d960134fe2872a6af P ad0f039b29dc499fb69b31b8e659ab82 [NON_LEADER]: Queue going to NON_LEADER mode. State: All replicated index: 0, Majority replicated index: 0, Committed index: 0, Last appended: 0.0, Last appended by leader: 0, Current term: 0, Majority size: -1, State: 0, Mode: NON_LEADER, active raft config: opid_index: -1 OBSOLETE_local: false peers { permanent_uuid: "4665316355b84d76abefb336f3a24b66" member_type: VOTER last_known_addr { host: "127.28.69.65" port: 42445 } } peers { permanent_uuid: "8377a25fdd2c4409b1c1fb65091885f6" member_type: VOTER last_known_addr { host: "127.28.69.66" port: 44679 } } peers { permanent_uuid: "ad0f039b29dc499fb69b31b8e659ab82" member_type: VOTER last_known_addr { host: "127.28.69.67" port: 41511 } }
I20260608 12:59:34.558115 29819 ts_tablet_manager.cc:1434] T 526bc7ba66cc4a0d960134fe2872a6af P ad0f039b29dc499fb69b31b8e659ab82: Time spent starting tablet: real 0.008s	user 0.008s	sys 0.000s
I20260608 12:59:34.559998 29823 leader_election.cc:290] T 2b496fa822e141c0afa96c97f5788612 P 8377a25fdd2c4409b1c1fb65091885f6 [CANDIDATE]: Term 1 pre-election: Requested pre-vote from peers 4665316355b84d76abefb336f3a24b66 (127.28.69.65:42445), ad0f039b29dc499fb69b31b8e659ab82 (127.28.69.67:41511)
W20260608 12:59:34.569809 29568 auto_rebalancer.cc:259] Could not retrieve cluster info: Service unavailable: Tablet not running
I20260608 12:59:34.572448 29573 auto_leader_rebalancer.cc:140] leader rebalance for table test-workload
W20260608 12:59:34.573589 29573 auto_leader_rebalancer.cc:460] the master instance isn't leader: Service unavailable: Tablet not running
I20260608 12:59:34.580610 29622 tablet_service.cc:1917] Received RequestConsensusVote() RPC: tablet_id: "2b496fa822e141c0afa96c97f5788612" candidate_uuid: "8377a25fdd2c4409b1c1fb65091885f6" candidate_term: 1 candidate_status { last_received { term: 0 index: 0 } } ignore_live_leader: false dest_uuid: "4665316355b84d76abefb336f3a24b66" is_pre_election: true
I20260608 12:59:34.581493 29622 raft_consensus.cc:2468] T 2b496fa822e141c0afa96c97f5788612 P 4665316355b84d76abefb336f3a24b66 [term 0 FOLLOWER]: Leader pre-election vote request: Granting yes vote for candidate 8377a25fdd2c4409b1c1fb65091885f6 in term 0.
I20260608 12:59:34.582008 29697 tablet_service.cc:1917] Received RequestConsensusVote() RPC: tablet_id: "526bc7ba66cc4a0d960134fe2872a6af" candidate_uuid: "4665316355b84d76abefb336f3a24b66" candidate_term: 1 candidate_status { last_received { term: 0 index: 0 } } ignore_live_leader: false dest_uuid: "8377a25fdd2c4409b1c1fb65091885f6" is_pre_election: true
I20260608 12:59:34.582954 29697 raft_consensus.cc:2468] T 526bc7ba66cc4a0d960134fe2872a6af P 8377a25fdd2c4409b1c1fb65091885f6 [term 0 FOLLOWER]: Leader pre-election vote request: Granting yes vote for candidate 4665316355b84d76abefb336f3a24b66 in term 0.
I20260608 12:59:34.583276 29661 leader_election.cc:304] T 2b496fa822e141c0afa96c97f5788612 P 8377a25fdd2c4409b1c1fb65091885f6 [CANDIDATE]: Term 1 pre-election: Election decided. Result: candidate won. Election summary: received 2 responses out of 3 voters: 2 yes votes; 0 no votes. yes voters: 4665316355b84d76abefb336f3a24b66, 8377a25fdd2c4409b1c1fb65091885f6; no voters: 
I20260608 12:59:34.584331 29823 raft_consensus.cc:2804] T 2b496fa822e141c0afa96c97f5788612 P 8377a25fdd2c4409b1c1fb65091885f6 [term 0 FOLLOWER]: Leader pre-election won for term 1
I20260608 12:59:34.584725 29823 raft_consensus.cc:493] T 2b496fa822e141c0afa96c97f5788612 P 8377a25fdd2c4409b1c1fb65091885f6 [term 0 FOLLOWER]: Starting leader election (no leader contacted us within the election timeout)
I20260608 12:59:34.585096 29823 raft_consensus.cc:3060] T 2b496fa822e141c0afa96c97f5788612 P 8377a25fdd2c4409b1c1fb65091885f6 [term 0 FOLLOWER]: Advancing to term 1
I20260608 12:59:34.585173 29587 leader_election.cc:304] T 526bc7ba66cc4a0d960134fe2872a6af P 4665316355b84d76abefb336f3a24b66 [CANDIDATE]: Term 1 pre-election: Election decided. Result: candidate won. Election summary: received 2 responses out of 3 voters: 2 yes votes; 0 no votes. yes voters: 4665316355b84d76abefb336f3a24b66, 8377a25fdd2c4409b1c1fb65091885f6; no voters: 
I20260608 12:59:34.586229 29827 raft_consensus.cc:2804] T 526bc7ba66cc4a0d960134fe2872a6af P 4665316355b84d76abefb336f3a24b66 [term 0 FOLLOWER]: Leader pre-election won for term 1
I20260608 12:59:34.586618 29827 raft_consensus.cc:493] T 526bc7ba66cc4a0d960134fe2872a6af P 4665316355b84d76abefb336f3a24b66 [term 0 FOLLOWER]: Starting leader election (no leader contacted us within the election timeout)
I20260608 12:59:34.586967 29827 raft_consensus.cc:3060] T 526bc7ba66cc4a0d960134fe2872a6af P 4665316355b84d76abefb336f3a24b66 [term 0 FOLLOWER]: Advancing to term 1
I20260608 12:59:34.591452 29771 tablet_service.cc:1917] Received RequestConsensusVote() RPC: tablet_id: "2b496fa822e141c0afa96c97f5788612" candidate_uuid: "8377a25fdd2c4409b1c1fb65091885f6" candidate_term: 1 candidate_status { last_received { term: 0 index: 0 } } ignore_live_leader: false dest_uuid: "ad0f039b29dc499fb69b31b8e659ab82" is_pre_election: true
I20260608 12:59:34.592049 29771 raft_consensus.cc:2468] T 2b496fa822e141c0afa96c97f5788612 P ad0f039b29dc499fb69b31b8e659ab82 [term 0 FOLLOWER]: Leader pre-election vote request: Granting yes vote for candidate 8377a25fdd2c4409b1c1fb65091885f6 in term 0.
I20260608 12:59:34.593245 29770 tablet_service.cc:1917] Received RequestConsensusVote() RPC: tablet_id: "526bc7ba66cc4a0d960134fe2872a6af" candidate_uuid: "4665316355b84d76abefb336f3a24b66" candidate_term: 1 candidate_status { last_received { term: 0 index: 0 } } ignore_live_leader: false dest_uuid: "ad0f039b29dc499fb69b31b8e659ab82" is_pre_election: true
I20260608 12:59:34.593698 29823 raft_consensus.cc:515] T 2b496fa822e141c0afa96c97f5788612 P 8377a25fdd2c4409b1c1fb65091885f6 [term 1 FOLLOWER]: Starting leader election with config: opid_index: -1 OBSOLETE_local: false peers { permanent_uuid: "4665316355b84d76abefb336f3a24b66" member_type: VOTER last_known_addr { host: "127.28.69.65" port: 42445 } } peers { permanent_uuid: "8377a25fdd2c4409b1c1fb65091885f6" member_type: VOTER last_known_addr { host: "127.28.69.66" port: 44679 } } peers { permanent_uuid: "ad0f039b29dc499fb69b31b8e659ab82" member_type: VOTER last_known_addr { host: "127.28.69.67" port: 41511 } }
I20260608 12:59:34.594383 29770 raft_consensus.cc:2468] T 526bc7ba66cc4a0d960134fe2872a6af P ad0f039b29dc499fb69b31b8e659ab82 [term 0 FOLLOWER]: Leader pre-election vote request: Granting yes vote for candidate 4665316355b84d76abefb336f3a24b66 in term 0.
I20260608 12:59:34.595116 29827 raft_consensus.cc:515] T 526bc7ba66cc4a0d960134fe2872a6af P 4665316355b84d76abefb336f3a24b66 [term 1 FOLLOWER]: Starting leader election with config: opid_index: -1 OBSOLETE_local: false peers { permanent_uuid: "4665316355b84d76abefb336f3a24b66" member_type: VOTER last_known_addr { host: "127.28.69.65" port: 42445 } } peers { permanent_uuid: "8377a25fdd2c4409b1c1fb65091885f6" member_type: VOTER last_known_addr { host: "127.28.69.66" port: 44679 } } peers { permanent_uuid: "ad0f039b29dc499fb69b31b8e659ab82" member_type: VOTER last_known_addr { host: "127.28.69.67" port: 41511 } }
I20260608 12:59:34.595633 29823 leader_election.cc:290] T 2b496fa822e141c0afa96c97f5788612 P 8377a25fdd2c4409b1c1fb65091885f6 [CANDIDATE]: Term 1 election: Requested vote from peers 4665316355b84d76abefb336f3a24b66 (127.28.69.65:42445), ad0f039b29dc499fb69b31b8e659ab82 (127.28.69.67:41511)
I20260608 12:59:34.596448 29622 tablet_service.cc:1917] Received RequestConsensusVote() RPC: tablet_id: "2b496fa822e141c0afa96c97f5788612" candidate_uuid: "8377a25fdd2c4409b1c1fb65091885f6" candidate_term: 1 candidate_status { last_received { term: 0 index: 0 } } ignore_live_leader: false dest_uuid: "4665316355b84d76abefb336f3a24b66"
I20260608 12:59:34.597046 29622 raft_consensus.cc:3060] T 2b496fa822e141c0afa96c97f5788612 P 4665316355b84d76abefb336f3a24b66 [term 0 FOLLOWER]: Advancing to term 1
I20260608 12:59:34.597318 29827 leader_election.cc:290] T 526bc7ba66cc4a0d960134fe2872a6af P 4665316355b84d76abefb336f3a24b66 [CANDIDATE]: Term 1 election: Requested vote from peers 8377a25fdd2c4409b1c1fb65091885f6 (127.28.69.66:44679), ad0f039b29dc499fb69b31b8e659ab82 (127.28.69.67:41511)
I20260608 12:59:34.597384 29770 tablet_service.cc:1917] Received RequestConsensusVote() RPC: tablet_id: "2b496fa822e141c0afa96c97f5788612" candidate_uuid: "8377a25fdd2c4409b1c1fb65091885f6" candidate_term: 1 candidate_status { last_received { term: 0 index: 0 } } ignore_live_leader: false dest_uuid: "ad0f039b29dc499fb69b31b8e659ab82"
I20260608 12:59:34.598067 29770 raft_consensus.cc:3060] T 2b496fa822e141c0afa96c97f5788612 P ad0f039b29dc499fb69b31b8e659ab82 [term 0 FOLLOWER]: Advancing to term 1
I20260608 12:59:34.598986 29697 tablet_service.cc:1917] Received RequestConsensusVote() RPC: tablet_id: "526bc7ba66cc4a0d960134fe2872a6af" candidate_uuid: "4665316355b84d76abefb336f3a24b66" candidate_term: 1 candidate_status { last_received { term: 0 index: 0 } } ignore_live_leader: false dest_uuid: "8377a25fdd2c4409b1c1fb65091885f6"
I20260608 12:59:34.599552 29697 raft_consensus.cc:3060] T 526bc7ba66cc4a0d960134fe2872a6af P 8377a25fdd2c4409b1c1fb65091885f6 [term 0 FOLLOWER]: Advancing to term 1
I20260608 12:59:34.602994 29622 raft_consensus.cc:2468] T 2b496fa822e141c0afa96c97f5788612 P 4665316355b84d76abefb336f3a24b66 [term 1 FOLLOWER]: Leader election vote request: Granting yes vote for candidate 8377a25fdd2c4409b1c1fb65091885f6 in term 1.
I20260608 12:59:34.604022 29661 leader_election.cc:304] T 2b496fa822e141c0afa96c97f5788612 P 8377a25fdd2c4409b1c1fb65091885f6 [CANDIDATE]: Term 1 election: Election decided. Result: candidate won. Election summary: received 2 responses out of 3 voters: 2 yes votes; 0 no votes. yes voters: 4665316355b84d76abefb336f3a24b66, 8377a25fdd2c4409b1c1fb65091885f6; no voters: 
I20260608 12:59:34.604786 29771 tablet_service.cc:1917] Received RequestConsensusVote() RPC: tablet_id: "526bc7ba66cc4a0d960134fe2872a6af" candidate_uuid: "4665316355b84d76abefb336f3a24b66" candidate_term: 1 candidate_status { last_received { term: 0 index: 0 } } ignore_live_leader: false dest_uuid: "ad0f039b29dc499fb69b31b8e659ab82"
I20260608 12:59:34.604909 29823 raft_consensus.cc:2804] T 2b496fa822e141c0afa96c97f5788612 P 8377a25fdd2c4409b1c1fb65091885f6 [term 1 FOLLOWER]: Leader election won for term 1
I20260608 12:59:34.605177 29770 raft_consensus.cc:2468] T 2b496fa822e141c0afa96c97f5788612 P ad0f039b29dc499fb69b31b8e659ab82 [term 1 FOLLOWER]: Leader election vote request: Granting yes vote for candidate 8377a25fdd2c4409b1c1fb65091885f6 in term 1.
I20260608 12:59:34.605459 29771 raft_consensus.cc:3060] T 526bc7ba66cc4a0d960134fe2872a6af P ad0f039b29dc499fb69b31b8e659ab82 [term 0 FOLLOWER]: Advancing to term 1
I20260608 12:59:34.606464 29697 raft_consensus.cc:2468] T 526bc7ba66cc4a0d960134fe2872a6af P 8377a25fdd2c4409b1c1fb65091885f6 [term 1 FOLLOWER]: Leader election vote request: Granting yes vote for candidate 4665316355b84d76abefb336f3a24b66 in term 1.
I20260608 12:59:34.607481 29823 raft_consensus.cc:697] T 2b496fa822e141c0afa96c97f5788612 P 8377a25fdd2c4409b1c1fb65091885f6 [term 1 LEADER]: Becoming Leader. State: Replica: 8377a25fdd2c4409b1c1fb65091885f6, State: Running, Role: LEADER
I20260608 12:59:34.607698 29587 leader_election.cc:304] T 526bc7ba66cc4a0d960134fe2872a6af P 4665316355b84d76abefb336f3a24b66 [CANDIDATE]: Term 1 election: Election decided. Result: candidate won. Election summary: received 2 responses out of 3 voters: 2 yes votes; 0 no votes. yes voters: 4665316355b84d76abefb336f3a24b66, 8377a25fdd2c4409b1c1fb65091885f6; no voters: 
I20260608 12:59:34.608662 29827 raft_consensus.cc:2804] T 526bc7ba66cc4a0d960134fe2872a6af P 4665316355b84d76abefb336f3a24b66 [term 1 FOLLOWER]: Leader election won for term 1
I20260608 12:59:34.608532 29823 consensus_queue.cc:237] T 2b496fa822e141c0afa96c97f5788612 P 8377a25fdd2c4409b1c1fb65091885f6 [LEADER]: Queue going to LEADER mode. State: All replicated index: 0, Majority replicated index: 0, Committed index: 0, Last appended: 0.0, Last appended by leader: 0, Current term: 1, Majority size: 2, State: 0, Mode: LEADER, active raft config: opid_index: -1 OBSOLETE_local: false peers { permanent_uuid: "4665316355b84d76abefb336f3a24b66" member_type: VOTER last_known_addr { host: "127.28.69.65" port: 42445 } } peers { permanent_uuid: "8377a25fdd2c4409b1c1fb65091885f6" member_type: VOTER last_known_addr { host: "127.28.69.66" port: 44679 } } peers { permanent_uuid: "ad0f039b29dc499fb69b31b8e659ab82" member_type: VOTER last_known_addr { host: "127.28.69.67" port: 41511 } }
I20260608 12:59:34.609110 29827 raft_consensus.cc:697] T 526bc7ba66cc4a0d960134fe2872a6af P 4665316355b84d76abefb336f3a24b66 [term 1 LEADER]: Becoming Leader. State: Replica: 4665316355b84d76abefb336f3a24b66, State: Running, Role: LEADER
I20260608 12:59:34.609946 29827 consensus_queue.cc:237] T 526bc7ba66cc4a0d960134fe2872a6af P 4665316355b84d76abefb336f3a24b66 [LEADER]: Queue going to LEADER mode. State: All replicated index: 0, Majority replicated index: 0, Committed index: 0, Last appended: 0.0, Last appended by leader: 0, Current term: 1, Majority size: 2, State: 0, Mode: LEADER, active raft config: opid_index: -1 OBSOLETE_local: false peers { permanent_uuid: "4665316355b84d76abefb336f3a24b66" member_type: VOTER last_known_addr { host: "127.28.69.65" port: 42445 } } peers { permanent_uuid: "8377a25fdd2c4409b1c1fb65091885f6" member_type: VOTER last_known_addr { host: "127.28.69.66" port: 44679 } } peers { permanent_uuid: "ad0f039b29dc499fb69b31b8e659ab82" member_type: VOTER last_known_addr { host: "127.28.69.67" port: 41511 } }
I20260608 12:59:34.612835 29825 raft_consensus.cc:493] T c1101f60c897406b8d67e4f226da6a14 P ad0f039b29dc499fb69b31b8e659ab82 [term 0 FOLLOWER]: Starting pre-election (no leader contacted us within the election timeout)
I20260608 12:59:34.612582 29771 raft_consensus.cc:2468] T 526bc7ba66cc4a0d960134fe2872a6af P ad0f039b29dc499fb69b31b8e659ab82 [term 1 FOLLOWER]: Leader election vote request: Granting yes vote for candidate 4665316355b84d76abefb336f3a24b66 in term 1.
I20260608 12:59:34.613567 29825 raft_consensus.cc:515] T c1101f60c897406b8d67e4f226da6a14 P ad0f039b29dc499fb69b31b8e659ab82 [term 0 FOLLOWER]: Starting pre-election with config: opid_index: -1 OBSOLETE_local: false peers { permanent_uuid: "4665316355b84d76abefb336f3a24b66" member_type: VOTER last_known_addr { host: "127.28.69.65" port: 42445 } } peers { permanent_uuid: "8377a25fdd2c4409b1c1fb65091885f6" member_type: VOTER last_known_addr { host: "127.28.69.66" port: 44679 } } peers { permanent_uuid: "ad0f039b29dc499fb69b31b8e659ab82" member_type: VOTER last_known_addr { host: "127.28.69.67" port: 41511 } }
I20260608 12:59:34.620507 29825 leader_election.cc:290] T c1101f60c897406b8d67e4f226da6a14 P ad0f039b29dc499fb69b31b8e659ab82 [CANDIDATE]: Term 1 pre-election: Requested pre-vote from peers 4665316355b84d76abefb336f3a24b66 (127.28.69.65:42445), 8377a25fdd2c4409b1c1fb65091885f6 (127.28.69.66:44679)
I20260608 12:59:34.621047 29825 raft_consensus.cc:493] T 908082b6e42a42109abc572d84123b00 P ad0f039b29dc499fb69b31b8e659ab82 [term 0 FOLLOWER]: Starting pre-election (no leader contacted us within the election timeout)
I20260608 12:59:34.621517 29825 raft_consensus.cc:515] T 908082b6e42a42109abc572d84123b00 P ad0f039b29dc499fb69b31b8e659ab82 [term 0 FOLLOWER]: Starting pre-election with config: opid_index: -1 OBSOLETE_local: false peers { permanent_uuid: "ad0f039b29dc499fb69b31b8e659ab82" member_type: VOTER last_known_addr { host: "127.28.69.67" port: 41511 } } peers { permanent_uuid: "4665316355b84d76abefb336f3a24b66" member_type: VOTER last_known_addr { host: "127.28.69.65" port: 42445 } } peers { permanent_uuid: "8377a25fdd2c4409b1c1fb65091885f6" member_type: VOTER last_known_addr { host: "127.28.69.66" port: 44679 } }
I20260608 12:59:34.623872 29825 leader_election.cc:290] T 908082b6e42a42109abc572d84123b00 P ad0f039b29dc499fb69b31b8e659ab82 [CANDIDATE]: Term 1 pre-election: Requested pre-vote from peers 4665316355b84d76abefb336f3a24b66 (127.28.69.65:42445), 8377a25fdd2c4409b1c1fb65091885f6 (127.28.69.66:44679)
I20260608 12:59:34.634332 29827 raft_consensus.cc:493] T 66cc6eeca1bf42c5aa1faf1be9bb7adc P 4665316355b84d76abefb336f3a24b66 [term 0 FOLLOWER]: Starting pre-election (no leader contacted us within the election timeout)
I20260608 12:59:34.634836 29827 raft_consensus.cc:515] T 66cc6eeca1bf42c5aa1faf1be9bb7adc P 4665316355b84d76abefb336f3a24b66 [term 0 FOLLOWER]: Starting pre-election with config: opid_index: -1 OBSOLETE_local: false peers { permanent_uuid: "4665316355b84d76abefb336f3a24b66" member_type: VOTER last_known_addr { host: "127.28.69.65" port: 42445 } } peers { permanent_uuid: "8377a25fdd2c4409b1c1fb65091885f6" member_type: VOTER last_known_addr { host: "127.28.69.66" port: 44679 } } peers { permanent_uuid: "ad0f039b29dc499fb69b31b8e659ab82" member_type: VOTER last_known_addr { host: "127.28.69.67" port: 41511 } }
I20260608 12:59:34.638424 29827 leader_election.cc:290] T 66cc6eeca1bf42c5aa1faf1be9bb7adc P 4665316355b84d76abefb336f3a24b66 [CANDIDATE]: Term 1 pre-election: Requested pre-vote from peers 8377a25fdd2c4409b1c1fb65091885f6 (127.28.69.66:44679), ad0f039b29dc499fb69b31b8e659ab82 (127.28.69.67:41511)
I20260608 12:59:34.638232 29520 catalog_manager.cc:5696] T 526bc7ba66cc4a0d960134fe2872a6af P 4665316355b84d76abefb336f3a24b66 reported cstate change: term changed from 0 to 1, leader changed from <none> to 4665316355b84d76abefb336f3a24b66 (127.28.69.65). New cstate: current_term: 1 leader_uuid: "4665316355b84d76abefb336f3a24b66" committed_config { opid_index: -1 OBSOLETE_local: false peers { permanent_uuid: "4665316355b84d76abefb336f3a24b66" member_type: VOTER last_known_addr { host: "127.28.69.65" port: 42445 } health_report { overall_health: HEALTHY } } peers { permanent_uuid: "8377a25fdd2c4409b1c1fb65091885f6" member_type: VOTER last_known_addr { host: "127.28.69.66" port: 44679 } health_report { overall_health: UNKNOWN } } peers { permanent_uuid: "ad0f039b29dc499fb69b31b8e659ab82" member_type: VOTER last_known_addr { host: "127.28.69.67" port: 41511 } health_report { overall_health: UNKNOWN } } }
I20260608 12:59:34.639083 29771 tablet_service.cc:1917] Received RequestConsensusVote() RPC: tablet_id: "66cc6eeca1bf42c5aa1faf1be9bb7adc" candidate_uuid: "4665316355b84d76abefb336f3a24b66" candidate_term: 1 candidate_status { last_received { term: 0 index: 0 } } ignore_live_leader: false dest_uuid: "ad0f039b29dc499fb69b31b8e659ab82" is_pre_election: true
I20260608 12:59:34.640229 29697 tablet_service.cc:1917] Received RequestConsensusVote() RPC: tablet_id: "66cc6eeca1bf42c5aa1faf1be9bb7adc" candidate_uuid: "4665316355b84d76abefb336f3a24b66" candidate_term: 1 candidate_status { last_received { term: 0 index: 0 } } ignore_live_leader: false dest_uuid: "8377a25fdd2c4409b1c1fb65091885f6" is_pre_election: true
I20260608 12:59:34.640493 29771 raft_consensus.cc:2468] T 66cc6eeca1bf42c5aa1faf1be9bb7adc P ad0f039b29dc499fb69b31b8e659ab82 [term 0 FOLLOWER]: Leader pre-election vote request: Granting yes vote for candidate 4665316355b84d76abefb336f3a24b66 in term 0.
I20260608 12:59:34.640719 29697 raft_consensus.cc:2468] T 66cc6eeca1bf42c5aa1faf1be9bb7adc P 8377a25fdd2c4409b1c1fb65091885f6 [term 0 FOLLOWER]: Leader pre-election vote request: Granting yes vote for candidate 4665316355b84d76abefb336f3a24b66 in term 0.
I20260608 12:59:34.634223 29518 catalog_manager.cc:5696] T 2b496fa822e141c0afa96c97f5788612 P 8377a25fdd2c4409b1c1fb65091885f6 reported cstate change: term changed from 0 to 1, leader changed from <none> to 8377a25fdd2c4409b1c1fb65091885f6 (127.28.69.66). New cstate: current_term: 1 leader_uuid: "8377a25fdd2c4409b1c1fb65091885f6" committed_config { opid_index: -1 OBSOLETE_local: false peers { permanent_uuid: "4665316355b84d76abefb336f3a24b66" member_type: VOTER last_known_addr { host: "127.28.69.65" port: 42445 } health_report { overall_health: UNKNOWN } } peers { permanent_uuid: "8377a25fdd2c4409b1c1fb65091885f6" member_type: VOTER last_known_addr { host: "127.28.69.66" port: 44679 } health_report { overall_health: HEALTHY } } peers { permanent_uuid: "ad0f039b29dc499fb69b31b8e659ab82" member_type: VOTER last_known_addr { host: "127.28.69.67" port: 41511 } health_report { overall_health: UNKNOWN } } }
I20260608 12:59:34.641772 29587 leader_election.cc:304] T 66cc6eeca1bf42c5aa1faf1be9bb7adc P 4665316355b84d76abefb336f3a24b66 [CANDIDATE]: Term 1 pre-election: Election decided. Result: candidate won. Election summary: received 2 responses out of 3 voters: 2 yes votes; 0 no votes. yes voters: 4665316355b84d76abefb336f3a24b66, 8377a25fdd2c4409b1c1fb65091885f6; no voters: 
I20260608 12:59:34.643481 29622 tablet_service.cc:1917] Received RequestConsensusVote() RPC: tablet_id: "c1101f60c897406b8d67e4f226da6a14" candidate_uuid: "ad0f039b29dc499fb69b31b8e659ab82" candidate_term: 1 candidate_status { last_received { term: 0 index: 0 } } ignore_live_leader: false dest_uuid: "4665316355b84d76abefb336f3a24b66" is_pre_election: true
I20260608 12:59:34.644178 29622 raft_consensus.cc:2468] T c1101f60c897406b8d67e4f226da6a14 P 4665316355b84d76abefb336f3a24b66 [term 0 FOLLOWER]: Leader pre-election vote request: Granting yes vote for candidate ad0f039b29dc499fb69b31b8e659ab82 in term 0.
I20260608 12:59:34.645062 29827 raft_consensus.cc:2804] T 66cc6eeca1bf42c5aa1faf1be9bb7adc P 4665316355b84d76abefb336f3a24b66 [term 0 FOLLOWER]: Leader pre-election won for term 1
I20260608 12:59:34.645260 29697 tablet_service.cc:1917] Received RequestConsensusVote() RPC: tablet_id: "c1101f60c897406b8d67e4f226da6a14" candidate_uuid: "ad0f039b29dc499fb69b31b8e659ab82" candidate_term: 1 candidate_status { last_received { term: 0 index: 0 } } ignore_live_leader: false dest_uuid: "8377a25fdd2c4409b1c1fb65091885f6" is_pre_election: true
I20260608 12:59:34.645509 29827 raft_consensus.cc:493] T 66cc6eeca1bf42c5aa1faf1be9bb7adc P 4665316355b84d76abefb336f3a24b66 [term 0 FOLLOWER]: Starting leader election (no leader contacted us within the election timeout)
I20260608 12:59:34.644246 29621 tablet_service.cc:1917] Received RequestConsensusVote() RPC: tablet_id: "908082b6e42a42109abc572d84123b00" candidate_uuid: "ad0f039b29dc499fb69b31b8e659ab82" candidate_term: 1 candidate_status { last_received { term: 0 index: 0 } } ignore_live_leader: false dest_uuid: "4665316355b84d76abefb336f3a24b66" is_pre_election: true
I20260608 12:59:34.646023 29827 raft_consensus.cc:3060] T 66cc6eeca1bf42c5aa1faf1be9bb7adc P 4665316355b84d76abefb336f3a24b66 [term 0 FOLLOWER]: Advancing to term 1
I20260608 12:59:34.646261 29621 raft_consensus.cc:2468] T 908082b6e42a42109abc572d84123b00 P 4665316355b84d76abefb336f3a24b66 [term 0 FOLLOWER]: Leader pre-election vote request: Granting yes vote for candidate ad0f039b29dc499fb69b31b8e659ab82 in term 0.
I20260608 12:59:34.646585 29696 tablet_service.cc:1917] Received RequestConsensusVote() RPC: tablet_id: "908082b6e42a42109abc572d84123b00" candidate_uuid: "ad0f039b29dc499fb69b31b8e659ab82" candidate_term: 1 candidate_status { last_received { term: 0 index: 0 } } ignore_live_leader: false dest_uuid: "8377a25fdd2c4409b1c1fb65091885f6" is_pre_election: true
I20260608 12:59:34.647269 29696 raft_consensus.cc:2468] T 908082b6e42a42109abc572d84123b00 P 8377a25fdd2c4409b1c1fb65091885f6 [term 0 FOLLOWER]: Leader pre-election vote request: Granting yes vote for candidate ad0f039b29dc499fb69b31b8e659ab82 in term 0.
I20260608 12:59:34.645767 29735 leader_election.cc:304] T c1101f60c897406b8d67e4f226da6a14 P ad0f039b29dc499fb69b31b8e659ab82 [CANDIDATE]: Term 1 pre-election: Election decided. Result: candidate won. Election summary: received 2 responses out of 3 voters: 2 yes votes; 0 no votes. yes voters: 4665316355b84d76abefb336f3a24b66, ad0f039b29dc499fb69b31b8e659ab82; no voters: 
I20260608 12:59:34.648797 29736 leader_election.cc:304] T 908082b6e42a42109abc572d84123b00 P ad0f039b29dc499fb69b31b8e659ab82 [CANDIDATE]: Term 1 pre-election: Election decided. Result: candidate won. Election summary: received 2 responses out of 3 voters: 2 yes votes; 0 no votes. yes voters: 8377a25fdd2c4409b1c1fb65091885f6, ad0f039b29dc499fb69b31b8e659ab82; no voters: 
I20260608 12:59:34.649549 29825 raft_consensus.cc:2804] T 908082b6e42a42109abc572d84123b00 P ad0f039b29dc499fb69b31b8e659ab82 [term 0 FOLLOWER]: Leader pre-election won for term 1
I20260608 12:59:34.646019 29697 raft_consensus.cc:2468] T c1101f60c897406b8d67e4f226da6a14 P 8377a25fdd2c4409b1c1fb65091885f6 [term 0 FOLLOWER]: Leader pre-election vote request: Granting yes vote for candidate ad0f039b29dc499fb69b31b8e659ab82 in term 0.
I20260608 12:59:34.649494 29855 raft_consensus.cc:2804] T c1101f60c897406b8d67e4f226da6a14 P ad0f039b29dc499fb69b31b8e659ab82 [term 0 FOLLOWER]: Leader pre-election won for term 1
I20260608 12:59:34.650516 29855 raft_consensus.cc:493] T c1101f60c897406b8d67e4f226da6a14 P ad0f039b29dc499fb69b31b8e659ab82 [term 0 FOLLOWER]: Starting leader election (no leader contacted us within the election timeout)
I20260608 12:59:34.650810 29855 raft_consensus.cc:3060] T c1101f60c897406b8d67e4f226da6a14 P ad0f039b29dc499fb69b31b8e659ab82 [term 0 FOLLOWER]: Advancing to term 1
I20260608 12:59:34.650092 29825 raft_consensus.cc:493] T 908082b6e42a42109abc572d84123b00 P ad0f039b29dc499fb69b31b8e659ab82 [term 0 FOLLOWER]: Starting leader election (no leader contacted us within the election timeout)
I20260608 12:59:34.652005 29823 raft_consensus.cc:493] T 65b74a51d5d34d48b4b614d6ac0f06e0 P 8377a25fdd2c4409b1c1fb65091885f6 [term 0 FOLLOWER]: Starting pre-election (no leader contacted us within the election timeout)
I20260608 12:59:34.652444 29825 raft_consensus.cc:3060] T 908082b6e42a42109abc572d84123b00 P ad0f039b29dc499fb69b31b8e659ab82 [term 0 FOLLOWER]: Advancing to term 1
I20260608 12:59:34.652539 29823 raft_consensus.cc:515] T 65b74a51d5d34d48b4b614d6ac0f06e0 P 8377a25fdd2c4409b1c1fb65091885f6 [term 0 FOLLOWER]: Starting pre-election with config: opid_index: -1 OBSOLETE_local: false peers { permanent_uuid: "4665316355b84d76abefb336f3a24b66" member_type: VOTER last_known_addr { host: "127.28.69.65" port: 42445 } } peers { permanent_uuid: "8377a25fdd2c4409b1c1fb65091885f6" member_type: VOTER last_known_addr { host: "127.28.69.66" port: 44679 } } peers { permanent_uuid: "ad0f039b29dc499fb69b31b8e659ab82" member_type: VOTER last_known_addr { host: "127.28.69.67" port: 41511 } }
I20260608 12:59:34.652685 29827 raft_consensus.cc:515] T 66cc6eeca1bf42c5aa1faf1be9bb7adc P 4665316355b84d76abefb336f3a24b66 [term 1 FOLLOWER]: Starting leader election with config: opid_index: -1 OBSOLETE_local: false peers { permanent_uuid: "4665316355b84d76abefb336f3a24b66" member_type: VOTER last_known_addr { host: "127.28.69.65" port: 42445 } } peers { permanent_uuid: "8377a25fdd2c4409b1c1fb65091885f6" member_type: VOTER last_known_addr { host: "127.28.69.66" port: 44679 } } peers { permanent_uuid: "ad0f039b29dc499fb69b31b8e659ab82" member_type: VOTER last_known_addr { host: "127.28.69.67" port: 41511 } }
I20260608 12:59:34.654989 29823 leader_election.cc:290] T 65b74a51d5d34d48b4b614d6ac0f06e0 P 8377a25fdd2c4409b1c1fb65091885f6 [CANDIDATE]: Term 1 pre-election: Requested pre-vote from peers 4665316355b84d76abefb336f3a24b66 (127.28.69.65:42445), ad0f039b29dc499fb69b31b8e659ab82 (127.28.69.67:41511)
I20260608 12:59:34.655246 29827 leader_election.cc:290] T 66cc6eeca1bf42c5aa1faf1be9bb7adc P 4665316355b84d76abefb336f3a24b66 [CANDIDATE]: Term 1 election: Requested vote from peers 8377a25fdd2c4409b1c1fb65091885f6 (127.28.69.66:44679), ad0f039b29dc499fb69b31b8e659ab82 (127.28.69.67:41511)
I20260608 12:59:34.656800 29771 tablet_service.cc:1917] Received RequestConsensusVote() RPC: tablet_id: "66cc6eeca1bf42c5aa1faf1be9bb7adc" candidate_uuid: "4665316355b84d76abefb336f3a24b66" candidate_term: 1 candidate_status { last_received { term: 0 index: 0 } } ignore_live_leader: false dest_uuid: "ad0f039b29dc499fb69b31b8e659ab82"
I20260608 12:59:34.657449 29771 raft_consensus.cc:3060] T 66cc6eeca1bf42c5aa1faf1be9bb7adc P ad0f039b29dc499fb69b31b8e659ab82 [term 0 FOLLOWER]: Advancing to term 1
I20260608 12:59:34.657608 29621 tablet_service.cc:1917] Received RequestConsensusVote() RPC: tablet_id: "65b74a51d5d34d48b4b614d6ac0f06e0" candidate_uuid: "8377a25fdd2c4409b1c1fb65091885f6" candidate_term: 1 candidate_status { last_received { term: 0 index: 0 } } ignore_live_leader: false dest_uuid: "4665316355b84d76abefb336f3a24b66" is_pre_election: true
I20260608 12:59:34.658288 29621 raft_consensus.cc:2468] T 65b74a51d5d34d48b4b614d6ac0f06e0 P 4665316355b84d76abefb336f3a24b66 [term 0 FOLLOWER]: Leader pre-election vote request: Granting yes vote for candidate 8377a25fdd2c4409b1c1fb65091885f6 in term 0.
I20260608 12:59:34.658806 29770 tablet_service.cc:1917] Received RequestConsensusVote() RPC: tablet_id: "65b74a51d5d34d48b4b614d6ac0f06e0" candidate_uuid: "8377a25fdd2c4409b1c1fb65091885f6" candidate_term: 1 candidate_status { last_received { term: 0 index: 0 } } ignore_live_leader: false dest_uuid: "ad0f039b29dc499fb69b31b8e659ab82" is_pre_election: true
I20260608 12:59:34.658675 29855 raft_consensus.cc:515] T c1101f60c897406b8d67e4f226da6a14 P ad0f039b29dc499fb69b31b8e659ab82 [term 1 FOLLOWER]: Starting leader election with config: opid_index: -1 OBSOLETE_local: false peers { permanent_uuid: "4665316355b84d76abefb336f3a24b66" member_type: VOTER last_known_addr { host: "127.28.69.65" port: 42445 } } peers { permanent_uuid: "8377a25fdd2c4409b1c1fb65091885f6" member_type: VOTER last_known_addr { host: "127.28.69.66" port: 44679 } } peers { permanent_uuid: "ad0f039b29dc499fb69b31b8e659ab82" member_type: VOTER last_known_addr { host: "127.28.69.67" port: 41511 } }
I20260608 12:59:34.659497 29770 raft_consensus.cc:2468] T 65b74a51d5d34d48b4b614d6ac0f06e0 P ad0f039b29dc499fb69b31b8e659ab82 [term 0 FOLLOWER]: Leader pre-election vote request: Granting yes vote for candidate 8377a25fdd2c4409b1c1fb65091885f6 in term 0.
I20260608 12:59:34.659458 29661 leader_election.cc:304] T 65b74a51d5d34d48b4b614d6ac0f06e0 P 8377a25fdd2c4409b1c1fb65091885f6 [CANDIDATE]: Term 1 pre-election: Election decided. Result: candidate won. Election summary: received 2 responses out of 3 voters: 2 yes votes; 0 no votes. yes voters: 4665316355b84d76abefb336f3a24b66, 8377a25fdd2c4409b1c1fb65091885f6; no voters: 
I20260608 12:59:34.660643 29823 raft_consensus.cc:2804] T 65b74a51d5d34d48b4b614d6ac0f06e0 P 8377a25fdd2c4409b1c1fb65091885f6 [term 0 FOLLOWER]: Leader pre-election won for term 1
I20260608 12:59:34.661027 29823 raft_consensus.cc:493] T 65b74a51d5d34d48b4b614d6ac0f06e0 P 8377a25fdd2c4409b1c1fb65091885f6 [term 0 FOLLOWER]: Starting leader election (no leader contacted us within the election timeout)
I20260608 12:59:34.661372 29823 raft_consensus.cc:3060] T 65b74a51d5d34d48b4b614d6ac0f06e0 P 8377a25fdd2c4409b1c1fb65091885f6 [term 0 FOLLOWER]: Advancing to term 1
I20260608 12:59:34.661654 29621 tablet_service.cc:1917] Received RequestConsensusVote() RPC: tablet_id: "c1101f60c897406b8d67e4f226da6a14" candidate_uuid: "ad0f039b29dc499fb69b31b8e659ab82" candidate_term: 1 candidate_status { last_received { term: 0 index: 0 } } ignore_live_leader: false dest_uuid: "4665316355b84d76abefb336f3a24b66"
I20260608 12:59:34.662211 29621 raft_consensus.cc:3060] T c1101f60c897406b8d67e4f226da6a14 P 4665316355b84d76abefb336f3a24b66 [term 0 FOLLOWER]: Advancing to term 1
I20260608 12:59:34.665313 29696 tablet_service.cc:1917] Received RequestConsensusVote() RPC: tablet_id: "c1101f60c897406b8d67e4f226da6a14" candidate_uuid: "ad0f039b29dc499fb69b31b8e659ab82" candidate_term: 1 candidate_status { last_received { term: 0 index: 0 } } ignore_live_leader: false dest_uuid: "8377a25fdd2c4409b1c1fb65091885f6"
I20260608 12:59:34.665902 29696 raft_consensus.cc:3060] T c1101f60c897406b8d67e4f226da6a14 P 8377a25fdd2c4409b1c1fb65091885f6 [term 0 FOLLOWER]: Advancing to term 1
I20260608 12:59:34.661293 29697 tablet_service.cc:1917] Received RequestConsensusVote() RPC: tablet_id: "66cc6eeca1bf42c5aa1faf1be9bb7adc" candidate_uuid: "4665316355b84d76abefb336f3a24b66" candidate_term: 1 candidate_status { last_received { term: 0 index: 0 } } ignore_live_leader: false dest_uuid: "8377a25fdd2c4409b1c1fb65091885f6"
I20260608 12:59:34.666707 29697 raft_consensus.cc:3060] T 66cc6eeca1bf42c5aa1faf1be9bb7adc P 8377a25fdd2c4409b1c1fb65091885f6 [term 0 FOLLOWER]: Advancing to term 1
I20260608 12:59:34.668898 29823 raft_consensus.cc:515] T 65b74a51d5d34d48b4b614d6ac0f06e0 P 8377a25fdd2c4409b1c1fb65091885f6 [term 1 FOLLOWER]: Starting leader election with config: opid_index: -1 OBSOLETE_local: false peers { permanent_uuid: "4665316355b84d76abefb336f3a24b66" member_type: VOTER last_known_addr { host: "127.28.69.65" port: 42445 } } peers { permanent_uuid: "8377a25fdd2c4409b1c1fb65091885f6" member_type: VOTER last_known_addr { host: "127.28.69.66" port: 44679 } } peers { permanent_uuid: "ad0f039b29dc499fb69b31b8e659ab82" member_type: VOTER last_known_addr { host: "127.28.69.67" port: 41511 } }
I20260608 12:59:34.671873 29622 tablet_service.cc:1917] Received RequestConsensusVote() RPC: tablet_id: "65b74a51d5d34d48b4b614d6ac0f06e0" candidate_uuid: "8377a25fdd2c4409b1c1fb65091885f6" candidate_term: 1 candidate_status { last_received { term: 0 index: 0 } } ignore_live_leader: false dest_uuid: "4665316355b84d76abefb336f3a24b66"
I20260608 12:59:34.672184 29823 leader_election.cc:290] T 65b74a51d5d34d48b4b614d6ac0f06e0 P 8377a25fdd2c4409b1c1fb65091885f6 [CANDIDATE]: Term 1 election: Requested vote from peers 4665316355b84d76abefb336f3a24b66 (127.28.69.65:42445), ad0f039b29dc499fb69b31b8e659ab82 (127.28.69.67:41511)
I20260608 12:59:34.672467 29622 raft_consensus.cc:3060] T 65b74a51d5d34d48b4b614d6ac0f06e0 P 4665316355b84d76abefb336f3a24b66 [term 0 FOLLOWER]: Advancing to term 1
I20260608 12:59:34.673751 29771 raft_consensus.cc:2468] T 66cc6eeca1bf42c5aa1faf1be9bb7adc P ad0f039b29dc499fb69b31b8e659ab82 [term 1 FOLLOWER]: Leader election vote request: Granting yes vote for candidate 4665316355b84d76abefb336f3a24b66 in term 1.
I20260608 12:59:34.675001 29696 raft_consensus.cc:2468] T c1101f60c897406b8d67e4f226da6a14 P 8377a25fdd2c4409b1c1fb65091885f6 [term 1 FOLLOWER]: Leader election vote request: Granting yes vote for candidate ad0f039b29dc499fb69b31b8e659ab82 in term 1.
I20260608 12:59:34.675676 29587 leader_election.cc:304] T 66cc6eeca1bf42c5aa1faf1be9bb7adc P 4665316355b84d76abefb336f3a24b66 [CANDIDATE]: Term 1 election: Election decided. Result: candidate won. Election summary: received 2 responses out of 3 voters: 2 yes votes; 0 no votes. yes voters: 4665316355b84d76abefb336f3a24b66, ad0f039b29dc499fb69b31b8e659ab82; no voters: 
I20260608 12:59:34.676417 29736 leader_election.cc:304] T c1101f60c897406b8d67e4f226da6a14 P ad0f039b29dc499fb69b31b8e659ab82 [CANDIDATE]: Term 1 election: Election decided. Result: candidate won. Election summary: received 2 responses out of 3 voters: 2 yes votes; 0 no votes. yes voters: 8377a25fdd2c4409b1c1fb65091885f6, ad0f039b29dc499fb69b31b8e659ab82; no voters: 
I20260608 12:59:34.676685 29827 raft_consensus.cc:2804] T 66cc6eeca1bf42c5aa1faf1be9bb7adc P 4665316355b84d76abefb336f3a24b66 [term 1 FOLLOWER]: Leader election won for term 1
I20260608 12:59:34.677237 29827 raft_consensus.cc:697] T 66cc6eeca1bf42c5aa1faf1be9bb7adc P 4665316355b84d76abefb336f3a24b66 [term 1 LEADER]: Becoming Leader. State: Replica: 4665316355b84d76abefb336f3a24b66, State: Running, Role: LEADER
I20260608 12:59:34.678117 29827 consensus_queue.cc:237] T 66cc6eeca1bf42c5aa1faf1be9bb7adc P 4665316355b84d76abefb336f3a24b66 [LEADER]: Queue going to LEADER mode. State: All replicated index: 0, Majority replicated index: 0, Committed index: 0, Last appended: 0.0, Last appended by leader: 0, Current term: 1, Majority size: 2, State: 0, Mode: LEADER, active raft config: opid_index: -1 OBSOLETE_local: false peers { permanent_uuid: "4665316355b84d76abefb336f3a24b66" member_type: VOTER last_known_addr { host: "127.28.69.65" port: 42445 } } peers { permanent_uuid: "8377a25fdd2c4409b1c1fb65091885f6" member_type: VOTER last_known_addr { host: "127.28.69.66" port: 44679 } } peers { permanent_uuid: "ad0f039b29dc499fb69b31b8e659ab82" member_type: VOTER last_known_addr { host: "127.28.69.67" port: 41511 } }
I20260608 12:59:34.679803 29825 raft_consensus.cc:515] T 908082b6e42a42109abc572d84123b00 P ad0f039b29dc499fb69b31b8e659ab82 [term 1 FOLLOWER]: Starting leader election with config: opid_index: -1 OBSOLETE_local: false peers { permanent_uuid: "ad0f039b29dc499fb69b31b8e659ab82" member_type: VOTER last_known_addr { host: "127.28.69.67" port: 41511 } } peers { permanent_uuid: "4665316355b84d76abefb336f3a24b66" member_type: VOTER last_known_addr { host: "127.28.69.65" port: 42445 } } peers { permanent_uuid: "8377a25fdd2c4409b1c1fb65091885f6" member_type: VOTER last_known_addr { host: "127.28.69.66" port: 44679 } }
I20260608 12:59:34.682026 29825 leader_election.cc:290] T 908082b6e42a42109abc572d84123b00 P ad0f039b29dc499fb69b31b8e659ab82 [CANDIDATE]: Term 1 election: Requested vote from peers 4665316355b84d76abefb336f3a24b66 (127.28.69.65:42445), 8377a25fdd2c4409b1c1fb65091885f6 (127.28.69.66:44679)
I20260608 12:59:34.682557 29825 raft_consensus.cc:2804] T c1101f60c897406b8d67e4f226da6a14 P ad0f039b29dc499fb69b31b8e659ab82 [term 1 FOLLOWER]: Leader election won for term 1
I20260608 12:59:34.683014 29825 raft_consensus.cc:697] T c1101f60c897406b8d67e4f226da6a14 P ad0f039b29dc499fb69b31b8e659ab82 [term 1 LEADER]: Becoming Leader. State: Replica: ad0f039b29dc499fb69b31b8e659ab82, State: Running, Role: LEADER
I20260608 12:59:34.683234 29620 tablet_service.cc:1917] Received RequestConsensusVote() RPC: tablet_id: "908082b6e42a42109abc572d84123b00" candidate_uuid: "ad0f039b29dc499fb69b31b8e659ab82" candidate_term: 1 candidate_status { last_received { term: 0 index: 0 } } ignore_live_leader: false dest_uuid: "4665316355b84d76abefb336f3a24b66"
I20260608 12:59:34.684001 29620 raft_consensus.cc:3060] T 908082b6e42a42109abc572d84123b00 P 4665316355b84d76abefb336f3a24b66 [term 0 FOLLOWER]: Advancing to term 1
I20260608 12:59:34.683872 29825 consensus_queue.cc:237] T c1101f60c897406b8d67e4f226da6a14 P ad0f039b29dc499fb69b31b8e659ab82 [LEADER]: Queue going to LEADER mode. State: All replicated index: 0, Majority replicated index: 0, Committed index: 0, Last appended: 0.0, Last appended by leader: 0, Current term: 1, Majority size: 2, State: 0, Mode: LEADER, active raft config: opid_index: -1 OBSOLETE_local: false peers { permanent_uuid: "4665316355b84d76abefb336f3a24b66" member_type: VOTER last_known_addr { host: "127.28.69.65" port: 42445 } } peers { permanent_uuid: "8377a25fdd2c4409b1c1fb65091885f6" member_type: VOTER last_known_addr { host: "127.28.69.66" port: 44679 } } peers { permanent_uuid: "ad0f039b29dc499fb69b31b8e659ab82" member_type: VOTER last_known_addr { host: "127.28.69.67" port: 41511 } }
I20260608 12:59:34.687024 29621 raft_consensus.cc:2468] T c1101f60c897406b8d67e4f226da6a14 P 4665316355b84d76abefb336f3a24b66 [term 1 FOLLOWER]: Leader election vote request: Granting yes vote for candidate ad0f039b29dc499fb69b31b8e659ab82 in term 1.
I20260608 12:59:34.684273 29771 tablet_service.cc:1917] Received RequestConsensusVote() RPC: tablet_id: "65b74a51d5d34d48b4b614d6ac0f06e0" candidate_uuid: "8377a25fdd2c4409b1c1fb65091885f6" candidate_term: 1 candidate_status { last_received { term: 0 index: 0 } } ignore_live_leader: false dest_uuid: "ad0f039b29dc499fb69b31b8e659ab82"
I20260608 12:59:34.688704 29771 raft_consensus.cc:3060] T 65b74a51d5d34d48b4b614d6ac0f06e0 P ad0f039b29dc499fb69b31b8e659ab82 [term 0 FOLLOWER]: Advancing to term 1
I20260608 12:59:34.692303 29620 raft_consensus.cc:2468] T 908082b6e42a42109abc572d84123b00 P 4665316355b84d76abefb336f3a24b66 [term 1 FOLLOWER]: Leader election vote request: Granting yes vote for candidate ad0f039b29dc499fb69b31b8e659ab82 in term 1.
I20260608 12:59:34.693668 29735 leader_election.cc:304] T 908082b6e42a42109abc572d84123b00 P ad0f039b29dc499fb69b31b8e659ab82 [CANDIDATE]: Term 1 election: Election decided. Result: candidate won. Election summary: received 2 responses out of 3 voters: 2 yes votes; 0 no votes. yes voters: 4665316355b84d76abefb336f3a24b66, ad0f039b29dc499fb69b31b8e659ab82; no voters: 
I20260608 12:59:34.704834 29855 leader_election.cc:290] T c1101f60c897406b8d67e4f226da6a14 P ad0f039b29dc499fb69b31b8e659ab82 [CANDIDATE]: Term 1 election: Requested vote from peers 4665316355b84d76abefb336f3a24b66 (127.28.69.65:42445), 8377a25fdd2c4409b1c1fb65091885f6 (127.28.69.66:44679)
I20260608 12:59:34.706420 29855 raft_consensus.cc:2804] T 908082b6e42a42109abc572d84123b00 P ad0f039b29dc499fb69b31b8e659ab82 [term 1 FOLLOWER]: Leader election won for term 1
