I20260608 13:00:56.344854 32240 leader_election.cc:304] T 4caf5e51044744ab8d1799d64a6c8ed6 P 232c4eb554bb4fea95fe2e2eb1895cd0 [CANDIDATE]: Term 2 election: Election decided. Result: candidate won. Election summary: received 2 responses out of 3 voters: 2 yes votes; 0 no votes. yes voters: 1eedea9927484586af5fc73a0a0f1465, 232c4eb554bb4fea95fe2e2eb1895cd0; no voters: 
I20260608 13:00:56.345577 32599 raft_consensus.cc:2804] T 4caf5e51044744ab8d1799d64a6c8ed6 P 232c4eb554bb4fea95fe2e2eb1895cd0 [term 2 FOLLOWER]: Leader election won for term 2
I20260608 13:00:56.345741 31970 raft_consensus.cc:2468] T 4caf5e51044744ab8d1799d64a6c8ed6 P ea5c54714bce4c3da0a46b4d72079637 [term 2 FOLLOWER]: Leader election vote request: Granting yes vote for candidate 232c4eb554bb4fea95fe2e2eb1895cd0 in term 2.
I20260608 13:00:56.346643 32599 raft_consensus.cc:697] T 4caf5e51044744ab8d1799d64a6c8ed6 P 232c4eb554bb4fea95fe2e2eb1895cd0 [term 2 LEADER]: Becoming Leader. State: Replica: 232c4eb554bb4fea95fe2e2eb1895cd0, State: Running, Role: LEADER
I20260608 13:00:56.347584 32599 consensus_queue.cc:237] T 4caf5e51044744ab8d1799d64a6c8ed6 P 232c4eb554bb4fea95fe2e2eb1895cd0 [LEADER]: Queue going to LEADER mode. State: All replicated index: 0, Majority replicated index: 4, Committed index: 4, Last appended: 1.4, Last appended by leader: 4, Current term: 2, Majority size: 2, State: 0, Mode: LEADER, active raft config: opid_index: 4 OBSOLETE_local: false peers { permanent_uuid: "ea5c54714bce4c3da0a46b4d72079637" member_type: VOTER last_known_addr { host: "127.28.85.129" port: 35395 } } peers { permanent_uuid: "1eedea9927484586af5fc73a0a0f1465" member_type: VOTER last_known_addr { host: "127.28.85.130" port: 36853 } } peers { permanent_uuid: "232c4eb554bb4fea95fe2e2eb1895cd0" member_type: VOTER last_known_addr { host: "127.28.85.132" port: 44859 } attrs { promote: false } }
I20260608 13:00:56.354183 31871 catalog_manager.cc:5696] T 4caf5e51044744ab8d1799d64a6c8ed6 P 232c4eb554bb4fea95fe2e2eb1895cd0 reported cstate change: term changed from 1 to 2, leader changed from ea5c54714bce4c3da0a46b4d72079637 (127.28.85.129) to 232c4eb554bb4fea95fe2e2eb1895cd0 (127.28.85.132). New cstate: current_term: 2 leader_uuid: "232c4eb554bb4fea95fe2e2eb1895cd0" committed_config { opid_index: 4 OBSOLETE_local: false peers { permanent_uuid: "ea5c54714bce4c3da0a46b4d72079637" member_type: VOTER last_known_addr { host: "127.28.85.129" port: 35395 } health_report { overall_health: UNKNOWN } } peers { permanent_uuid: "1eedea9927484586af5fc73a0a0f1465" member_type: VOTER last_known_addr { host: "127.28.85.130" port: 36853 } health_report { overall_health: UNKNOWN } } peers { permanent_uuid: "232c4eb554bb4fea95fe2e2eb1895cd0" member_type: VOTER last_known_addr { host: "127.28.85.132" port: 44859 } attrs { promote: false } health_report { overall_health: HEALTHY } } }
W20260608 13:00:56.463860 31919 auto_rebalancer.cc:591] Failed to schedule move for tablet 6934941824ec422e98545c7b67edc6ff: Invalid argument: must modify a field when calling MODIFY_PEER
I20260608 13:00:56.599679 32617 ts_tablet_manager.cc:933] T 6934941824ec422e98545c7b67edc6ff P 71469ce079ac4683a733305f45f1e2bb: Initiating tablet copy from peer ea5c54714bce4c3da0a46b4d72079637 (127.28.85.129:35395)
I20260608 13:00:56.601840 32617 tablet_copy_client.cc:323] T 6934941824ec422e98545c7b67edc6ff P 71469ce079ac4683a733305f45f1e2bb: tablet copy: Beginning tablet copy session from remote peer at address 127.28.85.129:35395
I20260608 13:00:56.603611 31983 tablet_copy_service.cc:140] P ea5c54714bce4c3da0a46b4d72079637: Received BeginTabletCopySession request for tablet 6934941824ec422e98545c7b67edc6ff from peer 71469ce079ac4683a733305f45f1e2bb ({username='slave'} at 127.0.0.1:47820)
I20260608 13:00:56.604197 31983 tablet_copy_service.cc:161] P ea5c54714bce4c3da0a46b4d72079637: Beginning new tablet copy session on tablet 6934941824ec422e98545c7b67edc6ff from peer 71469ce079ac4683a733305f45f1e2bb at {username='slave'} at 127.0.0.1:47820: session id = 71469ce079ac4683a733305f45f1e2bb-6934941824ec422e98545c7b67edc6ff
I20260608 13:00:56.610821 31983 tablet_copy_source_session.cc:215] T 6934941824ec422e98545c7b67edc6ff P ea5c54714bce4c3da0a46b4d72079637: Tablet Copy: opened 0 blocks and 1 log segments
I20260608 13:00:56.614425 32617 data_dirs.cc:400] Could only allocate 1 dirs of requested 3 for tablet 6934941824ec422e98545c7b67edc6ff. 1 dirs total, 0 dirs full, 0 dirs failed
I20260608 13:00:56.626861 32617 tablet_copy_client.cc:806] T 6934941824ec422e98545c7b67edc6ff P 71469ce079ac4683a733305f45f1e2bb: tablet copy: Starting download of 0 data blocks...
I20260608 13:00:56.627516 32617 tablet_copy_client.cc:670] T 6934941824ec422e98545c7b67edc6ff P 71469ce079ac4683a733305f45f1e2bb: tablet copy: Starting download of 1 WAL segments...
I20260608 13:00:56.631332 32617 tablet_copy_client.cc:538] T 6934941824ec422e98545c7b67edc6ff P 71469ce079ac4683a733305f45f1e2bb: tablet copy: Tablet Copy complete. Replacing tablet superblock.
I20260608 13:00:56.637622 32617 tablet_bootstrap.cc:492] T 6934941824ec422e98545c7b67edc6ff P 71469ce079ac4683a733305f45f1e2bb: Bootstrap starting.
I20260608 13:00:56.658273 32617 tablet_bootstrap.cc:492] T 6934941824ec422e98545c7b67edc6ff P 71469ce079ac4683a733305f45f1e2bb: Bootstrap replayed 1/1 log segments. Stats: ops{read=4 overwritten=0 applied=4 ignored=0} inserts{seen=0 ignored=0} mutations{seen=0 ignored=0} orphaned_commits=0. Pending: 0 replicates
I20260608 13:00:56.659065 32617 tablet_bootstrap.cc:492] T 6934941824ec422e98545c7b67edc6ff P 71469ce079ac4683a733305f45f1e2bb: Bootstrap complete.
I20260608 13:00:56.659819 32617 ts_tablet_manager.cc:1403] T 6934941824ec422e98545c7b67edc6ff P 71469ce079ac4683a733305f45f1e2bb: Time spent bootstrapping tablet: real 0.022s	user 0.011s	sys 0.008s
I20260608 13:00:56.663486 32617 raft_consensus.cc:359] T 6934941824ec422e98545c7b67edc6ff P 71469ce079ac4683a733305f45f1e2bb [term 3 LEARNER]: Replica starting. Triggering 0 pending ops. Active config: opid_index: 3 OBSOLETE_local: false peers { permanent_uuid: "232c4eb554bb4fea95fe2e2eb1895cd0" member_type: VOTER last_known_addr { host: "127.28.85.132" port: 44859 } attrs { replace: true } } peers { permanent_uuid: "ea5c54714bce4c3da0a46b4d72079637" member_type: VOTER last_known_addr { host: "127.28.85.129" port: 35395 } } peers { permanent_uuid: "1eedea9927484586af5fc73a0a0f1465" member_type: VOTER last_known_addr { host: "127.28.85.130" port: 36853 } } peers { permanent_uuid: "71469ce079ac4683a733305f45f1e2bb" member_type: NON_VOTER last_known_addr { host: "127.28.85.131" port: 42421 } attrs { promote: true } }
I20260608 13:00:56.664661 32617 raft_consensus.cc:740] T 6934941824ec422e98545c7b67edc6ff P 71469ce079ac4683a733305f45f1e2bb [term 3 LEARNER]: Becoming Follower/Learner. State: Replica: 71469ce079ac4683a733305f45f1e2bb, State: Initialized, Role: LEARNER
I20260608 13:00:56.665351 32617 consensus_queue.cc:260] T 6934941824ec422e98545c7b67edc6ff P 71469ce079ac4683a733305f45f1e2bb [NON_LEADER]: Queue going to NON_LEADER mode. State: All replicated index: 0, Majority replicated index: 0, Committed index: 4, Last appended: 3.4, Last appended by leader: 4, Current term: 0, Majority size: -1, State: 0, Mode: NON_LEADER, active raft config: opid_index: 3 OBSOLETE_local: false peers { permanent_uuid: "232c4eb554bb4fea95fe2e2eb1895cd0" member_type: VOTER last_known_addr { host: "127.28.85.132" port: 44859 } attrs { replace: true } } peers { permanent_uuid: "ea5c54714bce4c3da0a46b4d72079637" member_type: VOTER last_known_addr { host: "127.28.85.129" port: 35395 } } peers { permanent_uuid: "1eedea9927484586af5fc73a0a0f1465" member_type: VOTER last_known_addr { host: "127.28.85.130" port: 36853 } } peers { permanent_uuid: "71469ce079ac4683a733305f45f1e2bb" member_type: NON_VOTER last_known_addr { host: "127.28.85.131" port: 42421 } attrs { promote: true } }
I20260608 13:00:56.668633 32617 ts_tablet_manager.cc:1434] T 6934941824ec422e98545c7b67edc6ff P 71469ce079ac4683a733305f45f1e2bb: Time spent starting tablet: real 0.008s	user 0.010s	sys 0.000s
I20260608 13:00:56.670781 31983 tablet_copy_service.cc:342] P ea5c54714bce4c3da0a46b4d72079637: Request end of tablet copy session 71469ce079ac4683a733305f45f1e2bb-6934941824ec422e98545c7b67edc6ff received from {username='slave'} at 127.0.0.1:47820
I20260608 13:00:56.671346 31983 tablet_copy_service.cc:434] P ea5c54714bce4c3da0a46b4d72079637: ending tablet copy session 71469ce079ac4683a733305f45f1e2bb-6934941824ec422e98545c7b67edc6ff on tablet 6934941824ec422e98545c7b67edc6ff with peer 71469ce079ac4683a733305f45f1e2bb
I20260608 13:00:56.898725 31970 raft_consensus.cc:1275] T 4caf5e51044744ab8d1799d64a6c8ed6 P ea5c54714bce4c3da0a46b4d72079637 [term 2 FOLLOWER]: Refusing update from remote peer 232c4eb554bb4fea95fe2e2eb1895cd0: Log matching property violated. Preceding OpId in replica: term: 1 index: 4. Preceding OpId from leader: term: 2 index: 5. (index mismatch)
I20260608 13:00:56.900230 32599 consensus_queue.cc:1048] T 4caf5e51044744ab8d1799d64a6c8ed6 P 232c4eb554bb4fea95fe2e2eb1895cd0 [LEADER]: Connected to new peer: Peer: permanent_uuid: "ea5c54714bce4c3da0a46b4d72079637" member_type: VOTER last_known_addr { host: "127.28.85.129" port: 35395 }, Status: LMP_MISMATCH, Last received: 0.0, Next index: 5, Last known committed idx: 4, Time since last communication: 0.000s
I20260608 13:00:56.912173 32048 raft_consensus.cc:1275] T 4caf5e51044744ab8d1799d64a6c8ed6 P 1eedea9927484586af5fc73a0a0f1465 [term 2 FOLLOWER]: Refusing update from remote peer 232c4eb554bb4fea95fe2e2eb1895cd0: Log matching property violated. Preceding OpId in replica: term: 1 index: 4. Preceding OpId from leader: term: 2 index: 5. (index mismatch)
I20260608 13:00:56.915536 32599 consensus_queue.cc:1048] T 4caf5e51044744ab8d1799d64a6c8ed6 P 232c4eb554bb4fea95fe2e2eb1895cd0 [LEADER]: Connected to new peer: Peer: permanent_uuid: "1eedea9927484586af5fc73a0a0f1465" member_type: VOTER last_known_addr { host: "127.28.85.130" port: 36853 }, Status: LMP_MISMATCH, Last received: 0.0, Next index: 5, Last known committed idx: 4, Time since last communication: 0.001s
I20260608 13:00:57.120385 32119 raft_consensus.cc:1217] T 6934941824ec422e98545c7b67edc6ff P 71469ce079ac4683a733305f45f1e2bb [term 3 LEARNER]: Deduplicated request from leader. Original: 2.3->[3.4-3.4]   Dedup: 3.4->[]
W20260608 13:00:57.487936 31919 auto_rebalancer.cc:591] Failed to schedule move for tablet 6934941824ec422e98545c7b67edc6ff: Invalid argument: must modify a field when calling MODIFY_PEER
I20260608 13:00:57.522485 32592 raft_consensus.cc:1064] T 6934941824ec422e98545c7b67edc6ff P ea5c54714bce4c3da0a46b4d72079637: attempting to promote NON_VOTER 71469ce079ac4683a733305f45f1e2bb to VOTER
I20260608 13:00:57.524768 32592 consensus_queue.cc:237] T 6934941824ec422e98545c7b67edc6ff P ea5c54714bce4c3da0a46b4d72079637 [LEADER]: Queue going to LEADER mode. State: All replicated index: 0, Majority replicated index: 4, Committed index: 4, Last appended: 3.4, Last appended by leader: 3, Current term: 3, Majority size: 3, State: 0, Mode: LEADER, active raft config: opid_index: 5 OBSOLETE_local: false peers { permanent_uuid: "232c4eb554bb4fea95fe2e2eb1895cd0" member_type: VOTER last_known_addr { host: "127.28.85.132" port: 44859 } attrs { replace: true } } peers { permanent_uuid: "ea5c54714bce4c3da0a46b4d72079637" member_type: VOTER last_known_addr { host: "127.28.85.129" port: 35395 } } peers { permanent_uuid: "1eedea9927484586af5fc73a0a0f1465" member_type: VOTER last_known_addr { host: "127.28.85.130" port: 36853 } } peers { permanent_uuid: "71469ce079ac4683a733305f45f1e2bb" member_type: VOTER last_known_addr { host: "127.28.85.131" port: 42421 } attrs { promote: false } }
I20260608 13:00:57.531445 32119 raft_consensus.cc:1275] T 6934941824ec422e98545c7b67edc6ff P 71469ce079ac4683a733305f45f1e2bb [term 3 LEARNER]: Refusing update from remote peer ea5c54714bce4c3da0a46b4d72079637: Log matching property violated. Preceding OpId in replica: term: 3 index: 4. Preceding OpId from leader: term: 3 index: 5. (index mismatch)
I20260608 13:00:57.531788 32048 raft_consensus.cc:1275] T 6934941824ec422e98545c7b67edc6ff P 1eedea9927484586af5fc73a0a0f1465 [term 3 FOLLOWER]: Refusing update from remote peer ea5c54714bce4c3da0a46b4d72079637: Log matching property violated. Preceding OpId in replica: term: 3 index: 4. Preceding OpId from leader: term: 3 index: 5. (index mismatch)
I20260608 13:00:57.532117 32275 raft_consensus.cc:1275] T 6934941824ec422e98545c7b67edc6ff P 232c4eb554bb4fea95fe2e2eb1895cd0 [term 3 FOLLOWER]: Refusing update from remote peer ea5c54714bce4c3da0a46b4d72079637: Log matching property violated. Preceding OpId in replica: term: 3 index: 4. Preceding OpId from leader: term: 3 index: 5. (index mismatch)
I20260608 13:00:57.533542 32605 consensus_queue.cc:1048] T 6934941824ec422e98545c7b67edc6ff P ea5c54714bce4c3da0a46b4d72079637 [LEADER]: Connected to new peer: Peer: permanent_uuid: "71469ce079ac4683a733305f45f1e2bb" member_type: VOTER last_known_addr { host: "127.28.85.131" port: 42421 } attrs { promote: false }, Status: LMP_MISMATCH, Last received: 0.0, Next index: 5, Last known committed idx: 4, Time since last communication: 0.001s
I20260608 13:00:57.534462 32592 consensus_queue.cc:1048] T 6934941824ec422e98545c7b67edc6ff P ea5c54714bce4c3da0a46b4d72079637 [LEADER]: Connected to new peer: Peer: permanent_uuid: "1eedea9927484586af5fc73a0a0f1465" member_type: VOTER last_known_addr { host: "127.28.85.130" port: 36853 }, Status: LMP_MISMATCH, Last received: 0.0, Next index: 5, Last known committed idx: 4, Time since last communication: 0.000s
I20260608 13:00:57.535213 32628 consensus_queue.cc:1048] T 6934941824ec422e98545c7b67edc6ff P ea5c54714bce4c3da0a46b4d72079637 [LEADER]: Connected to new peer: Peer: permanent_uuid: "232c4eb554bb4fea95fe2e2eb1895cd0" member_type: VOTER last_known_addr { host: "127.28.85.132" port: 44859 } attrs { replace: true }, Status: LMP_MISMATCH, Last received: 0.0, Next index: 5, Last known committed idx: 4, Time since last communication: 0.000s
I20260608 13:00:57.547370 32628 raft_consensus.cc:2955] T 6934941824ec422e98545c7b67edc6ff P ea5c54714bce4c3da0a46b4d72079637 [term 3 LEADER]: Committing config change with OpId 3.5: config changed from index 3 to 5, 71469ce079ac4683a733305f45f1e2bb (127.28.85.131) changed from NON_VOTER to VOTER. New config: { opid_index: 5 OBSOLETE_local: false peers { permanent_uuid: "232c4eb554bb4fea95fe2e2eb1895cd0" member_type: VOTER last_known_addr { host: "127.28.85.132" port: 44859 } attrs { replace: true } } peers { permanent_uuid: "ea5c54714bce4c3da0a46b4d72079637" member_type: VOTER last_known_addr { host: "127.28.85.129" port: 35395 } } peers { permanent_uuid: "1eedea9927484586af5fc73a0a0f1465" member_type: VOTER last_known_addr { host: "127.28.85.130" port: 36853 } } peers { permanent_uuid: "71469ce079ac4683a733305f45f1e2bb" member_type: VOTER last_known_addr { host: "127.28.85.131" port: 42421 } attrs { promote: false } } }
I20260608 13:00:57.549675 32048 raft_consensus.cc:2955] T 6934941824ec422e98545c7b67edc6ff P 1eedea9927484586af5fc73a0a0f1465 [term 3 FOLLOWER]: Committing config change with OpId 3.5: config changed from index 3 to 5, 71469ce079ac4683a733305f45f1e2bb (127.28.85.131) changed from NON_VOTER to VOTER. New config: { opid_index: 5 OBSOLETE_local: false peers { permanent_uuid: "232c4eb554bb4fea95fe2e2eb1895cd0" member_type: VOTER last_known_addr { host: "127.28.85.132" port: 44859 } attrs { replace: true } } peers { permanent_uuid: "ea5c54714bce4c3da0a46b4d72079637" member_type: VOTER last_known_addr { host: "127.28.85.129" port: 35395 } } peers { permanent_uuid: "1eedea9927484586af5fc73a0a0f1465" member_type: VOTER last_known_addr { host: "127.28.85.130" port: 36853 } } peers { permanent_uuid: "71469ce079ac4683a733305f45f1e2bb" member_type: VOTER last_known_addr { host: "127.28.85.131" port: 42421 } attrs { promote: false } } }
I20260608 13:00:57.549166 32275 raft_consensus.cc:2955] T 6934941824ec422e98545c7b67edc6ff P 232c4eb554bb4fea95fe2e2eb1895cd0 [term 3 FOLLOWER]: Committing config change with OpId 3.5: config changed from index 3 to 5, 71469ce079ac4683a733305f45f1e2bb (127.28.85.131) changed from NON_VOTER to VOTER. New config: { opid_index: 5 OBSOLETE_local: false peers { permanent_uuid: "232c4eb554bb4fea95fe2e2eb1895cd0" member_type: VOTER last_known_addr { host: "127.28.85.132" port: 44859 } attrs { replace: true } } peers { permanent_uuid: "ea5c54714bce4c3da0a46b4d72079637" member_type: VOTER last_known_addr { host: "127.28.85.129" port: 35395 } } peers { permanent_uuid: "1eedea9927484586af5fc73a0a0f1465" member_type: VOTER last_known_addr { host: "127.28.85.130" port: 36853 } } peers { permanent_uuid: "71469ce079ac4683a733305f45f1e2bb" member_type: VOTER last_known_addr { host: "127.28.85.131" port: 42421 } attrs { promote: false } } }
I20260608 13:00:57.557374 32119 raft_consensus.cc:2955] T 6934941824ec422e98545c7b67edc6ff P 71469ce079ac4683a733305f45f1e2bb [term 3 FOLLOWER]: Committing config change with OpId 3.5: config changed from index 3 to 5, 71469ce079ac4683a733305f45f1e2bb (127.28.85.131) changed from NON_VOTER to VOTER. New config: { opid_index: 5 OBSOLETE_local: false peers { permanent_uuid: "232c4eb554bb4fea95fe2e2eb1895cd0" member_type: VOTER last_known_addr { host: "127.28.85.132" port: 44859 } attrs { replace: true } } peers { permanent_uuid: "ea5c54714bce4c3da0a46b4d72079637" member_type: VOTER last_known_addr { host: "127.28.85.129" port: 35395 } } peers { permanent_uuid: "1eedea9927484586af5fc73a0a0f1465" member_type: VOTER last_known_addr { host: "127.28.85.130" port: 36853 } } peers { permanent_uuid: "71469ce079ac4683a733305f45f1e2bb" member_type: VOTER last_known_addr { host: "127.28.85.131" port: 42421 } attrs { promote: false } } }
I20260608 13:00:57.562381 31871 catalog_manager.cc:5696] T 6934941824ec422e98545c7b67edc6ff P ea5c54714bce4c3da0a46b4d72079637 reported cstate change: config changed from index 3 to 5, 71469ce079ac4683a733305f45f1e2bb (127.28.85.131) changed from NON_VOTER to VOTER. New cstate: current_term: 3 leader_uuid: "ea5c54714bce4c3da0a46b4d72079637" committed_config { opid_index: 5 OBSOLETE_local: false peers { permanent_uuid: "232c4eb554bb4fea95fe2e2eb1895cd0" member_type: VOTER last_known_addr { host: "127.28.85.132" port: 44859 } attrs { replace: true } health_report { overall_health: HEALTHY } } peers { permanent_uuid: "ea5c54714bce4c3da0a46b4d72079637" member_type: VOTER last_known_addr { host: "127.28.85.129" port: 35395 } health_report { overall_health: HEALTHY } } peers { permanent_uuid: "1eedea9927484586af5fc73a0a0f1465" member_type: VOTER last_known_addr { host: "127.28.85.130" port: 36853 } health_report { overall_health: HEALTHY } } peers { permanent_uuid: "71469ce079ac4683a733305f45f1e2bb" member_type: VOTER last_known_addr { host: "127.28.85.131" port: 42421 } attrs { promote: false } health_report { overall_health: HEALTHY } } }
I20260608 13:00:57.587121 31970 consensus_queue.cc:237] T 6934941824ec422e98545c7b67edc6ff P ea5c54714bce4c3da0a46b4d72079637 [LEADER]: Queue going to LEADER mode. State: All replicated index: 0, Majority replicated index: 5, Committed index: 5, Last appended: 3.5, Last appended by leader: 3, Current term: 3, Majority size: 2, State: 0, Mode: LEADER, active raft config: opid_index: 6 OBSOLETE_local: false peers { permanent_uuid: "ea5c54714bce4c3da0a46b4d72079637" member_type: VOTER last_known_addr { host: "127.28.85.129" port: 35395 } } peers { permanent_uuid: "1eedea9927484586af5fc73a0a0f1465" member_type: VOTER last_known_addr { host: "127.28.85.130" port: 36853 } } peers { permanent_uuid: "71469ce079ac4683a733305f45f1e2bb" member_type: VOTER last_known_addr { host: "127.28.85.131" port: 42421 } attrs { promote: false } }
I20260608 13:00:57.593400 32119 raft_consensus.cc:1275] T 6934941824ec422e98545c7b67edc6ff P 71469ce079ac4683a733305f45f1e2bb [term 3 FOLLOWER]: Refusing update from remote peer ea5c54714bce4c3da0a46b4d72079637: Log matching property violated. Preceding OpId in replica: term: 3 index: 5. Preceding OpId from leader: term: 3 index: 6. (index mismatch)
I20260608 13:00:57.596598 32047 raft_consensus.cc:1275] T 6934941824ec422e98545c7b67edc6ff P 1eedea9927484586af5fc73a0a0f1465 [term 3 FOLLOWER]: Refusing update from remote peer ea5c54714bce4c3da0a46b4d72079637: Log matching property violated. Preceding OpId in replica: term: 3 index: 5. Preceding OpId from leader: term: 3 index: 6. (index mismatch)
I20260608 13:00:57.596415 32628 consensus_queue.cc:1048] T 6934941824ec422e98545c7b67edc6ff P ea5c54714bce4c3da0a46b4d72079637 [LEADER]: Connected to new peer: Peer: permanent_uuid: "71469ce079ac4683a733305f45f1e2bb" member_type: VOTER last_known_addr { host: "127.28.85.131" port: 42421 } attrs { promote: false }, Status: LMP_MISMATCH, Last received: 0.0, Next index: 6, Last known committed idx: 5, Time since last communication: 0.000s
I20260608 13:00:57.598417 32605 consensus_queue.cc:1048] T 6934941824ec422e98545c7b67edc6ff P ea5c54714bce4c3da0a46b4d72079637 [LEADER]: Connected to new peer: Peer: permanent_uuid: "1eedea9927484586af5fc73a0a0f1465" member_type: VOTER last_known_addr { host: "127.28.85.130" port: 36853 }, Status: LMP_MISMATCH, Last received: 0.0, Next index: 6, Last known committed idx: 5, Time since last communication: 0.000s
I20260608 13:00:57.605638 32592 raft_consensus.cc:2955] T 6934941824ec422e98545c7b67edc6ff P ea5c54714bce4c3da0a46b4d72079637 [term 3 LEADER]: Committing config change with OpId 3.6: config changed from index 5 to 6, VOTER 232c4eb554bb4fea95fe2e2eb1895cd0 (127.28.85.132) evicted. New config: { opid_index: 6 OBSOLETE_local: false peers { permanent_uuid: "ea5c54714bce4c3da0a46b4d72079637" member_type: VOTER last_known_addr { host: "127.28.85.129" port: 35395 } } peers { permanent_uuid: "1eedea9927484586af5fc73a0a0f1465" member_type: VOTER last_known_addr { host: "127.28.85.130" port: 36853 } } peers { permanent_uuid: "71469ce079ac4683a733305f45f1e2bb" member_type: VOTER last_known_addr { host: "127.28.85.131" port: 42421 } attrs { promote: false } } }
I20260608 13:00:57.608831 32122 raft_consensus.cc:2955] T 6934941824ec422e98545c7b67edc6ff P 71469ce079ac4683a733305f45f1e2bb [term 3 FOLLOWER]: Committing config change with OpId 3.6: config changed from index 5 to 6, VOTER 232c4eb554bb4fea95fe2e2eb1895cd0 (127.28.85.132) evicted. New config: { opid_index: 6 OBSOLETE_local: false peers { permanent_uuid: "ea5c54714bce4c3da0a46b4d72079637" member_type: VOTER last_known_addr { host: "127.28.85.129" port: 35395 } } peers { permanent_uuid: "1eedea9927484586af5fc73a0a0f1465" member_type: VOTER last_known_addr { host: "127.28.85.130" port: 36853 } } peers { permanent_uuid: "71469ce079ac4683a733305f45f1e2bb" member_type: VOTER last_known_addr { host: "127.28.85.131" port: 42421 } attrs { promote: false } } }
I20260608 13:00:57.607156 32047 raft_consensus.cc:2955] T 6934941824ec422e98545c7b67edc6ff P 1eedea9927484586af5fc73a0a0f1465 [term 3 FOLLOWER]: Committing config change with OpId 3.6: config changed from index 5 to 6, VOTER 232c4eb554bb4fea95fe2e2eb1895cd0 (127.28.85.132) evicted. New config: { opid_index: 6 OBSOLETE_local: false peers { permanent_uuid: "ea5c54714bce4c3da0a46b4d72079637" member_type: VOTER last_known_addr { host: "127.28.85.129" port: 35395 } } peers { permanent_uuid: "1eedea9927484586af5fc73a0a0f1465" member_type: VOTER last_known_addr { host: "127.28.85.130" port: 36853 } } peers { permanent_uuid: "71469ce079ac4683a733305f45f1e2bb" member_type: VOTER last_known_addr { host: "127.28.85.131" port: 42421 } attrs { promote: false } } }
I20260608 13:00:57.616405 31855 catalog_manager.cc:5209] ChangeConfig:REMOVE_PEER RPC for tablet 6934941824ec422e98545c7b67edc6ff with cas_config_opid_index 5: ChangeConfig:REMOVE_PEER succeeded (attempt 1)
I20260608 13:00:57.623615 31867 catalog_manager.cc:5696] T 6934941824ec422e98545c7b67edc6ff P 1eedea9927484586af5fc73a0a0f1465 reported cstate change: config changed from index 5 to 6, VOTER 232c4eb554bb4fea95fe2e2eb1895cd0 (127.28.85.132) evicted. New cstate: current_term: 3 leader_uuid: "ea5c54714bce4c3da0a46b4d72079637" committed_config { opid_index: 6 OBSOLETE_local: false peers { permanent_uuid: "ea5c54714bce4c3da0a46b4d72079637" member_type: VOTER last_known_addr { host: "127.28.85.129" port: 35395 } } peers { permanent_uuid: "1eedea9927484586af5fc73a0a0f1465" member_type: VOTER last_known_addr { host: "127.28.85.130" port: 36853 } } peers { permanent_uuid: "71469ce079ac4683a733305f45f1e2bb" member_type: VOTER last_known_addr { host: "127.28.85.131" port: 42421 } attrs { promote: false } } }
I20260608 13:00:57.635196 32268 tablet_service.cc:1558] Processing DeleteTablet for tablet 6934941824ec422e98545c7b67edc6ff with delete_type TABLET_DATA_TOMBSTONED (TS 232c4eb554bb4fea95fe2e2eb1895cd0 not found in new config with opid_index 6) from {username='slave'} at 127.0.0.1:42774
I20260608 13:00:57.639490 32637 tablet_replica.cc:333] T 6934941824ec422e98545c7b67edc6ff P 232c4eb554bb4fea95fe2e2eb1895cd0: stopping tablet replica
I20260608 13:00:57.640458 32637 raft_consensus.cc:2243] T 6934941824ec422e98545c7b67edc6ff P 232c4eb554bb4fea95fe2e2eb1895cd0 [term 3 FOLLOWER]: Raft consensus shutting down.
I20260608 13:00:57.641253 32637 raft_consensus.cc:2272] T 6934941824ec422e98545c7b67edc6ff P 232c4eb554bb4fea95fe2e2eb1895cd0 [term 3 FOLLOWER]: Raft consensus is shut down!
I20260608 13:00:57.644147 32637 ts_tablet_manager.cc:1916] T 6934941824ec422e98545c7b67edc6ff P 232c4eb554bb4fea95fe2e2eb1895cd0: Deleting tablet data with delete state TABLET_DATA_TOMBSTONED
I20260608 13:00:57.655921 32637 ts_tablet_manager.cc:1929] T 6934941824ec422e98545c7b67edc6ff P 232c4eb554bb4fea95fe2e2eb1895cd0: tablet deleted with delete type TABLET_DATA_TOMBSTONED: last-logged OpId 3.5
I20260608 13:00:57.656286 32637 log.cc:1199] T 6934941824ec422e98545c7b67edc6ff P 232c4eb554bb4fea95fe2e2eb1895cd0: Deleting WAL directory at /tmp/dist-test-tasksCFNkY/test-tmp/auto_rebalancer-test.0.AutoRebalancerTest.RangeAwareRebalancesNewRangeReplicas.1780923565771997-29014-0/minicluster-data/ts-3-root/wals/6934941824ec422e98545c7b67edc6ff
I20260608 13:00:57.657888 31857 catalog_manager.cc:5027] TS 232c4eb554bb4fea95fe2e2eb1895cd0 (127.28.85.132:44859): tablet 6934941824ec422e98545c7b67edc6ff (table range_aware_rebalance_new_range [id=6cebbeae91ea4c4d8cafe73516e3e27c]) successfully deleted
I20260608 13:00:57.702814 29014 tablet_server.cc:179] TabletServer@127.28.85.129:0 shutting down...
W20260608 13:00:57.730326 32240 consensus_peers.cc:597] T 5e9e775701264f78b5da84eb039e71ec P 232c4eb554bb4fea95fe2e2eb1895cd0 -> Peer ea5c54714bce4c3da0a46b4d72079637 (127.28.85.129:35395): Couldn't send request to peer ea5c54714bce4c3da0a46b4d72079637. Status: Remote error: Service unavailable: service kudu.consensus.ConsensusService not registered on TabletServer. This is attempt 1: this message will repeat every 5th retry.
I20260608 13:00:57.739953 29014 ts_tablet_manager.cc:1507] Shutting down tablet manager...
I20260608 13:00:57.740988 29014 tablet_replica.cc:333] T 3928c0b8a2e94153a52c382d76ebd0dc P ea5c54714bce4c3da0a46b4d72079637: stopping tablet replica
I20260608 13:00:57.742130 29014 raft_consensus.cc:2243] T 3928c0b8a2e94153a52c382d76ebd0dc P ea5c54714bce4c3da0a46b4d72079637 [term 1 FOLLOWER]: Raft consensus shutting down.
I20260608 13:00:57.742854 29014 raft_consensus.cc:2272] T 3928c0b8a2e94153a52c382d76ebd0dc P ea5c54714bce4c3da0a46b4d72079637 [term 1 FOLLOWER]: Raft consensus is shut down!
I20260608 13:00:57.745220 29014 tablet_replica.cc:333] T 3a4739d729b24d7da206fd75b614e9d7 P ea5c54714bce4c3da0a46b4d72079637: stopping tablet replica
I20260608 13:00:57.745750 29014 raft_consensus.cc:2243] T 3a4739d729b24d7da206fd75b614e9d7 P ea5c54714bce4c3da0a46b4d72079637 [term 3 FOLLOWER]: Raft consensus shutting down.
I20260608 13:00:57.746153 29014 raft_consensus.cc:2272] T 3a4739d729b24d7da206fd75b614e9d7 P ea5c54714bce4c3da0a46b4d72079637 [term 3 FOLLOWER]: Raft consensus is shut down!
I20260608 13:00:57.748032 29014 tablet_replica.cc:333] T 3465cfcb681c41cca7bbdbec1a68b71c P ea5c54714bce4c3da0a46b4d72079637: stopping tablet replica
I20260608 13:00:57.748594 29014 raft_consensus.cc:2243] T 3465cfcb681c41cca7bbdbec1a68b71c P ea5c54714bce4c3da0a46b4d72079637 [term 3 LEADER]: Raft consensus shutting down.
I20260608 13:00:57.749410 29014 raft_consensus.cc:2272] T 3465cfcb681c41cca7bbdbec1a68b71c P ea5c54714bce4c3da0a46b4d72079637 [term 3 FOLLOWER]: Raft consensus is shut down!
I20260608 13:00:57.751309 29014 tablet_replica.cc:333] T 9f369472e61c42ffaad5d8a1f95a987d P ea5c54714bce4c3da0a46b4d72079637: stopping tablet replica
I20260608 13:00:57.751837 29014 raft_consensus.cc:2243] T 9f369472e61c42ffaad5d8a1f95a987d P ea5c54714bce4c3da0a46b4d72079637 [term 2 FOLLOWER]: Raft consensus shutting down.
I20260608 13:00:57.752276 29014 raft_consensus.cc:2272] T 9f369472e61c42ffaad5d8a1f95a987d P ea5c54714bce4c3da0a46b4d72079637 [term 2 FOLLOWER]: Raft consensus is shut down!
I20260608 13:00:57.754151 29014 tablet_replica.cc:333] T 6934941824ec422e98545c7b67edc6ff P ea5c54714bce4c3da0a46b4d72079637: stopping tablet replica
I20260608 13:00:57.754690 29014 raft_consensus.cc:2243] T 6934941824ec422e98545c7b67edc6ff P ea5c54714bce4c3da0a46b4d72079637 [term 3 LEADER]: Raft consensus shutting down.
I20260608 13:00:57.755388 29014 raft_consensus.cc:2272] T 6934941824ec422e98545c7b67edc6ff P ea5c54714bce4c3da0a46b4d72079637 [term 3 FOLLOWER]: Raft consensus is shut down!
I20260608 13:00:57.757767 29014 tablet_replica.cc:333] T b1285b4852c240d3bf8f584a992f188b P ea5c54714bce4c3da0a46b4d72079637: stopping tablet replica
I20260608 13:00:57.758489 29014 raft_consensus.cc:2243] T b1285b4852c240d3bf8f584a992f188b P ea5c54714bce4c3da0a46b4d72079637 [term 1 FOLLOWER]: Raft consensus shutting down.
I20260608 13:00:57.759419 29014 raft_consensus.cc:2272] T b1285b4852c240d3bf8f584a992f188b P ea5c54714bce4c3da0a46b4d72079637 [term 1 FOLLOWER]: Raft consensus is shut down!
I20260608 13:00:57.762270 29014 tablet_replica.cc:333] T 4caf5e51044744ab8d1799d64a6c8ed6 P ea5c54714bce4c3da0a46b4d72079637: stopping tablet replica
I20260608 13:00:57.762871 29014 raft_consensus.cc:2243] T 4caf5e51044744ab8d1799d64a6c8ed6 P ea5c54714bce4c3da0a46b4d72079637 [term 2 FOLLOWER]: Raft consensus shutting down.
I20260608 13:00:57.763319 29014 raft_consensus.cc:2272] T 4caf5e51044744ab8d1799d64a6c8ed6 P ea5c54714bce4c3da0a46b4d72079637 [term 2 FOLLOWER]: Raft consensus is shut down!
I20260608 13:00:57.766462 29014 tablet_replica.cc:333] T a25344c037ec48ceac82c3f676f3cb72 P ea5c54714bce4c3da0a46b4d72079637: stopping tablet replica
I20260608 13:00:57.767341 29014 raft_consensus.cc:2243] T a25344c037ec48ceac82c3f676f3cb72 P ea5c54714bce4c3da0a46b4d72079637 [term 1 LEADER]: Raft consensus shutting down.
W20260608 13:00:57.768280 32240 consensus_peers.cc:597] T 4caf5e51044744ab8d1799d64a6c8ed6 P 232c4eb554bb4fea95fe2e2eb1895cd0 -> Peer ea5c54714bce4c3da0a46b4d72079637 (127.28.85.129:35395): Couldn't send request to peer ea5c54714bce4c3da0a46b4d72079637. Status: Remote error: Service unavailable: service kudu.consensus.ConsensusService not registered on TabletServer. This is attempt 1: this message will repeat every 5th retry.
I20260608 13:00:57.768301 29014 raft_consensus.cc:2272] T a25344c037ec48ceac82c3f676f3cb72 P ea5c54714bce4c3da0a46b4d72079637 [term 1 FOLLOWER]: Raft consensus is shut down!
I20260608 13:00:57.770462 29014 tablet_replica.cc:333] T 5e9e775701264f78b5da84eb039e71ec P ea5c54714bce4c3da0a46b4d72079637: stopping tablet replica
I20260608 13:00:57.771062 29014 raft_consensus.cc:2243] T 5e9e775701264f78b5da84eb039e71ec P ea5c54714bce4c3da0a46b4d72079637 [term 3 FOLLOWER]: Raft consensus shutting down.
I20260608 13:00:57.771467 29014 raft_consensus.cc:2272] T 5e9e775701264f78b5da84eb039e71ec P ea5c54714bce4c3da0a46b4d72079637 [term 3 FOLLOWER]: Raft consensus is shut down!
I20260608 13:00:57.773399 29014 tablet_replica.cc:333] T e5a63a03c910444788bd884a45916116 P ea5c54714bce4c3da0a46b4d72079637: stopping tablet replica
I20260608 13:00:57.774009 29014 raft_consensus.cc:2243] T e5a63a03c910444788bd884a45916116 P ea5c54714bce4c3da0a46b4d72079637 [term 2 FOLLOWER]: Raft consensus shutting down.
I20260608 13:00:57.774636 29014 raft_consensus.cc:2272] T e5a63a03c910444788bd884a45916116 P ea5c54714bce4c3da0a46b4d72079637 [term 2 FOLLOWER]: Raft consensus is shut down!
I20260608 13:00:57.776722 29014 tablet_replica.cc:333] T 290e1d3da9b6466990fced6b8ed9fe6a P ea5c54714bce4c3da0a46b4d72079637: stopping tablet replica
I20260608 13:00:57.777155 29014 raft_consensus.cc:2243] T 290e1d3da9b6466990fced6b8ed9fe6a P ea5c54714bce4c3da0a46b4d72079637 [term 1 LEADER]: Raft consensus shutting down.
I20260608 13:00:57.777851 29014 raft_consensus.cc:2272] T 290e1d3da9b6466990fced6b8ed9fe6a P ea5c54714bce4c3da0a46b4d72079637 [term 1 FOLLOWER]: Raft consensus is shut down!
I20260608 13:00:57.779683 29014 tablet_replica.cc:333] T 22a937d34519419a8bf5804acc17c655 P ea5c54714bce4c3da0a46b4d72079637: stopping tablet replica
I20260608 13:00:57.780076 29014 raft_consensus.cc:2243] T 22a937d34519419a8bf5804acc17c655 P ea5c54714bce4c3da0a46b4d72079637 [term 2 FOLLOWER]: Raft consensus shutting down.
I20260608 13:00:57.780539 29014 raft_consensus.cc:2272] T 22a937d34519419a8bf5804acc17c655 P ea5c54714bce4c3da0a46b4d72079637 [term 2 FOLLOWER]: Raft consensus is shut down!
I20260608 13:00:57.813126 29014 tablet_server.cc:196] TabletServer@127.28.85.129:0 shutdown complete.
I20260608 13:00:57.841604 29014 tablet_server.cc:179] TabletServer@127.28.85.130:0 shutting down...
I20260608 13:00:57.869472 29014 ts_tablet_manager.cc:1507] Shutting down tablet manager...
I20260608 13:00:57.870395 29014 tablet_replica.cc:333] T 3928c0b8a2e94153a52c382d76ebd0dc P 1eedea9927484586af5fc73a0a0f1465: stopping tablet replica
I20260608 13:00:57.871287 29014 raft_consensus.cc:2243] T 3928c0b8a2e94153a52c382d76ebd0dc P 1eedea9927484586af5fc73a0a0f1465 [term 1 FOLLOWER]: Raft consensus shutting down.
I20260608 13:00:57.871744 29014 raft_consensus.cc:2272] T 3928c0b8a2e94153a52c382d76ebd0dc P 1eedea9927484586af5fc73a0a0f1465 [term 1 FOLLOWER]: Raft consensus is shut down!
I20260608 13:00:57.873703 29014 tablet_replica.cc:333] T 396a25588a334840ae933f1450849106 P 1eedea9927484586af5fc73a0a0f1465: stopping tablet replica
I20260608 13:00:57.874183 29014 raft_consensus.cc:2243] T 396a25588a334840ae933f1450849106 P 1eedea9927484586af5fc73a0a0f1465 [term 1 FOLLOWER]: Raft consensus shutting down.
I20260608 13:00:57.874567 29014 raft_consensus.cc:2272] T 396a25588a334840ae933f1450849106 P 1eedea9927484586af5fc73a0a0f1465 [term 1 FOLLOWER]: Raft consensus is shut down!
I20260608 13:00:57.876583 29014 tablet_replica.cc:333] T 3a4739d729b24d7da206fd75b614e9d7 P 1eedea9927484586af5fc73a0a0f1465: stopping tablet replica
I20260608 13:00:57.877238 29014 raft_consensus.cc:2243] T 3a4739d729b24d7da206fd75b614e9d7 P 1eedea9927484586af5fc73a0a0f1465 [term 3 FOLLOWER]: Raft consensus shutting down.
I20260608 13:00:57.877682 29014 raft_consensus.cc:2272] T 3a4739d729b24d7da206fd75b614e9d7 P 1eedea9927484586af5fc73a0a0f1465 [term 3 FOLLOWER]: Raft consensus is shut down!
I20260608 13:00:57.879448 29014 tablet_replica.cc:333] T 14083be5f178465d8e77a35fe7658da7 P 1eedea9927484586af5fc73a0a0f1465: stopping tablet replica
I20260608 13:00:57.879967 29014 raft_consensus.cc:2243] T 14083be5f178465d8e77a35fe7658da7 P 1eedea9927484586af5fc73a0a0f1465 [term 1 LEADER]: Raft consensus shutting down.
I20260608 13:00:57.880797 29014 raft_consensus.cc:2272] T 14083be5f178465d8e77a35fe7658da7 P 1eedea9927484586af5fc73a0a0f1465 [term 1 FOLLOWER]: Raft consensus is shut down!
I20260608 13:00:57.882839 29014 tablet_replica.cc:333] T 4caf5e51044744ab8d1799d64a6c8ed6 P 1eedea9927484586af5fc73a0a0f1465: stopping tablet replica
I20260608 13:00:57.883517 29014 raft_consensus.cc:2243] T 4caf5e51044744ab8d1799d64a6c8ed6 P 1eedea9927484586af5fc73a0a0f1465 [term 2 FOLLOWER]: Raft consensus shutting down.
I20260608 13:00:57.883940 29014 raft_consensus.cc:2272] T 4caf5e51044744ab8d1799d64a6c8ed6 P 1eedea9927484586af5fc73a0a0f1465 [term 2 FOLLOWER]: Raft consensus is shut down!
I20260608 13:00:57.886440 29014 tablet_replica.cc:333] T a25344c037ec48ceac82c3f676f3cb72 P 1eedea9927484586af5fc73a0a0f1465: stopping tablet replica
I20260608 13:00:57.887008 29014 raft_consensus.cc:2243] T a25344c037ec48ceac82c3f676f3cb72 P 1eedea9927484586af5fc73a0a0f1465 [term 1 FOLLOWER]: Raft consensus shutting down.
I20260608 13:00:57.887426 29014 raft_consensus.cc:2272] T a25344c037ec48ceac82c3f676f3cb72 P 1eedea9927484586af5fc73a0a0f1465 [term 1 FOLLOWER]: Raft consensus is shut down!
I20260608 13:00:57.890044 29014 tablet_replica.cc:333] T 9f369472e61c42ffaad5d8a1f95a987d P 1eedea9927484586af5fc73a0a0f1465: stopping tablet replica
I20260608 13:00:57.890828 29014 raft_consensus.cc:2243] T 9f369472e61c42ffaad5d8a1f95a987d P 1eedea9927484586af5fc73a0a0f1465 [term 2 FOLLOWER]: Raft consensus shutting down.
I20260608 13:00:57.891311 29014 raft_consensus.cc:2272] T 9f369472e61c42ffaad5d8a1f95a987d P 1eedea9927484586af5fc73a0a0f1465 [term 2 FOLLOWER]: Raft consensus is shut down!
I20260608 13:00:57.893225 29014 tablet_replica.cc:333] T d669b177057c4145bf0368183a9f7431 P 1eedea9927484586af5fc73a0a0f1465: stopping tablet replica
I20260608 13:00:57.893729 29014 raft_consensus.cc:2243] T d669b177057c4145bf0368183a9f7431 P 1eedea9927484586af5fc73a0a0f1465 [term 1 FOLLOWER]: Raft consensus shutting down.
I20260608 13:00:57.894291 29014 raft_consensus.cc:2272] T d669b177057c4145bf0368183a9f7431 P 1eedea9927484586af5fc73a0a0f1465 [term 1 FOLLOWER]: Raft consensus is shut down!
I20260608 13:00:57.896176 29014 tablet_replica.cc:333] T 6d8957da0fc342b687595cb449948fc6 P 1eedea9927484586af5fc73a0a0f1465: stopping tablet replica
I20260608 13:00:57.896978 29014 raft_consensus.cc:2243] T 6d8957da0fc342b687595cb449948fc6 P 1eedea9927484586af5fc73a0a0f1465 [term 1 LEADER]: Raft consensus shutting down.
I20260608 13:00:57.897110 31924 auto_leader_rebalancer.cc:140] leader rebalance for table range_aware_rebalance_new_range
I20260608 13:00:57.898201 29014 raft_consensus.cc:2272] T 6d8957da0fc342b687595cb449948fc6 P 1eedea9927484586af5fc73a0a0f1465 [term 1 FOLLOWER]: Raft consensus is shut down!
I20260608 13:00:57.901243 29014 tablet_replica.cc:333] T 6934941824ec422e98545c7b67edc6ff P 1eedea9927484586af5fc73a0a0f1465: stopping tablet replica
I20260608 13:00:57.902029 29014 raft_consensus.cc:2243] T 6934941824ec422e98545c7b67edc6ff P 1eedea9927484586af5fc73a0a0f1465 [term 3 FOLLOWER]: Raft consensus shutting down.
I20260608 13:00:57.902830 29014 raft_consensus.cc:2272] T 6934941824ec422e98545c7b67edc6ff P 1eedea9927484586af5fc73a0a0f1465 [term 3 FOLLOWER]: Raft consensus is shut down!
I20260608 13:00:57.905929 29014 tablet_replica.cc:333] T e5a63a03c910444788bd884a45916116 P 1eedea9927484586af5fc73a0a0f1465: stopping tablet replica
I20260608 13:00:57.906714 29014 raft_consensus.cc:2243] T e5a63a03c910444788bd884a45916116 P 1eedea9927484586af5fc73a0a0f1465 [term 2 LEADER]: Raft consensus shutting down.
I20260608 13:00:57.907788 29014 raft_consensus.cc:2272] T e5a63a03c910444788bd884a45916116 P 1eedea9927484586af5fc73a0a0f1465 [term 2 FOLLOWER]: Raft consensus is shut down!
I20260608 13:00:57.910624 29014 tablet_replica.cc:333] T 22a937d34519419a8bf5804acc17c655 P 1eedea9927484586af5fc73a0a0f1465: stopping tablet replica
I20260608 13:00:57.911269 29014 raft_consensus.cc:2243] T 22a937d34519419a8bf5804acc17c655 P 1eedea9927484586af5fc73a0a0f1465 [term 2 LEADER]: Raft consensus shutting down.
I20260608 13:00:57.912349 29014 raft_consensus.cc:2272] T 22a937d34519419a8bf5804acc17c655 P 1eedea9927484586af5fc73a0a0f1465 [term 2 FOLLOWER]: Raft consensus is shut down!
I20260608 13:00:57.913141 31924 auto_leader_rebalancer.cc:388] table: range_aware_rebalance_new_range, leader rebalance finish, leader transfer count: 0
I20260608 13:00:57.913937 31924 auto_leader_rebalancer.cc:451] All tables' leader rebalancing finished this round
W20260608 13:00:57.953907 32240 consensus_peers.cc:597] T 9f369472e61c42ffaad5d8a1f95a987d P 232c4eb554bb4fea95fe2e2eb1895cd0 -> Peer 1eedea9927484586af5fc73a0a0f1465 (127.28.85.130:36853): Couldn't send request to peer 1eedea9927484586af5fc73a0a0f1465. Status: Network error: Client connection negotiation failed: client connection to 127.28.85.130:36853: connect: Connection refused (error 111). This is attempt 1: this message will repeat every 5th retry.
I20260608 13:00:57.978785 29014 tablet_server.cc:196] TabletServer@127.28.85.130:0 shutdown complete.
W20260608 13:00:58.009037 32085 consensus_peers.cc:597] T 3928c0b8a2e94153a52c382d76ebd0dc P 71469ce079ac4683a733305f45f1e2bb -> Peer ea5c54714bce4c3da0a46b4d72079637 (127.28.85.129:35395): Couldn't send request to peer ea5c54714bce4c3da0a46b4d72079637. Status: Network error: Client connection negotiation failed: client connection to 127.28.85.129:35395: connect: Connection refused (error 111). This is attempt 1: this message will repeat every 5th retry.
I20260608 13:00:58.010015 29014 tablet_server.cc:179] TabletServer@127.28.85.131:0 shutting down...
I20260608 13:00:58.046270 29014 ts_tablet_manager.cc:1507] Shutting down tablet manager...
I20260608 13:00:58.047111 29014 tablet_replica.cc:333] T 6934941824ec422e98545c7b67edc6ff P 71469ce079ac4683a733305f45f1e2bb: stopping tablet replica
I20260608 13:00:58.047827 29014 raft_consensus.cc:2243] T 6934941824ec422e98545c7b67edc6ff P 71469ce079ac4683a733305f45f1e2bb [term 3 FOLLOWER]: Raft consensus shutting down.
I20260608 13:00:58.048425 29014 raft_consensus.cc:2272] T 6934941824ec422e98545c7b67edc6ff P 71469ce079ac4683a733305f45f1e2bb [term 3 FOLLOWER]: Raft consensus is shut down!
I20260608 13:00:58.050789 29014 tablet_replica.cc:333] T 3928c0b8a2e94153a52c382d76ebd0dc P 71469ce079ac4683a733305f45f1e2bb: stopping tablet replica
I20260608 13:00:58.051502 29014 raft_consensus.cc:2243] T 3928c0b8a2e94153a52c382d76ebd0dc P 71469ce079ac4683a733305f45f1e2bb [term 1 LEADER]: Raft consensus shutting down.
I20260608 13:00:58.052325 29014 raft_consensus.cc:2272] T 3928c0b8a2e94153a52c382d76ebd0dc P 71469ce079ac4683a733305f45f1e2bb [term 1 FOLLOWER]: Raft consensus is shut down!
I20260608 13:00:58.054275 29014 tablet_replica.cc:333] T 14083be5f178465d8e77a35fe7658da7 P 71469ce079ac4683a733305f45f1e2bb: stopping tablet replica
I20260608 13:00:58.054916 29014 raft_consensus.cc:2243] T 14083be5f178465d8e77a35fe7658da7 P 71469ce079ac4683a733305f45f1e2bb [term 1 FOLLOWER]: Raft consensus shutting down.
I20260608 13:00:58.055330 29014 raft_consensus.cc:2272] T 14083be5f178465d8e77a35fe7658da7 P 71469ce079ac4683a733305f45f1e2bb [term 1 FOLLOWER]: Raft consensus is shut down!
I20260608 13:00:58.057212 29014 tablet_replica.cc:333] T 22a937d34519419a8bf5804acc17c655 P 71469ce079ac4683a733305f45f1e2bb: stopping tablet replica
I20260608 13:00:58.057760 29014 raft_consensus.cc:2243] T 22a937d34519419a8bf5804acc17c655 P 71469ce079ac4683a733305f45f1e2bb [term 2 FOLLOWER]: Raft consensus shutting down.
I20260608 13:00:58.058175 29014 raft_consensus.cc:2272] T 22a937d34519419a8bf5804acc17c655 P 71469ce079ac4683a733305f45f1e2bb [term 2 FOLLOWER]: Raft consensus is shut down!
I20260608 13:00:58.059962 29014 tablet_replica.cc:333] T 290e1d3da9b6466990fced6b8ed9fe6a P 71469ce079ac4683a733305f45f1e2bb: stopping tablet replica
I20260608 13:00:58.060530 29014 raft_consensus.cc:2243] T 290e1d3da9b6466990fced6b8ed9fe6a P 71469ce079ac4683a733305f45f1e2bb [term 1 FOLLOWER]: Raft consensus shutting down.
I20260608 13:00:58.060990 29014 raft_consensus.cc:2272] T 290e1d3da9b6466990fced6b8ed9fe6a P 71469ce079ac4683a733305f45f1e2bb [term 1 FOLLOWER]: Raft consensus is shut down!
I20260608 13:00:58.062729 29014 tablet_replica.cc:333] T 6d8957da0fc342b687595cb449948fc6 P 71469ce079ac4683a733305f45f1e2bb: stopping tablet replica
I20260608 13:00:58.063241 29014 raft_consensus.cc:2243] T 6d8957da0fc342b687595cb449948fc6 P 71469ce079ac4683a733305f45f1e2bb [term 1 FOLLOWER]: Raft consensus shutting down.
I20260608 13:00:58.063794 29014 raft_consensus.cc:2272] T 6d8957da0fc342b687595cb449948fc6 P 71469ce079ac4683a733305f45f1e2bb [term 1 FOLLOWER]: Raft consensus is shut down!
I20260608 13:00:58.065721 29014 tablet_replica.cc:333] T 3465cfcb681c41cca7bbdbec1a68b71c P 71469ce079ac4683a733305f45f1e2bb: stopping tablet replica
I20260608 13:00:58.066234 29014 raft_consensus.cc:2243] T 3465cfcb681c41cca7bbdbec1a68b71c P 71469ce079ac4683a733305f45f1e2bb [term 3 FOLLOWER]: Raft consensus shutting down.
I20260608 13:00:58.066833 29014 raft_consensus.cc:2272] T 3465cfcb681c41cca7bbdbec1a68b71c P 71469ce079ac4683a733305f45f1e2bb [term 3 FOLLOWER]: Raft consensus is shut down!
I20260608 13:00:58.068567 29014 tablet_replica.cc:333] T d669b177057c4145bf0368183a9f7431 P 71469ce079ac4683a733305f45f1e2bb: stopping tablet replica
I20260608 13:00:58.069111 29014 raft_consensus.cc:2243] T d669b177057c4145bf0368183a9f7431 P 71469ce079ac4683a733305f45f1e2bb [term 1 LEADER]: Raft consensus shutting down.
I20260608 13:00:58.069897 29014 raft_consensus.cc:2272] T d669b177057c4145bf0368183a9f7431 P 71469ce079ac4683a733305f45f1e2bb [term 1 FOLLOWER]: Raft consensus is shut down!
I20260608 13:00:58.071929 29014 tablet_replica.cc:333] T b1285b4852c240d3bf8f584a992f188b P 71469ce079ac4683a733305f45f1e2bb: stopping tablet replica
I20260608 13:00:58.072466 29014 raft_consensus.cc:2243] T b1285b4852c240d3bf8f584a992f188b P 71469ce079ac4683a733305f45f1e2bb [term 1 LEADER]: Raft consensus shutting down.
I20260608 13:00:58.073271 29014 raft_consensus.cc:2272] T b1285b4852c240d3bf8f584a992f188b P 71469ce079ac4683a733305f45f1e2bb [term 1 FOLLOWER]: Raft consensus is shut down!
I20260608 13:00:58.075167 29014 tablet_replica.cc:333] T a25344c037ec48ceac82c3f676f3cb72 P 71469ce079ac4683a733305f45f1e2bb: stopping tablet replica
I20260608 13:00:58.075733 29014 raft_consensus.cc:2243] T a25344c037ec48ceac82c3f676f3cb72 P 71469ce079ac4683a733305f45f1e2bb [term 1 FOLLOWER]: Raft consensus shutting down.
I20260608 13:00:58.076186 29014 raft_consensus.cc:2272] T a25344c037ec48ceac82c3f676f3cb72 P 71469ce079ac4683a733305f45f1e2bb [term 1 FOLLOWER]: Raft consensus is shut down!
I20260608 13:00:58.078109 29014 tablet_replica.cc:333] T 5e9e775701264f78b5da84eb039e71ec P 71469ce079ac4683a733305f45f1e2bb: stopping tablet replica
I20260608 13:00:58.078598 29014 raft_consensus.cc:2243] T 5e9e775701264f78b5da84eb039e71ec P 71469ce079ac4683a733305f45f1e2bb [term 3 FOLLOWER]: Raft consensus shutting down.
I20260608 13:00:58.079005 29014 raft_consensus.cc:2272] T 5e9e775701264f78b5da84eb039e71ec P 71469ce079ac4683a733305f45f1e2bb [term 3 FOLLOWER]: Raft consensus is shut down!
I20260608 13:00:58.080766 29014 tablet_replica.cc:333] T 396a25588a334840ae933f1450849106 P 71469ce079ac4683a733305f45f1e2bb: stopping tablet replica
I20260608 13:00:58.081226 29014 raft_consensus.cc:2243] T 396a25588a334840ae933f1450849106 P 71469ce079ac4683a733305f45f1e2bb [term 1 LEADER]: Raft consensus shutting down.
I20260608 13:00:58.082151 29014 raft_consensus.cc:2272] T 396a25588a334840ae933f1450849106 P 71469ce079ac4683a733305f45f1e2bb [term 1 FOLLOWER]: Raft consensus is shut down!
W20260608 13:00:58.087075 32240 consensus_peers.cc:597] T 3a4739d729b24d7da206fd75b614e9d7 P 232c4eb554bb4fea95fe2e2eb1895cd0 -> Peer 1eedea9927484586af5fc73a0a0f1465 (127.28.85.130:36853): Couldn't send request to peer 1eedea9927484586af5fc73a0a0f1465. Status: Network error: Client connection negotiation failed: client connection to 127.28.85.130:36853: connect: Connection refused (error 111). This is attempt 1: this message will repeat every 5th retry.
I20260608 13:00:58.119221 29014 tablet_server.cc:196] TabletServer@127.28.85.131:0 shutdown complete.
W20260608 13:00:58.130077 32240 consensus_peers.cc:597] T 9f369472e61c42ffaad5d8a1f95a987d P 232c4eb554bb4fea95fe2e2eb1895cd0 -> Peer ea5c54714bce4c3da0a46b4d72079637 (127.28.85.129:35395): Couldn't send request to peer ea5c54714bce4c3da0a46b4d72079637. Status: Network error: Client connection negotiation failed: client connection to 127.28.85.129:35395: connect: Connection refused (error 111). This is attempt 1: this message will repeat every 5th retry.
I20260608 13:00:58.147683 29014 tablet_server.cc:179] TabletServer@127.28.85.132:0 shutting down...
I20260608 13:00:58.175879 29014 ts_tablet_manager.cc:1507] Shutting down tablet manager...
I20260608 13:00:58.176846 29014 tablet_replica.cc:333] T b1285b4852c240d3bf8f584a992f188b P 232c4eb554bb4fea95fe2e2eb1895cd0: stopping tablet replica
I20260608 13:00:58.177822 29014 raft_consensus.cc:2243] T b1285b4852c240d3bf8f584a992f188b P 232c4eb554bb4fea95fe2e2eb1895cd0 [term 1 FOLLOWER]: Raft consensus shutting down.
I20260608 13:00:58.178553 29014 raft_consensus.cc:2272] T b1285b4852c240d3bf8f584a992f188b P 232c4eb554bb4fea95fe2e2eb1895cd0 [term 1 FOLLOWER]: Raft consensus is shut down!
I20260608 13:00:58.180436 29014 tablet_replica.cc:333] T e5a63a03c910444788bd884a45916116 P 232c4eb554bb4fea95fe2e2eb1895cd0: stopping tablet replica
I20260608 13:00:58.181007 29014 raft_consensus.cc:2243] T e5a63a03c910444788bd884a45916116 P 232c4eb554bb4fea95fe2e2eb1895cd0 [term 2 FOLLOWER]: Raft consensus shutting down.
I20260608 13:00:58.181408 29014 raft_consensus.cc:2272] T e5a63a03c910444788bd884a45916116 P 232c4eb554bb4fea95fe2e2eb1895cd0 [term 2 FOLLOWER]: Raft consensus is shut down!
I20260608 13:00:58.183131 29014 tablet_replica.cc:333] T 6d8957da0fc342b687595cb449948fc6 P 232c4eb554bb4fea95fe2e2eb1895cd0: stopping tablet replica
I20260608 13:00:58.183601 29014 raft_consensus.cc:2243] T 6d8957da0fc342b687595cb449948fc6 P 232c4eb554bb4fea95fe2e2eb1895cd0 [term 1 FOLLOWER]: Raft consensus shutting down.
