I20260608 13:01:19.415409  1537 leader_election.cc:290] T 5fdfe660e98d4fd794d10fdcb80a4d93 P 03da0ed7f5e648a4a0e8cac3823f4335 [CANDIDATE]: Term 1 pre-election: Requested pre-vote from peers 66310ec5cd2c4da79081e6a0bab7cb0d (127.28.161.65:41057), 43023af7fa7f4636be4e8eb4f5d416e2 (127.28.161.67:33913)
I20260608 13:01:19.416705  1447 tablet_service.cc:1917] Received RequestConsensusVote() RPC: tablet_id: "5fdfe660e98d4fd794d10fdcb80a4d93" candidate_uuid: "03da0ed7f5e648a4a0e8cac3823f4335" candidate_term: 1 candidate_status { last_received { term: 0 index: 0 } } ignore_live_leader: false dest_uuid: "43023af7fa7f4636be4e8eb4f5d416e2" is_pre_election: true
I20260608 13:01:19.416898  1298 tablet_service.cc:1917] Received RequestConsensusVote() RPC: tablet_id: "5e5a09ac9d28463e892295aa3373fd31" candidate_uuid: "03da0ed7f5e648a4a0e8cac3823f4335" candidate_term: 1 candidate_status { last_received { term: 0 index: 0 } } ignore_live_leader: false dest_uuid: "66310ec5cd2c4da79081e6a0bab7cb0d" is_pre_election: true
I20260608 13:01:19.416699  1494 raft_consensus.cc:359] T 0369c30848b04be1beb6380f6b212dd6 P 03da0ed7f5e648a4a0e8cac3823f4335 [term 0 FOLLOWER]: Replica starting. Triggering 0 pending ops. Active config: opid_index: -1 OBSOLETE_local: false peers { permanent_uuid: "66310ec5cd2c4da79081e6a0bab7cb0d" member_type: VOTER last_known_addr { host: "127.28.161.65" port: 41057 } } peers { permanent_uuid: "03da0ed7f5e648a4a0e8cac3823f4335" member_type: VOTER last_known_addr { host: "127.28.161.66" port: 39967 } } peers { permanent_uuid: "43023af7fa7f4636be4e8eb4f5d416e2" member_type: VOTER last_known_addr { host: "127.28.161.67" port: 33913 } }
I20260608 13:01:19.418012  1298 raft_consensus.cc:2393] T 5e5a09ac9d28463e892295aa3373fd31 P 66310ec5cd2c4da79081e6a0bab7cb0d [term 1 FOLLOWER]: Leader pre-election vote request: Denying vote to candidate 03da0ed7f5e648a4a0e8cac3823f4335 in current term 1: Already voted for candidate 43023af7fa7f4636be4e8eb4f5d416e2 in this term.
I20260608 13:01:19.418864  1494 raft_consensus.cc:385] T 0369c30848b04be1beb6380f6b212dd6 P 03da0ed7f5e648a4a0e8cac3823f4335 [term 0 FOLLOWER]: Consensus starting up: Expiring failure detector timer to make a prompt election more likely
I20260608 13:01:19.419313  1494 raft_consensus.cc:740] T 0369c30848b04be1beb6380f6b212dd6 P 03da0ed7f5e648a4a0e8cac3823f4335 [term 0 FOLLOWER]: Becoming Follower/Learner. State: Replica: 03da0ed7f5e648a4a0e8cac3823f4335, State: Initialized, Role: FOLLOWER
I20260608 13:01:19.420258  1494 consensus_queue.cc:260] T 0369c30848b04be1beb6380f6b212dd6 P 03da0ed7f5e648a4a0e8cac3823f4335 [NON_LEADER]: Queue going to NON_LEADER mode. State: All replicated index: 0, Majority replicated index: 0, Committed index: 0, Last appended: 0.0, Last appended by leader: 0, Current term: 0, Majority size: -1, State: 0, Mode: NON_LEADER, active raft config: opid_index: -1 OBSOLETE_local: false peers { permanent_uuid: "66310ec5cd2c4da79081e6a0bab7cb0d" member_type: VOTER last_known_addr { host: "127.28.161.65" port: 41057 } } peers { permanent_uuid: "03da0ed7f5e648a4a0e8cac3823f4335" member_type: VOTER last_known_addr { host: "127.28.161.66" port: 39967 } } peers { permanent_uuid: "43023af7fa7f4636be4e8eb4f5d416e2" member_type: VOTER last_known_addr { host: "127.28.161.67" port: 33913 } }
I20260608 13:01:19.422991  1494 ts_tablet_manager.cc:1434] T 0369c30848b04be1beb6380f6b212dd6 P 03da0ed7f5e648a4a0e8cac3823f4335: Time spent starting tablet: real 0.072s	user 0.010s	sys 0.022s
I20260608 13:01:19.423923  1494 tablet_bootstrap.cc:492] T 8ba3e1e49553474aa4e1eccbc87454bc P 03da0ed7f5e648a4a0e8cac3823f4335: Bootstrap starting.
I20260608 13:01:19.415457  1493 raft_consensus.cc:740] T 0369c30848b04be1beb6380f6b212dd6 P 43023af7fa7f4636be4e8eb4f5d416e2 [term 0 FOLLOWER]: Becoming Follower/Learner. State: Replica: 43023af7fa7f4636be4e8eb4f5d416e2, State: Initialized, Role: FOLLOWER
I20260608 13:01:19.408704  1196 catalog_manager.cc:5696] T e94e9a7534ac40f182dc6cc5a1fd1c2a P 03da0ed7f5e648a4a0e8cac3823f4335 reported cstate change: term changed from 0 to 1, leader changed from <none> to 03da0ed7f5e648a4a0e8cac3823f4335 (127.28.161.66). New cstate: current_term: 1 leader_uuid: "03da0ed7f5e648a4a0e8cac3823f4335" committed_config { opid_index: -1 OBSOLETE_local: false peers { permanent_uuid: "66310ec5cd2c4da79081e6a0bab7cb0d" member_type: VOTER last_known_addr { host: "127.28.161.65" port: 41057 } health_report { overall_health: UNKNOWN } } peers { permanent_uuid: "03da0ed7f5e648a4a0e8cac3823f4335" member_type: VOTER last_known_addr { host: "127.28.161.66" port: 39967 } health_report { overall_health: HEALTHY } } peers { permanent_uuid: "43023af7fa7f4636be4e8eb4f5d416e2" member_type: VOTER last_known_addr { host: "127.28.161.67" port: 33913 } health_report { overall_health: UNKNOWN } } }
I20260608 13:01:19.425716  1297 tablet_service.cc:1917] Received RequestConsensusVote() RPC: tablet_id: "5fdfe660e98d4fd794d10fdcb80a4d93" candidate_uuid: "03da0ed7f5e648a4a0e8cac3823f4335" candidate_term: 1 candidate_status { last_received { term: 0 index: 0 } } ignore_live_leader: false dest_uuid: "66310ec5cd2c4da79081e6a0bab7cb0d" is_pre_election: true
I20260608 13:01:19.426556  1297 raft_consensus.cc:2393] T 5fdfe660e98d4fd794d10fdcb80a4d93 P 66310ec5cd2c4da79081e6a0bab7cb0d [term 1 FOLLOWER]: Leader pre-election vote request: Denying vote to candidate 03da0ed7f5e648a4a0e8cac3823f4335 in current term 1: Already voted for candidate 43023af7fa7f4636be4e8eb4f5d416e2 in this term.
I20260608 13:01:19.424419  1446 raft_consensus.cc:2468] T 4d002585b5924c76b4f5d1e34b35aa62 P 43023af7fa7f4636be4e8eb4f5d416e2 [term 1 FOLLOWER]: Leader election vote request: Granting yes vote for candidate 03da0ed7f5e648a4a0e8cac3823f4335 in term 1.
I20260608 13:01:19.426985  1196 catalog_manager.cc:5696] T 6055f95940b54bdfa925940da6ba5449 P 03da0ed7f5e648a4a0e8cac3823f4335 reported cstate change: term changed from 0 to 1, leader changed from <none> to 03da0ed7f5e648a4a0e8cac3823f4335 (127.28.161.66). New cstate: current_term: 1 leader_uuid: "03da0ed7f5e648a4a0e8cac3823f4335" committed_config { opid_index: -1 OBSOLETE_local: false peers { permanent_uuid: "66310ec5cd2c4da79081e6a0bab7cb0d" member_type: VOTER last_known_addr { host: "127.28.161.65" port: 41057 } health_report { overall_health: UNKNOWN } } peers { permanent_uuid: "03da0ed7f5e648a4a0e8cac3823f4335" member_type: VOTER last_known_addr { host: "127.28.161.66" port: 39967 } health_report { overall_health: HEALTHY } } peers { permanent_uuid: "43023af7fa7f4636be4e8eb4f5d416e2" member_type: VOTER last_known_addr { host: "127.28.161.67" port: 33913 } health_report { overall_health: UNKNOWN } } }
I20260608 13:01:19.427150  1195 catalog_manager.cc:5696] T dba17fb18c154e3689cb079360e540b4 P 66310ec5cd2c4da79081e6a0bab7cb0d reported cstate change: term changed from 0 to 1, leader changed from <none> to 66310ec5cd2c4da79081e6a0bab7cb0d (127.28.161.65). New cstate: current_term: 1 leader_uuid: "66310ec5cd2c4da79081e6a0bab7cb0d" committed_config { opid_index: -1 OBSOLETE_local: false peers { permanent_uuid: "66310ec5cd2c4da79081e6a0bab7cb0d" member_type: VOTER last_known_addr { host: "127.28.161.65" port: 41057 } health_report { overall_health: HEALTHY } } peers { permanent_uuid: "43023af7fa7f4636be4e8eb4f5d416e2" member_type: VOTER last_known_addr { host: "127.28.161.67" port: 33913 } health_report { overall_health: UNKNOWN } } peers { permanent_uuid: "03da0ed7f5e648a4a0e8cac3823f4335" member_type: VOTER last_known_addr { host: "127.28.161.66" port: 39967 } health_report { overall_health: UNKNOWN } } }
I20260608 13:01:19.428485  1498 consensus_queue.cc:1048] T 5e5a09ac9d28463e892295aa3373fd31 P 43023af7fa7f4636be4e8eb4f5d416e2 [LEADER]: Connected to new peer: Peer: permanent_uuid: "66310ec5cd2c4da79081e6a0bab7cb0d" member_type: VOTER last_known_addr { host: "127.28.161.65" port: 41057 }, Status: LMP_MISMATCH, Last received: 0.0, Next index: 1, Last known committed idx: 0, Time since last communication: 0.000s
I20260608 13:01:19.425297  1493 consensus_queue.cc:260] T 0369c30848b04be1beb6380f6b212dd6 P 43023af7fa7f4636be4e8eb4f5d416e2 [NON_LEADER]: Queue going to NON_LEADER mode. State: All replicated index: 0, Majority replicated index: 0, Committed index: 0, Last appended: 0.0, Last appended by leader: 0, Current term: 0, Majority size: -1, State: 0, Mode: NON_LEADER, active raft config: opid_index: -1 OBSOLETE_local: false peers { permanent_uuid: "66310ec5cd2c4da79081e6a0bab7cb0d" member_type: VOTER last_known_addr { host: "127.28.161.65" port: 41057 } } peers { permanent_uuid: "03da0ed7f5e648a4a0e8cac3823f4335" member_type: VOTER last_known_addr { host: "127.28.161.66" port: 39967 } } peers { permanent_uuid: "43023af7fa7f4636be4e8eb4f5d416e2" member_type: VOTER last_known_addr { host: "127.28.161.67" port: 33913 } }
I20260608 13:01:19.432840  1492 tablet_bootstrap.cc:654] T 8d30452e193344c895a08c586a38830f P 66310ec5cd2c4da79081e6a0bab7cb0d: Neither blocks nor log segments found. Creating new log.
I20260608 13:01:19.430181  1337 leader_election.cc:304] T 4d002585b5924c76b4f5d1e34b35aa62 P 03da0ed7f5e648a4a0e8cac3823f4335 [CANDIDATE]: Term 1 election: Election decided. Result: candidate won. Election summary: received 3 responses out of 3 voters: 2 yes votes; 1 no votes. yes voters: 03da0ed7f5e648a4a0e8cac3823f4335, 43023af7fa7f4636be4e8eb4f5d416e2; no voters: 66310ec5cd2c4da79081e6a0bab7cb0d
I20260608 13:01:19.441377  1337 leader_election.cc:304] T 5e5a09ac9d28463e892295aa3373fd31 P 03da0ed7f5e648a4a0e8cac3823f4335 [CANDIDATE]: Term 1 pre-election: Election decided. Result: candidate lost. Election summary: received 3 responses out of 3 voters: 1 yes votes; 2 no votes. yes voters: 03da0ed7f5e648a4a0e8cac3823f4335; no voters: 43023af7fa7f4636be4e8eb4f5d416e2, 66310ec5cd2c4da79081e6a0bab7cb0d
I20260608 13:01:19.442456  1533 raft_consensus.cc:2804] T 4d002585b5924c76b4f5d1e34b35aa62 P 03da0ed7f5e648a4a0e8cac3823f4335 [term 1 FOLLOWER]: Leader election won for term 1
I20260608 13:01:19.443189  1540 raft_consensus.cc:3060] T 5e5a09ac9d28463e892295aa3373fd31 P 03da0ed7f5e648a4a0e8cac3823f4335 [term 0 FOLLOWER]: Advancing to term 1
I20260608 13:01:19.442979  1533 raft_consensus.cc:697] T 4d002585b5924c76b4f5d1e34b35aa62 P 03da0ed7f5e648a4a0e8cac3823f4335 [term 1 LEADER]: Becoming Leader. State: Replica: 03da0ed7f5e648a4a0e8cac3823f4335, State: Running, Role: LEADER
I20260608 13:01:19.448098  1533 consensus_queue.cc:237] T 4d002585b5924c76b4f5d1e34b35aa62 P 03da0ed7f5e648a4a0e8cac3823f4335 [LEADER]: Queue going to LEADER mode. State: All replicated index: 0, Majority replicated index: 0, Committed index: 0, Last appended: 0.0, Last appended by leader: 0, Current term: 1, Majority size: 2, State: 0, Mode: LEADER, active raft config: opid_index: -1 OBSOLETE_local: false peers { permanent_uuid: "66310ec5cd2c4da79081e6a0bab7cb0d" member_type: VOTER last_known_addr { host: "127.28.161.65" port: 41057 } } peers { permanent_uuid: "03da0ed7f5e648a4a0e8cac3823f4335" member_type: VOTER last_known_addr { host: "127.28.161.66" port: 39967 } } peers { permanent_uuid: "43023af7fa7f4636be4e8eb4f5d416e2" member_type: VOTER last_known_addr { host: "127.28.161.67" port: 33913 } }
I20260608 13:01:19.442992  1498 raft_consensus.cc:493] T 8d30452e193344c895a08c586a38830f P 43023af7fa7f4636be4e8eb4f5d416e2 [term 0 FOLLOWER]: Starting pre-election (no leader contacted us within the election timeout)
I20260608 13:01:19.451051  1498 raft_consensus.cc:515] T 8d30452e193344c895a08c586a38830f P 43023af7fa7f4636be4e8eb4f5d416e2 [term 0 FOLLOWER]: Starting pre-election with config: opid_index: -1 OBSOLETE_local: false peers { permanent_uuid: "66310ec5cd2c4da79081e6a0bab7cb0d" member_type: VOTER last_known_addr { host: "127.28.161.65" port: 41057 } } peers { permanent_uuid: "03da0ed7f5e648a4a0e8cac3823f4335" member_type: VOTER last_known_addr { host: "127.28.161.66" port: 39967 } } peers { permanent_uuid: "43023af7fa7f4636be4e8eb4f5d416e2" member_type: VOTER last_known_addr { host: "127.28.161.67" port: 33913 } }
I20260608 13:01:19.442961  1337 leader_election.cc:304] T 5fdfe660e98d4fd794d10fdcb80a4d93 P 03da0ed7f5e648a4a0e8cac3823f4335 [CANDIDATE]: Term 1 pre-election: Election decided. Result: candidate lost. Election summary: received 3 responses out of 3 voters: 1 yes votes; 2 no votes. yes voters: 03da0ed7f5e648a4a0e8cac3823f4335; no voters: 43023af7fa7f4636be4e8eb4f5d416e2, 66310ec5cd2c4da79081e6a0bab7cb0d
I20260608 13:01:19.452517  1500 raft_consensus.cc:3060] T 5fdfe660e98d4fd794d10fdcb80a4d93 P 03da0ed7f5e648a4a0e8cac3823f4335 [term 0 FOLLOWER]: Advancing to term 1
I20260608 13:01:19.453387  1498 leader_election.cc:290] T 8d30452e193344c895a08c586a38830f P 43023af7fa7f4636be4e8eb4f5d416e2 [CANDIDATE]: Term 1 pre-election: Requested pre-vote from peers 66310ec5cd2c4da79081e6a0bab7cb0d (127.28.161.65:41057), 03da0ed7f5e648a4a0e8cac3823f4335 (127.28.161.66:39967)
I20260608 13:01:19.453974  1494 tablet_bootstrap.cc:654] T 8ba3e1e49553474aa4e1eccbc87454bc P 03da0ed7f5e648a4a0e8cac3823f4335: Neither blocks nor log segments found. Creating new log.
I20260608 13:01:19.455613  1493 ts_tablet_manager.cc:1434] T 0369c30848b04be1beb6380f6b212dd6 P 43023af7fa7f4636be4e8eb4f5d416e2: Time spent starting tablet: real 0.043s	user 0.002s	sys 0.005s
I20260608 13:01:19.457839  1373 tablet_service.cc:1917] Received RequestConsensusVote() RPC: tablet_id: "8d30452e193344c895a08c586a38830f" candidate_uuid: "43023af7fa7f4636be4e8eb4f5d416e2" candidate_term: 1 candidate_status { last_received { term: 0 index: 0 } } ignore_live_leader: false dest_uuid: "03da0ed7f5e648a4a0e8cac3823f4335" is_pre_election: true
I20260608 13:01:19.458483  1373 raft_consensus.cc:2468] T 8d30452e193344c895a08c586a38830f P 03da0ed7f5e648a4a0e8cac3823f4335 [term 0 FOLLOWER]: Leader pre-election vote request: Granting yes vote for candidate 43023af7fa7f4636be4e8eb4f5d416e2 in term 0.
I20260608 13:01:19.459590  1297 tablet_service.cc:1917] Received RequestConsensusVote() RPC: tablet_id: "8d30452e193344c895a08c586a38830f" candidate_uuid: "43023af7fa7f4636be4e8eb4f5d416e2" candidate_term: 1 candidate_status { last_received { term: 0 index: 0 } } ignore_live_leader: false dest_uuid: "66310ec5cd2c4da79081e6a0bab7cb0d" is_pre_election: true
I20260608 13:01:19.461862  1493 tablet_bootstrap.cc:492] T 8ba3e1e49553474aa4e1eccbc87454bc P 43023af7fa7f4636be4e8eb4f5d416e2: Bootstrap starting.
I20260608 13:01:19.461627  1413 leader_election.cc:304] T 8d30452e193344c895a08c586a38830f P 43023af7fa7f4636be4e8eb4f5d416e2 [CANDIDATE]: Term 1 pre-election: Election decided. Result: candidate won. Election summary: received 2 responses out of 3 voters: 2 yes votes; 0 no votes. yes voters: 03da0ed7f5e648a4a0e8cac3823f4335, 43023af7fa7f4636be4e8eb4f5d416e2; no voters: 
I20260608 13:01:19.462698  1498 raft_consensus.cc:2804] T 8d30452e193344c895a08c586a38830f P 43023af7fa7f4636be4e8eb4f5d416e2 [term 0 FOLLOWER]: Leader pre-election won for term 1
I20260608 13:01:19.463160  1498 raft_consensus.cc:493] T 8d30452e193344c895a08c586a38830f P 43023af7fa7f4636be4e8eb4f5d416e2 [term 0 FOLLOWER]: Starting leader election (no leader contacted us within the election timeout)
I20260608 13:01:19.463681  1498 raft_consensus.cc:3060] T 8d30452e193344c895a08c586a38830f P 43023af7fa7f4636be4e8eb4f5d416e2 [term 0 FOLLOWER]: Advancing to term 1
I20260608 13:01:19.468449  1520 raft_consensus.cc:493] T 0369c30848b04be1beb6380f6b212dd6 P 66310ec5cd2c4da79081e6a0bab7cb0d [term 0 FOLLOWER]: Starting pre-election (no leader contacted us within the election timeout)
I20260608 13:01:19.468945  1520 raft_consensus.cc:515] T 0369c30848b04be1beb6380f6b212dd6 P 66310ec5cd2c4da79081e6a0bab7cb0d [term 0 FOLLOWER]: Starting pre-election with config: opid_index: -1 OBSOLETE_local: false peers { permanent_uuid: "66310ec5cd2c4da79081e6a0bab7cb0d" member_type: VOTER last_known_addr { host: "127.28.161.65" port: 41057 } } peers { permanent_uuid: "03da0ed7f5e648a4a0e8cac3823f4335" member_type: VOTER last_known_addr { host: "127.28.161.66" port: 39967 } } peers { permanent_uuid: "43023af7fa7f4636be4e8eb4f5d416e2" member_type: VOTER last_known_addr { host: "127.28.161.67" port: 33913 } }
W20260608 13:01:19.466933  1411 leader_election.cc:343] T 8d30452e193344c895a08c586a38830f P 43023af7fa7f4636be4e8eb4f5d416e2 [CANDIDATE]: Term 1 pre-election: Tablet error from VoteRequest() call to peer 66310ec5cd2c4da79081e6a0bab7cb0d (127.28.161.65:41057): Illegal state: must be running to vote when last-logged opid is not known
I20260608 13:01:19.471227  1520 leader_election.cc:290] T 0369c30848b04be1beb6380f6b212dd6 P 66310ec5cd2c4da79081e6a0bab7cb0d [CANDIDATE]: Term 1 pre-election: Requested pre-vote from peers 03da0ed7f5e648a4a0e8cac3823f4335 (127.28.161.66:39967), 43023af7fa7f4636be4e8eb4f5d416e2 (127.28.161.67:33913)
I20260608 13:01:19.472851  1446 tablet_service.cc:1917] Received RequestConsensusVote() RPC: tablet_id: "0369c30848b04be1beb6380f6b212dd6" candidate_uuid: "66310ec5cd2c4da79081e6a0bab7cb0d" candidate_term: 1 candidate_status { last_received { term: 0 index: 0 } } ignore_live_leader: false dest_uuid: "43023af7fa7f4636be4e8eb4f5d416e2" is_pre_election: true
I20260608 13:01:19.473428  1492 tablet_bootstrap.cc:492] T 8d30452e193344c895a08c586a38830f P 66310ec5cd2c4da79081e6a0bab7cb0d: No bootstrap required, opened a new log
I20260608 13:01:19.474050  1492 ts_tablet_manager.cc:1403] T 8d30452e193344c895a08c586a38830f P 66310ec5cd2c4da79081e6a0bab7cb0d: Time spent bootstrapping tablet: real 0.156s	user 0.019s	sys 0.018s
I20260608 13:01:19.473505  1446 raft_consensus.cc:2468] T 0369c30848b04be1beb6380f6b212dd6 P 43023af7fa7f4636be4e8eb4f5d416e2 [term 0 FOLLOWER]: Leader pre-election vote request: Granting yes vote for candidate 66310ec5cd2c4da79081e6a0bab7cb0d in term 0.
I20260608 13:01:19.480808  1262 leader_election.cc:304] T 0369c30848b04be1beb6380f6b212dd6 P 66310ec5cd2c4da79081e6a0bab7cb0d [CANDIDATE]: Term 1 pre-election: Election decided. Result: candidate won. Election summary: received 2 responses out of 3 voters: 2 yes votes; 0 no votes. yes voters: 43023af7fa7f4636be4e8eb4f5d416e2, 66310ec5cd2c4da79081e6a0bab7cb0d; no voters: 
I20260608 13:01:19.473242  1195 catalog_manager.cc:5696] T 2de41cab5a864e5c9eea841af6bfebf9 P 66310ec5cd2c4da79081e6a0bab7cb0d reported cstate change: term changed from 0 to 1, leader changed from <none> to 66310ec5cd2c4da79081e6a0bab7cb0d (127.28.161.65). New cstate: current_term: 1 leader_uuid: "66310ec5cd2c4da79081e6a0bab7cb0d" committed_config { opid_index: -1 OBSOLETE_local: false peers { permanent_uuid: "66310ec5cd2c4da79081e6a0bab7cb0d" member_type: VOTER last_known_addr { host: "127.28.161.65" port: 41057 } health_report { overall_health: HEALTHY } } peers { permanent_uuid: "03da0ed7f5e648a4a0e8cac3823f4335" member_type: VOTER last_known_addr { host: "127.28.161.66" port: 39967 } health_report { overall_health: UNKNOWN } } peers { permanent_uuid: "43023af7fa7f4636be4e8eb4f5d416e2" member_type: VOTER last_known_addr { host: "127.28.161.67" port: 33913 } health_report { overall_health: UNKNOWN } } }
I20260608 13:01:19.485150  1502 raft_consensus.cc:493] T 05ca1a59bcc04589a333b60aa8b3e0f1 P 43023af7fa7f4636be4e8eb4f5d416e2 [term 0 FOLLOWER]: Starting pre-election (no leader contacted us within the election timeout)
I20260608 13:01:19.485513  1500 raft_consensus.cc:2749] T 5fdfe660e98d4fd794d10fdcb80a4d93 P 03da0ed7f5e648a4a0e8cac3823f4335 [term 1 FOLLOWER]: Leader pre-election lost for term 1. Reason: could not achieve majority
I20260608 13:01:19.485875  1502 raft_consensus.cc:515] T 05ca1a59bcc04589a333b60aa8b3e0f1 P 43023af7fa7f4636be4e8eb4f5d416e2 [term 0 FOLLOWER]: Starting pre-election with config: opid_index: -1 OBSOLETE_local: false peers { permanent_uuid: "66310ec5cd2c4da79081e6a0bab7cb0d" member_type: VOTER last_known_addr { host: "127.28.161.65" port: 41057 } } peers { permanent_uuid: "03da0ed7f5e648a4a0e8cac3823f4335" member_type: VOTER last_known_addr { host: "127.28.161.66" port: 39967 } } peers { permanent_uuid: "43023af7fa7f4636be4e8eb4f5d416e2" member_type: VOTER last_known_addr { host: "127.28.161.67" port: 33913 } }
I20260608 13:01:19.487756  1373 tablet_service.cc:1917] Received RequestConsensusVote() RPC: tablet_id: "0369c30848b04be1beb6380f6b212dd6" candidate_uuid: "66310ec5cd2c4da79081e6a0bab7cb0d" candidate_term: 1 candidate_status { last_received { term: 0 index: 0 } } ignore_live_leader: false dest_uuid: "03da0ed7f5e648a4a0e8cac3823f4335" is_pre_election: true
I20260608 13:01:19.488406  1373 raft_consensus.cc:2468] T 0369c30848b04be1beb6380f6b212dd6 P 03da0ed7f5e648a4a0e8cac3823f4335 [term 0 FOLLOWER]: Leader pre-election vote request: Granting yes vote for candidate 66310ec5cd2c4da79081e6a0bab7cb0d in term 0.
I20260608 13:01:19.489951  1492 raft_consensus.cc:359] T 8d30452e193344c895a08c586a38830f P 66310ec5cd2c4da79081e6a0bab7cb0d [term 0 FOLLOWER]: Replica starting. Triggering 0 pending ops. Active config: opid_index: -1 OBSOLETE_local: false peers { permanent_uuid: "66310ec5cd2c4da79081e6a0bab7cb0d" member_type: VOTER last_known_addr { host: "127.28.161.65" port: 41057 } } peers { permanent_uuid: "03da0ed7f5e648a4a0e8cac3823f4335" member_type: VOTER last_known_addr { host: "127.28.161.66" port: 39967 } } peers { permanent_uuid: "43023af7fa7f4636be4e8eb4f5d416e2" member_type: VOTER last_known_addr { host: "127.28.161.67" port: 33913 } }
I20260608 13:01:19.490640  1492 raft_consensus.cc:385] T 8d30452e193344c895a08c586a38830f P 66310ec5cd2c4da79081e6a0bab7cb0d [term 0 FOLLOWER]: Consensus starting up: Expiring failure detector timer to make a prompt election more likely
I20260608 13:01:19.491659  1446 raft_consensus.cc:3060] T 05ca1a59bcc04589a333b60aa8b3e0f1 P 43023af7fa7f4636be4e8eb4f5d416e2 [term 0 FOLLOWER]: Advancing to term 1
I20260608 13:01:19.492190  1540 raft_consensus.cc:2749] T 5e5a09ac9d28463e892295aa3373fd31 P 03da0ed7f5e648a4a0e8cac3823f4335 [term 1 FOLLOWER]: Leader pre-election lost for term 1. Reason: could not achieve majority
I20260608 13:01:19.490931  1492 raft_consensus.cc:740] T 8d30452e193344c895a08c586a38830f P 66310ec5cd2c4da79081e6a0bab7cb0d [term 0 FOLLOWER]: Becoming Follower/Learner. State: Replica: 66310ec5cd2c4da79081e6a0bab7cb0d, State: Initialized, Role: FOLLOWER
I20260608 13:01:19.494941  1492 consensus_queue.cc:260] T 8d30452e193344c895a08c586a38830f P 66310ec5cd2c4da79081e6a0bab7cb0d [NON_LEADER]: Queue going to NON_LEADER mode. State: All replicated index: 0, Majority replicated index: 0, Committed index: 0, Last appended: 0.0, Last appended by leader: 0, Current term: 0, Majority size: -1, State: 0, Mode: NON_LEADER, active raft config: opid_index: -1 OBSOLETE_local: false peers { permanent_uuid: "66310ec5cd2c4da79081e6a0bab7cb0d" member_type: VOTER last_known_addr { host: "127.28.161.65" port: 41057 } } peers { permanent_uuid: "03da0ed7f5e648a4a0e8cac3823f4335" member_type: VOTER last_known_addr { host: "127.28.161.66" port: 39967 } } peers { permanent_uuid: "43023af7fa7f4636be4e8eb4f5d416e2" member_type: VOTER last_known_addr { host: "127.28.161.67" port: 33913 } }
I20260608 13:01:19.498071  1492 ts_tablet_manager.cc:1434] T 8d30452e193344c895a08c586a38830f P 66310ec5cd2c4da79081e6a0bab7cb0d: Time spent starting tablet: real 0.024s	user 0.006s	sys 0.000s
I20260608 13:01:19.499977  1492 tablet_bootstrap.cc:492] T 5c3a521917fc481c8e7d54e057caa19e P 66310ec5cd2c4da79081e6a0bab7cb0d: Bootstrap starting.
I20260608 13:01:19.484347  1520 raft_consensus.cc:2804] T 0369c30848b04be1beb6380f6b212dd6 P 66310ec5cd2c4da79081e6a0bab7cb0d [term 0 FOLLOWER]: Leader pre-election won for term 1
I20260608 13:01:19.500919  1520 raft_consensus.cc:493] T 0369c30848b04be1beb6380f6b212dd6 P 66310ec5cd2c4da79081e6a0bab7cb0d [term 0 FOLLOWER]: Starting leader election (no leader contacted us within the election timeout)
I20260608 13:01:19.502143  1520 raft_consensus.cc:3060] T 0369c30848b04be1beb6380f6b212dd6 P 66310ec5cd2c4da79081e6a0bab7cb0d [term 0 FOLLOWER]: Advancing to term 1
I20260608 13:01:19.502168  1502 leader_election.cc:290] T 05ca1a59bcc04589a333b60aa8b3e0f1 P 43023af7fa7f4636be4e8eb4f5d416e2 [CANDIDATE]: Term 1 pre-election: Requested pre-vote from peers 66310ec5cd2c4da79081e6a0bab7cb0d (127.28.161.65:41057), 03da0ed7f5e648a4a0e8cac3823f4335 (127.28.161.66:39967)
I20260608 13:01:19.506312  1493 tablet_bootstrap.cc:654] T 8ba3e1e49553474aa4e1eccbc87454bc P 43023af7fa7f4636be4e8eb4f5d416e2: Neither blocks nor log segments found. Creating new log.
I20260608 13:01:19.506991  1297 tablet_service.cc:1917] Received RequestConsensusVote() RPC: tablet_id: "05ca1a59bcc04589a333b60aa8b3e0f1" candidate_uuid: "43023af7fa7f4636be4e8eb4f5d416e2" candidate_term: 1 candidate_status { last_received { term: 0 index: 0 } } ignore_live_leader: false dest_uuid: "66310ec5cd2c4da79081e6a0bab7cb0d" is_pre_election: true
I20260608 13:01:19.511476  1372 tablet_service.cc:1917] Received RequestConsensusVote() RPC: tablet_id: "05ca1a59bcc04589a333b60aa8b3e0f1" candidate_uuid: "43023af7fa7f4636be4e8eb4f5d416e2" candidate_term: 1 candidate_status { last_received { term: 0 index: 0 } } ignore_live_leader: false dest_uuid: "03da0ed7f5e648a4a0e8cac3823f4335" is_pre_election: true
I20260608 13:01:19.512423  1372 raft_consensus.cc:2393] T 05ca1a59bcc04589a333b60aa8b3e0f1 P 03da0ed7f5e648a4a0e8cac3823f4335 [term 1 FOLLOWER]: Leader pre-election vote request: Denying vote to candidate 43023af7fa7f4636be4e8eb4f5d416e2 in current term 1: Already voted for candidate 66310ec5cd2c4da79081e6a0bab7cb0d in this term.
I20260608 13:01:19.513363  1502 consensus_queue.cc:1048] T 5e5a09ac9d28463e892295aa3373fd31 P 43023af7fa7f4636be4e8eb4f5d416e2 [LEADER]: Connected to new peer: Peer: permanent_uuid: "03da0ed7f5e648a4a0e8cac3823f4335" member_type: VOTER last_known_addr { host: "127.28.161.66" port: 39967 }, Status: LMP_MISMATCH, Last received: 0.0, Next index: 1, Last known committed idx: 0, Time since last communication: 0.000s
I20260608 13:01:19.520725  1518 consensus_queue.cc:1048] T 05ca1a59bcc04589a333b60aa8b3e0f1 P 66310ec5cd2c4da79081e6a0bab7cb0d [LEADER]: Connected to new peer: Peer: permanent_uuid: "03da0ed7f5e648a4a0e8cac3823f4335" member_type: VOTER last_known_addr { host: "127.28.161.66" port: 39967 }, Status: LMP_MISMATCH, Last received: 0.0, Next index: 1, Last known committed idx: 0, Time since last communication: 0.000s
I20260608 13:01:19.521956  1494 tablet_bootstrap.cc:492] T 8ba3e1e49553474aa4e1eccbc87454bc P 03da0ed7f5e648a4a0e8cac3823f4335: No bootstrap required, opened a new log
I20260608 13:01:19.522675  1494 ts_tablet_manager.cc:1403] T 8ba3e1e49553474aa4e1eccbc87454bc P 03da0ed7f5e648a4a0e8cac3823f4335: Time spent bootstrapping tablet: real 0.099s	user 0.022s	sys 0.022s
I20260608 13:01:19.531363  1196 catalog_manager.cc:5696] T 4d002585b5924c76b4f5d1e34b35aa62 P 03da0ed7f5e648a4a0e8cac3823f4335 reported cstate change: term changed from 0 to 1, leader changed from <none> to 03da0ed7f5e648a4a0e8cac3823f4335 (127.28.161.66). New cstate: current_term: 1 leader_uuid: "03da0ed7f5e648a4a0e8cac3823f4335" committed_config { opid_index: -1 OBSOLETE_local: false peers { permanent_uuid: "66310ec5cd2c4da79081e6a0bab7cb0d" member_type: VOTER last_known_addr { host: "127.28.161.65" port: 41057 } health_report { overall_health: UNKNOWN } } peers { permanent_uuid: "03da0ed7f5e648a4a0e8cac3823f4335" member_type: VOTER last_known_addr { host: "127.28.161.66" port: 39967 } health_report { overall_health: HEALTHY } } peers { permanent_uuid: "43023af7fa7f4636be4e8eb4f5d416e2" member_type: VOTER last_known_addr { host: "127.28.161.67" port: 33913 } health_report { overall_health: UNKNOWN } } }
I20260608 13:01:19.540441  1492 tablet_bootstrap.cc:654] T 5c3a521917fc481c8e7d54e057caa19e P 66310ec5cd2c4da79081e6a0bab7cb0d: Neither blocks nor log segments found. Creating new log.
I20260608 13:01:19.541448  1498 raft_consensus.cc:515] T 8d30452e193344c895a08c586a38830f P 43023af7fa7f4636be4e8eb4f5d416e2 [term 1 FOLLOWER]: Starting leader election with config: opid_index: -1 OBSOLETE_local: false peers { permanent_uuid: "66310ec5cd2c4da79081e6a0bab7cb0d" member_type: VOTER last_known_addr { host: "127.28.161.65" port: 41057 } } peers { permanent_uuid: "03da0ed7f5e648a4a0e8cac3823f4335" member_type: VOTER last_known_addr { host: "127.28.161.66" port: 39967 } } peers { permanent_uuid: "43023af7fa7f4636be4e8eb4f5d416e2" member_type: VOTER last_known_addr { host: "127.28.161.67" port: 33913 } }
I20260608 13:01:19.548058  1494 raft_consensus.cc:359] T 8ba3e1e49553474aa4e1eccbc87454bc P 03da0ed7f5e648a4a0e8cac3823f4335 [term 0 FOLLOWER]: Replica starting. Triggering 0 pending ops. Active config: opid_index: -1 OBSOLETE_local: false peers { permanent_uuid: "66310ec5cd2c4da79081e6a0bab7cb0d" member_type: VOTER last_known_addr { host: "127.28.161.65" port: 41057 } } peers { permanent_uuid: "03da0ed7f5e648a4a0e8cac3823f4335" member_type: VOTER last_known_addr { host: "127.28.161.66" port: 39967 } } peers { permanent_uuid: "43023af7fa7f4636be4e8eb4f5d416e2" member_type: VOTER last_known_addr { host: "127.28.161.67" port: 33913 } }
I20260608 13:01:19.548637  1494 raft_consensus.cc:385] T 8ba3e1e49553474aa4e1eccbc87454bc P 03da0ed7f5e648a4a0e8cac3823f4335 [term 0 FOLLOWER]: Consensus starting up: Expiring failure detector timer to make a prompt election more likely
I20260608 13:01:19.548875  1494 raft_consensus.cc:740] T 8ba3e1e49553474aa4e1eccbc87454bc P 03da0ed7f5e648a4a0e8cac3823f4335 [term 0 FOLLOWER]: Becoming Follower/Learner. State: Replica: 03da0ed7f5e648a4a0e8cac3823f4335, State: Initialized, Role: FOLLOWER
I20260608 13:01:19.552357  1413 leader_election.cc:304] T 05ca1a59bcc04589a333b60aa8b3e0f1 P 43023af7fa7f4636be4e8eb4f5d416e2 [CANDIDATE]: Term 1 pre-election: Election decided. Result: candidate lost. Election summary: received 3 responses out of 3 voters: 1 yes votes; 2 no votes. yes voters: 43023af7fa7f4636be4e8eb4f5d416e2; no voters: 03da0ed7f5e648a4a0e8cac3823f4335, 66310ec5cd2c4da79081e6a0bab7cb0d
I20260608 13:01:19.557551  1298 tablet_service.cc:1917] Received RequestConsensusVote() RPC: tablet_id: "8d30452e193344c895a08c586a38830f" candidate_uuid: "43023af7fa7f4636be4e8eb4f5d416e2" candidate_term: 1 candidate_status { last_received { term: 0 index: 0 } } ignore_live_leader: false dest_uuid: "66310ec5cd2c4da79081e6a0bab7cb0d"
I20260608 13:01:19.558210  1298 raft_consensus.cc:3060] T 8d30452e193344c895a08c586a38830f P 66310ec5cd2c4da79081e6a0bab7cb0d [term 0 FOLLOWER]: Advancing to term 1
I20260608 13:01:19.563174  1494 consensus_queue.cc:260] T 8ba3e1e49553474aa4e1eccbc87454bc P 03da0ed7f5e648a4a0e8cac3823f4335 [NON_LEADER]: Queue going to NON_LEADER mode. State: All replicated index: 0, Majority replicated index: 0, Committed index: 0, Last appended: 0.0, Last appended by leader: 0, Current term: 0, Majority size: -1, State: 0, Mode: NON_LEADER, active raft config: opid_index: -1 OBSOLETE_local: false peers { permanent_uuid: "66310ec5cd2c4da79081e6a0bab7cb0d" member_type: VOTER last_known_addr { host: "127.28.161.65" port: 41057 } } peers { permanent_uuid: "03da0ed7f5e648a4a0e8cac3823f4335" member_type: VOTER last_known_addr { host: "127.28.161.66" port: 39967 } } peers { permanent_uuid: "43023af7fa7f4636be4e8eb4f5d416e2" member_type: VOTER last_known_addr { host: "127.28.161.67" port: 33913 } }
I20260608 13:01:19.563699  1498 leader_election.cc:290] T 8d30452e193344c895a08c586a38830f P 43023af7fa7f4636be4e8eb4f5d416e2 [CANDIDATE]: Term 1 election: Requested vote from peers 66310ec5cd2c4da79081e6a0bab7cb0d (127.28.161.65:41057), 03da0ed7f5e648a4a0e8cac3823f4335 (127.28.161.66:39967)
I20260608 13:01:19.565434  1494 ts_tablet_manager.cc:1434] T 8ba3e1e49553474aa4e1eccbc87454bc P 03da0ed7f5e648a4a0e8cac3823f4335: Time spent starting tablet: real 0.042s	user 0.002s	sys 0.003s
I20260608 13:01:19.568521  1494 tablet_bootstrap.cc:492] T dba17fb18c154e3689cb079360e540b4 P 03da0ed7f5e648a4a0e8cac3823f4335: Bootstrap starting.
I20260608 13:01:19.562489  1520 raft_consensus.cc:515] T 0369c30848b04be1beb6380f6b212dd6 P 66310ec5cd2c4da79081e6a0bab7cb0d [term 1 FOLLOWER]: Starting leader election with config: opid_index: -1 OBSOLETE_local: false peers { permanent_uuid: "66310ec5cd2c4da79081e6a0bab7cb0d" member_type: VOTER last_known_addr { host: "127.28.161.65" port: 41057 } } peers { permanent_uuid: "03da0ed7f5e648a4a0e8cac3823f4335" member_type: VOTER last_known_addr { host: "127.28.161.66" port: 39967 } } peers { permanent_uuid: "43023af7fa7f4636be4e8eb4f5d416e2" member_type: VOTER last_known_addr { host: "127.28.161.67" port: 33913 } }
I20260608 13:01:19.570294  1498 raft_consensus.cc:2749] T 05ca1a59bcc04589a333b60aa8b3e0f1 P 43023af7fa7f4636be4e8eb4f5d416e2 [term 1 FOLLOWER]: Leader pre-election lost for term 1. Reason: could not achieve majority
I20260608 13:01:19.573809  1298 raft_consensus.cc:2468] T 8d30452e193344c895a08c586a38830f P 66310ec5cd2c4da79081e6a0bab7cb0d [term 1 FOLLOWER]: Leader election vote request: Granting yes vote for candidate 43023af7fa7f4636be4e8eb4f5d416e2 in term 1.
I20260608 13:01:19.581755  1493 tablet_bootstrap.cc:492] T 8ba3e1e49553474aa4e1eccbc87454bc P 43023af7fa7f4636be4e8eb4f5d416e2: No bootstrap required, opened a new log
I20260608 13:01:19.581954  1411 leader_election.cc:304] T 8d30452e193344c895a08c586a38830f P 43023af7fa7f4636be4e8eb4f5d416e2 [CANDIDATE]: Term 1 election: Election decided. Result: candidate won. Election summary: received 2 responses out of 3 voters: 2 yes votes; 0 no votes. yes voters: 43023af7fa7f4636be4e8eb4f5d416e2, 66310ec5cd2c4da79081e6a0bab7cb0d; no voters: 
I20260608 13:01:19.582302  1493 ts_tablet_manager.cc:1403] T 8ba3e1e49553474aa4e1eccbc87454bc P 43023af7fa7f4636be4e8eb4f5d416e2: Time spent bootstrapping tablet: real 0.121s	user 0.024s	sys 0.016s
I20260608 13:01:19.583684  1498 raft_consensus.cc:2804] T 8d30452e193344c895a08c586a38830f P 43023af7fa7f4636be4e8eb4f5d416e2 [term 1 FOLLOWER]: Leader election won for term 1
I20260608 13:01:19.586961  1520 leader_election.cc:290] T 0369c30848b04be1beb6380f6b212dd6 P 66310ec5cd2c4da79081e6a0bab7cb0d [CANDIDATE]: Term 1 election: Requested vote from peers 03da0ed7f5e648a4a0e8cac3823f4335 (127.28.161.66:39967), 43023af7fa7f4636be4e8eb4f5d416e2 (127.28.161.67:33913)
I20260608 13:01:19.586467  1493 raft_consensus.cc:359] T 8ba3e1e49553474aa4e1eccbc87454bc P 43023af7fa7f4636be4e8eb4f5d416e2 [term 0 FOLLOWER]: Replica starting. Triggering 0 pending ops. Active config: opid_index: -1 OBSOLETE_local: false peers { permanent_uuid: "66310ec5cd2c4da79081e6a0bab7cb0d" member_type: VOTER last_known_addr { host: "127.28.161.65" port: 41057 } } peers { permanent_uuid: "03da0ed7f5e648a4a0e8cac3823f4335" member_type: VOTER last_known_addr { host: "127.28.161.66" port: 39967 } } peers { permanent_uuid: "43023af7fa7f4636be4e8eb4f5d416e2" member_type: VOTER last_known_addr { host: "127.28.161.67" port: 33913 } }
I20260608 13:01:19.587616  1493 raft_consensus.cc:385] T 8ba3e1e49553474aa4e1eccbc87454bc P 43023af7fa7f4636be4e8eb4f5d416e2 [term 0 FOLLOWER]: Consensus starting up: Expiring failure detector timer to make a prompt election more likely
I20260608 13:01:19.587437  1546 consensus_queue.cc:1048] T 05ca1a59bcc04589a333b60aa8b3e0f1 P 66310ec5cd2c4da79081e6a0bab7cb0d [LEADER]: Connected to new peer: Peer: permanent_uuid: "43023af7fa7f4636be4e8eb4f5d416e2" member_type: VOTER last_known_addr { host: "127.28.161.67" port: 33913 }, Status: LMP_MISMATCH, Last received: 0.0, Next index: 1, Last known committed idx: 0, Time since last communication: 0.001s
I20260608 13:01:19.587922  1493 raft_consensus.cc:740] T 8ba3e1e49553474aa4e1eccbc87454bc P 43023af7fa7f4636be4e8eb4f5d416e2 [term 0 FOLLOWER]: Becoming Follower/Learner. State: Replica: 43023af7fa7f4636be4e8eb4f5d416e2, State: Initialized, Role: FOLLOWER
I20260608 13:01:19.588080  1372 tablet_service.cc:1917] Received RequestConsensusVote() RPC: tablet_id: "0369c30848b04be1beb6380f6b212dd6" candidate_uuid: "66310ec5cd2c4da79081e6a0bab7cb0d" candidate_term: 1 candidate_status { last_received { term: 0 index: 0 } } ignore_live_leader: false dest_uuid: "03da0ed7f5e648a4a0e8cac3823f4335"
I20260608 13:01:19.588753  1493 consensus_queue.cc:260] T 8ba3e1e49553474aa4e1eccbc87454bc P 43023af7fa7f4636be4e8eb4f5d416e2 [NON_LEADER]: Queue going to NON_LEADER mode. State: All replicated index: 0, Majority replicated index: 0, Committed index: 0, Last appended: 0.0, Last appended by leader: 0, Current term: 0, Majority size: -1, State: 0, Mode: NON_LEADER, active raft config: opid_index: -1 OBSOLETE_local: false peers { permanent_uuid: "66310ec5cd2c4da79081e6a0bab7cb0d" member_type: VOTER last_known_addr { host: "127.28.161.65" port: 41057 } } peers { permanent_uuid: "03da0ed7f5e648a4a0e8cac3823f4335" member_type: VOTER last_known_addr { host: "127.28.161.66" port: 39967 } } peers { permanent_uuid: "43023af7fa7f4636be4e8eb4f5d416e2" member_type: VOTER last_known_addr { host: "127.28.161.67" port: 33913 } }
I20260608 13:01:19.630256  1493 ts_tablet_manager.cc:1434] T 8ba3e1e49553474aa4e1eccbc87454bc P 43023af7fa7f4636be4e8eb4f5d416e2: Time spent starting tablet: real 0.048s	user 0.006s	sys 0.013s
I20260608 13:01:19.620425  1372 raft_consensus.cc:3060] T 0369c30848b04be1beb6380f6b212dd6 P 03da0ed7f5e648a4a0e8cac3823f4335 [term 0 FOLLOWER]: Advancing to term 1
I20260608 13:01:19.620882  1498 raft_consensus.cc:697] T 8d30452e193344c895a08c586a38830f P 43023af7fa7f4636be4e8eb4f5d416e2 [term 1 LEADER]: Becoming Leader. State: Replica: 43023af7fa7f4636be4e8eb4f5d416e2, State: Running, Role: LEADER
I20260608 13:01:19.638968  1370 tablet_service.cc:1917] Received RequestConsensusVote() RPC: tablet_id: "8d30452e193344c895a08c586a38830f" candidate_uuid: "43023af7fa7f4636be4e8eb4f5d416e2" candidate_term: 1 candidate_status { last_received { term: 0 index: 0 } } ignore_live_leader: false dest_uuid: "03da0ed7f5e648a4a0e8cac3823f4335"
I20260608 13:01:19.643657  1498 consensus_queue.cc:237] T 8d30452e193344c895a08c586a38830f P 43023af7fa7f4636be4e8eb4f5d416e2 [LEADER]: Queue going to LEADER mode. State: All replicated index: 0, Majority replicated index: 0, Committed index: 0, Last appended: 0.0, Last appended by leader: 0, Current term: 1, Majority size: 2, State: 0, Mode: LEADER, active raft config: opid_index: -1 OBSOLETE_local: false peers { permanent_uuid: "66310ec5cd2c4da79081e6a0bab7cb0d" member_type: VOTER last_known_addr { host: "127.28.161.65" port: 41057 } } peers { permanent_uuid: "03da0ed7f5e648a4a0e8cac3823f4335" member_type: VOTER last_known_addr { host: "127.28.161.66" port: 39967 } } peers { permanent_uuid: "43023af7fa7f4636be4e8eb4f5d416e2" member_type: VOTER last_known_addr { host: "127.28.161.67" port: 33913 } }
I20260608 13:01:19.645744  1446 tablet_service.cc:1917] Received RequestConsensusVote() RPC: tablet_id: "0369c30848b04be1beb6380f6b212dd6" candidate_uuid: "66310ec5cd2c4da79081e6a0bab7cb0d" candidate_term: 1 candidate_status { last_received { term: 0 index: 0 } } ignore_live_leader: false dest_uuid: "43023af7fa7f4636be4e8eb4f5d416e2"
I20260608 13:01:19.646734  1494 tablet_bootstrap.cc:654] T dba17fb18c154e3689cb079360e540b4 P 03da0ed7f5e648a4a0e8cac3823f4335: Neither blocks nor log segments found. Creating new log.
I20260608 13:01:19.648970  1370 raft_consensus.cc:3060] T 8d30452e193344c895a08c586a38830f P 03da0ed7f5e648a4a0e8cac3823f4335 [term 0 FOLLOWER]: Advancing to term 1
I20260608 13:01:19.646402  1446 raft_consensus.cc:3060] T 0369c30848b04be1beb6380f6b212dd6 P 43023af7fa7f4636be4e8eb4f5d416e2 [term 0 FOLLOWER]: Advancing to term 1
I20260608 13:01:19.659704  1533 consensus_queue.cc:1048] T 5c3a521917fc481c8e7d54e057caa19e P 03da0ed7f5e648a4a0e8cac3823f4335 [LEADER]: Connected to new peer: Peer: permanent_uuid: "43023af7fa7f4636be4e8eb4f5d416e2" member_type: VOTER last_known_addr { host: "127.28.161.67" port: 33913 }, Status: LMP_MISMATCH, Last received: 0.0, Next index: 1, Last known committed idx: 0, Time since last communication: 0.004s
I20260608 13:01:19.669585  1372 raft_consensus.cc:2468] T 0369c30848b04be1beb6380f6b212dd6 P 03da0ed7f5e648a4a0e8cac3823f4335 [term 1 FOLLOWER]: Leader election vote request: Granting yes vote for candidate 66310ec5cd2c4da79081e6a0bab7cb0d in term 1.
I20260608 13:01:19.675902  1502 consensus_queue.cc:1048] T 5fdfe660e98d4fd794d10fdcb80a4d93 P 43023af7fa7f4636be4e8eb4f5d416e2 [LEADER]: Connected to new peer: Peer: permanent_uuid: "03da0ed7f5e648a4a0e8cac3823f4335" member_type: VOTER last_known_addr { host: "127.28.161.66" port: 39967 }, Status: LMP_MISMATCH, Last received: 0.0, Next index: 1, Last known committed idx: 0, Time since last communication: 0.005s
I20260608 13:01:19.671012  1264 leader_election.cc:304] T 0369c30848b04be1beb6380f6b212dd6 P 66310ec5cd2c4da79081e6a0bab7cb0d [CANDIDATE]: Term 1 election: Election decided. Result: candidate won. Election summary: received 2 responses out of 3 voters: 2 yes votes; 0 no votes. yes voters: 03da0ed7f5e648a4a0e8cac3823f4335, 66310ec5cd2c4da79081e6a0bab7cb0d; no voters: 
I20260608 13:01:19.683668  1499 raft_consensus.cc:2804] T 0369c30848b04be1beb6380f6b212dd6 P 66310ec5cd2c4da79081e6a0bab7cb0d [term 1 FOLLOWER]: Leader election won for term 1
I20260608 13:01:19.684211  1499 raft_consensus.cc:697] T 0369c30848b04be1beb6380f6b212dd6 P 66310ec5cd2c4da79081e6a0bab7cb0d [term 1 LEADER]: Becoming Leader. State: Replica: 66310ec5cd2c4da79081e6a0bab7cb0d, State: Running, Role: LEADER
I20260608 13:01:19.685063  1499 consensus_queue.cc:237] T 0369c30848b04be1beb6380f6b212dd6 P 66310ec5cd2c4da79081e6a0bab7cb0d [LEADER]: Queue going to LEADER mode. State: All replicated index: 0, Majority replicated index: 0, Committed index: 0, Last appended: 0.0, Last appended by leader: 0, Current term: 1, Majority size: 2, State: 0, Mode: LEADER, active raft config: opid_index: -1 OBSOLETE_local: false peers { permanent_uuid: "66310ec5cd2c4da79081e6a0bab7cb0d" member_type: VOTER last_known_addr { host: "127.28.161.65" port: 41057 } } peers { permanent_uuid: "03da0ed7f5e648a4a0e8cac3823f4335" member_type: VOTER last_known_addr { host: "127.28.161.66" port: 39967 } } peers { permanent_uuid: "43023af7fa7f4636be4e8eb4f5d416e2" member_type: VOTER last_known_addr { host: "127.28.161.67" port: 33913 } }
I20260608 13:01:19.689877  1492 tablet_bootstrap.cc:492] T 5c3a521917fc481c8e7d54e057caa19e P 66310ec5cd2c4da79081e6a0bab7cb0d: No bootstrap required, opened a new log
W20260608 13:01:19.689803  1337 consensus_peers.cc:597] T 5c3a521917fc481c8e7d54e057caa19e P 03da0ed7f5e648a4a0e8cac3823f4335 -> Peer 66310ec5cd2c4da79081e6a0bab7cb0d (127.28.161.65:41057): Couldn't send request to peer 66310ec5cd2c4da79081e6a0bab7cb0d. Error code: TABLET_NOT_RUNNING (12). Status: Illegal state: Tablet not RUNNING: BOOTSTRAPPING. This is attempt 1: this message will repeat every 5th retry.
I20260608 13:01:19.690553  1492 ts_tablet_manager.cc:1403] T 5c3a521917fc481c8e7d54e057caa19e P 66310ec5cd2c4da79081e6a0bab7cb0d: Time spent bootstrapping tablet: real 0.191s	user 0.019s	sys 0.013s
I20260608 13:01:19.693591  1492 raft_consensus.cc:359] T 5c3a521917fc481c8e7d54e057caa19e P 66310ec5cd2c4da79081e6a0bab7cb0d [term 0 FOLLOWER]: Replica starting. Triggering 0 pending ops. Active config: opid_index: -1 OBSOLETE_local: false peers { permanent_uuid: "66310ec5cd2c4da79081e6a0bab7cb0d" member_type: VOTER last_known_addr { host: "127.28.161.65" port: 41057 } } peers { permanent_uuid: "03da0ed7f5e648a4a0e8cac3823f4335" member_type: VOTER last_known_addr { host: "127.28.161.66" port: 39967 } } peers { permanent_uuid: "43023af7fa7f4636be4e8eb4f5d416e2" member_type: VOTER last_known_addr { host: "127.28.161.67" port: 33913 } }
I20260608 13:01:19.694227  1492 raft_consensus.cc:385] T 5c3a521917fc481c8e7d54e057caa19e P 66310ec5cd2c4da79081e6a0bab7cb0d [term 0 FOLLOWER]: Consensus starting up: Expiring failure detector timer to make a prompt election more likely
I20260608 13:01:19.694511  1492 raft_consensus.cc:740] T 5c3a521917fc481c8e7d54e057caa19e P 66310ec5cd2c4da79081e6a0bab7cb0d [term 0 FOLLOWER]: Becoming Follower/Learner. State: Replica: 66310ec5cd2c4da79081e6a0bab7cb0d, State: Initialized, Role: FOLLOWER
I20260608 13:01:19.695207  1492 consensus_queue.cc:260] T 5c3a521917fc481c8e7d54e057caa19e P 66310ec5cd2c4da79081e6a0bab7cb0d [NON_LEADER]: Queue going to NON_LEADER mode. State: All replicated index: 0, Majority replicated index: 0, Committed index: 0, Last appended: 0.0, Last appended by leader: 0, Current term: 0, Majority size: -1, State: 0, Mode: NON_LEADER, active raft config: opid_index: -1 OBSOLETE_local: false peers { permanent_uuid: "66310ec5cd2c4da79081e6a0bab7cb0d" member_type: VOTER last_known_addr { host: "127.28.161.65" port: 41057 } } peers { permanent_uuid: "03da0ed7f5e648a4a0e8cac3823f4335" member_type: VOTER last_known_addr { host: "127.28.161.66" port: 39967 } } peers { permanent_uuid: "43023af7fa7f4636be4e8eb4f5d416e2" member_type: VOTER last_known_addr { host: "127.28.161.67" port: 33913 } }
I20260608 13:01:19.697284  1492 ts_tablet_manager.cc:1434] T 5c3a521917fc481c8e7d54e057caa19e P 66310ec5cd2c4da79081e6a0bab7cb0d: Time spent starting tablet: real 0.006s	user 0.005s	sys 0.000s
I20260608 13:01:19.698040  1446 raft_consensus.cc:2468] T 0369c30848b04be1beb6380f6b212dd6 P 43023af7fa7f4636be4e8eb4f5d416e2 [term 1 FOLLOWER]: Leader election vote request: Granting yes vote for candidate 66310ec5cd2c4da79081e6a0bab7cb0d in term 1.
I20260608 13:01:19.698225  1492 tablet_bootstrap.cc:492] T 6055f95940b54bdfa925940da6ba5449 P 66310ec5cd2c4da79081e6a0bab7cb0d: Bootstrap starting.
I20260608 13:01:19.698330  1494 tablet_bootstrap.cc:492] T dba17fb18c154e3689cb079360e540b4 P 03da0ed7f5e648a4a0e8cac3823f4335: No bootstrap required, opened a new log
I20260608 13:01:19.700672  1494 ts_tablet_manager.cc:1403] T dba17fb18c154e3689cb079360e540b4 P 03da0ed7f5e648a4a0e8cac3823f4335: Time spent bootstrapping tablet: real 0.132s	user 0.020s	sys 0.007s
I20260608 13:01:19.707966  1370 raft_consensus.cc:2468] T 8d30452e193344c895a08c586a38830f P 03da0ed7f5e648a4a0e8cac3823f4335 [term 1 FOLLOWER]: Leader election vote request: Granting yes vote for candidate 43023af7fa7f4636be4e8eb4f5d416e2 in term 1.
I20260608 13:01:19.705734  1196 catalog_manager.cc:5696] T 8d30452e193344c895a08c586a38830f P 43023af7fa7f4636be4e8eb4f5d416e2 reported cstate change: term changed from 0 to 1, leader changed from <none> to 43023af7fa7f4636be4e8eb4f5d416e2 (127.28.161.67). New cstate: current_term: 1 leader_uuid: "43023af7fa7f4636be4e8eb4f5d416e2" committed_config { opid_index: -1 OBSOLETE_local: false peers { permanent_uuid: "66310ec5cd2c4da79081e6a0bab7cb0d" member_type: VOTER last_known_addr { host: "127.28.161.65" port: 41057 } health_report { overall_health: UNKNOWN } } peers { permanent_uuid: "03da0ed7f5e648a4a0e8cac3823f4335" member_type: VOTER last_known_addr { host: "127.28.161.66" port: 39967 } health_report { overall_health: UNKNOWN } } peers { permanent_uuid: "43023af7fa7f4636be4e8eb4f5d416e2" member_type: VOTER last_known_addr { host: "127.28.161.67" port: 33913 } health_report { overall_health: HEALTHY } } }
I20260608 13:01:19.710911  1494 raft_consensus.cc:359] T dba17fb18c154e3689cb079360e540b4 P 03da0ed7f5e648a4a0e8cac3823f4335 [term 0 FOLLOWER]: Replica starting. Triggering 0 pending ops. Active config: opid_index: -1 OBSOLETE_local: false peers { permanent_uuid: "66310ec5cd2c4da79081e6a0bab7cb0d" member_type: VOTER last_known_addr { host: "127.28.161.65" port: 41057 } } peers { permanent_uuid: "43023af7fa7f4636be4e8eb4f5d416e2" member_type: VOTER last_known_addr { host: "127.28.161.67" port: 33913 } } peers { permanent_uuid: "03da0ed7f5e648a4a0e8cac3823f4335" member_type: VOTER last_known_addr { host: "127.28.161.66" port: 39967 } }
I20260608 13:01:19.712194  1494 raft_consensus.cc:385] T dba17fb18c154e3689cb079360e540b4 P 03da0ed7f5e648a4a0e8cac3823f4335 [term 0 FOLLOWER]: Consensus starting up: Expiring failure detector timer to make a prompt election more likely
I20260608 13:01:19.712483  1494 raft_consensus.cc:740] T dba17fb18c154e3689cb079360e540b4 P 03da0ed7f5e648a4a0e8cac3823f4335 [term 0 FOLLOWER]: Becoming Follower/Learner. State: Replica: 03da0ed7f5e648a4a0e8cac3823f4335, State: Initialized, Role: FOLLOWER
I20260608 13:01:19.713138  1494 consensus_queue.cc:260] T dba17fb18c154e3689cb079360e540b4 P 03da0ed7f5e648a4a0e8cac3823f4335 [NON_LEADER]: Queue going to NON_LEADER mode. State: All replicated index: 0, Majority replicated index: 0, Committed index: 0, Last appended: 0.0, Last appended by leader: 0, Current term: 0, Majority size: -1, State: 0, Mode: NON_LEADER, active raft config: opid_index: -1 OBSOLETE_local: false peers { permanent_uuid: "66310ec5cd2c4da79081e6a0bab7cb0d" member_type: VOTER last_known_addr { host: "127.28.161.65" port: 41057 } } peers { permanent_uuid: "43023af7fa7f4636be4e8eb4f5d416e2" member_type: VOTER last_known_addr { host: "127.28.161.67" port: 33913 } } peers { permanent_uuid: "03da0ed7f5e648a4a0e8cac3823f4335" member_type: VOTER last_known_addr { host: "127.28.161.66" port: 39967 } }
I20260608 13:01:19.716418  1494 ts_tablet_manager.cc:1434] T dba17fb18c154e3689cb079360e540b4 P 03da0ed7f5e648a4a0e8cac3823f4335: Time spent starting tablet: real 0.015s	user 0.006s	sys 0.000s
I20260608 13:01:19.717120  1492 tablet_bootstrap.cc:654] T 6055f95940b54bdfa925940da6ba5449 P 66310ec5cd2c4da79081e6a0bab7cb0d: Neither blocks nor log segments found. Creating new log.
I20260608 13:01:19.725419  1533 consensus_queue.cc:1048] T e94e9a7534ac40f182dc6cc5a1fd1c2a P 03da0ed7f5e648a4a0e8cac3823f4335 [LEADER]: Connected to new peer: Peer: permanent_uuid: "66310ec5cd2c4da79081e6a0bab7cb0d" member_type: VOTER last_known_addr { host: "127.28.161.65" port: 41057 }, Status: LMP_MISMATCH, Last received: 0.0, Next index: 1, Last known committed idx: 0, Time since last communication: 0.000s
