I20260608 13:01:02.590430  1537 raft_consensus.cc:515] T 2c152a8829464b6983d968ef71c85cc7 P 446fdf6f6add441fa882691bd62c4b52 [term 0 FOLLOWER]: Starting pre-election with config: opid_index: -1 OBSOLETE_local: false peers { permanent_uuid: "2e9ae43de7ff4ac7a9990713e5191592" member_type: VOTER last_known_addr { host: "127.29.46.65" port: 39389 } } peers { permanent_uuid: "446fdf6f6add441fa882691bd62c4b52" member_type: VOTER last_known_addr { host: "127.29.46.68" port: 38805 } } peers { permanent_uuid: "24f7d9d602d54f3484687d4a935abe10" member_type: VOTER last_known_addr { host: "127.29.46.67" port: 32835 } }
I20260608 13:01:02.593219  1537 leader_election.cc:290] T 2c152a8829464b6983d968ef71c85cc7 P 446fdf6f6add441fa882691bd62c4b52 [CANDIDATE]: Term 1 pre-election: Requested pre-vote from peers 2e9ae43de7ff4ac7a9990713e5191592 (127.29.46.65:39389), 24f7d9d602d54f3484687d4a935abe10 (127.29.46.67:32835)
I20260608 13:01:02.610037  1261 tablet_service.cc:1917] Received RequestConsensusVote() RPC: tablet_id: "2c152a8829464b6983d968ef71c85cc7" candidate_uuid: "446fdf6f6add441fa882691bd62c4b52" candidate_term: 1 candidate_status { last_received { term: 0 index: 0 } } ignore_live_leader: false dest_uuid: "2e9ae43de7ff4ac7a9990713e5191592" is_pre_election: true
I20260608 13:01:02.610121  1410 tablet_service.cc:1917] Received RequestConsensusVote() RPC: tablet_id: "2c152a8829464b6983d968ef71c85cc7" candidate_uuid: "446fdf6f6add441fa882691bd62c4b52" candidate_term: 1 candidate_status { last_received { term: 0 index: 0 } } ignore_live_leader: false dest_uuid: "24f7d9d602d54f3484687d4a935abe10" is_pre_election: true
I20260608 13:01:02.611351  1261 raft_consensus.cc:2468] T 2c152a8829464b6983d968ef71c85cc7 P 2e9ae43de7ff4ac7a9990713e5191592 [term 0 FOLLOWER]: Leader pre-election vote request: Granting yes vote for candidate 446fdf6f6add441fa882691bd62c4b52 in term 0.
I20260608 13:01:02.611526  1410 raft_consensus.cc:2468] T 2c152a8829464b6983d968ef71c85cc7 P 24f7d9d602d54f3484687d4a935abe10 [term 0 FOLLOWER]: Leader pre-election vote request: Granting yes vote for candidate 446fdf6f6add441fa882691bd62c4b52 in term 0.
I20260608 13:01:02.613196  1448 leader_election.cc:304] T 2c152a8829464b6983d968ef71c85cc7 P 446fdf6f6add441fa882691bd62c4b52 [CANDIDATE]: Term 1 pre-election: Election decided. Result: candidate won. Election summary: received 2 responses out of 3 voters: 2 yes votes; 0 no votes. yes voters: 2e9ae43de7ff4ac7a9990713e5191592, 446fdf6f6add441fa882691bd62c4b52; no voters: 
I20260608 13:01:02.614292  1537 raft_consensus.cc:2804] T 2c152a8829464b6983d968ef71c85cc7 P 446fdf6f6add441fa882691bd62c4b52 [term 0 FOLLOWER]: Leader pre-election won for term 1
I20260608 13:01:02.614987  1537 raft_consensus.cc:493] T 2c152a8829464b6983d968ef71c85cc7 P 446fdf6f6add441fa882691bd62c4b52 [term 0 FOLLOWER]: Starting leader election (no leader contacted us within the election timeout)
I20260608 13:01:02.615304  1537 raft_consensus.cc:3060] T 2c152a8829464b6983d968ef71c85cc7 P 446fdf6f6add441fa882691bd62c4b52 [term 0 FOLLOWER]: Advancing to term 1
I20260608 13:01:02.621495  1537 raft_consensus.cc:515] T 2c152a8829464b6983d968ef71c85cc7 P 446fdf6f6add441fa882691bd62c4b52 [term 1 FOLLOWER]: Starting leader election with config: opid_index: -1 OBSOLETE_local: false peers { permanent_uuid: "2e9ae43de7ff4ac7a9990713e5191592" member_type: VOTER last_known_addr { host: "127.29.46.65" port: 39389 } } peers { permanent_uuid: "446fdf6f6add441fa882691bd62c4b52" member_type: VOTER last_known_addr { host: "127.29.46.68" port: 38805 } } peers { permanent_uuid: "24f7d9d602d54f3484687d4a935abe10" member_type: VOTER last_known_addr { host: "127.29.46.67" port: 32835 } }
I20260608 13:01:02.623643  1537 leader_election.cc:290] T 2c152a8829464b6983d968ef71c85cc7 P 446fdf6f6add441fa882691bd62c4b52 [CANDIDATE]: Term 1 election: Requested vote from peers 2e9ae43de7ff4ac7a9990713e5191592 (127.29.46.65:39389), 24f7d9d602d54f3484687d4a935abe10 (127.29.46.67:32835)
I20260608 13:01:02.625128  1410 tablet_service.cc:1917] Received RequestConsensusVote() RPC: tablet_id: "2c152a8829464b6983d968ef71c85cc7" candidate_uuid: "446fdf6f6add441fa882691bd62c4b52" candidate_term: 1 candidate_status { last_received { term: 0 index: 0 } } ignore_live_leader: false dest_uuid: "24f7d9d602d54f3484687d4a935abe10"
I20260608 13:01:02.625155  1261 tablet_service.cc:1917] Received RequestConsensusVote() RPC: tablet_id: "2c152a8829464b6983d968ef71c85cc7" candidate_uuid: "446fdf6f6add441fa882691bd62c4b52" candidate_term: 1 candidate_status { last_received { term: 0 index: 0 } } ignore_live_leader: false dest_uuid: "2e9ae43de7ff4ac7a9990713e5191592"
I20260608 13:01:02.625804  1410 raft_consensus.cc:3060] T 2c152a8829464b6983d968ef71c85cc7 P 24f7d9d602d54f3484687d4a935abe10 [term 0 FOLLOWER]: Advancing to term 1
I20260608 13:01:02.626109  1261 raft_consensus.cc:3060] T 2c152a8829464b6983d968ef71c85cc7 P 2e9ae43de7ff4ac7a9990713e5191592 [term 0 FOLLOWER]: Advancing to term 1
I20260608 13:01:02.633088  1261 raft_consensus.cc:2468] T 2c152a8829464b6983d968ef71c85cc7 P 2e9ae43de7ff4ac7a9990713e5191592 [term 1 FOLLOWER]: Leader election vote request: Granting yes vote for candidate 446fdf6f6add441fa882691bd62c4b52 in term 1.
I20260608 13:01:02.634080  1410 raft_consensus.cc:2468] T 2c152a8829464b6983d968ef71c85cc7 P 24f7d9d602d54f3484687d4a935abe10 [term 1 FOLLOWER]: Leader election vote request: Granting yes vote for candidate 446fdf6f6add441fa882691bd62c4b52 in term 1.
I20260608 13:01:02.634543  1448 leader_election.cc:304] T 2c152a8829464b6983d968ef71c85cc7 P 446fdf6f6add441fa882691bd62c4b52 [CANDIDATE]: Term 1 election: Election decided. Result: candidate won. Election summary: received 2 responses out of 3 voters: 2 yes votes; 0 no votes. yes voters: 2e9ae43de7ff4ac7a9990713e5191592, 446fdf6f6add441fa882691bd62c4b52; no voters: 
I20260608 13:01:02.635663  1537 raft_consensus.cc:2804] T 2c152a8829464b6983d968ef71c85cc7 P 446fdf6f6add441fa882691bd62c4b52 [term 1 FOLLOWER]: Leader election won for term 1
I20260608 13:01:02.637010  1537 raft_consensus.cc:697] T 2c152a8829464b6983d968ef71c85cc7 P 446fdf6f6add441fa882691bd62c4b52 [term 1 LEADER]: Becoming Leader. State: Replica: 446fdf6f6add441fa882691bd62c4b52, State: Running, Role: LEADER
I20260608 13:01:02.638053  1537 consensus_queue.cc:237] T 2c152a8829464b6983d968ef71c85cc7 P 446fdf6f6add441fa882691bd62c4b52 [LEADER]: Queue going to LEADER mode. State: All replicated index: 0, Majority replicated index: 0, Committed index: 0, Last appended: 0.0, Last appended by leader: 0, Current term: 1, Majority size: 2, State: 0, Mode: LEADER, active raft config: opid_index: -1 OBSOLETE_local: false peers { permanent_uuid: "2e9ae43de7ff4ac7a9990713e5191592" member_type: VOTER last_known_addr { host: "127.29.46.65" port: 39389 } } peers { permanent_uuid: "446fdf6f6add441fa882691bd62c4b52" member_type: VOTER last_known_addr { host: "127.29.46.68" port: 38805 } } peers { permanent_uuid: "24f7d9d602d54f3484687d4a935abe10" member_type: VOTER last_known_addr { host: "127.29.46.67" port: 32835 } }
I20260608 13:01:02.648947  1159 catalog_manager.cc:5696] T 2c152a8829464b6983d968ef71c85cc7 P 446fdf6f6add441fa882691bd62c4b52 reported cstate change: term changed from 0 to 1, leader changed from <none> to 446fdf6f6add441fa882691bd62c4b52 (127.29.46.68). New cstate: current_term: 1 leader_uuid: "446fdf6f6add441fa882691bd62c4b52" committed_config { opid_index: -1 OBSOLETE_local: false peers { permanent_uuid: "2e9ae43de7ff4ac7a9990713e5191592" member_type: VOTER last_known_addr { host: "127.29.46.65" port: 39389 } health_report { overall_health: UNKNOWN } } peers { permanent_uuid: "446fdf6f6add441fa882691bd62c4b52" member_type: VOTER last_known_addr { host: "127.29.46.68" port: 38805 } health_report { overall_health: HEALTHY } } peers { permanent_uuid: "24f7d9d602d54f3484687d4a935abe10" member_type: VOTER last_known_addr { host: "127.29.46.67" port: 32835 } health_report { overall_health: UNKNOWN } } }
I20260608 13:01:02.956789  1212 auto_leader_rebalancer.cc:140] leader rebalance for table test-workload
I20260608 13:01:02.959228  1212 auto_leader_rebalancer.cc:388] table: test-workload, leader rebalance finish, leader transfer count: 0
I20260608 13:01:02.959770  1212 auto_leader_rebalancer.cc:451] All tables' leader rebalancing finished this round
I20260608 13:01:03.131243  1537 consensus_queue.cc:1048] T 2c152a8829464b6983d968ef71c85cc7 P 446fdf6f6add441fa882691bd62c4b52 [LEADER]: Connected to new peer: Peer: permanent_uuid: "24f7d9d602d54f3484687d4a935abe10" member_type: VOTER last_known_addr { host: "127.29.46.67" port: 32835 }, Status: LMP_MISMATCH, Last received: 0.0, Next index: 1, Last known committed idx: 0, Time since last communication: 0.001s
I20260608 13:01:03.151698  1545 consensus_queue.cc:1048] T 2c152a8829464b6983d968ef71c85cc7 P 446fdf6f6add441fa882691bd62c4b52 [LEADER]: Connected to new peer: Peer: permanent_uuid: "2e9ae43de7ff4ac7a9990713e5191592" member_type: VOTER last_known_addr { host: "127.29.46.65" port: 39389 }, Status: LMP_MISMATCH, Last received: 0.0, Next index: 1, Last known committed idx: 0, Time since last communication: 0.001s
I20260608 13:01:04.961030  1212 auto_leader_rebalancer.cc:140] leader rebalance for table test-workload
I20260608 13:01:04.962585  1212 auto_leader_rebalancer.cc:388] table: test-workload, leader rebalance finish, leader transfer count: 0
I20260608 13:01:04.962962  1212 auto_leader_rebalancer.cc:451] All tables' leader rebalancing finished this round
I20260608 13:01:06.964087  1212 auto_leader_rebalancer.cc:140] leader rebalance for table test-workload
I20260608 13:01:06.965755  1212 auto_leader_rebalancer.cc:388] table: test-workload, leader rebalance finish, leader transfer count: 0
I20260608 13:01:06.966151  1212 auto_leader_rebalancer.cc:451] All tables' leader rebalancing finished this round
I20260608 13:01:08.967402  1212 auto_leader_rebalancer.cc:140] leader rebalance for table test-workload
I20260608 13:01:08.969224  1212 auto_leader_rebalancer.cc:388] table: test-workload, leader rebalance finish, leader transfer count: 0
I20260608 13:01:08.969619  1212 auto_leader_rebalancer.cc:451] All tables' leader rebalancing finished this round
I20260608 13:01:10.970965  1212 auto_leader_rebalancer.cc:140] leader rebalance for table test-workload
I20260608 13:01:10.972971  1212 auto_leader_rebalancer.cc:388] table: test-workload, leader rebalance finish, leader transfer count: 0
I20260608 13:01:10.973481  1212 auto_leader_rebalancer.cc:451] All tables' leader rebalancing finished this round
I20260608 13:01:12.974742  1212 auto_leader_rebalancer.cc:140] leader rebalance for table test-workload
I20260608 13:01:12.976346  1212 auto_leader_rebalancer.cc:388] table: test-workload, leader rebalance finish, leader transfer count: 0
I20260608 13:01:12.976696  1212 auto_leader_rebalancer.cc:451] All tables' leader rebalancing finished this round
I20260608 13:01:13.797657 29881 tablet_server.cc:179] TabletServer@127.29.46.65:0 shutting down...
I20260608 13:01:13.837755 29881 ts_tablet_manager.cc:1507] Shutting down tablet manager...
I20260608 13:01:13.839063 29881 tablet_replica.cc:333] T 2c152a8829464b6983d968ef71c85cc7 P 2e9ae43de7ff4ac7a9990713e5191592: stopping tablet replica
I20260608 13:01:13.839918 29881 raft_consensus.cc:2243] T 2c152a8829464b6983d968ef71c85cc7 P 2e9ae43de7ff4ac7a9990713e5191592 [term 1 FOLLOWER]: Raft consensus shutting down.
I20260608 13:01:13.840997 29881 raft_consensus.cc:2272] T 2c152a8829464b6983d968ef71c85cc7 P 2e9ae43de7ff4ac7a9990713e5191592 [term 1 FOLLOWER]: Raft consensus is shut down!
I20260608 13:01:13.864948 29881 tablet_server.cc:196] TabletServer@127.29.46.65:0 shutdown complete.
I20260608 13:01:13.880029 29881 tablet_server.cc:179] TabletServer@127.29.46.66:0 shutting down...
I20260608 13:01:13.911490 29881 ts_tablet_manager.cc:1507] Shutting down tablet manager...
I20260608 13:01:13.930148 29881 tablet_server.cc:196] TabletServer@127.29.46.66:0 shutdown complete.
I20260608 13:01:13.942370 29881 tablet_server.cc:179] TabletServer@127.29.46.67:0 shutting down...
I20260608 13:01:13.970206 29881 ts_tablet_manager.cc:1507] Shutting down tablet manager...
I20260608 13:01:13.971107 29881 tablet_replica.cc:333] T 2c152a8829464b6983d968ef71c85cc7 P 24f7d9d602d54f3484687d4a935abe10: stopping tablet replica
I20260608 13:01:13.971762 29881 raft_consensus.cc:2243] T 2c152a8829464b6983d968ef71c85cc7 P 24f7d9d602d54f3484687d4a935abe10 [term 1 FOLLOWER]: Raft consensus shutting down.
I20260608 13:01:13.972380 29881 raft_consensus.cc:2272] T 2c152a8829464b6983d968ef71c85cc7 P 24f7d9d602d54f3484687d4a935abe10 [term 1 FOLLOWER]: Raft consensus is shut down!
I20260608 13:01:13.994199 29881 tablet_server.cc:196] TabletServer@127.29.46.67:0 shutdown complete.
I20260608 13:01:14.007241 29881 tablet_server.cc:179] TabletServer@127.29.46.68:0 shutting down...
I20260608 13:01:14.037917 29881 ts_tablet_manager.cc:1507] Shutting down tablet manager...
I20260608 13:01:14.038717 29881 tablet_replica.cc:333] T 2c152a8829464b6983d968ef71c85cc7 P 446fdf6f6add441fa882691bd62c4b52: stopping tablet replica
I20260608 13:01:14.039530 29881 raft_consensus.cc:2243] T 2c152a8829464b6983d968ef71c85cc7 P 446fdf6f6add441fa882691bd62c4b52 [term 1 LEADER]: Raft consensus shutting down.
I20260608 13:01:14.040652 29881 raft_consensus.cc:2272] T 2c152a8829464b6983d968ef71c85cc7 P 446fdf6f6add441fa882691bd62c4b52 [term 1 FOLLOWER]: Raft consensus is shut down!
I20260608 13:01:14.062577 29881 tablet_server.cc:196] TabletServer@127.29.46.68:0 shutdown complete.
I20260608 13:01:14.075713 29881 master.cc:562] Master@127.29.46.126:39217 shutting down...
I20260608 13:01:14.102064 29881 raft_consensus.cc:2243] T 00000000000000000000000000000000 P 997e9c571a634a13bf12937d1bc7ee30 [term 1 LEADER]: Raft consensus shutting down.
I20260608 13:01:14.102779 29881 raft_consensus.cc:2272] T 00000000000000000000000000000000 P 997e9c571a634a13bf12937d1bc7ee30 [term 1 FOLLOWER]: Raft consensus is shut down!
I20260608 13:01:14.103119 29881 tablet_replica.cc:333] T 00000000000000000000000000000000 P 997e9c571a634a13bf12937d1bc7ee30: stopping tablet replica
I20260608 13:01:14.124979 29881 master.cc:584] Master@127.29.46.126:39217 shutdown complete.
[       OK ] AutoRebalancerTest.NoReplicaMovesIfLocationLoadSkewedByOne (13405 ms)
[ RUN      ] AutoRebalancerTest.NoReplicaMovesIfCannotFixPlacementPolicy
I20260608 13:01:14.166750 29881 internal_mini_cluster.cc:156] Creating distributed mini masters. Addrs: 127.29.46.126:43937
I20260608 13:01:14.168116 29881 file_cache.cc:492] Constructed file cache file cache with capacity 419430
W20260608 13:01:14.174983  1556 instance_detector.cc:116] could not retrieve AWS instance metadata: Network error: curl error: HTTP response code said error: The requested URL returned error: 404
W20260608 13:01:14.174983  1557 instance_detector.cc:116] could not retrieve Azure instance metadata: Network error: curl error: HTTP response code said error: The requested URL returned error: 404
W20260608 13:01:14.175974  1559 instance_detector.cc:116] could not retrieve OpenStack instance metadata: Network error: curl error: HTTP response code said error: The requested URL returned error: 404
I20260608 13:01:14.177362 29881 server_base.cc:1061] running on GCE node
I20260608 13:01:14.178395 29881 hybrid_clock.cc:584] initializing the hybrid clock with 'system_unsync' time source
W20260608 13:01:14.178607 29881 system_unsync_time.cc:38] NTP support is disabled. Clock error bounds will not be accurate. This configuration is not suitable for distributed clusters.
I20260608 13:01:14.178731 29881 hybrid_clock.cc:648] HybridClock initialized: now 1780923674178719 us; error 0 us; skew 500 ppm
I20260608 13:01:14.179284 29881 server_base.cc:861] Flag tcmalloc_max_total_thread_cache_bytes is not working since tcmalloc is not enabled.
I20260608 13:01:14.182168 29881 webserver.cc:533] Webserver started at http://127.29.46.126:39339/ using document root <none> and password file <none>
I20260608 13:01:14.182694 29881 fs_manager.cc:362] Metadata directory not provided
I20260608 13:01:14.182868 29881 fs_manager.cc:368] Using write-ahead log directory (fs_wal_dir) as metadata directory
I20260608 13:01:14.183109 29881 server_base.cc:909] This appears to be a new deployment of Kudu; creating new FS layout
I20260608 13:01:14.184535 29881 fs_manager.cc:1068] Generated new instance metadata in path /tmp/dist-test-taskYj64Tk/test-tmp/auto_rebalancer-test.0.AutoRebalancerTest.NoReplicaMovesIfCannotFixPlacementPolicy.1780923559941838-29881-0/minicluster-data/master-0-root/instance:
uuid: "480ff22e6a3f4947997d1bec42ee86de"
format_stamp: "Formatted at 2026-06-08 13:01:14 on dist-test-slave-457t"
I20260608 13:01:14.189702 29881 fs_manager.cc:696] Time spent creating directory manager: real 0.005s	user 0.005s	sys 0.000s
I20260608 13:01:14.193830  1564 log_block_manager.cc:4031] Time spent loading block containers with low live blocks: real 0.000s	user 0.000s	sys 0.000s
I20260608 13:01:14.194702 29881 fs_manager.cc:730] Time spent opening block manager: real 0.003s	user 0.004s	sys 0.000s
I20260608 13:01:14.195189 29881 fs_manager.cc:647] Opened local filesystem: /tmp/dist-test-taskYj64Tk/test-tmp/auto_rebalancer-test.0.AutoRebalancerTest.NoReplicaMovesIfCannotFixPlacementPolicy.1780923559941838-29881-0/minicluster-data/master-0-root
uuid: "480ff22e6a3f4947997d1bec42ee86de"
format_stamp: "Formatted at 2026-06-08 13:01:14 on dist-test-slave-457t"
I20260608 13:01:14.195521 29881 fs_report.cc:389] FS layout report
--------------------
wal directory: /tmp/dist-test-taskYj64Tk/test-tmp/auto_rebalancer-test.0.AutoRebalancerTest.NoReplicaMovesIfCannotFixPlacementPolicy.1780923559941838-29881-0/minicluster-data/master-0-root
metadata directory: /tmp/dist-test-taskYj64Tk/test-tmp/auto_rebalancer-test.0.AutoRebalancerTest.NoReplicaMovesIfCannotFixPlacementPolicy.1780923559941838-29881-0/minicluster-data/master-0-root
1 data directories: /tmp/dist-test-taskYj64Tk/test-tmp/auto_rebalancer-test.0.AutoRebalancerTest.NoReplicaMovesIfCannotFixPlacementPolicy.1780923559941838-29881-0/minicluster-data/master-0-root/data
Total live blocks: 0
Total live bytes: 0
Total live bytes (after alignment): 0
Total number of LBM containers: 0 (0 full)
Did not check for missing blocks
Did not check for orphaned blocks
Total full LBM containers with extra space: 0 (0 repaired)
Total full LBM container extra space in bytes: 0 (0 repaired)
Total incomplete LBM containers: 0 (0 repaired)
Total LBM partial records: 0 (0 repaired)
Total corrupted LBM metadata records in RocksDB: 0 (0 repaired)
I20260608 13:01:14.224171 29881 rpc_server.cc:225] running with OpenSSL 1.1.1  11 Sep 2018
I20260608 13:01:14.225771 29881 kserver.cc:163] Server-wide thread pool size limit: 3276
I20260608 13:01:14.276600 29881 rpc_server.cc:307] RPC server started. Bound to: 127.29.46.126:43937
I20260608 13:01:14.276747  1615 acceptor_pool.cc:272] collecting diagnostics on the listening RPC socket 127.29.46.126:43937 every 8 connection(s)
I20260608 13:01:14.281899  1616 data_dirs.cc:400] Could only allocate 1 dirs of requested 3 for tablet 00000000000000000000000000000000. 1 dirs total, 0 dirs full, 0 dirs failed
I20260608 13:01:14.295725  1616 tablet_bootstrap.cc:492] T 00000000000000000000000000000000 P 480ff22e6a3f4947997d1bec42ee86de: Bootstrap starting.
I20260608 13:01:14.301980  1616 tablet_bootstrap.cc:654] T 00000000000000000000000000000000 P 480ff22e6a3f4947997d1bec42ee86de: Neither blocks nor log segments found. Creating new log.
I20260608 13:01:14.306914  1616 tablet_bootstrap.cc:492] T 00000000000000000000000000000000 P 480ff22e6a3f4947997d1bec42ee86de: No bootstrap required, opened a new log
I20260608 13:01:14.309590  1616 raft_consensus.cc:359] T 00000000000000000000000000000000 P 480ff22e6a3f4947997d1bec42ee86de [term 0 FOLLOWER]: Replica starting. Triggering 0 pending ops. Active config: opid_index: -1 OBSOLETE_local: true peers { permanent_uuid: "480ff22e6a3f4947997d1bec42ee86de" member_type: VOTER }
I20260608 13:01:14.310081  1616 raft_consensus.cc:385] T 00000000000000000000000000000000 P 480ff22e6a3f4947997d1bec42ee86de [term 0 FOLLOWER]: Consensus starting up: Expiring failure detector timer to make a prompt election more likely
I20260608 13:01:14.310290  1616 raft_consensus.cc:740] T 00000000000000000000000000000000 P 480ff22e6a3f4947997d1bec42ee86de [term 0 FOLLOWER]: Becoming Follower/Learner. State: Replica: 480ff22e6a3f4947997d1bec42ee86de, State: Initialized, Role: FOLLOWER
I20260608 13:01:14.310887  1616 consensus_queue.cc:260] T 00000000000000000000000000000000 P 480ff22e6a3f4947997d1bec42ee86de [NON_LEADER]: Queue going to NON_LEADER mode. State: All replicated index: 0, Majority replicated index: 0, Committed index: 0, Last appended: 0.0, Last appended by leader: 0, Current term: 0, Majority size: -1, State: 0, Mode: NON_LEADER, active raft config: opid_index: -1 OBSOLETE_local: true peers { permanent_uuid: "480ff22e6a3f4947997d1bec42ee86de" member_type: VOTER }
I20260608 13:01:14.311380  1616 raft_consensus.cc:399] T 00000000000000000000000000000000 P 480ff22e6a3f4947997d1bec42ee86de [term 0 FOLLOWER]: Only one voter in the Raft config. Triggering election immediately
I20260608 13:01:14.311605  1616 raft_consensus.cc:493] T 00000000000000000000000000000000 P 480ff22e6a3f4947997d1bec42ee86de [term 0 FOLLOWER]: Starting leader election (initial election of a single-replica configuration)
I20260608 13:01:14.311839  1616 raft_consensus.cc:3060] T 00000000000000000000000000000000 P 480ff22e6a3f4947997d1bec42ee86de [term 0 FOLLOWER]: Advancing to term 1
I20260608 13:01:14.317095  1616 raft_consensus.cc:515] T 00000000000000000000000000000000 P 480ff22e6a3f4947997d1bec42ee86de [term 1 FOLLOWER]: Starting leader election with config: opid_index: -1 OBSOLETE_local: true peers { permanent_uuid: "480ff22e6a3f4947997d1bec42ee86de" member_type: VOTER }
I20260608 13:01:14.317723  1616 leader_election.cc:304] T 00000000000000000000000000000000 P 480ff22e6a3f4947997d1bec42ee86de [CANDIDATE]: Term 1 election: Election decided. Result: candidate won. Election summary: received 1 responses out of 1 voters: 1 yes votes; 0 no votes. yes voters: 480ff22e6a3f4947997d1bec42ee86de; no voters: 
I20260608 13:01:14.319113  1616 leader_election.cc:290] T 00000000000000000000000000000000 P 480ff22e6a3f4947997d1bec42ee86de [CANDIDATE]: Term 1 election: Requested vote from peers 
I20260608 13:01:14.319896  1619 raft_consensus.cc:2804] T 00000000000000000000000000000000 P 480ff22e6a3f4947997d1bec42ee86de [term 1 FOLLOWER]: Leader election won for term 1
I20260608 13:01:14.321892  1619 raft_consensus.cc:697] T 00000000000000000000000000000000 P 480ff22e6a3f4947997d1bec42ee86de [term 1 LEADER]: Becoming Leader. State: Replica: 480ff22e6a3f4947997d1bec42ee86de, State: Running, Role: LEADER
I20260608 13:01:14.323082  1619 consensus_queue.cc:237] T 00000000000000000000000000000000 P 480ff22e6a3f4947997d1bec42ee86de [LEADER]: Queue going to LEADER mode. State: All replicated index: 0, Majority replicated index: 0, Committed index: 0, Last appended: 0.0, Last appended by leader: 0, Current term: 1, Majority size: 1, State: 0, Mode: LEADER, active raft config: opid_index: -1 OBSOLETE_local: true peers { permanent_uuid: "480ff22e6a3f4947997d1bec42ee86de" member_type: VOTER }
I20260608 13:01:14.323473  1616 sys_catalog.cc:565] T 00000000000000000000000000000000 P 480ff22e6a3f4947997d1bec42ee86de [sys.catalog]: configured and running, proceeding with master startup.
I20260608 13:01:14.327814  1620 sys_catalog.cc:455] T 00000000000000000000000000000000 P 480ff22e6a3f4947997d1bec42ee86de [sys.catalog]: SysCatalogTable state changed. Reason: RaftConsensus started. Latest consensus state: current_term: 1 leader_uuid: "480ff22e6a3f4947997d1bec42ee86de" committed_config { opid_index: -1 OBSOLETE_local: true peers { permanent_uuid: "480ff22e6a3f4947997d1bec42ee86de" member_type: VOTER } }
I20260608 13:01:14.328640  1620 sys_catalog.cc:458] T 00000000000000000000000000000000 P 480ff22e6a3f4947997d1bec42ee86de [sys.catalog]: This master's current role is: LEADER
I20260608 13:01:14.327790  1621 sys_catalog.cc:455] T 00000000000000000000000000000000 P 480ff22e6a3f4947997d1bec42ee86de [sys.catalog]: SysCatalogTable state changed. Reason: New leader 480ff22e6a3f4947997d1bec42ee86de. Latest consensus state: current_term: 1 leader_uuid: "480ff22e6a3f4947997d1bec42ee86de" committed_config { opid_index: -1 OBSOLETE_local: true peers { permanent_uuid: "480ff22e6a3f4947997d1bec42ee86de" member_type: VOTER } }
I20260608 13:01:14.329741  1621 sys_catalog.cc:458] T 00000000000000000000000000000000 P 480ff22e6a3f4947997d1bec42ee86de [sys.catalog]: This master's current role is: LEADER
I20260608 13:01:14.337061  1626 catalog_manager.cc:1510] Loading table and tablet metadata into memory...
I20260608 13:01:14.346678  1626 catalog_manager.cc:1519] Initializing Kudu cluster ID...
I20260608 13:01:14.348016 29881 internal_mini_cluster.cc:184] Waiting to initialize catalog manager on master 0
I20260608 13:01:14.359058  1626 catalog_manager.cc:1382] Generated new cluster ID: cd42274d75e84dffacab1fcb728642e5
I20260608 13:01:14.359440  1626 catalog_manager.cc:1530] Initializing Kudu internal certificate authority...
I20260608 13:01:14.382102  1626 catalog_manager.cc:1405] Generated new certificate authority record
I20260608 13:01:14.383730  1626 catalog_manager.cc:1539] Loading token signing keys...
I20260608 13:01:14.406909  1626 catalog_manager.cc:6069] T 00000000000000000000000000000000 P 480ff22e6a3f4947997d1bec42ee86de: Generated new TSK 0
I20260608 13:01:14.407724  1626 catalog_manager.cc:1549] Initializing in-progress tserver states...
I20260608 13:01:14.415711 29881 file_cache.cc:492] Constructed file cache file cache with capacity 419430
W20260608 13:01:14.422879  1637 instance_detector.cc:116] could not retrieve AWS instance metadata: Network error: curl error: HTTP response code said error: The requested URL returned error: 404
W20260608 13:01:14.424229  1638 instance_detector.cc:116] could not retrieve Azure instance metadata: Network error: curl error: HTTP response code said error: The requested URL returned error: 404
W20260608 13:01:14.426219  1640 instance_detector.cc:116] could not retrieve OpenStack instance metadata: Network error: curl error: HTTP response code said error: The requested URL returned error: 404
I20260608 13:01:14.427320 29881 server_base.cc:1061] running on GCE node
I20260608 13:01:14.428424 29881 hybrid_clock.cc:584] initializing the hybrid clock with 'system_unsync' time source
W20260608 13:01:14.428678 29881 system_unsync_time.cc:38] NTP support is disabled. Clock error bounds will not be accurate. This configuration is not suitable for distributed clusters.
I20260608 13:01:14.428905 29881 hybrid_clock.cc:648] HybridClock initialized: now 1780923674428885 us; error 0 us; skew 500 ppm
I20260608 13:01:14.429701 29881 server_base.cc:861] Flag tcmalloc_max_total_thread_cache_bytes is not working since tcmalloc is not enabled.
I20260608 13:01:14.432922 29881 webserver.cc:533] Webserver started at http://127.29.46.65:34511/ using document root <none> and password file <none>
I20260608 13:01:14.433614 29881 fs_manager.cc:362] Metadata directory not provided
I20260608 13:01:14.433822 29881 fs_manager.cc:368] Using write-ahead log directory (fs_wal_dir) as metadata directory
I20260608 13:01:14.434221 29881 server_base.cc:909] This appears to be a new deployment of Kudu; creating new FS layout
I20260608 13:01:14.435524 29881 fs_manager.cc:1068] Generated new instance metadata in path /tmp/dist-test-taskYj64Tk/test-tmp/auto_rebalancer-test.0.AutoRebalancerTest.NoReplicaMovesIfCannotFixPlacementPolicy.1780923559941838-29881-0/minicluster-data/ts-0-root/instance:
uuid: "2bdfe8f16cff4692ae00194fc47a2632"
format_stamp: "Formatted at 2026-06-08 13:01:14 on dist-test-slave-457t"
I20260608 13:01:14.442715 29881 fs_manager.cc:696] Time spent creating directory manager: real 0.006s	user 0.003s	sys 0.002s
I20260608 13:01:14.447701  1645 log_block_manager.cc:4031] Time spent loading block containers with low live blocks: real 0.000s	user 0.000s	sys 0.000s
I20260608 13:01:14.449100 29881 fs_manager.cc:730] Time spent opening block manager: real 0.003s	user 0.003s	sys 0.000s
I20260608 13:01:14.449542 29881 fs_manager.cc:647] Opened local filesystem: /tmp/dist-test-taskYj64Tk/test-tmp/auto_rebalancer-test.0.AutoRebalancerTest.NoReplicaMovesIfCannotFixPlacementPolicy.1780923559941838-29881-0/minicluster-data/ts-0-root
uuid: "2bdfe8f16cff4692ae00194fc47a2632"
format_stamp: "Formatted at 2026-06-08 13:01:14 on dist-test-slave-457t"
I20260608 13:01:14.449909 29881 fs_report.cc:389] FS layout report
--------------------
wal directory: /tmp/dist-test-taskYj64Tk/test-tmp/auto_rebalancer-test.0.AutoRebalancerTest.NoReplicaMovesIfCannotFixPlacementPolicy.1780923559941838-29881-0/minicluster-data/ts-0-root
metadata directory: /tmp/dist-test-taskYj64Tk/test-tmp/auto_rebalancer-test.0.AutoRebalancerTest.NoReplicaMovesIfCannotFixPlacementPolicy.1780923559941838-29881-0/minicluster-data/ts-0-root
1 data directories: /tmp/dist-test-taskYj64Tk/test-tmp/auto_rebalancer-test.0.AutoRebalancerTest.NoReplicaMovesIfCannotFixPlacementPolicy.1780923559941838-29881-0/minicluster-data/ts-0-root/data
Total live blocks: 0
Total live bytes: 0
Total live bytes (after alignment): 0
Total number of LBM containers: 0 (0 full)
Did not check for missing blocks
Did not check for orphaned blocks
Total full LBM containers with extra space: 0 (0 repaired)
Total full LBM container extra space in bytes: 0 (0 repaired)
Total incomplete LBM containers: 0 (0 repaired)
Total LBM partial records: 0 (0 repaired)
Total corrupted LBM metadata records in RocksDB: 0 (0 repaired)
I20260608 13:01:14.471875 29881 rpc_server.cc:225] running with OpenSSL 1.1.1  11 Sep 2018
I20260608 13:01:14.473430 29881 kserver.cc:163] Server-wide thread pool size limit: 3276
I20260608 13:01:14.475339 29881 txn_system_client.cc:432] TxnSystemClient initialization is disabled...
I20260608 13:01:14.478176 29881 ts_tablet_manager.cc:585] Loaded tablet metadata (0 total tablets, 0 live tablets)
I20260608 13:01:14.478458 29881 ts_tablet_manager.cc:531] Time spent load tablet metadata: real 0.000s	user 0.000s	sys 0.000s
I20260608 13:01:14.478744 29881 ts_tablet_manager.cc:616] Registered 0 tablets
I20260608 13:01:14.478932 29881 ts_tablet_manager.cc:595] Time spent register tablets: real 0.000s	user 0.000s	sys 0.000s
I20260608 13:01:14.530179 29881 rpc_server.cc:307] RPC server started. Bound to: 127.29.46.65:37493
I20260608 13:01:14.530704  1707 acceptor_pool.cc:272] collecting diagnostics on the listening RPC socket 127.29.46.65:37493 every 8 connection(s)
I20260608 13:01:14.536563 29881 file_cache.cc:492] Constructed file cache file cache with capacity 419430
W20260608 13:01:14.546028  1712 instance_detector.cc:116] could not retrieve AWS instance metadata: Network error: curl error: HTTP response code said error: The requested URL returned error: 404
W20260608 13:01:14.547802  1713 instance_detector.cc:116] could not retrieve Azure instance metadata: Network error: curl error: HTTP response code said error: The requested URL returned error: 404
W20260608 13:01:14.551728  1715 instance_detector.cc:116] could not retrieve OpenStack instance metadata: Network error: curl error: HTTP response code said error: The requested URL returned error: 404
I20260608 13:01:14.552752 29881 server_base.cc:1061] running on GCE node
I20260608 13:01:14.553762 29881 hybrid_clock.cc:584] initializing the hybrid clock with 'system_unsync' time source
W20260608 13:01:14.553982 29881 system_unsync_time.cc:38] NTP support is disabled. Clock error bounds will not be accurate. This configuration is not suitable for distributed clusters.
I20260608 13:01:14.554134 29881 hybrid_clock.cc:648] HybridClock initialized: now 1780923674554121 us; error 0 us; skew 500 ppm
I20260608 13:01:14.554728 29881 server_base.cc:861] Flag tcmalloc_max_total_thread_cache_bytes is not working since tcmalloc is not enabled.
I20260608 13:01:14.558387 29881 webserver.cc:533] Webserver started at http://127.29.46.66:38115/ using document root <none> and password file <none>
I20260608 13:01:14.559062 29881 fs_manager.cc:362] Metadata directory not provided
I20260608 13:01:14.559314 29881 fs_manager.cc:368] Using write-ahead log directory (fs_wal_dir) as metadata directory
I20260608 13:01:14.559696 29881 server_base.cc:909] This appears to be a new deployment of Kudu; creating new FS layout
I20260608 13:01:14.560266  1708 heartbeater.cc:344] Connected to a master server at 127.29.46.126:43937
I20260608 13:01:14.560737  1708 heartbeater.cc:461] Registering TS with master...
I20260608 13:01:14.561504 29881 fs_manager.cc:1068] Generated new instance metadata in path /tmp/dist-test-taskYj64Tk/test-tmp/auto_rebalancer-test.0.AutoRebalancerTest.NoReplicaMovesIfCannotFixPlacementPolicy.1780923559941838-29881-0/minicluster-data/ts-1-root/instance:
uuid: "3c93631d3e0f4ba9bd7da202afaf9305"
format_stamp: "Formatted at 2026-06-08 13:01:14 on dist-test-slave-457t"
I20260608 13:01:14.561760  1708 heartbeater.cc:507] Master 127.29.46.126:43937 requested a full tablet report, sending...
I20260608 13:01:14.565516  1581 ts_manager.cc:194] Registered new tserver with Master: 2bdfe8f16cff4692ae00194fc47a2632 (127.29.46.65:37493)
I20260608 13:01:14.568392  1581 master_service.cc:502] Signed X509 certificate for tserver {username='slave'} at 127.0.0.1:34082
I20260608 13:01:14.568819 29881 fs_manager.cc:696] Time spent creating directory manager: real 0.006s	user 0.004s	sys 0.003s
I20260608 13:01:14.574805  1720 log_block_manager.cc:4031] Time spent loading block containers with low live blocks: real 0.000s	user 0.000s	sys 0.000s
I20260608 13:01:14.576045 29881 fs_manager.cc:730] Time spent opening block manager: real 0.004s	user 0.005s	sys 0.000s
I20260608 13:01:14.576596 29881 fs_manager.cc:647] Opened local filesystem: /tmp/dist-test-taskYj64Tk/test-tmp/auto_rebalancer-test.0.AutoRebalancerTest.NoReplicaMovesIfCannotFixPlacementPolicy.1780923559941838-29881-0/minicluster-data/ts-1-root
uuid: "3c93631d3e0f4ba9bd7da202afaf9305"
format_stamp: "Formatted at 2026-06-08 13:01:14 on dist-test-slave-457t"
I20260608 13:01:14.576984 29881 fs_report.cc:389] FS layout report
--------------------
wal directory: /tmp/dist-test-taskYj64Tk/test-tmp/auto_rebalancer-test.0.AutoRebalancerTest.NoReplicaMovesIfCannotFixPlacementPolicy.1780923559941838-29881-0/minicluster-data/ts-1-root
metadata directory: /tmp/dist-test-taskYj64Tk/test-tmp/auto_rebalancer-test.0.AutoRebalancerTest.NoReplicaMovesIfCannotFixPlacementPolicy.1780923559941838-29881-0/minicluster-data/ts-1-root
1 data directories: /tmp/dist-test-taskYj64Tk/test-tmp/auto_rebalancer-test.0.AutoRebalancerTest.NoReplicaMovesIfCannotFixPlacementPolicy.1780923559941838-29881-0/minicluster-data/ts-1-root/data
Total live blocks: 0
Total live bytes: 0
Total live bytes (after alignment): 0
Total number of LBM containers: 0 (0 full)
Did not check for missing blocks
Did not check for orphaned blocks
Total full LBM containers with extra space: 0 (0 repaired)
Total full LBM container extra space in bytes: 0 (0 repaired)
Total incomplete LBM containers: 0 (0 repaired)
Total LBM partial records: 0 (0 repaired)
Total corrupted LBM metadata records in RocksDB: 0 (0 repaired)
I20260608 13:01:14.593743 29881 rpc_server.cc:225] running with OpenSSL 1.1.1  11 Sep 2018
I20260608 13:01:14.595269 29881 kserver.cc:163] Server-wide thread pool size limit: 3276
I20260608 13:01:14.597227 29881 txn_system_client.cc:432] TxnSystemClient initialization is disabled...
I20260608 13:01:14.600178 29881 ts_tablet_manager.cc:585] Loaded tablet metadata (0 total tablets, 0 live tablets)
I20260608 13:01:14.600497 29881 ts_tablet_manager.cc:531] Time spent load tablet metadata: real 0.000s	user 0.000s	sys 0.000s
I20260608 13:01:14.600802 29881 ts_tablet_manager.cc:616] Registered 0 tablets
I20260608 13:01:14.601014 29881 ts_tablet_manager.cc:595] Time spent register tablets: real 0.000s	user 0.000s	sys 0.000s
I20260608 13:01:14.654337 29881 rpc_server.cc:307] RPC server started. Bound to: 127.29.46.66:46697
I20260608 13:01:14.654471  1782 acceptor_pool.cc:272] collecting diagnostics on the listening RPC socket 127.29.46.66:46697 every 8 connection(s)
I20260608 13:01:14.660575 29881 file_cache.cc:492] Constructed file cache file cache with capacity 419430
W20260608 13:01:14.669323  1786 instance_detector.cc:116] could not retrieve AWS instance metadata: Network error: curl error: HTTP response code said error: The requested URL returned error: 404
W20260608 13:01:14.670691  1787 instance_detector.cc:116] could not retrieve Azure instance metadata: Network error: curl error: HTTP response code said error: The requested URL returned error: 404
I20260608 13:01:14.674345 29881 server_base.cc:1061] running on GCE node
W20260608 13:01:14.675351  1789 instance_detector.cc:116] could not retrieve OpenStack instance metadata: Network error: curl error: HTTP response code said error: The requested URL returned error: 404
I20260608 13:01:14.676064  1783 heartbeater.cc:344] Connected to a master server at 127.29.46.126:43937
I20260608 13:01:14.676586  1783 heartbeater.cc:461] Registering TS with master...
I20260608 13:01:14.676681 29881 hybrid_clock.cc:584] initializing the hybrid clock with 'system_unsync' time source
W20260608 13:01:14.677024 29881 system_unsync_time.cc:38] NTP support is disabled. Clock error bounds will not be accurate. This configuration is not suitable for distributed clusters.
I20260608 13:01:14.677244 29881 hybrid_clock.cc:648] HybridClock initialized: now 1780923674677221 us; error 0 us; skew 500 ppm
I20260608 13:01:14.677623  1783 heartbeater.cc:507] Master 127.29.46.126:43937 requested a full tablet report, sending...
I20260608 13:01:14.678018 29881 server_base.cc:861] Flag tcmalloc_max_total_thread_cache_bytes is not working since tcmalloc is not enabled.
I20260608 13:01:14.680622  1581 ts_manager.cc:194] Registered new tserver with Master: 3c93631d3e0f4ba9bd7da202afaf9305 (127.29.46.66:46697)
I20260608 13:01:14.681973 29881 webserver.cc:533] Webserver started at http://127.29.46.67:45187/ using document root <none> and password file <none>
I20260608 13:01:14.682493  1581 master_service.cc:502] Signed X509 certificate for tserver {username='slave'} at 127.0.0.1:34088
I20260608 13:01:14.682642 29881 fs_manager.cc:362] Metadata directory not provided
I20260608 13:01:14.682999 29881 fs_manager.cc:368] Using write-ahead log directory (fs_wal_dir) as metadata directory
I20260608 13:01:14.683350 29881 server_base.cc:909] This appears to be a new deployment of Kudu; creating new FS layout
I20260608 13:01:14.684898 29881 fs_manager.cc:1068] Generated new instance metadata in path /tmp/dist-test-taskYj64Tk/test-tmp/auto_rebalancer-test.0.AutoRebalancerTest.NoReplicaMovesIfCannotFixPlacementPolicy.1780923559941838-29881-0/minicluster-data/ts-2-root/instance:
uuid: "8c8f5e341c29496a93df8d4c50a94c6b"
format_stamp: "Formatted at 2026-06-08 13:01:14 on dist-test-slave-457t"
I20260608 13:01:14.690804 29881 fs_manager.cc:696] Time spent creating directory manager: real 0.005s	user 0.005s	sys 0.000s
I20260608 13:01:14.695806  1794 log_block_manager.cc:4031] Time spent loading block containers with low live blocks: real 0.000s	user 0.000s	sys 0.000s
I20260608 13:01:14.697042 29881 fs_manager.cc:730] Time spent opening block manager: real 0.003s	user 0.003s	sys 0.000s
I20260608 13:01:14.697500 29881 fs_manager.cc:647] Opened local filesystem: /tmp/dist-test-taskYj64Tk/test-tmp/auto_rebalancer-test.0.AutoRebalancerTest.NoReplicaMovesIfCannotFixPlacementPolicy.1780923559941838-29881-0/minicluster-data/ts-2-root
uuid: "8c8f5e341c29496a93df8d4c50a94c6b"
format_stamp: "Formatted at 2026-06-08 13:01:14 on dist-test-slave-457t"
I20260608 13:01:14.697986 29881 fs_report.cc:389] FS layout report
--------------------
wal directory: /tmp/dist-test-taskYj64Tk/test-tmp/auto_rebalancer-test.0.AutoRebalancerTest.NoReplicaMovesIfCannotFixPlacementPolicy.1780923559941838-29881-0/minicluster-data/ts-2-root
metadata directory: /tmp/dist-test-taskYj64Tk/test-tmp/auto_rebalancer-test.0.AutoRebalancerTest.NoReplicaMovesIfCannotFixPlacementPolicy.1780923559941838-29881-0/minicluster-data/ts-2-root
1 data directories: /tmp/dist-test-taskYj64Tk/test-tmp/auto_rebalancer-test.0.AutoRebalancerTest.NoReplicaMovesIfCannotFixPlacementPolicy.1780923559941838-29881-0/minicluster-data/ts-2-root/data
Total live blocks: 0
Total live bytes: 0
Total live bytes (after alignment): 0
Total number of LBM containers: 0 (0 full)
Did not check for missing blocks
Did not check for orphaned blocks
Total full LBM containers with extra space: 0 (0 repaired)
Total full LBM container extra space in bytes: 0 (0 repaired)
Total incomplete LBM containers: 0 (0 repaired)
Total LBM partial records: 0 (0 repaired)
Total corrupted LBM metadata records in RocksDB: 0 (0 repaired)
I20260608 13:01:14.714462 29881 rpc_server.cc:225] running with OpenSSL 1.1.1  11 Sep 2018
I20260608 13:01:14.715941 29881 kserver.cc:163] Server-wide thread pool size limit: 3276
I20260608 13:01:14.717684 29881 txn_system_client.cc:432] TxnSystemClient initialization is disabled...
I20260608 13:01:14.720912 29881 ts_tablet_manager.cc:585] Loaded tablet metadata (0 total tablets, 0 live tablets)
I20260608 13:01:14.721231 29881 ts_tablet_manager.cc:531] Time spent load tablet metadata: real 0.000s	user 0.000s	sys 0.000s
I20260608 13:01:14.721526 29881 ts_tablet_manager.cc:616] Registered 0 tablets
I20260608 13:01:14.721738 29881 ts_tablet_manager.cc:595] Time spent register tablets: real 0.000s	user 0.000s	sys 0.000s
I20260608 13:01:14.780535 29881 rpc_server.cc:307] RPC server started. Bound to: 127.29.46.67:42223
I20260608 13:01:14.780683  1856 acceptor_pool.cc:272] collecting diagnostics on the listening RPC socket 127.29.46.67:42223 every 8 connection(s)
I20260608 13:01:14.798785  1857 heartbeater.cc:344] Connected to a master server at 127.29.46.126:43937
I20260608 13:01:14.799211  1857 heartbeater.cc:461] Registering TS with master...
I20260608 13:01:14.800163  1857 heartbeater.cc:507] Master 127.29.46.126:43937 requested a full tablet report, sending...
I20260608 13:01:14.803051  1581 ts_manager.cc:194] Registered new tserver with Master: 8c8f5e341c29496a93df8d4c50a94c6b (127.29.46.67:42223)
I20260608 13:01:14.803947 29881 internal_mini_cluster.cc:371] 3 TS(s) registered with all masters after 0.019230728s
I20260608 13:01:14.805071  1581 master_service.cc:502] Signed X509 certificate for tserver {username='slave'} at 127.0.0.1:34104
I20260608 13:01:15.572605  1708 heartbeater.cc:499] Master 127.29.46.126:43937 was elected leader, sending a full tablet report...
I20260608 13:01:15.686136  1783 heartbeater.cc:499] Master 127.29.46.126:43937 was elected leader, sending a full tablet report...
I20260608 13:01:15.809326  1857 heartbeater.cc:499] Master 127.29.46.126:43937 was elected leader, sending a full tablet report...
I20260608 13:01:15.884243  1581 catalog_manager.cc:2282] Servicing CreateTable request from {username='slave'} at 127.0.0.1:34128:
name: "test-workload"
schema {
  columns {
    name: "key"
    type: INT32
    is_key: true
    is_nullable: false
    encoding: AUTO_ENCODING
    compression: DEFAULT_COMPRESSION
    cfile_block_size: 0
    immutable: false
  }
  columns {
    name: "int_val"
    type: INT32
    is_key: false
    is_nullable: false
    encoding: AUTO_ENCODING
    compression: DEFAULT_COMPRESSION
    cfile_block_size: 0
    immutable: false
  }
  columns {
    name: "string_val"
    type: STRING
    is_key: false
    is_nullable: true
    encoding: AUTO_ENCODING
    compression: DEFAULT_COMPRESSION
    cfile_block_size: 0
    immutable: false
  }
}
num_replicas: 3
split_rows_range_bounds {
}
partition_schema {
  range_schema {
    columns {
      name: "key"
    }
  }
}
W20260608 13:01:15.886660  1581 catalog_manager.cc:7076] The number of live tablet servers is not enough to re-replicate a tablet replica of the newly created table test-workload in case of a server failure: 4 tablet servers would be needed, 3 are available. Consider bringing up more tablet servers.
I20260608 13:01:15.939733  1748 tablet_service.cc:1511] Processing CreateTablet for tablet 3cd18d56534443ac88203e2c0008916f (DEFAULT_TABLE table=test-workload [id=1bbd568c0350490598d8e9a6b65cb5f5]), partition=RANGE (key) PARTITION UNBOUNDED
I20260608 13:01:15.941422  1748 data_dirs.cc:400] Could only allocate 1 dirs of requested 3 for tablet 3cd18d56534443ac88203e2c0008916f. 1 dirs total, 0 dirs full, 0 dirs failed
I20260608 13:01:15.945577  1822 tablet_service.cc:1511] Processing CreateTablet for tablet 3cd18d56534443ac88203e2c0008916f (DEFAULT_TABLE table=test-workload [id=1bbd568c0350490598d8e9a6b65cb5f5]), partition=RANGE (key) PARTITION UNBOUNDED
I20260608 13:01:15.946118  1673 tablet_service.cc:1511] Processing CreateTablet for tablet 3cd18d56534443ac88203e2c0008916f (DEFAULT_TABLE table=test-workload [id=1bbd568c0350490598d8e9a6b65cb5f5]), partition=RANGE (key) PARTITION UNBOUNDED
I20260608 13:01:15.947172  1822 data_dirs.cc:400] Could only allocate 1 dirs of requested 3 for tablet 3cd18d56534443ac88203e2c0008916f. 1 dirs total, 0 dirs full, 0 dirs failed
I20260608 13:01:15.947461  1673 data_dirs.cc:400] Could only allocate 1 dirs of requested 3 for tablet 3cd18d56534443ac88203e2c0008916f. 1 dirs total, 0 dirs full, 0 dirs failed
I20260608 13:01:15.965150  1878 tablet_bootstrap.cc:492] T 3cd18d56534443ac88203e2c0008916f P 3c93631d3e0f4ba9bd7da202afaf9305: Bootstrap starting.
I20260608 13:01:15.969748  1879 tablet_bootstrap.cc:492] T 3cd18d56534443ac88203e2c0008916f P 2bdfe8f16cff4692ae00194fc47a2632: Bootstrap starting.
I20260608 13:01:15.974337  1880 tablet_bootstrap.cc:492] T 3cd18d56534443ac88203e2c0008916f P 8c8f5e341c29496a93df8d4c50a94c6b: Bootstrap starting.
I20260608 13:01:15.976444  1878 tablet_bootstrap.cc:654] T 3cd18d56534443ac88203e2c0008916f P 3c93631d3e0f4ba9bd7da202afaf9305: Neither blocks nor log segments found. Creating new log.
I20260608 13:01:15.978412  1879 tablet_bootstrap.cc:654] T 3cd18d56534443ac88203e2c0008916f P 2bdfe8f16cff4692ae00194fc47a2632: Neither blocks nor log segments found. Creating new log.
I20260608 13:01:15.985106  1880 tablet_bootstrap.cc:654] T 3cd18d56534443ac88203e2c0008916f P 8c8f5e341c29496a93df8d4c50a94c6b: Neither blocks nor log segments found. Creating new log.
I20260608 13:01:15.988185  1878 tablet_bootstrap.cc:492] T 3cd18d56534443ac88203e2c0008916f P 3c93631d3e0f4ba9bd7da202afaf9305: No bootstrap required, opened a new log
I20260608 13:01:15.988225  1879 tablet_bootstrap.cc:492] T 3cd18d56534443ac88203e2c0008916f P 2bdfe8f16cff4692ae00194fc47a2632: No bootstrap required, opened a new log
I20260608 13:01:15.989059  1878 ts_tablet_manager.cc:1403] T 3cd18d56534443ac88203e2c0008916f P 3c93631d3e0f4ba9bd7da202afaf9305: Time spent bootstrapping tablet: real 0.024s	user 0.011s	sys 0.010s
I20260608 13:01:15.989136  1879 ts_tablet_manager.cc:1403] T 3cd18d56534443ac88203e2c0008916f P 2bdfe8f16cff4692ae00194fc47a2632: Time spent bootstrapping tablet: real 0.020s	user 0.006s	sys 0.012s
I20260608 13:01:15.991256  1880 tablet_bootstrap.cc:492] T 3cd18d56534443ac88203e2c0008916f P 8c8f5e341c29496a93df8d4c50a94c6b: No bootstrap required, opened a new log
I20260608 13:01:15.991837  1880 ts_tablet_manager.cc:1403] T 3cd18d56534443ac88203e2c0008916f P 8c8f5e341c29496a93df8d4c50a94c6b: Time spent bootstrapping tablet: real 0.018s	user 0.008s	sys 0.008s
I20260608 13:01:15.992785  1879 raft_consensus.cc:359] T 3cd18d56534443ac88203e2c0008916f P 2bdfe8f16cff4692ae00194fc47a2632 [term 0 FOLLOWER]: Replica starting. Triggering 0 pending ops. Active config: opid_index: -1 OBSOLETE_local: false peers { permanent_uuid: "3c93631d3e0f4ba9bd7da202afaf9305" member_type: VOTER last_known_addr { host: "127.29.46.66" port: 46697 } } peers { permanent_uuid: "8c8f5e341c29496a93df8d4c50a94c6b" member_type: VOTER last_known_addr { host: "127.29.46.67" port: 42223 } } peers { permanent_uuid: "2bdfe8f16cff4692ae00194fc47a2632" member_type: VOTER last_known_addr { host: "127.29.46.65" port: 37493 } }
I20260608 13:01:15.993024  1878 raft_consensus.cc:359] T 3cd18d56534443ac88203e2c0008916f P 3c93631d3e0f4ba9bd7da202afaf9305 [term 0 FOLLOWER]: Replica starting. Triggering 0 pending ops. Active config: opid_index: -1 OBSOLETE_local: false peers { permanent_uuid: "3c93631d3e0f4ba9bd7da202afaf9305" member_type: VOTER last_known_addr { host: "127.29.46.66" port: 46697 } } peers { permanent_uuid: "8c8f5e341c29496a93df8d4c50a94c6b" member_type: VOTER last_known_addr { host: "127.29.46.67" port: 42223 } } peers { permanent_uuid: "2bdfe8f16cff4692ae00194fc47a2632" member_type: VOTER last_known_addr { host: "127.29.46.65" port: 37493 } }
I20260608 13:01:15.993700  1879 raft_consensus.cc:385] T 3cd18d56534443ac88203e2c0008916f P 2bdfe8f16cff4692ae00194fc47a2632 [term 0 FOLLOWER]: Consensus starting up: Expiring failure detector timer to make a prompt election more likely
I20260608 13:01:15.993830  1878 raft_consensus.cc:385] T 3cd18d56534443ac88203e2c0008916f P 3c93631d3e0f4ba9bd7da202afaf9305 [term 0 FOLLOWER]: Consensus starting up: Expiring failure detector timer to make a prompt election more likely
I20260608 13:01:15.994123  1879 raft_consensus.cc:740] T 3cd18d56534443ac88203e2c0008916f P 2bdfe8f16cff4692ae00194fc47a2632 [term 0 FOLLOWER]: Becoming Follower/Learner. State: Replica: 2bdfe8f16cff4692ae00194fc47a2632, State: Initialized, Role: FOLLOWER
